{"id":1049,"date":"2023-10-31T20:30:46","date_gmt":"2023-10-31T20:30:46","guid":{"rendered":"https:\/\/tzionlibreria.com\/?post_type=product&#038;p=1049"},"modified":"2025-11-13T22:36:21","modified_gmt":"2025-11-13T22:36:21","slug":"temperamentos-controlados-por-el-espiritu-tim-lahaye","status":"publish","type":"product","link":"https:\/\/tzionlibreria.com\/index.php\/product\/temperamentos-controlados-por-el-espiritu-tim-lahaye\/","title":{"rendered":"Temperamentos Controlados por el Esp\u00edritu &#8211; Tim Lahaye"},"content":{"rendered":"<p>&nbsp;<\/p>\n<div class=\"ast-oembed-container \" style=\"height: 100%;\"><iframe title=\"Temperamentos controlados por el Esp\u00edritu -  Tim LaHaye\" width=\"500\" height=\"281\" src=\"https:\/\/www.youtube.com\/embed\/3pi7xJQK59A?feature=oembed\" frameborder=\"0\" allow=\"accelerometer; autoplay; clipboard-write; encrypted-media; gyroscope; picture-in-picture; web-share\" referrerpolicy=\"strict-origin-when-cross-origin\" allowfullscreen><\/iframe><\/div>\n<h6><\/h6>\n<h6 class=\"product-subtitle\" style=\"text-align: center;\">Fortaleza para cada dificultad<span style=\"font-size: 16px;\">:<\/span><\/h6>\n<p>&nbsp;<\/p>\n<div class=\"woocommerce-tabs wc-tabs-wrapper\">\n<div id=\"tab-description\" class=\"woocommerce-Tabs-panel woocommerce-Tabs-panel--description panel entry-content wc-tab\" role=\"tabpanel\" aria-labelledby=\"tab-title-description\">\n<h3 data-start=\"130\" data-end=\"182\">\ud83d\udcd8 <em data-start=\"137\" data-end=\"180\">C\u00f3mo ser Controlado por el Esp\u00edritu Santo<\/em><\/h3>\n<p data-start=\"183\" data-end=\"345\"><strong data-start=\"183\" data-end=\"233\">Autor: Tim Lahaye | ISBN: 9780789919298<\/strong><br data-start=\"233\" data-end=\"236\" \/>\ud83d\udcd0 <strong data-start=\"239\" data-end=\"255\">Dimensiones:<\/strong> 11 x 18 cm | \ud83d\udcac <strong data-start=\"272\" data-end=\"283\">Idioma:<\/strong> Espa\u00f1ol | \ud83e\udeb6 <strong data-start=\"297\" data-end=\"316\">Encuadernaci\u00f3n:<\/strong> R\u00fastica | \u2696\ufe0f <strong data-start=\"330\" data-end=\"339\">Peso:<\/strong> 204 g<\/p>\n<p data-start=\"347\" data-end=\"685\">Este poderoso libro es una gu\u00eda pr\u00e1ctica y transformadora para todo creyente que desea aprender <strong data-start=\"443\" data-end=\"480\">c\u00f3mo ser lleno del Esp\u00edritu Santo<\/strong> y <strong data-start=\"483\" data-end=\"510\">caminar bajo Su control<\/strong> en la vida diaria. A trav\u00e9s de ense\u00f1anzas claras, te muestra c\u00f3mo el Esp\u00edritu no anula tu personalidad, sino que <strong data-start=\"624\" data-end=\"684\">la usa, la llena y la redime para los prop\u00f3sitos de Dios<\/strong>.<\/p>\n<p data-start=\"687\" data-end=\"714\">\ud83c\udf3f <strong data-start=\"690\" data-end=\"714\">Contenido destacado:<\/strong><\/p>\n<ul data-start=\"715\" data-end=\"975\">\n<li data-start=\"715\" data-end=\"795\">\n<p data-start=\"717\" data-end=\"795\">Una comprensi\u00f3n profunda del rol del Esp\u00edritu Santo en el car\u00e1cter cristiano<\/p>\n<\/li>\n<li data-start=\"796\" data-end=\"843\">\n<p data-start=\"798\" data-end=\"843\">Ense\u00f1anza sobre c\u00f3mo ser lleno del Esp\u00edritu<\/p>\n<\/li>\n<li data-start=\"844\" data-end=\"897\">\n<p data-start=\"846\" data-end=\"897\">C\u00f3mo andar en el Esp\u00edritu en cada \u00e1rea de tu vida<\/p>\n<\/li>\n<li data-start=\"898\" data-end=\"975\">\n<p data-start=\"900\" data-end=\"975\">Reconocimiento de que cada temperamento es \u00fanico y valioso en manos de Dios<\/p>\n<\/li>\n<\/ul>\n<p data-start=\"977\" data-end=\"1050\">\ud83d\udca1 <em data-start=\"980\" data-end=\"1050\">Ideal para devocionales personales, estudios en grupo y discipulado.<\/em><\/p>\n<\/div>\n<\/div>\n<p>&nbsp;<\/p>\n<p>&nbsp;<\/p>\n","protected":false},"excerpt":{"rendered":"<p>&nbsp; Fortaleza para cada dificultad: &nbsp; \ud83d\udcd8 C\u00f3mo ser Controlado por el Esp\u00edritu Santo Autor: Tim Lahaye | ISBN: 9780789919298\ud83d\udcd0 Dimensiones: 11 x 18 cm | \ud83d\udcac Idioma: Espa\u00f1ol | \ud83e\udeb6 Encuadernaci\u00f3n: R\u00fastica | \u2696\ufe0f Peso: 204 g Este poderoso libro es una gu\u00eda pr\u00e1ctica y transformadora para todo creyente que desea aprender c\u00f3mo ser [&hellip;]<\/p>\n","protected":false},"featured_media":1050,"comment_status":"open","ping_status":"closed","template":"","meta":{"om_disable_all_campaigns":false,"_monsterinsights_skip_tracking":false,"_monsterinsights_sitenote_active":false,"_monsterinsights_sitenote_note":"","_monsterinsights_sitenote_category":0,"site-sidebar-layout":"default","site-content-layout":"","ast-site-content-layout":"default","site-content-style":"default","site-sidebar-style":"default","ast-global-header-display":"","ast-banner-title-visibility":"","ast-main-header-display":"","ast-hfb-above-header-display":"","ast-hfb-below-header-display":"","ast-hfb-mobile-header-display":"","site-post-title":"","ast-breadcrumbs-content":"","ast-featured-img":"","footer-sml-layout":"","ast-disable-related-posts":"","theme-transparent-header-meta":"default","adv-header-id-meta":"","stick-header-meta":"","header-above-stick-meta":"","header-main-stick-meta":"","header-below-stick-meta":"","astra-migrate-meta-layouts":"set","ast-page-background-enabled":"default","ast-page-background-meta":{"desktop":{"background-color":"var(--ast-global-color-4)","background-image":"","background-repeat":"repeat","background-position":"center center","background-size":"auto","background-attachment":"scroll","background-type":"","background-media":"","overlay-type":"","overlay-color":"","overlay-opacity":"","overlay-gradient":""},"tablet":{"background-color":"","background-image":"","background-repeat":"repeat","background-position":"center center","background-size":"auto","background-attachment":"scroll","background-type":"","background-media":"","overlay-type":"","overlay-color":"","overlay-opacity":"","overlay-gradient":""},"mobile":{"background-color":"","background-image":"","background-repeat":"repeat","background-position":"center center","background-size":"auto","background-attachment":"scroll","background-type":"","background-media":"","overlay-type":"","overlay-color":"","overlay-opacity":"","overlay-gradient":""}},"ast-content-background-meta":{"desktop":{"background-color":"var(--ast-global-color-5)","background-image":"","background-repeat":"repeat","background-position":"center center","background-size":"auto","background-attachment":"scroll","background-type":"","background-media":"","overlay-type":"","overlay-color":"","overlay-opacity":"","overlay-gradient":""},"tablet":{"background-color":"var(--ast-global-color-5)","background-image":"","background-repeat":"repeat","background-position":"center center","background-size":"auto","background-attachment":"scroll","background-type":"","background-media":"","overlay-type":"","overlay-color":"","overlay-opacity":"","overlay-gradient":""},"mobile":{"background-color":"var(--ast-global-color-5)","background-image":"","background-repeat":"repeat","background-position":"center center","background-size":"auto","background-attachment":"scroll","background-type":"","background-media":"","overlay-type":"","overlay-color":"","overlay-opacity":"","overlay-gradient":""}}},"product_brand":[],"product_cat":[23],"product_tag":[55,132,133],"class_list":{"0":"post-1049","1":"product","2":"type-product","3":"status-publish","4":"has-post-thumbnail","6":"product_cat-libros","7":"product_tag-espiritu-santo","8":"product_tag-temperamentos","9":"product_tag-tim-lahaye","10":"desktop-align-left","11":"tablet-align-left","12":"mobile-align-left","14":"first","15":"instock","16":"shipping-taxable","17":"purchasable","18":"product-type-simple"},"yoast_head":"<!-- This site is optimized with the Yoast SEO plugin v27.4 - https:\/\/yoast.com\/product\/yoast-seo-wordpress\/ -->\n<title>Temperamentos Controlados por el Esp\u00edritu - Tim Lahaye - tzionlibreria.com<\/title>\n<meta name=\"description\" content=\"Este libro es una gu\u00eda pr\u00e1ctica para todo creyente que desea aprender c\u00f3mo ser lleno del Esp\u00edritu Santo y caminar bajo Su control en la vida diaria.\" \/>\n<meta name=\"robots\" content=\"index, follow, max-snippet:-1, max-image-preview:large, max-video-preview:-1\" \/>\n<link rel=\"canonical\" href=\"https:\/\/tzionlibreria.com\/index.php\/product\/temperamentos-controlados-por-el-espiritu-tim-lahaye\/\" \/>\n<meta property=\"og:locale\" content=\"es_ES\" \/>\n<meta property=\"og:type\" content=\"article\" \/>\n<meta property=\"og:title\" content=\"Temperamentos Controlados por el Esp\u00edritu - Tim Lahaye - tzionlibreria.com\" \/>\n<meta property=\"og:description\" content=\"Este libro es una gu\u00eda pr\u00e1ctica para todo creyente que desea aprender c\u00f3mo ser lleno del Esp\u00edritu Santo y caminar bajo Su control en la vida diaria.\" \/>\n<meta property=\"og:url\" content=\"https:\/\/tzionlibreria.com\/index.php\/product\/temperamentos-controlados-por-el-espiritu-tim-lahaye\/\" \/>\n<meta property=\"og:site_name\" content=\"tzionlibreria.com\" \/>\n<meta property=\"article:modified_time\" content=\"2025-11-13T22:36:21+00:00\" \/>\n<meta property=\"og:image\" content=\"http:\/\/tzionlibreria.com\/wp-content\/uploads\/2023\/10\/temperamentos-controlados-por-ES.jpg\" \/>\n\t<meta property=\"og:image:width\" content=\"1200\" \/>\n\t<meta property=\"og:image:height\" content=\"1200\" \/>\n\t<meta property=\"og:image:type\" content=\"image\/jpeg\" \/>\n<meta name=\"twitter:card\" content=\"summary_large_image\" \/>\n<meta name=\"twitter:label1\" content=\"Tiempo de lectura\" \/>\n\t<meta name=\"twitter:data1\" content=\"1 minuto\" \/>\n<script type=\"application\/ld+json\" class=\"yoast-schema-graph\">{\"@context\":\"https:\\\/\\\/schema.org\",\"@graph\":[{\"@type\":\"WebPage\",\"@id\":\"https:\\\/\\\/tzionlibreria.com\\\/index.php\\\/product\\\/temperamentos-controlados-por-el-espiritu-tim-lahaye\\\/\",\"url\":\"https:\\\/\\\/tzionlibreria.com\\\/index.php\\\/product\\\/temperamentos-controlados-por-el-espiritu-tim-lahaye\\\/\",\"name\":\"Temperamentos Controlados por el Esp\u00edritu - Tim Lahaye - tzionlibreria.com\",\"isPartOf\":{\"@id\":\"https:\\\/\\\/tzionlibreria.com\\\/#website\"},\"primaryImageOfPage\":{\"@id\":\"https:\\\/\\\/tzionlibreria.com\\\/index.php\\\/product\\\/temperamentos-controlados-por-el-espiritu-tim-lahaye\\\/#primaryimage\"},\"image\":{\"@id\":\"https:\\\/\\\/tzionlibreria.com\\\/index.php\\\/product\\\/temperamentos-controlados-por-el-espiritu-tim-lahaye\\\/#primaryimage\"},\"thumbnailUrl\":\"https:\\\/\\\/tzionlibreria.com\\\/wp-content\\\/uploads\\\/2023\\\/10\\\/temperamentos-controlados-por-ES.jpg\",\"datePublished\":\"2023-10-31T20:30:46+00:00\",\"dateModified\":\"2025-11-13T22:36:21+00:00\",\"description\":\"Este libro es una gu\u00eda pr\u00e1ctica para todo creyente que desea aprender c\u00f3mo ser lleno del Esp\u00edritu Santo y caminar bajo Su control en la vida diaria.\",\"breadcrumb\":{\"@id\":\"https:\\\/\\\/tzionlibreria.com\\\/index.php\\\/product\\\/temperamentos-controlados-por-el-espiritu-tim-lahaye\\\/#breadcrumb\"},\"inLanguage\":\"es-CO\",\"potentialAction\":[{\"@type\":\"ReadAction\",\"target\":[\"https:\\\/\\\/tzionlibreria.com\\\/index.php\\\/product\\\/temperamentos-controlados-por-el-espiritu-tim-lahaye\\\/\"]}]},{\"@type\":\"ImageObject\",\"inLanguage\":\"es-CO\",\"@id\":\"https:\\\/\\\/tzionlibreria.com\\\/index.php\\\/product\\\/temperamentos-controlados-por-el-espiritu-tim-lahaye\\\/#primaryimage\",\"url\":\"https:\\\/\\\/tzionlibreria.com\\\/wp-content\\\/uploads\\\/2023\\\/10\\\/temperamentos-controlados-por-ES.jpg\",\"contentUrl\":\"https:\\\/\\\/tzionlibreria.com\\\/wp-content\\\/uploads\\\/2023\\\/10\\\/temperamentos-controlados-por-ES.jpg\",\"width\":1200,\"height\":1200},{\"@type\":\"BreadcrumbList\",\"@id\":\"https:\\\/\\\/tzionlibreria.com\\\/index.php\\\/product\\\/temperamentos-controlados-por-el-espiritu-tim-lahaye\\\/#breadcrumb\",\"itemListElement\":[{\"@type\":\"ListItem\",\"position\":1,\"name\":\"Inicio\",\"item\":\"https:\\\/\\\/tzionlibreria.com\\\/\"},{\"@type\":\"ListItem\",\"position\":2,\"name\":\"Shop\",\"item\":\"https:\\\/\\\/tzionlibreria.com\\\/index.php\\\/shop\\\/\"},{\"@type\":\"ListItem\",\"position\":3,\"name\":\"Temperamentos Controlados por el Esp\u00edritu &#8211; Tim Lahaye\"}]},{\"@type\":\"WebSite\",\"@id\":\"https:\\\/\\\/tzionlibreria.com\\\/#website\",\"url\":\"https:\\\/\\\/tzionlibreria.com\\\/\",\"name\":\"tzionlibreria.com\",\"description\":\"Libreria Cristiana Venezuela\",\"publisher\":{\"@id\":\"https:\\\/\\\/tzionlibreria.com\\\/#organization\"},\"potentialAction\":[{\"@type\":\"SearchAction\",\"target\":{\"@type\":\"EntryPoint\",\"urlTemplate\":\"https:\\\/\\\/tzionlibreria.com\\\/?s={search_term_string}\"},\"query-input\":{\"@type\":\"PropertyValueSpecification\",\"valueRequired\":true,\"valueName\":\"search_term_string\"}}],\"inLanguage\":\"es-CO\"},{\"@type\":\"Organization\",\"@id\":\"https:\\\/\\\/tzionlibreria.com\\\/#organization\",\"name\":\"tzionlibreria.com\",\"url\":\"https:\\\/\\\/tzionlibreria.com\\\/\",\"logo\":{\"@type\":\"ImageObject\",\"inLanguage\":\"es-CO\",\"@id\":\"https:\\\/\\\/tzionlibreria.com\\\/#\\\/schema\\\/logo\\\/image\\\/\",\"url\":\"https:\\\/\\\/tzionlibreria.com\\\/wp-content\\\/uploads\\\/2023\\\/10\\\/cropped-Cuadricula-scaled-1.jpg\",\"contentUrl\":\"https:\\\/\\\/tzionlibreria.com\\\/wp-content\\\/uploads\\\/2023\\\/10\\\/cropped-Cuadricula-scaled-1.jpg\",\"width\":2560,\"height\":2560,\"caption\":\"tzionlibreria.com\"},\"image\":{\"@id\":\"https:\\\/\\\/tzionlibreria.com\\\/#\\\/schema\\\/logo\\\/image\\\/\"}}]}<\/script>\n<!-- \/ Yoast SEO plugin. -->","yoast_head_json":{"title":"Temperamentos Controlados por el Esp\u00edritu - Tim Lahaye - tzionlibreria.com","description":"Este libro es una gu\u00eda pr\u00e1ctica para todo creyente que desea aprender c\u00f3mo ser lleno del Esp\u00edritu Santo y caminar bajo Su control en la vida diaria.","robots":{"index":"index","follow":"follow","max-snippet":"max-snippet:-1","max-image-preview":"max-image-preview:large","max-video-preview":"max-video-preview:-1"},"canonical":"https:\/\/tzionlibreria.com\/index.php\/product\/temperamentos-controlados-por-el-espiritu-tim-lahaye\/","og_locale":"es_ES","og_type":"article","og_title":"Temperamentos Controlados por el Esp\u00edritu - Tim Lahaye - tzionlibreria.com","og_description":"Este libro es una gu\u00eda pr\u00e1ctica para todo creyente que desea aprender c\u00f3mo ser lleno del Esp\u00edritu Santo y caminar bajo Su control en la vida diaria.","og_url":"https:\/\/tzionlibreria.com\/index.php\/product\/temperamentos-controlados-por-el-espiritu-tim-lahaye\/","og_site_name":"tzionlibreria.com","article_modified_time":"2025-11-13T22:36:21+00:00","og_image":[{"width":1200,"height":1200,"url":"http:\/\/tzionlibreria.com\/wp-content\/uploads\/2023\/10\/temperamentos-controlados-por-ES.jpg","type":"image\/jpeg"}],"twitter_card":"summary_large_image","twitter_misc":{"Tiempo de lectura":"1 minuto"},"schema":{"@context":"https:\/\/schema.org","@graph":[{"@type":"WebPage","@id":"https:\/\/tzionlibreria.com\/index.php\/product\/temperamentos-controlados-por-el-espiritu-tim-lahaye\/","url":"https:\/\/tzionlibreria.com\/index.php\/product\/temperamentos-controlados-por-el-espiritu-tim-lahaye\/","name":"Temperamentos Controlados por el Esp\u00edritu - Tim Lahaye - tzionlibreria.com","isPartOf":{"@id":"https:\/\/tzionlibreria.com\/#website"},"primaryImageOfPage":{"@id":"https:\/\/tzionlibreria.com\/index.php\/product\/temperamentos-controlados-por-el-espiritu-tim-lahaye\/#primaryimage"},"image":{"@id":"https:\/\/tzionlibreria.com\/index.php\/product\/temperamentos-controlados-por-el-espiritu-tim-lahaye\/#primaryimage"},"thumbnailUrl":"https:\/\/tzionlibreria.com\/wp-content\/uploads\/2023\/10\/temperamentos-controlados-por-ES.jpg","datePublished":"2023-10-31T20:30:46+00:00","dateModified":"2025-11-13T22:36:21+00:00","description":"Este libro es una gu\u00eda pr\u00e1ctica para todo creyente que desea aprender c\u00f3mo ser lleno del Esp\u00edritu Santo y caminar bajo Su control en la vida diaria.","breadcrumb":{"@id":"https:\/\/tzionlibreria.com\/index.php\/product\/temperamentos-controlados-por-el-espiritu-tim-lahaye\/#breadcrumb"},"inLanguage":"es-CO","potentialAction":[{"@type":"ReadAction","target":["https:\/\/tzionlibreria.com\/index.php\/product\/temperamentos-controlados-por-el-espiritu-tim-lahaye\/"]}]},{"@type":"ImageObject","inLanguage":"es-CO","@id":"https:\/\/tzionlibreria.com\/index.php\/product\/temperamentos-controlados-por-el-espiritu-tim-lahaye\/#primaryimage","url":"https:\/\/tzionlibreria.com\/wp-content\/uploads\/2023\/10\/temperamentos-controlados-por-ES.jpg","contentUrl":"https:\/\/tzionlibreria.com\/wp-content\/uploads\/2023\/10\/temperamentos-controlados-por-ES.jpg","width":1200,"height":1200},{"@type":"BreadcrumbList","@id":"https:\/\/tzionlibreria.com\/index.php\/product\/temperamentos-controlados-por-el-espiritu-tim-lahaye\/#breadcrumb","itemListElement":[{"@type":"ListItem","position":1,"name":"Inicio","item":"https:\/\/tzionlibreria.com\/"},{"@type":"ListItem","position":2,"name":"Shop","item":"https:\/\/tzionlibreria.com\/index.php\/shop\/"},{"@type":"ListItem","position":3,"name":"Temperamentos Controlados por el Esp\u00edritu &#8211; Tim Lahaye"}]},{"@type":"WebSite","@id":"https:\/\/tzionlibreria.com\/#website","url":"https:\/\/tzionlibreria.com\/","name":"tzionlibreria.com","description":"Libreria Cristiana Venezuela","publisher":{"@id":"https:\/\/tzionlibreria.com\/#organization"},"potentialAction":[{"@type":"SearchAction","target":{"@type":"EntryPoint","urlTemplate":"https:\/\/tzionlibreria.com\/?s={search_term_string}"},"query-input":{"@type":"PropertyValueSpecification","valueRequired":true,"valueName":"search_term_string"}}],"inLanguage":"es-CO"},{"@type":"Organization","@id":"https:\/\/tzionlibreria.com\/#organization","name":"tzionlibreria.com","url":"https:\/\/tzionlibreria.com\/","logo":{"@type":"ImageObject","inLanguage":"es-CO","@id":"https:\/\/tzionlibreria.com\/#\/schema\/logo\/image\/","url":"https:\/\/tzionlibreria.com\/wp-content\/uploads\/2023\/10\/cropped-Cuadricula-scaled-1.jpg","contentUrl":"https:\/\/tzionlibreria.com\/wp-content\/uploads\/2023\/10\/cropped-Cuadricula-scaled-1.jpg","width":2560,"height":2560,"caption":"tzionlibreria.com"},"image":{"@id":"https:\/\/tzionlibreria.com\/#\/schema\/logo\/image\/"}}]}},"jetpack_sharing_enabled":true,"_links":{"self":[{"href":"https:\/\/tzionlibreria.com\/index.php\/wp-json\/wp\/v2\/product\/1049","targetHints":{"allow":["GET"]}}],"collection":[{"href":"https:\/\/tzionlibreria.com\/index.php\/wp-json\/wp\/v2\/product"}],"about":[{"href":"https:\/\/tzionlibreria.com\/index.php\/wp-json\/wp\/v2\/types\/product"}],"replies":[{"embeddable":true,"href":"https:\/\/tzionlibreria.com\/index.php\/wp-json\/wp\/v2\/comments?post=1049"}],"wp:featuredmedia":[{"embeddable":true,"href":"https:\/\/tzionlibreria.com\/index.php\/wp-json\/wp\/v2\/media\/1050"}],"wp:attachment":[{"href":"https:\/\/tzionlibreria.com\/index.php\/wp-json\/wp\/v2\/media?parent=1049"}],"wp:term":[{"taxonomy":"product_brand","embeddable":true,"href":"https:\/\/tzionlibreria.com\/index.php\/wp-json\/wp\/v2\/product_brand?post=1049"},{"taxonomy":"product_cat","embeddable":true,"href":"https:\/\/tzionlibreria.com\/index.php\/wp-json\/wp\/v2\/product_cat?post=1049"},{"taxonomy":"product_tag","embeddable":true,"href":"https:\/\/tzionlibreria.com\/index.php\/wp-json\/wp\/v2\/product_tag?post=1049"}],"curies":[{"name":"wp","href":"https:\/\/api.w.org\/{rel}","templated":true}]}}