{"id":1266,"date":"2023-11-13T17:27:44","date_gmt":"2023-11-13T17:27:44","guid":{"rendered":"https:\/\/tzionlibreria.com\/?post_type=product&#038;p=1266"},"modified":"2025-03-24T11:23:46","modified_gmt":"2025-03-24T11:23:46","slug":"biblia-estudio-matthew-henry-rvr","status":"publish","type":"product","link":"https:\/\/tzionlibreria.com\/index.php\/product\/biblia-estudio-matthew-henry-rvr\/","title":{"rendered":"Biblia Estudio Matthew Henry RVR"},"content":{"rendered":"<p>La\u00a0RVR Biblia de Estudio Matthew Henry\u00a0presenta m\u00e1s de 15.000 notas elaboradas por Matthew Henry y otros m\u00e1s de 200 te\u00f3logos y autores de renombre tales como Lutero, Calvino, Clarke, Keil, Delitzsch, Spurgeon, Lacueva, P\u00e9rez-Millos y Wesley, entre otros. Henry se destac\u00f3 por su perspectiva teol\u00f3gica, la cual es fiel testimonio de la doctrina evang\u00e9lica. Sus detalladas notas demuestran una capacidad espiritual superlativa y una gran erudici\u00f3n basada en su conocimiento profundo del griego y el hebreo b\u00edblico.<\/p>\n<p>En sus m\u00e1s de 2.000 p\u00e1ginas a dos colores, el lector descubrir\u00e1 gran cantidad de contenido de \u00edndole filol\u00f3gico, cultural, devocional y doctrinal que ampliar\u00e1n y renovar\u00e1n la profundidad de su estudio b\u00edblico. Cientos de notas, diagramas, fotograf\u00edas y art\u00edculos a p\u00e1gina completa acompa\u00f1an el texto \u00edntegro de la Reina Valera Revisada: la traducci\u00f3n b\u00edblica predilecta de muchos importantes y reconocidos eruditos de la Biblia en la actualidad.<\/p>\n<p>Incluye:<\/p>\n<ul>\n<li>Texto \u00edntegro de la RVR a dos colores<\/li>\n<li>M\u00e1s de 15.000 notas filol\u00f3gicas, contextuales, doctrinales y exeg\u00e9ticas<\/li>\n<li>M\u00e1s de 50.000 referencias b\u00edblicas cruzadas<\/li>\n<li>Notas por destacados autores de todos los tiempos: Agust\u00edn de Hipona, M. Henry, M. Lutero, J. Calvino, A. Clarke, C. Keil, F. Delitzsch, A. T. Robertson, F. Godet, F. Lacueva, J. Bengel, Jonathan Edwards, J. Moffat, L. Morris, S. P\u00e9rez Millos, J. Wesley y otros 200 autores m\u00e1s<\/li>\n<li>S\u00f3lidas introducciones a cada libro con bosquejo b\u00edblico incluido<\/li>\n<li>Presentaci\u00f3n de los avances en ciencias b\u00edblicas y cr\u00edtica textual<\/li>\n<li>Gr\u00e1ficos, tablas, mapas, \u00edconos e infograf\u00edas<\/li>\n<li>Transcripci\u00f3n de t\u00e9rminos en hebreo, arameo y griego<\/li>\n<li>Palabras del Se\u00f1or Jes\u00fas en rojo<\/li>\n<li>Fuentes tipogr\u00e1ficas para una experiencia de lectura c\u00f3moda<\/li>\n<li>Corchetes para los pasajes omitidos por los principales manuscritos<\/li>\n<li>Concordancia<\/li>\n<\/ul>\n<div id=\"ctl00_ucPDTabs_ctl02_fs\" class=\"ProductDetailGroup system-properties\"><strong>ISBN<\/strong>: 9788482678375<br \/>\n<strong>Editorial<\/strong>:\u00a0CLIE<br \/>\n<strong>Dimensiones<\/strong>: 18 x 24 x 5 cm<br \/>\n<strong>Peso<\/strong>: 1,680kg<br \/>\n<strong>Cubierta<\/strong>: Tapa Dura<br \/>\n<strong>Idioma<\/strong>: Espa\u00f1ol<\/div>\n<div id=\"ctl00_ucPDTabs_ctl03_fs\" class=\"ProductDetailGroup\"><strong>Versi\u00f3n:<\/strong>\u00a0RVR1977<br \/>\n<strong>Especialidad:<\/strong>\u00a0Estudio<br \/>\n<strong>Tama\u00f1o de Letra:<\/strong>\u00a06 pts<br \/>\n<strong>Color:<\/strong>\u00a0Marr\u00f3n<br \/>\n<strong>Canto:<\/strong>\u00a0Blanco<br \/>\n<strong>Caracter\u00edsticas Adicionales:<\/strong>\u00a0Mapas<br \/>\n<strong>Caracter\u00edsticas Adicionales:<\/strong>\u00a0Palabras de Jes\u00fas en Rojo<br \/>\n<strong>Caracter\u00edsticas Adicionales:<\/strong>\u00a0Cinta Marcadora<br \/>\n<strong>Caracter\u00edsticas Adicionales:<\/strong>\u00a0Concordancia<br \/>\n<strong>Caracter\u00edsticas Adicionales:<\/strong>\u00a0Tabla de Pesos y Medidas<br \/>\n<strong>Caracter\u00edsticas Adicionales:<\/strong>\u00a0Introducci\u00f3n y bosquejo a cada libro<br \/>\n<strong>Caracter\u00edsticas Adicionales:<\/strong>\u00a0Notas al pie de p\u00e1gina<\/div>\n","protected":false},"excerpt":{"rendered":"<p>La\u00a0RVR Biblia de Estudio Matthew Henry\u00a0presenta m\u00e1s de 15.000 notas elaboradas por Matthew Henry y otros m\u00e1s de 200 te\u00f3logos y autores de renombre tales como Lutero, Calvino, Clarke, Keil, Delitzsch, Spurgeon, Lacueva, P\u00e9rez-Millos y Wesley, entre otros. Henry se destac\u00f3 por su perspectiva teol\u00f3gica, la cual es fiel testimonio de la doctrina evang\u00e9lica. Sus [&hellip;]<\/p>\n","protected":false},"featured_media":1274,"comment_status":"open","ping_status":"closed","template":"","meta":{"om_disable_all_campaigns":false,"_monsterinsights_skip_tracking":false,"_monsterinsights_sitenote_active":false,"_monsterinsights_sitenote_note":"","_monsterinsights_sitenote_category":0,"site-sidebar-layout":"default","site-content-layout":"","ast-site-content-layout":"default","site-content-style":"default","site-sidebar-style":"default","ast-global-header-display":"","ast-banner-title-visibility":"","ast-main-header-display":"","ast-hfb-above-header-display":"","ast-hfb-below-header-display":"","ast-hfb-mobile-header-display":"","site-post-title":"","ast-breadcrumbs-content":"","ast-featured-img":"","footer-sml-layout":"","ast-disable-related-posts":"","theme-transparent-header-meta":"default","adv-header-id-meta":"","stick-header-meta":"","header-above-stick-meta":"","header-main-stick-meta":"","header-below-stick-meta":"","astra-migrate-meta-layouts":"set","ast-page-background-enabled":"default","ast-page-background-meta":{"desktop":{"background-color":"var(--ast-global-color-4)","background-image":"","background-repeat":"repeat","background-position":"center center","background-size":"auto","background-attachment":"scroll","background-type":"","background-media":"","overlay-type":"","overlay-color":"","overlay-opacity":"","overlay-gradient":""},"tablet":{"background-color":"","background-image":"","background-repeat":"repeat","background-position":"center center","background-size":"auto","background-attachment":"scroll","background-type":"","background-media":"","overlay-type":"","overlay-color":"","overlay-opacity":"","overlay-gradient":""},"mobile":{"background-color":"","background-image":"","background-repeat":"repeat","background-position":"center center","background-size":"auto","background-attachment":"scroll","background-type":"","background-media":"","overlay-type":"","overlay-color":"","overlay-opacity":"","overlay-gradient":""}},"ast-content-background-meta":{"desktop":{"background-color":"var(--ast-global-color-5)","background-image":"","background-repeat":"repeat","background-position":"center center","background-size":"auto","background-attachment":"scroll","background-type":"","background-media":"","overlay-type":"","overlay-color":"","overlay-opacity":"","overlay-gradient":""},"tablet":{"background-color":"var(--ast-global-color-5)","background-image":"","background-repeat":"repeat","background-position":"center center","background-size":"auto","background-attachment":"scroll","background-type":"","background-media":"","overlay-type":"","overlay-color":"","overlay-opacity":"","overlay-gradient":""},"mobile":{"background-color":"var(--ast-global-color-5)","background-image":"","background-repeat":"repeat","background-position":"center center","background-size":"auto","background-attachment":"scroll","background-type":"","background-media":"","overlay-type":"","overlay-color":"","overlay-opacity":"","overlay-gradient":""}}},"product_brand":[],"product_cat":[22,30],"product_tag":[],"class_list":{"0":"post-1266","1":"product","2":"type-product","3":"status-publish","4":"has-post-thumbnail","6":"product_cat-biblias","7":"product_cat-biblia-de-estudio","8":"desktop-align-left","9":"tablet-align-left","10":"mobile-align-left","12":"first","13":"outofstock","14":"shipping-taxable","15":"purchasable","16":"product-type-simple"},"yoast_head":"<!-- This site is optimized with the Yoast SEO plugin v27.4 - https:\/\/yoast.com\/product\/yoast-seo-wordpress\/ -->\n<title>Biblia Estudio Matthew Henry RVR - tzionlibreria.com<\/title>\n<meta name=\"robots\" content=\"index, follow, max-snippet:-1, max-image-preview:large, max-video-preview:-1\" \/>\n<link rel=\"canonical\" href=\"https:\/\/tzionlibreria.com\/index.php\/product\/biblia-estudio-matthew-henry-rvr\/\" \/>\n<meta property=\"og:locale\" content=\"es_ES\" \/>\n<meta property=\"og:type\" content=\"article\" \/>\n<meta property=\"og:title\" content=\"Biblia Estudio Matthew Henry RVR - tzionlibreria.com\" \/>\n<meta property=\"og:description\" content=\"La\u00a0RVR Biblia de Estudio Matthew Henry\u00a0presenta m\u00e1s de 15.000 notas elaboradas por Matthew Henry y otros m\u00e1s de 200 te\u00f3logos y autores de renombre tales como Lutero, Calvino, Clarke, Keil, Delitzsch, Spurgeon, Lacueva, P\u00e9rez-Millos y Wesley, entre otros. Henry se destac\u00f3 por su perspectiva teol\u00f3gica, la cual es fiel testimonio de la doctrina evang\u00e9lica. Sus [&hellip;]\" \/>\n<meta property=\"og:url\" content=\"https:\/\/tzionlibreria.com\/index.php\/product\/biblia-estudio-matthew-henry-rvr\/\" \/>\n<meta property=\"og:site_name\" content=\"tzionlibreria.com\" \/>\n<meta property=\"article:modified_time\" content=\"2025-03-24T11:23:46+00:00\" \/>\n<meta property=\"og:image\" content=\"http:\/\/tzionlibreria.com\/wp-content\/uploads\/2023\/11\/hendry.jpg\" \/>\n\t<meta property=\"og:image:width\" content=\"1200\" \/>\n\t<meta property=\"og:image:height\" content=\"1200\" \/>\n\t<meta property=\"og:image:type\" content=\"image\/jpeg\" \/>\n<meta name=\"twitter:card\" content=\"summary_large_image\" \/>\n<meta name=\"twitter:label1\" content=\"Tiempo de lectura\" \/>\n\t<meta name=\"twitter:data1\" content=\"2 minutos\" \/>\n<script type=\"application\/ld+json\" class=\"yoast-schema-graph\">{\"@context\":\"https:\\\/\\\/schema.org\",\"@graph\":[{\"@type\":\"WebPage\",\"@id\":\"https:\\\/\\\/tzionlibreria.com\\\/index.php\\\/product\\\/biblia-estudio-matthew-henry-rvr\\\/\",\"url\":\"https:\\\/\\\/tzionlibreria.com\\\/index.php\\\/product\\\/biblia-estudio-matthew-henry-rvr\\\/\",\"name\":\"Biblia Estudio Matthew Henry RVR - tzionlibreria.com\",\"isPartOf\":{\"@id\":\"https:\\\/\\\/tzionlibreria.com\\\/#website\"},\"primaryImageOfPage\":{\"@id\":\"https:\\\/\\\/tzionlibreria.com\\\/index.php\\\/product\\\/biblia-estudio-matthew-henry-rvr\\\/#primaryimage\"},\"image\":{\"@id\":\"https:\\\/\\\/tzionlibreria.com\\\/index.php\\\/product\\\/biblia-estudio-matthew-henry-rvr\\\/#primaryimage\"},\"thumbnailUrl\":\"https:\\\/\\\/tzionlibreria.com\\\/wp-content\\\/uploads\\\/2023\\\/11\\\/hendry.jpg\",\"datePublished\":\"2023-11-13T17:27:44+00:00\",\"dateModified\":\"2025-03-24T11:23:46+00:00\",\"breadcrumb\":{\"@id\":\"https:\\\/\\\/tzionlibreria.com\\\/index.php\\\/product\\\/biblia-estudio-matthew-henry-rvr\\\/#breadcrumb\"},\"inLanguage\":\"es-CO\",\"potentialAction\":[{\"@type\":\"ReadAction\",\"target\":[\"https:\\\/\\\/tzionlibreria.com\\\/index.php\\\/product\\\/biblia-estudio-matthew-henry-rvr\\\/\"]}]},{\"@type\":\"ImageObject\",\"inLanguage\":\"es-CO\",\"@id\":\"https:\\\/\\\/tzionlibreria.com\\\/index.php\\\/product\\\/biblia-estudio-matthew-henry-rvr\\\/#primaryimage\",\"url\":\"https:\\\/\\\/tzionlibreria.com\\\/wp-content\\\/uploads\\\/2023\\\/11\\\/hendry.jpg\",\"contentUrl\":\"https:\\\/\\\/tzionlibreria.com\\\/wp-content\\\/uploads\\\/2023\\\/11\\\/hendry.jpg\",\"width\":1200,\"height\":1200},{\"@type\":\"BreadcrumbList\",\"@id\":\"https:\\\/\\\/tzionlibreria.com\\\/index.php\\\/product\\\/biblia-estudio-matthew-henry-rvr\\\/#breadcrumb\",\"itemListElement\":[{\"@type\":\"ListItem\",\"position\":1,\"name\":\"Inicio\",\"item\":\"https:\\\/\\\/tzionlibreria.com\\\/\"},{\"@type\":\"ListItem\",\"position\":2,\"name\":\"Shop\",\"item\":\"https:\\\/\\\/tzionlibreria.com\\\/index.php\\\/shop\\\/\"},{\"@type\":\"ListItem\",\"position\":3,\"name\":\"Biblia Estudio Matthew Henry RVR\"}]},{\"@type\":\"WebSite\",\"@id\":\"https:\\\/\\\/tzionlibreria.com\\\/#website\",\"url\":\"https:\\\/\\\/tzionlibreria.com\\\/\",\"name\":\"tzionlibreria.com\",\"description\":\"Libreria Cristiana Venezuela\",\"publisher\":{\"@id\":\"https:\\\/\\\/tzionlibreria.com\\\/#organization\"},\"potentialAction\":[{\"@type\":\"SearchAction\",\"target\":{\"@type\":\"EntryPoint\",\"urlTemplate\":\"https:\\\/\\\/tzionlibreria.com\\\/?s={search_term_string}\"},\"query-input\":{\"@type\":\"PropertyValueSpecification\",\"valueRequired\":true,\"valueName\":\"search_term_string\"}}],\"inLanguage\":\"es-CO\"},{\"@type\":\"Organization\",\"@id\":\"https:\\\/\\\/tzionlibreria.com\\\/#organization\",\"name\":\"tzionlibreria.com\",\"url\":\"https:\\\/\\\/tzionlibreria.com\\\/\",\"logo\":{\"@type\":\"ImageObject\",\"inLanguage\":\"es-CO\",\"@id\":\"https:\\\/\\\/tzionlibreria.com\\\/#\\\/schema\\\/logo\\\/image\\\/\",\"url\":\"https:\\\/\\\/tzionlibreria.com\\\/wp-content\\\/uploads\\\/2023\\\/10\\\/cropped-Cuadricula-scaled-1.jpg\",\"contentUrl\":\"https:\\\/\\\/tzionlibreria.com\\\/wp-content\\\/uploads\\\/2023\\\/10\\\/cropped-Cuadricula-scaled-1.jpg\",\"width\":2560,\"height\":2560,\"caption\":\"tzionlibreria.com\"},\"image\":{\"@id\":\"https:\\\/\\\/tzionlibreria.com\\\/#\\\/schema\\\/logo\\\/image\\\/\"}}]}<\/script>\n<!-- \/ Yoast SEO plugin. -->","yoast_head_json":{"title":"Biblia Estudio Matthew Henry RVR - tzionlibreria.com","robots":{"index":"index","follow":"follow","max-snippet":"max-snippet:-1","max-image-preview":"max-image-preview:large","max-video-preview":"max-video-preview:-1"},"canonical":"https:\/\/tzionlibreria.com\/index.php\/product\/biblia-estudio-matthew-henry-rvr\/","og_locale":"es_ES","og_type":"article","og_title":"Biblia Estudio Matthew Henry RVR - tzionlibreria.com","og_description":"La\u00a0RVR Biblia de Estudio Matthew Henry\u00a0presenta m\u00e1s de 15.000 notas elaboradas por Matthew Henry y otros m\u00e1s de 200 te\u00f3logos y autores de renombre tales como Lutero, Calvino, Clarke, Keil, Delitzsch, Spurgeon, Lacueva, P\u00e9rez-Millos y Wesley, entre otros. Henry se destac\u00f3 por su perspectiva teol\u00f3gica, la cual es fiel testimonio de la doctrina evang\u00e9lica. Sus [&hellip;]","og_url":"https:\/\/tzionlibreria.com\/index.php\/product\/biblia-estudio-matthew-henry-rvr\/","og_site_name":"tzionlibreria.com","article_modified_time":"2025-03-24T11:23:46+00:00","og_image":[{"width":1200,"height":1200,"url":"http:\/\/tzionlibreria.com\/wp-content\/uploads\/2023\/11\/hendry.jpg","type":"image\/jpeg"}],"twitter_card":"summary_large_image","twitter_misc":{"Tiempo de lectura":"2 minutos"},"schema":{"@context":"https:\/\/schema.org","@graph":[{"@type":"WebPage","@id":"https:\/\/tzionlibreria.com\/index.php\/product\/biblia-estudio-matthew-henry-rvr\/","url":"https:\/\/tzionlibreria.com\/index.php\/product\/biblia-estudio-matthew-henry-rvr\/","name":"Biblia Estudio Matthew Henry RVR - tzionlibreria.com","isPartOf":{"@id":"https:\/\/tzionlibreria.com\/#website"},"primaryImageOfPage":{"@id":"https:\/\/tzionlibreria.com\/index.php\/product\/biblia-estudio-matthew-henry-rvr\/#primaryimage"},"image":{"@id":"https:\/\/tzionlibreria.com\/index.php\/product\/biblia-estudio-matthew-henry-rvr\/#primaryimage"},"thumbnailUrl":"https:\/\/tzionlibreria.com\/wp-content\/uploads\/2023\/11\/hendry.jpg","datePublished":"2023-11-13T17:27:44+00:00","dateModified":"2025-03-24T11:23:46+00:00","breadcrumb":{"@id":"https:\/\/tzionlibreria.com\/index.php\/product\/biblia-estudio-matthew-henry-rvr\/#breadcrumb"},"inLanguage":"es-CO","potentialAction":[{"@type":"ReadAction","target":["https:\/\/tzionlibreria.com\/index.php\/product\/biblia-estudio-matthew-henry-rvr\/"]}]},{"@type":"ImageObject","inLanguage":"es-CO","@id":"https:\/\/tzionlibreria.com\/index.php\/product\/biblia-estudio-matthew-henry-rvr\/#primaryimage","url":"https:\/\/tzionlibreria.com\/wp-content\/uploads\/2023\/11\/hendry.jpg","contentUrl":"https:\/\/tzionlibreria.com\/wp-content\/uploads\/2023\/11\/hendry.jpg","width":1200,"height":1200},{"@type":"BreadcrumbList","@id":"https:\/\/tzionlibreria.com\/index.php\/product\/biblia-estudio-matthew-henry-rvr\/#breadcrumb","itemListElement":[{"@type":"ListItem","position":1,"name":"Inicio","item":"https:\/\/tzionlibreria.com\/"},{"@type":"ListItem","position":2,"name":"Shop","item":"https:\/\/tzionlibreria.com\/index.php\/shop\/"},{"@type":"ListItem","position":3,"name":"Biblia Estudio Matthew Henry RVR"}]},{"@type":"WebSite","@id":"https:\/\/tzionlibreria.com\/#website","url":"https:\/\/tzionlibreria.com\/","name":"tzionlibreria.com","description":"Libreria Cristiana Venezuela","publisher":{"@id":"https:\/\/tzionlibreria.com\/#organization"},"potentialAction":[{"@type":"SearchAction","target":{"@type":"EntryPoint","urlTemplate":"https:\/\/tzionlibreria.com\/?s={search_term_string}"},"query-input":{"@type":"PropertyValueSpecification","valueRequired":true,"valueName":"search_term_string"}}],"inLanguage":"es-CO"},{"@type":"Organization","@id":"https:\/\/tzionlibreria.com\/#organization","name":"tzionlibreria.com","url":"https:\/\/tzionlibreria.com\/","logo":{"@type":"ImageObject","inLanguage":"es-CO","@id":"https:\/\/tzionlibreria.com\/#\/schema\/logo\/image\/","url":"https:\/\/tzionlibreria.com\/wp-content\/uploads\/2023\/10\/cropped-Cuadricula-scaled-1.jpg","contentUrl":"https:\/\/tzionlibreria.com\/wp-content\/uploads\/2023\/10\/cropped-Cuadricula-scaled-1.jpg","width":2560,"height":2560,"caption":"tzionlibreria.com"},"image":{"@id":"https:\/\/tzionlibreria.com\/#\/schema\/logo\/image\/"}}]}},"jetpack_sharing_enabled":true,"_links":{"self":[{"href":"https:\/\/tzionlibreria.com\/index.php\/wp-json\/wp\/v2\/product\/1266","targetHints":{"allow":["GET"]}}],"collection":[{"href":"https:\/\/tzionlibreria.com\/index.php\/wp-json\/wp\/v2\/product"}],"about":[{"href":"https:\/\/tzionlibreria.com\/index.php\/wp-json\/wp\/v2\/types\/product"}],"replies":[{"embeddable":true,"href":"https:\/\/tzionlibreria.com\/index.php\/wp-json\/wp\/v2\/comments?post=1266"}],"wp:featuredmedia":[{"embeddable":true,"href":"https:\/\/tzionlibreria.com\/index.php\/wp-json\/wp\/v2\/media\/1274"}],"wp:attachment":[{"href":"https:\/\/tzionlibreria.com\/index.php\/wp-json\/wp\/v2\/media?parent=1266"}],"wp:term":[{"taxonomy":"product_brand","embeddable":true,"href":"https:\/\/tzionlibreria.com\/index.php\/wp-json\/wp\/v2\/product_brand?post=1266"},{"taxonomy":"product_cat","embeddable":true,"href":"https:\/\/tzionlibreria.com\/index.php\/wp-json\/wp\/v2\/product_cat?post=1266"},{"taxonomy":"product_tag","embeddable":true,"href":"https:\/\/tzionlibreria.com\/index.php\/wp-json\/wp\/v2\/product_tag?post=1266"}],"curies":[{"name":"wp","href":"https:\/\/api.w.org\/{rel}","templated":true}]}}