{"id":1417,"date":"2023-11-14T12:38:25","date_gmt":"2023-11-14T12:38:25","guid":{"rendered":"https:\/\/tzionlibreria.com\/?post_type=product&#038;p=1417"},"modified":"2025-06-05T21:56:03","modified_gmt":"2025-06-05T21:56:03","slug":"biblia-heroes-nvi-dante-gebel-2","status":"publish","type":"product","link":"https:\/\/tzionlibreria.com\/index.php\/product\/biblia-heroes-nvi-dante-gebel-2\/","title":{"rendered":"Biblia H\u00e9roes NVI Juvenil Rosa"},"content":{"rendered":"<h3 data-start=\"163\" data-end=\"228\"><strong data-start=\"170\" data-end=\"226\">Biblia H\u00c9ROES \u2013 NVI | Edici\u00f3n Especial Piel Italiana<\/strong><\/h3>\n<p data-start=\"229\" data-end=\"311\"><strong data-start=\"229\" data-end=\"311\">Una generaci\u00f3n valiente. Un llamado ineludible. Una Biblia que lo cambia todo.<\/strong><\/p>\n<p data-start=\"313\" data-end=\"546\">\ud83d\udcd6 \u201cSeremos los primeros en avanzar y los \u00faltimos en retirarnos del campo de batalla. Y todos regresar\u00e1n a casa.\u201d<br data-start=\"426\" data-end=\"429\" \/>Con esta frase poderosa, comienza una Biblia hecha para <strong data-start=\"485\" data-end=\"543\">j\u00f3venes que lideran, sue\u00f1an y se atreven a ir m\u00e1s all\u00e1<\/strong>.<\/p>\n<p data-start=\"548\" data-end=\"716\">Con contenido exclusivo del pastor <strong data-start=\"583\" data-end=\"598\">Dante Gebel<\/strong>, esta edici\u00f3n radical inspira a vivir con pasi\u00f3n, a formar ej\u00e9rcitos espirituales y a no temer al campo de batalla.<\/p>\n<hr data-start=\"718\" data-end=\"721\" \/>\n<h3 data-start=\"723\" data-end=\"744\">\u2728 <strong data-start=\"729\" data-end=\"744\">Ideal para:<\/strong><\/h3>\n<ul data-start=\"745\" data-end=\"952\">\n<li data-start=\"745\" data-end=\"781\">\n<p data-start=\"747\" data-end=\"781\">J\u00f3venes l\u00edderes y discipuladores<\/p>\n<\/li>\n<li data-start=\"782\" data-end=\"826\">\n<p data-start=\"784\" data-end=\"826\">Mentores y apasionados por su generaci\u00f3n<\/p>\n<\/li>\n<li data-start=\"827\" data-end=\"898\">\n<p data-start=\"829\" data-end=\"898\">Aquellos que buscan inspiraci\u00f3n b\u00edblica para transformar su entorno<\/p>\n<\/li>\n<li data-start=\"899\" data-end=\"952\">\n<p data-start=\"901\" data-end=\"952\">Regalo perfecto para adolescentes y j\u00f3venes adultos<\/p>\n<\/li>\n<\/ul>\n<hr data-start=\"954\" data-end=\"957\" \/>\n<h3 data-start=\"959\" data-end=\"998\">\ud83d\udee0\ufe0f <strong data-start=\"967\" data-end=\"998\">Caracter\u00edsticas destacadas:<\/strong><\/h3>\n<ul data-start=\"999\" data-end=\"1246\">\n<li data-start=\"999\" data-end=\"1038\">\n<p data-start=\"1001\" data-end=\"1038\">Notas motivacionales de Dante Gebel<\/p>\n<\/li>\n<li data-start=\"1039\" data-end=\"1072\">\n<p data-start=\"1041\" data-end=\"1072\">C\u00f3digo de Honor de los H\u00e9roes<\/p>\n<\/li>\n<li data-start=\"1073\" data-end=\"1094\">\n<p data-start=\"1075\" data-end=\"1094\">Glosario tem\u00e1tico<\/p>\n<\/li>\n<li data-start=\"1095\" data-end=\"1123\">\n<p data-start=\"1097\" data-end=\"1123\">Tabla de pesos y medidas<\/p>\n<\/li>\n<li data-start=\"1124\" data-end=\"1170\">\n<p data-start=\"1126\" data-end=\"1170\">Versi\u00f3n: NVI (Nueva Versi\u00f3n Internacional)<\/p>\n<\/li>\n<li data-start=\"1171\" data-end=\"1200\">\n<p data-start=\"1173\" data-end=\"1200\">Palabras de Jes\u00fas en rojo<\/p>\n<\/li>\n<li data-start=\"1201\" data-end=\"1246\">\n<p data-start=\"1203\" data-end=\"1246\">Piel italiana color rosa, canto plateado<\/p>\n<\/li>\n<\/ul>\n<hr data-start=\"1248\" data-end=\"1251\" \/>\n<p data-start=\"1253\" data-end=\"1274\">\ud83d\udce6 <strong data-start=\"1256\" data-end=\"1274\">Ficha t\u00e9cnica:<\/strong><\/p>\n<ul data-start=\"1275\" data-end=\"1418\">\n<li data-start=\"1275\" data-end=\"1298\">\n<p data-start=\"1277\" data-end=\"1298\">ISBN: 9780829752595<\/p>\n<\/li>\n<li data-start=\"1299\" data-end=\"1318\">\n<p data-start=\"1301\" data-end=\"1318\">Editorial: Vida<\/p>\n<\/li>\n<li data-start=\"1319\" data-end=\"1338\">\n<p data-start=\"1321\" data-end=\"1338\">Idioma: Espa\u00f1ol<\/p>\n<\/li>\n<li data-start=\"1339\" data-end=\"1365\">\n<p data-start=\"1341\" data-end=\"1365\">Tama\u00f1o: 16 x 24 x 3 cm<\/p>\n<\/li>\n<li data-start=\"1366\" data-end=\"1384\">\n<p data-start=\"1368\" data-end=\"1384\">Peso: 0,850 kg<\/p>\n<\/li>\n<li data-start=\"1385\" data-end=\"1401\">\n<p data-start=\"1387\" data-end=\"1401\">1280 p\u00e1ginas<\/p>\n<\/li>\n<li data-start=\"1402\" data-end=\"1418\">\n<p data-start=\"1404\" data-end=\"1418\">Formato manual<\/p>\n<\/li>\n<\/ul>\n<hr data-start=\"1420\" data-end=\"1423\" \/>\n<p data-start=\"1425\" data-end=\"1515\">\ud83d\udd25 <em data-start=\"1428\" data-end=\"1515\">No es solo una Biblia. Es un llamado a conquistar tu prop\u00f3sito con valent\u00eda y verdad.<\/em><\/p>\n","protected":false},"excerpt":{"rendered":"<p>Biblia H\u00c9ROES \u2013 NVI | Edici\u00f3n Especial Piel Italiana Una generaci\u00f3n valiente. Un llamado ineludible. Una Biblia que lo cambia todo. \ud83d\udcd6 \u201cSeremos los primeros en avanzar y los \u00faltimos en retirarnos del campo de batalla. Y todos regresar\u00e1n a casa.\u201dCon esta frase poderosa, comienza una Biblia hecha para j\u00f3venes que lideran, sue\u00f1an y se [&hellip;]<\/p>\n","protected":false},"featured_media":1418,"comment_status":"open","ping_status":"closed","template":"","meta":{"om_disable_all_campaigns":false,"_monsterinsights_skip_tracking":false,"_monsterinsights_sitenote_active":false,"_monsterinsights_sitenote_note":"","_monsterinsights_sitenote_category":0,"site-sidebar-layout":"default","site-content-layout":"","ast-site-content-layout":"default","site-content-style":"default","site-sidebar-style":"default","ast-global-header-display":"","ast-banner-title-visibility":"","ast-main-header-display":"","ast-hfb-above-header-display":"","ast-hfb-below-header-display":"","ast-hfb-mobile-header-display":"","site-post-title":"","ast-breadcrumbs-content":"","ast-featured-img":"","footer-sml-layout":"","ast-disable-related-posts":"","theme-transparent-header-meta":"default","adv-header-id-meta":"","stick-header-meta":"","header-above-stick-meta":"","header-main-stick-meta":"","header-below-stick-meta":"","astra-migrate-meta-layouts":"set","ast-page-background-enabled":"default","ast-page-background-meta":{"desktop":{"background-color":"var(--ast-global-color-4)","background-image":"","background-repeat":"repeat","background-position":"center center","background-size":"auto","background-attachment":"scroll","background-type":"","background-media":"","overlay-type":"","overlay-color":"","overlay-opacity":"","overlay-gradient":""},"tablet":{"background-color":"","background-image":"","background-repeat":"repeat","background-position":"center center","background-size":"auto","background-attachment":"scroll","background-type":"","background-media":"","overlay-type":"","overlay-color":"","overlay-opacity":"","overlay-gradient":""},"mobile":{"background-color":"","background-image":"","background-repeat":"repeat","background-position":"center center","background-size":"auto","background-attachment":"scroll","background-type":"","background-media":"","overlay-type":"","overlay-color":"","overlay-opacity":"","overlay-gradient":""}},"ast-content-background-meta":{"desktop":{"background-color":"var(--ast-global-color-5)","background-image":"","background-repeat":"repeat","background-position":"center center","background-size":"auto","background-attachment":"scroll","background-type":"","background-media":"","overlay-type":"","overlay-color":"","overlay-opacity":"","overlay-gradient":""},"tablet":{"background-color":"var(--ast-global-color-5)","background-image":"","background-repeat":"repeat","background-position":"center center","background-size":"auto","background-attachment":"scroll","background-type":"","background-media":"","overlay-type":"","overlay-color":"","overlay-opacity":"","overlay-gradient":""},"mobile":{"background-color":"var(--ast-global-color-5)","background-image":"","background-repeat":"repeat","background-position":"center center","background-size":"auto","background-attachment":"scroll","background-type":"","background-media":"","overlay-type":"","overlay-color":"","overlay-opacity":"","overlay-gradient":""}}},"product_brand":[],"product_cat":[304,22,32],"product_tag":[],"class_list":{"0":"post-1417","1":"product","2":"type-product","3":"status-publish","4":"has-post-thumbnail","6":"product_cat-biblia-juvenil","7":"product_cat-biblias","8":"product_cat-biblias-nvi","9":"desktop-align-left","10":"tablet-align-left","11":"mobile-align-left","13":"first","14":"instock","15":"shipping-taxable","16":"purchasable","17":"product-type-simple"},"yoast_head":"<!-- This site is optimized with the Yoast SEO plugin v27.4 - https:\/\/yoast.com\/product\/yoast-seo-wordpress\/ -->\n<title>Biblia H\u00e9roes NVI Juvenil Rosa - tzionlibreria.com<\/title>\n<meta name=\"robots\" content=\"index, follow, max-snippet:-1, max-image-preview:large, max-video-preview:-1\" \/>\n<link rel=\"canonical\" href=\"https:\/\/tzionlibreria.com\/index.php\/product\/biblia-heroes-nvi-dante-gebel-2\/\" \/>\n<meta property=\"og:locale\" content=\"es_ES\" \/>\n<meta property=\"og:type\" content=\"article\" \/>\n<meta property=\"og:title\" content=\"Biblia H\u00e9roes NVI Juvenil Rosa - tzionlibreria.com\" \/>\n<meta property=\"og:description\" content=\"Biblia H\u00c9ROES \u2013 NVI | Edici\u00f3n Especial Piel Italiana Una generaci\u00f3n valiente. Un llamado ineludible. Una Biblia que lo cambia todo. \ud83d\udcd6 \u201cSeremos los primeros en avanzar y los \u00faltimos en retirarnos del campo de batalla. Y todos regresar\u00e1n a casa.\u201dCon esta frase poderosa, comienza una Biblia hecha para j\u00f3venes que lideran, sue\u00f1an y se [&hellip;]\" \/>\n<meta property=\"og:url\" content=\"https:\/\/tzionlibreria.com\/index.php\/product\/biblia-heroes-nvi-dante-gebel-2\/\" \/>\n<meta property=\"og:site_name\" content=\"tzionlibreria.com\" \/>\n<meta property=\"article:modified_time\" content=\"2025-06-05T21:56:03+00:00\" \/>\n<meta property=\"og:image\" content=\"http:\/\/tzionlibreria.com\/wp-content\/uploads\/2023\/11\/heroe-mujer.jpg\" \/>\n\t<meta property=\"og:image:width\" content=\"1200\" \/>\n\t<meta property=\"og:image:height\" content=\"1200\" \/>\n\t<meta property=\"og:image:type\" content=\"image\/jpeg\" \/>\n<meta name=\"twitter:card\" content=\"summary_large_image\" \/>\n<meta name=\"twitter:label1\" content=\"Tiempo de lectura\" \/>\n\t<meta name=\"twitter:data1\" content=\"2 minutos\" \/>\n<script type=\"application\/ld+json\" class=\"yoast-schema-graph\">{\"@context\":\"https:\\\/\\\/schema.org\",\"@graph\":[{\"@type\":\"WebPage\",\"@id\":\"https:\\\/\\\/tzionlibreria.com\\\/index.php\\\/product\\\/biblia-heroes-nvi-dante-gebel-2\\\/\",\"url\":\"https:\\\/\\\/tzionlibreria.com\\\/index.php\\\/product\\\/biblia-heroes-nvi-dante-gebel-2\\\/\",\"name\":\"Biblia H\u00e9roes NVI Juvenil Rosa - tzionlibreria.com\",\"isPartOf\":{\"@id\":\"https:\\\/\\\/tzionlibreria.com\\\/#website\"},\"primaryImageOfPage\":{\"@id\":\"https:\\\/\\\/tzionlibreria.com\\\/index.php\\\/product\\\/biblia-heroes-nvi-dante-gebel-2\\\/#primaryimage\"},\"image\":{\"@id\":\"https:\\\/\\\/tzionlibreria.com\\\/index.php\\\/product\\\/biblia-heroes-nvi-dante-gebel-2\\\/#primaryimage\"},\"thumbnailUrl\":\"https:\\\/\\\/tzionlibreria.com\\\/wp-content\\\/uploads\\\/2023\\\/11\\\/heroe-mujer.jpg\",\"datePublished\":\"2023-11-14T12:38:25+00:00\",\"dateModified\":\"2025-06-05T21:56:03+00:00\",\"breadcrumb\":{\"@id\":\"https:\\\/\\\/tzionlibreria.com\\\/index.php\\\/product\\\/biblia-heroes-nvi-dante-gebel-2\\\/#breadcrumb\"},\"inLanguage\":\"es-CO\",\"potentialAction\":[{\"@type\":\"ReadAction\",\"target\":[\"https:\\\/\\\/tzionlibreria.com\\\/index.php\\\/product\\\/biblia-heroes-nvi-dante-gebel-2\\\/\"]}]},{\"@type\":\"ImageObject\",\"inLanguage\":\"es-CO\",\"@id\":\"https:\\\/\\\/tzionlibreria.com\\\/index.php\\\/product\\\/biblia-heroes-nvi-dante-gebel-2\\\/#primaryimage\",\"url\":\"https:\\\/\\\/tzionlibreria.com\\\/wp-content\\\/uploads\\\/2023\\\/11\\\/heroe-mujer.jpg\",\"contentUrl\":\"https:\\\/\\\/tzionlibreria.com\\\/wp-content\\\/uploads\\\/2023\\\/11\\\/heroe-mujer.jpg\",\"width\":1200,\"height\":1200},{\"@type\":\"BreadcrumbList\",\"@id\":\"https:\\\/\\\/tzionlibreria.com\\\/index.php\\\/product\\\/biblia-heroes-nvi-dante-gebel-2\\\/#breadcrumb\",\"itemListElement\":[{\"@type\":\"ListItem\",\"position\":1,\"name\":\"Inicio\",\"item\":\"https:\\\/\\\/tzionlibreria.com\\\/\"},{\"@type\":\"ListItem\",\"position\":2,\"name\":\"Shop\",\"item\":\"https:\\\/\\\/tzionlibreria.com\\\/index.php\\\/shop\\\/\"},{\"@type\":\"ListItem\",\"position\":3,\"name\":\"Biblia H\u00e9roes NVI Juvenil Rosa\"}]},{\"@type\":\"WebSite\",\"@id\":\"https:\\\/\\\/tzionlibreria.com\\\/#website\",\"url\":\"https:\\\/\\\/tzionlibreria.com\\\/\",\"name\":\"tzionlibreria.com\",\"description\":\"Libreria Cristiana Venezuela\",\"publisher\":{\"@id\":\"https:\\\/\\\/tzionlibreria.com\\\/#organization\"},\"potentialAction\":[{\"@type\":\"SearchAction\",\"target\":{\"@type\":\"EntryPoint\",\"urlTemplate\":\"https:\\\/\\\/tzionlibreria.com\\\/?s={search_term_string}\"},\"query-input\":{\"@type\":\"PropertyValueSpecification\",\"valueRequired\":true,\"valueName\":\"search_term_string\"}}],\"inLanguage\":\"es-CO\"},{\"@type\":\"Organization\",\"@id\":\"https:\\\/\\\/tzionlibreria.com\\\/#organization\",\"name\":\"tzionlibreria.com\",\"url\":\"https:\\\/\\\/tzionlibreria.com\\\/\",\"logo\":{\"@type\":\"ImageObject\",\"inLanguage\":\"es-CO\",\"@id\":\"https:\\\/\\\/tzionlibreria.com\\\/#\\\/schema\\\/logo\\\/image\\\/\",\"url\":\"https:\\\/\\\/tzionlibreria.com\\\/wp-content\\\/uploads\\\/2023\\\/10\\\/cropped-Cuadricula-scaled-1.jpg\",\"contentUrl\":\"https:\\\/\\\/tzionlibreria.com\\\/wp-content\\\/uploads\\\/2023\\\/10\\\/cropped-Cuadricula-scaled-1.jpg\",\"width\":2560,\"height\":2560,\"caption\":\"tzionlibreria.com\"},\"image\":{\"@id\":\"https:\\\/\\\/tzionlibreria.com\\\/#\\\/schema\\\/logo\\\/image\\\/\"}}]}<\/script>\n<!-- \/ Yoast SEO plugin. -->","yoast_head_json":{"title":"Biblia H\u00e9roes NVI Juvenil Rosa - tzionlibreria.com","robots":{"index":"index","follow":"follow","max-snippet":"max-snippet:-1","max-image-preview":"max-image-preview:large","max-video-preview":"max-video-preview:-1"},"canonical":"https:\/\/tzionlibreria.com\/index.php\/product\/biblia-heroes-nvi-dante-gebel-2\/","og_locale":"es_ES","og_type":"article","og_title":"Biblia H\u00e9roes NVI Juvenil Rosa - tzionlibreria.com","og_description":"Biblia H\u00c9ROES \u2013 NVI | Edici\u00f3n Especial Piel Italiana Una generaci\u00f3n valiente. Un llamado ineludible. Una Biblia que lo cambia todo. \ud83d\udcd6 \u201cSeremos los primeros en avanzar y los \u00faltimos en retirarnos del campo de batalla. Y todos regresar\u00e1n a casa.\u201dCon esta frase poderosa, comienza una Biblia hecha para j\u00f3venes que lideran, sue\u00f1an y se [&hellip;]","og_url":"https:\/\/tzionlibreria.com\/index.php\/product\/biblia-heroes-nvi-dante-gebel-2\/","og_site_name":"tzionlibreria.com","article_modified_time":"2025-06-05T21:56:03+00:00","og_image":[{"width":1200,"height":1200,"url":"http:\/\/tzionlibreria.com\/wp-content\/uploads\/2023\/11\/heroe-mujer.jpg","type":"image\/jpeg"}],"twitter_card":"summary_large_image","twitter_misc":{"Tiempo de lectura":"2 minutos"},"schema":{"@context":"https:\/\/schema.org","@graph":[{"@type":"WebPage","@id":"https:\/\/tzionlibreria.com\/index.php\/product\/biblia-heroes-nvi-dante-gebel-2\/","url":"https:\/\/tzionlibreria.com\/index.php\/product\/biblia-heroes-nvi-dante-gebel-2\/","name":"Biblia H\u00e9roes NVI Juvenil Rosa - tzionlibreria.com","isPartOf":{"@id":"https:\/\/tzionlibreria.com\/#website"},"primaryImageOfPage":{"@id":"https:\/\/tzionlibreria.com\/index.php\/product\/biblia-heroes-nvi-dante-gebel-2\/#primaryimage"},"image":{"@id":"https:\/\/tzionlibreria.com\/index.php\/product\/biblia-heroes-nvi-dante-gebel-2\/#primaryimage"},"thumbnailUrl":"https:\/\/tzionlibreria.com\/wp-content\/uploads\/2023\/11\/heroe-mujer.jpg","datePublished":"2023-11-14T12:38:25+00:00","dateModified":"2025-06-05T21:56:03+00:00","breadcrumb":{"@id":"https:\/\/tzionlibreria.com\/index.php\/product\/biblia-heroes-nvi-dante-gebel-2\/#breadcrumb"},"inLanguage":"es-CO","potentialAction":[{"@type":"ReadAction","target":["https:\/\/tzionlibreria.com\/index.php\/product\/biblia-heroes-nvi-dante-gebel-2\/"]}]},{"@type":"ImageObject","inLanguage":"es-CO","@id":"https:\/\/tzionlibreria.com\/index.php\/product\/biblia-heroes-nvi-dante-gebel-2\/#primaryimage","url":"https:\/\/tzionlibreria.com\/wp-content\/uploads\/2023\/11\/heroe-mujer.jpg","contentUrl":"https:\/\/tzionlibreria.com\/wp-content\/uploads\/2023\/11\/heroe-mujer.jpg","width":1200,"height":1200},{"@type":"BreadcrumbList","@id":"https:\/\/tzionlibreria.com\/index.php\/product\/biblia-heroes-nvi-dante-gebel-2\/#breadcrumb","itemListElement":[{"@type":"ListItem","position":1,"name":"Inicio","item":"https:\/\/tzionlibreria.com\/"},{"@type":"ListItem","position":2,"name":"Shop","item":"https:\/\/tzionlibreria.com\/index.php\/shop\/"},{"@type":"ListItem","position":3,"name":"Biblia H\u00e9roes NVI Juvenil Rosa"}]},{"@type":"WebSite","@id":"https:\/\/tzionlibreria.com\/#website","url":"https:\/\/tzionlibreria.com\/","name":"tzionlibreria.com","description":"Libreria Cristiana Venezuela","publisher":{"@id":"https:\/\/tzionlibreria.com\/#organization"},"potentialAction":[{"@type":"SearchAction","target":{"@type":"EntryPoint","urlTemplate":"https:\/\/tzionlibreria.com\/?s={search_term_string}"},"query-input":{"@type":"PropertyValueSpecification","valueRequired":true,"valueName":"search_term_string"}}],"inLanguage":"es-CO"},{"@type":"Organization","@id":"https:\/\/tzionlibreria.com\/#organization","name":"tzionlibreria.com","url":"https:\/\/tzionlibreria.com\/","logo":{"@type":"ImageObject","inLanguage":"es-CO","@id":"https:\/\/tzionlibreria.com\/#\/schema\/logo\/image\/","url":"https:\/\/tzionlibreria.com\/wp-content\/uploads\/2023\/10\/cropped-Cuadricula-scaled-1.jpg","contentUrl":"https:\/\/tzionlibreria.com\/wp-content\/uploads\/2023\/10\/cropped-Cuadricula-scaled-1.jpg","width":2560,"height":2560,"caption":"tzionlibreria.com"},"image":{"@id":"https:\/\/tzionlibreria.com\/#\/schema\/logo\/image\/"}}]}},"jetpack_sharing_enabled":true,"_links":{"self":[{"href":"https:\/\/tzionlibreria.com\/index.php\/wp-json\/wp\/v2\/product\/1417","targetHints":{"allow":["GET"]}}],"collection":[{"href":"https:\/\/tzionlibreria.com\/index.php\/wp-json\/wp\/v2\/product"}],"about":[{"href":"https:\/\/tzionlibreria.com\/index.php\/wp-json\/wp\/v2\/types\/product"}],"replies":[{"embeddable":true,"href":"https:\/\/tzionlibreria.com\/index.php\/wp-json\/wp\/v2\/comments?post=1417"}],"wp:featuredmedia":[{"embeddable":true,"href":"https:\/\/tzionlibreria.com\/index.php\/wp-json\/wp\/v2\/media\/1418"}],"wp:attachment":[{"href":"https:\/\/tzionlibreria.com\/index.php\/wp-json\/wp\/v2\/media?parent=1417"}],"wp:term":[{"taxonomy":"product_brand","embeddable":true,"href":"https:\/\/tzionlibreria.com\/index.php\/wp-json\/wp\/v2\/product_brand?post=1417"},{"taxonomy":"product_cat","embeddable":true,"href":"https:\/\/tzionlibreria.com\/index.php\/wp-json\/wp\/v2\/product_cat?post=1417"},{"taxonomy":"product_tag","embeddable":true,"href":"https:\/\/tzionlibreria.com\/index.php\/wp-json\/wp\/v2\/product_tag?post=1417"}],"curies":[{"name":"wp","href":"https:\/\/api.w.org\/{rel}","templated":true}]}}