{"id":1457,"date":"2023-11-14T12:59:58","date_gmt":"2023-11-14T12:59:58","guid":{"rendered":"https:\/\/tzionlibreria.com\/?post_type=product&#038;p=1457"},"modified":"2025-06-05T21:30:53","modified_gmt":"2025-06-05T21:30:53","slug":"biblia-del-ministro-nvi","status":"publish","type":"product","link":"https:\/\/tzionlibreria.com\/index.php\/product\/biblia-del-ministro-nvi\/","title":{"rendered":"Biblia del Ministro NVI Piel Negra"},"content":{"rendered":"<h3 data-start=\"187\" data-end=\"281\">\u271d\ufe0f <strong data-start=\"194\" data-end=\"279\">Biblia del Ministro NVI \u2013| Tapa Imitaci\u00f3n Piel Negra<\/strong><\/h3>\n<p>&nbsp;<\/p>\n<p data-start=\"282\" data-end=\"339\"><strong data-start=\"282\" data-end=\"339\">Letra grande \u2022 Formato ultrafino \u2022 Manual actualizado<\/strong><\/p>\n<p data-start=\"341\" data-end=\"683\">Una herramienta esencial para todo ministro del evangelio. Esta edici\u00f3n especial une la <strong data-start=\"429\" data-end=\"466\">Nueva Versi\u00f3n Internacional (NVI)<\/strong> \u2014una traducci\u00f3n fiel, clara y contempor\u00e1nea\u2014 con un <strong data-start=\"519\" data-end=\"554\">Manual del Ministro actualizado<\/strong>, ubicado estrat\u00e9gicamente entre el Antiguo y el Nuevo Testamento, ideal para acceder r\u00e1pidamente durante cultos y celebraciones.<\/p>\n<hr data-start=\"685\" data-end=\"688\" \/>\n<h3 data-start=\"690\" data-end=\"728\">\ud83d\udcd6 <strong data-start=\"697\" data-end=\"728\">Caracter\u00edsticas destacadas:<\/strong><\/h3>\n<ul data-start=\"729\" data-end=\"1080\">\n<li data-start=\"729\" data-end=\"815\">\n<p data-start=\"731\" data-end=\"815\">\u2705 <strong data-start=\"733\" data-end=\"748\">Versi\u00f3n NVI<\/strong> \u2013 Fidelidad a los textos originales con un espa\u00f1ol claro y digno<\/p>\n<\/li>\n<li data-start=\"816\" data-end=\"858\">\n<p data-start=\"818\" data-end=\"858\">\u2705 <strong data-start=\"820\" data-end=\"836\">Letra grande<\/strong> para lectura fluida<\/p>\n<\/li>\n<li data-start=\"859\" data-end=\"910\">\n<p data-start=\"861\" data-end=\"910\">\u2705 <strong data-start=\"863\" data-end=\"884\">Formato ultrafino<\/strong> para mayor portabilidad<\/p>\n<\/li>\n<li data-start=\"911\" data-end=\"946\">\n<p data-start=\"913\" data-end=\"946\">\u2705 <strong data-start=\"915\" data-end=\"944\">Palabras de Jes\u00fas en rojo<\/strong><\/p>\n<\/li>\n<li data-start=\"947\" data-end=\"977\">\n<p data-start=\"949\" data-end=\"977\">\u2705 <strong data-start=\"951\" data-end=\"975\">Referencias cruzadas<\/strong><\/p>\n<\/li>\n<li data-start=\"978\" data-end=\"1008\">\n<p data-start=\"980\" data-end=\"1008\">\u2705 Tabla de pesos y medidas<\/p>\n<\/li>\n<li data-start=\"1009\" data-end=\"1030\">\n<p data-start=\"1011\" data-end=\"1030\">\u2705 Cinta marcadora<\/p>\n<\/li>\n<li data-start=\"1031\" data-end=\"1049\">\n<p data-start=\"1033\" data-end=\"1049\">\u2705 Canto dorado<\/p>\n<\/li>\n<li data-start=\"1050\" data-end=\"1080\">\n<p data-start=\"1052\" data-end=\"1080\">\u2705 <strong data-start=\"1054\" data-end=\"1080\">Tama\u00f1o manual pr\u00e1ctico<\/strong><\/p>\n<\/li>\n<\/ul>\n<hr data-start=\"1082\" data-end=\"1085\" \/>\n<h3 data-start=\"1087\" data-end=\"1140\">\ud83d\udcda <strong data-start=\"1094\" data-end=\"1140\">Manual del Ministro (Ampliado y Revisado):<\/strong><\/h3>\n<ul data-start=\"1141\" data-end=\"1362\">\n<li data-start=\"1141\" data-end=\"1240\">\n<p data-start=\"1143\" data-end=\"1240\">Ceremonias pastorales para bodas, bautismos, ordenaciones, funerales, dedicaci\u00f3n de ni\u00f1os y m\u00e1s<\/p>\n<\/li>\n<li data-start=\"1241\" data-end=\"1266\">\n<p data-start=\"1243\" data-end=\"1266\">Ejemplos de servicios<\/p>\n<\/li>\n<li data-start=\"1267\" data-end=\"1294\">\n<p data-start=\"1269\" data-end=\"1294\">Bosquejos ministeriales<\/p>\n<\/li>\n<li data-start=\"1295\" data-end=\"1332\">\n<p data-start=\"1297\" data-end=\"1332\">Gu\u00eda para evangelizaci\u00f3n personal<\/p>\n<\/li>\n<li data-start=\"1333\" data-end=\"1362\">\n<p data-start=\"1335\" data-end=\"1362\">Plan de Dios para el hombre<\/p>\n<\/li>\n<\/ul>\n<hr data-start=\"1364\" data-end=\"1367\" \/>\n<h3 data-start=\"1369\" data-end=\"1404\">\ud83e\uddd4\u200d\u2642\ufe0f <strong data-start=\"1379\" data-end=\"1404\">\u00bfA qui\u00e9n va dirigida?<\/strong><\/h3>\n<ul data-start=\"1405\" data-end=\"1590\">\n<li data-start=\"1405\" data-end=\"1465\">\n<p data-start=\"1407\" data-end=\"1465\">Ministros, pastores, predicadores y l\u00edderes espirituales<\/p>\n<\/li>\n<li data-start=\"1466\" data-end=\"1530\">\n<p data-start=\"1468\" data-end=\"1530\">Estudiantes de teolog\u00eda o quienes sirven en iglesias locales<\/p>\n<\/li>\n<li data-start=\"1531\" data-end=\"1590\">\n<p data-start=\"1533\" data-end=\"1590\">Ideal como regalo de ordenaci\u00f3n o aniversario ministerial<\/p>\n<\/li>\n<\/ul>\n<hr data-start=\"1592\" data-end=\"1595\" \/>\n<p data-start=\"1597\" data-end=\"1829\">\ud83d\udcd8 <em data-start=\"1600\" data-end=\"1693\">Lleva contigo una Biblia de alta calidad con recursos esenciales para acompa\u00f1ar tu llamado.<\/em><\/p>\n<p data-start=\"1597\" data-end=\"1829\">\ud83c\udd94 ISBN: 9780829768459<br data-start=\"1754\" data-end=\"1757\" \/>\ud83d\udcda 1280 p\u00e1ginas | Editorial: Vida | Encuadernaci\u00f3n: Imitaci\u00f3n piel negra<\/p>\n","protected":false},"excerpt":{"rendered":"<p>\u271d\ufe0f Biblia del Ministro NVI \u2013| Tapa Imitaci\u00f3n Piel Negra &nbsp; Letra grande \u2022 Formato ultrafino \u2022 Manual actualizado Una herramienta esencial para todo ministro del evangelio. Esta edici\u00f3n especial une la Nueva Versi\u00f3n Internacional (NVI) \u2014una traducci\u00f3n fiel, clara y contempor\u00e1nea\u2014 con un Manual del Ministro actualizado, ubicado estrat\u00e9gicamente entre el Antiguo y el [&hellip;]<\/p>\n","protected":false},"featured_media":1458,"comment_status":"open","ping_status":"closed","template":"","meta":{"om_disable_all_campaigns":false,"_monsterinsights_skip_tracking":false,"_monsterinsights_sitenote_active":false,"_monsterinsights_sitenote_note":"","_monsterinsights_sitenote_category":0,"site-sidebar-layout":"default","site-content-layout":"","ast-site-content-layout":"default","site-content-style":"default","site-sidebar-style":"default","ast-global-header-display":"","ast-banner-title-visibility":"","ast-main-header-display":"","ast-hfb-above-header-display":"","ast-hfb-below-header-display":"","ast-hfb-mobile-header-display":"","site-post-title":"","ast-breadcrumbs-content":"","ast-featured-img":"","footer-sml-layout":"","ast-disable-related-posts":"","theme-transparent-header-meta":"default","adv-header-id-meta":"","stick-header-meta":"","header-above-stick-meta":"","header-main-stick-meta":"","header-below-stick-meta":"","astra-migrate-meta-layouts":"set","ast-page-background-enabled":"default","ast-page-background-meta":{"desktop":{"background-color":"var(--ast-global-color-4)","background-image":"","background-repeat":"repeat","background-position":"center center","background-size":"auto","background-attachment":"scroll","background-type":"","background-media":"","overlay-type":"","overlay-color":"","overlay-opacity":"","overlay-gradient":""},"tablet":{"background-color":"","background-image":"","background-repeat":"repeat","background-position":"center center","background-size":"auto","background-attachment":"scroll","background-type":"","background-media":"","overlay-type":"","overlay-color":"","overlay-opacity":"","overlay-gradient":""},"mobile":{"background-color":"","background-image":"","background-repeat":"repeat","background-position":"center center","background-size":"auto","background-attachment":"scroll","background-type":"","background-media":"","overlay-type":"","overlay-color":"","overlay-opacity":"","overlay-gradient":""}},"ast-content-background-meta":{"desktop":{"background-color":"var(--ast-global-color-5)","background-image":"","background-repeat":"repeat","background-position":"center center","background-size":"auto","background-attachment":"scroll","background-type":"","background-media":"","overlay-type":"","overlay-color":"","overlay-opacity":"","overlay-gradient":""},"tablet":{"background-color":"var(--ast-global-color-5)","background-image":"","background-repeat":"repeat","background-position":"center center","background-size":"auto","background-attachment":"scroll","background-type":"","background-media":"","overlay-type":"","overlay-color":"","overlay-opacity":"","overlay-gradient":""},"mobile":{"background-color":"var(--ast-global-color-5)","background-image":"","background-repeat":"repeat","background-position":"center center","background-size":"auto","background-attachment":"scroll","background-type":"","background-media":"","overlay-type":"","overlay-color":"","overlay-opacity":"","overlay-gradient":""}}},"product_brand":[],"product_cat":[305,22,32],"product_tag":[98],"class_list":{"0":"post-1457","1":"product","2":"type-product","3":"status-publish","4":"has-post-thumbnail","6":"product_cat-biblia-para-ministros","7":"product_cat-biblias","8":"product_cat-biblias-nvi","9":"product_tag-ministro","10":"desktop-align-left","11":"tablet-align-left","12":"mobile-align-left","14":"first","15":"instock","16":"shipping-taxable","17":"purchasable","18":"product-type-simple"},"yoast_head":"<!-- This site is optimized with the Yoast SEO plugin v27.4 - https:\/\/yoast.com\/product\/yoast-seo-wordpress\/ -->\n<title>Biblia del Ministro NVI Piel Negra - tzionlibreria.com<\/title>\n<meta name=\"description\" content=\"La Biblia NVI y el Manual del Ministro, en una edici\u00f3n ampliada y revisada, el manual se centra entre el Antiguo y el Nuevo Testastamento\" \/>\n<meta name=\"robots\" content=\"index, follow, max-snippet:-1, max-image-preview:large, max-video-preview:-1\" \/>\n<link rel=\"canonical\" href=\"https:\/\/tzionlibreria.com\/index.php\/product\/biblia-del-ministro-nvi\/\" \/>\n<meta property=\"og:locale\" content=\"es_ES\" \/>\n<meta property=\"og:type\" content=\"article\" \/>\n<meta property=\"og:title\" content=\"Biblia del Ministro NVI Piel Negra - tzionlibreria.com\" \/>\n<meta property=\"og:description\" content=\"La Biblia NVI y el Manual del Ministro, en una edici\u00f3n ampliada y revisada, el manual se centra entre el Antiguo y el Nuevo Testastamento\" \/>\n<meta property=\"og:url\" content=\"https:\/\/tzionlibreria.com\/index.php\/product\/biblia-del-ministro-nvi\/\" \/>\n<meta property=\"og:site_name\" content=\"tzionlibreria.com\" \/>\n<meta property=\"article:modified_time\" content=\"2025-06-05T21:30:53+00:00\" \/>\n<meta property=\"og:image\" content=\"http:\/\/tzionlibreria.com\/wp-content\/uploads\/2023\/11\/minis-nvi.jpg\" \/>\n\t<meta property=\"og:image:width\" content=\"1200\" \/>\n\t<meta property=\"og:image:height\" content=\"1200\" \/>\n\t<meta property=\"og:image:type\" content=\"image\/jpeg\" \/>\n<meta name=\"twitter:card\" content=\"summary_large_image\" \/>\n<meta name=\"twitter:label1\" content=\"Tiempo de lectura\" \/>\n\t<meta name=\"twitter:data1\" content=\"2 minutos\" \/>\n<script type=\"application\/ld+json\" class=\"yoast-schema-graph\">{\"@context\":\"https:\\\/\\\/schema.org\",\"@graph\":[{\"@type\":\"WebPage\",\"@id\":\"https:\\\/\\\/tzionlibreria.com\\\/index.php\\\/product\\\/biblia-del-ministro-nvi\\\/\",\"url\":\"https:\\\/\\\/tzionlibreria.com\\\/index.php\\\/product\\\/biblia-del-ministro-nvi\\\/\",\"name\":\"Biblia del Ministro NVI Piel Negra - tzionlibreria.com\",\"isPartOf\":{\"@id\":\"https:\\\/\\\/tzionlibreria.com\\\/#website\"},\"primaryImageOfPage\":{\"@id\":\"https:\\\/\\\/tzionlibreria.com\\\/index.php\\\/product\\\/biblia-del-ministro-nvi\\\/#primaryimage\"},\"image\":{\"@id\":\"https:\\\/\\\/tzionlibreria.com\\\/index.php\\\/product\\\/biblia-del-ministro-nvi\\\/#primaryimage\"},\"thumbnailUrl\":\"https:\\\/\\\/tzionlibreria.com\\\/wp-content\\\/uploads\\\/2023\\\/11\\\/minis-nvi.jpg\",\"datePublished\":\"2023-11-14T12:59:58+00:00\",\"dateModified\":\"2025-06-05T21:30:53+00:00\",\"description\":\"La Biblia NVI y el Manual del Ministro, en una edici\u00f3n ampliada y revisada, el manual se centra entre el Antiguo y el Nuevo Testastamento\",\"breadcrumb\":{\"@id\":\"https:\\\/\\\/tzionlibreria.com\\\/index.php\\\/product\\\/biblia-del-ministro-nvi\\\/#breadcrumb\"},\"inLanguage\":\"es-CO\",\"potentialAction\":[{\"@type\":\"ReadAction\",\"target\":[\"https:\\\/\\\/tzionlibreria.com\\\/index.php\\\/product\\\/biblia-del-ministro-nvi\\\/\"]}]},{\"@type\":\"ImageObject\",\"inLanguage\":\"es-CO\",\"@id\":\"https:\\\/\\\/tzionlibreria.com\\\/index.php\\\/product\\\/biblia-del-ministro-nvi\\\/#primaryimage\",\"url\":\"https:\\\/\\\/tzionlibreria.com\\\/wp-content\\\/uploads\\\/2023\\\/11\\\/minis-nvi.jpg\",\"contentUrl\":\"https:\\\/\\\/tzionlibreria.com\\\/wp-content\\\/uploads\\\/2023\\\/11\\\/minis-nvi.jpg\",\"width\":1200,\"height\":1200},{\"@type\":\"BreadcrumbList\",\"@id\":\"https:\\\/\\\/tzionlibreria.com\\\/index.php\\\/product\\\/biblia-del-ministro-nvi\\\/#breadcrumb\",\"itemListElement\":[{\"@type\":\"ListItem\",\"position\":1,\"name\":\"Inicio\",\"item\":\"https:\\\/\\\/tzionlibreria.com\\\/\"},{\"@type\":\"ListItem\",\"position\":2,\"name\":\"Shop\",\"item\":\"https:\\\/\\\/tzionlibreria.com\\\/index.php\\\/shop\\\/\"},{\"@type\":\"ListItem\",\"position\":3,\"name\":\"Biblia del Ministro NVI Piel Negra\"}]},{\"@type\":\"WebSite\",\"@id\":\"https:\\\/\\\/tzionlibreria.com\\\/#website\",\"url\":\"https:\\\/\\\/tzionlibreria.com\\\/\",\"name\":\"tzionlibreria.com\",\"description\":\"Libreria Cristiana Venezuela\",\"publisher\":{\"@id\":\"https:\\\/\\\/tzionlibreria.com\\\/#organization\"},\"potentialAction\":[{\"@type\":\"SearchAction\",\"target\":{\"@type\":\"EntryPoint\",\"urlTemplate\":\"https:\\\/\\\/tzionlibreria.com\\\/?s={search_term_string}\"},\"query-input\":{\"@type\":\"PropertyValueSpecification\",\"valueRequired\":true,\"valueName\":\"search_term_string\"}}],\"inLanguage\":\"es-CO\"},{\"@type\":\"Organization\",\"@id\":\"https:\\\/\\\/tzionlibreria.com\\\/#organization\",\"name\":\"tzionlibreria.com\",\"url\":\"https:\\\/\\\/tzionlibreria.com\\\/\",\"logo\":{\"@type\":\"ImageObject\",\"inLanguage\":\"es-CO\",\"@id\":\"https:\\\/\\\/tzionlibreria.com\\\/#\\\/schema\\\/logo\\\/image\\\/\",\"url\":\"https:\\\/\\\/tzionlibreria.com\\\/wp-content\\\/uploads\\\/2023\\\/10\\\/cropped-Cuadricula-scaled-1.jpg\",\"contentUrl\":\"https:\\\/\\\/tzionlibreria.com\\\/wp-content\\\/uploads\\\/2023\\\/10\\\/cropped-Cuadricula-scaled-1.jpg\",\"width\":2560,\"height\":2560,\"caption\":\"tzionlibreria.com\"},\"image\":{\"@id\":\"https:\\\/\\\/tzionlibreria.com\\\/#\\\/schema\\\/logo\\\/image\\\/\"}}]}<\/script>\n<!-- \/ Yoast SEO plugin. -->","yoast_head_json":{"title":"Biblia del Ministro NVI Piel Negra - tzionlibreria.com","description":"La Biblia NVI y el Manual del Ministro, en una edici\u00f3n ampliada y revisada, el manual se centra entre el Antiguo y el Nuevo Testastamento","robots":{"index":"index","follow":"follow","max-snippet":"max-snippet:-1","max-image-preview":"max-image-preview:large","max-video-preview":"max-video-preview:-1"},"canonical":"https:\/\/tzionlibreria.com\/index.php\/product\/biblia-del-ministro-nvi\/","og_locale":"es_ES","og_type":"article","og_title":"Biblia del Ministro NVI Piel Negra - tzionlibreria.com","og_description":"La Biblia NVI y el Manual del Ministro, en una edici\u00f3n ampliada y revisada, el manual se centra entre el Antiguo y el Nuevo Testastamento","og_url":"https:\/\/tzionlibreria.com\/index.php\/product\/biblia-del-ministro-nvi\/","og_site_name":"tzionlibreria.com","article_modified_time":"2025-06-05T21:30:53+00:00","og_image":[{"width":1200,"height":1200,"url":"http:\/\/tzionlibreria.com\/wp-content\/uploads\/2023\/11\/minis-nvi.jpg","type":"image\/jpeg"}],"twitter_card":"summary_large_image","twitter_misc":{"Tiempo de lectura":"2 minutos"},"schema":{"@context":"https:\/\/schema.org","@graph":[{"@type":"WebPage","@id":"https:\/\/tzionlibreria.com\/index.php\/product\/biblia-del-ministro-nvi\/","url":"https:\/\/tzionlibreria.com\/index.php\/product\/biblia-del-ministro-nvi\/","name":"Biblia del Ministro NVI Piel Negra - tzionlibreria.com","isPartOf":{"@id":"https:\/\/tzionlibreria.com\/#website"},"primaryImageOfPage":{"@id":"https:\/\/tzionlibreria.com\/index.php\/product\/biblia-del-ministro-nvi\/#primaryimage"},"image":{"@id":"https:\/\/tzionlibreria.com\/index.php\/product\/biblia-del-ministro-nvi\/#primaryimage"},"thumbnailUrl":"https:\/\/tzionlibreria.com\/wp-content\/uploads\/2023\/11\/minis-nvi.jpg","datePublished":"2023-11-14T12:59:58+00:00","dateModified":"2025-06-05T21:30:53+00:00","description":"La Biblia NVI y el Manual del Ministro, en una edici\u00f3n ampliada y revisada, el manual se centra entre el Antiguo y el Nuevo Testastamento","breadcrumb":{"@id":"https:\/\/tzionlibreria.com\/index.php\/product\/biblia-del-ministro-nvi\/#breadcrumb"},"inLanguage":"es-CO","potentialAction":[{"@type":"ReadAction","target":["https:\/\/tzionlibreria.com\/index.php\/product\/biblia-del-ministro-nvi\/"]}]},{"@type":"ImageObject","inLanguage":"es-CO","@id":"https:\/\/tzionlibreria.com\/index.php\/product\/biblia-del-ministro-nvi\/#primaryimage","url":"https:\/\/tzionlibreria.com\/wp-content\/uploads\/2023\/11\/minis-nvi.jpg","contentUrl":"https:\/\/tzionlibreria.com\/wp-content\/uploads\/2023\/11\/minis-nvi.jpg","width":1200,"height":1200},{"@type":"BreadcrumbList","@id":"https:\/\/tzionlibreria.com\/index.php\/product\/biblia-del-ministro-nvi\/#breadcrumb","itemListElement":[{"@type":"ListItem","position":1,"name":"Inicio","item":"https:\/\/tzionlibreria.com\/"},{"@type":"ListItem","position":2,"name":"Shop","item":"https:\/\/tzionlibreria.com\/index.php\/shop\/"},{"@type":"ListItem","position":3,"name":"Biblia del Ministro NVI Piel Negra"}]},{"@type":"WebSite","@id":"https:\/\/tzionlibreria.com\/#website","url":"https:\/\/tzionlibreria.com\/","name":"tzionlibreria.com","description":"Libreria Cristiana Venezuela","publisher":{"@id":"https:\/\/tzionlibreria.com\/#organization"},"potentialAction":[{"@type":"SearchAction","target":{"@type":"EntryPoint","urlTemplate":"https:\/\/tzionlibreria.com\/?s={search_term_string}"},"query-input":{"@type":"PropertyValueSpecification","valueRequired":true,"valueName":"search_term_string"}}],"inLanguage":"es-CO"},{"@type":"Organization","@id":"https:\/\/tzionlibreria.com\/#organization","name":"tzionlibreria.com","url":"https:\/\/tzionlibreria.com\/","logo":{"@type":"ImageObject","inLanguage":"es-CO","@id":"https:\/\/tzionlibreria.com\/#\/schema\/logo\/image\/","url":"https:\/\/tzionlibreria.com\/wp-content\/uploads\/2023\/10\/cropped-Cuadricula-scaled-1.jpg","contentUrl":"https:\/\/tzionlibreria.com\/wp-content\/uploads\/2023\/10\/cropped-Cuadricula-scaled-1.jpg","width":2560,"height":2560,"caption":"tzionlibreria.com"},"image":{"@id":"https:\/\/tzionlibreria.com\/#\/schema\/logo\/image\/"}}]}},"jetpack_sharing_enabled":true,"_links":{"self":[{"href":"https:\/\/tzionlibreria.com\/index.php\/wp-json\/wp\/v2\/product\/1457","targetHints":{"allow":["GET"]}}],"collection":[{"href":"https:\/\/tzionlibreria.com\/index.php\/wp-json\/wp\/v2\/product"}],"about":[{"href":"https:\/\/tzionlibreria.com\/index.php\/wp-json\/wp\/v2\/types\/product"}],"replies":[{"embeddable":true,"href":"https:\/\/tzionlibreria.com\/index.php\/wp-json\/wp\/v2\/comments?post=1457"}],"wp:featuredmedia":[{"embeddable":true,"href":"https:\/\/tzionlibreria.com\/index.php\/wp-json\/wp\/v2\/media\/1458"}],"wp:attachment":[{"href":"https:\/\/tzionlibreria.com\/index.php\/wp-json\/wp\/v2\/media?parent=1457"}],"wp:term":[{"taxonomy":"product_brand","embeddable":true,"href":"https:\/\/tzionlibreria.com\/index.php\/wp-json\/wp\/v2\/product_brand?post=1457"},{"taxonomy":"product_cat","embeddable":true,"href":"https:\/\/tzionlibreria.com\/index.php\/wp-json\/wp\/v2\/product_cat?post=1457"},{"taxonomy":"product_tag","embeddable":true,"href":"https:\/\/tzionlibreria.com\/index.php\/wp-json\/wp\/v2\/product_tag?post=1457"}],"curies":[{"name":"wp","href":"https:\/\/api.w.org\/{rel}","templated":true}]}}