{"id":1707,"date":"2023-11-21T16:48:15","date_gmt":"2023-11-21T16:48:15","guid":{"rendered":"https:\/\/tzionlibreria.com\/?post_type=product&#038;p=1707"},"modified":"2024-02-29T16:28:45","modified_gmt":"2024-02-29T16:28:45","slug":"1y2-tesalonicenses-1y2-timoteo-tito-comentario-macarthur-del-nuevo-testamento-john-macarthur-autor","status":"publish","type":"product","link":"https:\/\/tzionlibreria.com\/index.php\/product\/1y2-tesalonicenses-1y2-timoteo-tito-comentario-macarthur-del-nuevo-testamento-john-macarthur-autor\/","title":{"rendered":"1y2 Tesalonicenses, 1y2 Timoteo, Tito &#8211; Comentario MacArthur del Nuevo Testamento John MacArthur (Autor)"},"content":{"rendered":"<p>El nuevo tomo del Comentario b\u00edblico MacArthur del Nuevo Testamento incluye las siguientes ep\u00edstolas: 1 y 2 Tesalonicenses, 1 y 2 Timoteo, y Tito. En las p\u00e1ginas de estos comentarios expositivos no se percibe solamente un gran conocimiento de la Biblia, sino un amor y un celo profundos por la Palabra de Dios y por el Dios de la Palabra.<\/p>\n<div><\/div>\n<div>John MacArthur hace una valiosa contribuci\u00f3n a la interpretaci\u00f3n y aplicaci\u00f3n del texto b\u00edblico que se refleja en una ex\u00e9gesis cuidadosa, una gran familiaridad con el escritor inspirado y su contexto, as\u00ed como en variadas explicaciones e ilustraciones pr\u00e1cticas. Representa un excelente recurso para la preparaci\u00f3n de sermones, el estudio personal y la vida devocional.<\/div>\n<div><\/div>\n<div>&#8220;Este comentario no s\u00f3lo arroja luz al texto b\u00edblico, presenta tambi\u00e9n una aplicaci\u00f3n pr\u00e1ctica de beneficio personal, que es tambi\u00e9n relevante para los que ense\u00f1an y predican la Palabra. Consulto estos comentarios a menudo para ayudarme a interpretar el texto b\u00edblico y encontrar principios que transformen nuestras vidas&#8221;<\/div>\n<div><\/div>\n<div><strong>ISBN<\/strong>: 9780825415616<br \/>\n<strong>Editorial<\/strong>:\u00a0Portavoz<br \/>\n<strong>Dimensiones<\/strong>: 16 x 24 x 5 cm<br \/>\n<strong>Peso<\/strong>: 0,973kg<br \/>\n<strong>Cubierta<\/strong>: Tapa Dura<br \/>\n<strong>N\u00famero de p\u00e1ginas<\/strong>: 1056<br \/>\n<strong>Idioma<\/strong>: Espa\u00f1ol<\/div>\n","protected":false},"excerpt":{"rendered":"<p>El nuevo tomo del Comentario b\u00edblico MacArthur del Nuevo Testamento incluye las siguientes ep\u00edstolas: 1 y 2 Tesalonicenses, 1 y 2 Timoteo, y Tito. En las p\u00e1ginas de estos comentarios expositivos no se percibe solamente un gran conocimiento de la Biblia, sino un amor y un celo profundos por la Palabra de Dios y por [&hellip;]<\/p>\n","protected":false},"featured_media":1708,"comment_status":"open","ping_status":"closed","template":"","meta":{"om_disable_all_campaigns":false,"_monsterinsights_skip_tracking":false,"_monsterinsights_sitenote_active":false,"_monsterinsights_sitenote_note":"","_monsterinsights_sitenote_category":0,"site-sidebar-layout":"default","site-content-layout":"","ast-site-content-layout":"default","site-content-style":"default","site-sidebar-style":"default","ast-global-header-display":"","ast-banner-title-visibility":"","ast-main-header-display":"","ast-hfb-above-header-display":"","ast-hfb-below-header-display":"","ast-hfb-mobile-header-display":"","site-post-title":"","ast-breadcrumbs-content":"","ast-featured-img":"","footer-sml-layout":"","ast-disable-related-posts":"","theme-transparent-header-meta":"default","adv-header-id-meta":"","stick-header-meta":"","header-above-stick-meta":"","header-main-stick-meta":"","header-below-stick-meta":"","astra-migrate-meta-layouts":"set","ast-page-background-enabled":"default","ast-page-background-meta":{"desktop":{"background-color":"var(--ast-global-color-4)","background-image":"","background-repeat":"repeat","background-position":"center center","background-size":"auto","background-attachment":"scroll","background-type":"","background-media":"","overlay-type":"","overlay-color":"","overlay-opacity":"","overlay-gradient":""},"tablet":{"background-color":"","background-image":"","background-repeat":"repeat","background-position":"center center","background-size":"auto","background-attachment":"scroll","background-type":"","background-media":"","overlay-type":"","overlay-color":"","overlay-opacity":"","overlay-gradient":""},"mobile":{"background-color":"","background-image":"","background-repeat":"repeat","background-position":"center center","background-size":"auto","background-attachment":"scroll","background-type":"","background-media":"","overlay-type":"","overlay-color":"","overlay-opacity":"","overlay-gradient":""}},"ast-content-background-meta":{"desktop":{"background-color":"var(--ast-global-color-5)","background-image":"","background-repeat":"repeat","background-position":"center center","background-size":"auto","background-attachment":"scroll","background-type":"","background-media":"","overlay-type":"","overlay-color":"","overlay-opacity":"","overlay-gradient":""},"tablet":{"background-color":"var(--ast-global-color-5)","background-image":"","background-repeat":"repeat","background-position":"center center","background-size":"auto","background-attachment":"scroll","background-type":"","background-media":"","overlay-type":"","overlay-color":"","overlay-opacity":"","overlay-gradient":""},"mobile":{"background-color":"var(--ast-global-color-5)","background-image":"","background-repeat":"repeat","background-position":"center center","background-size":"auto","background-attachment":"scroll","background-type":"","background-media":"","overlay-type":"","overlay-color":"","overlay-opacity":"","overlay-gradient":""}}},"product_brand":[],"product_cat":[53,26],"product_tag":[],"class_list":{"0":"post-1707","1":"product","2":"type-product","3":"status-publish","4":"has-post-thumbnail","6":"product_cat-comentarios-biblicos","7":"product_cat-teologia","8":"desktop-align-left","9":"tablet-align-left","10":"mobile-align-left","12":"first","13":"instock","14":"shipping-taxable","15":"purchasable","16":"product-type-simple"},"yoast_head":"<!-- This site is optimized with the Yoast SEO plugin v27.4 - https:\/\/yoast.com\/product\/yoast-seo-wordpress\/ -->\n<title>1y2 Tesalonicenses, 1y2 Timoteo, Tito - Comentario MacArthur del Nuevo Testamento John MacArthur (Autor) - tzionlibreria.com<\/title>\n<meta name=\"robots\" content=\"index, follow, max-snippet:-1, max-image-preview:large, max-video-preview:-1\" \/>\n<link rel=\"canonical\" href=\"https:\/\/tzionlibreria.com\/index.php\/product\/1y2-tesalonicenses-1y2-timoteo-tito-comentario-macarthur-del-nuevo-testamento-john-macarthur-autor\/\" \/>\n<meta property=\"og:locale\" content=\"es_ES\" \/>\n<meta property=\"og:type\" content=\"article\" \/>\n<meta property=\"og:title\" content=\"1y2 Tesalonicenses, 1y2 Timoteo, Tito - Comentario MacArthur del Nuevo Testamento John MacArthur (Autor) - tzionlibreria.com\" \/>\n<meta property=\"og:description\" content=\"El nuevo tomo del Comentario b\u00edblico MacArthur del Nuevo Testamento incluye las siguientes ep\u00edstolas: 1 y 2 Tesalonicenses, 1 y 2 Timoteo, y Tito. En las p\u00e1ginas de estos comentarios expositivos no se percibe solamente un gran conocimiento de la Biblia, sino un amor y un celo profundos por la Palabra de Dios y por [&hellip;]\" \/>\n<meta property=\"og:url\" content=\"https:\/\/tzionlibreria.com\/index.php\/product\/1y2-tesalonicenses-1y2-timoteo-tito-comentario-macarthur-del-nuevo-testamento-john-macarthur-autor\/\" \/>\n<meta property=\"og:site_name\" content=\"tzionlibreria.com\" \/>\n<meta property=\"article:modified_time\" content=\"2024-02-29T16:28:45+00:00\" \/>\n<meta property=\"og:image\" content=\"http:\/\/tzionlibreria.com\/wp-content\/uploads\/2023\/11\/780825415616.jpg\" \/>\n\t<meta property=\"og:image:width\" content=\"1200\" \/>\n\t<meta property=\"og:image:height\" content=\"1200\" \/>\n\t<meta property=\"og:image:type\" content=\"image\/jpeg\" \/>\n<meta name=\"twitter:card\" content=\"summary_large_image\" \/>\n<meta name=\"twitter:label1\" content=\"Tiempo de lectura\" \/>\n\t<meta name=\"twitter:data1\" content=\"2 minutos\" \/>\n<script type=\"application\/ld+json\" class=\"yoast-schema-graph\">{\"@context\":\"https:\\\/\\\/schema.org\",\"@graph\":[{\"@type\":\"WebPage\",\"@id\":\"https:\\\/\\\/tzionlibreria.com\\\/index.php\\\/product\\\/1y2-tesalonicenses-1y2-timoteo-tito-comentario-macarthur-del-nuevo-testamento-john-macarthur-autor\\\/\",\"url\":\"https:\\\/\\\/tzionlibreria.com\\\/index.php\\\/product\\\/1y2-tesalonicenses-1y2-timoteo-tito-comentario-macarthur-del-nuevo-testamento-john-macarthur-autor\\\/\",\"name\":\"1y2 Tesalonicenses, 1y2 Timoteo, Tito - Comentario MacArthur del Nuevo Testamento John MacArthur (Autor) - tzionlibreria.com\",\"isPartOf\":{\"@id\":\"https:\\\/\\\/tzionlibreria.com\\\/#website\"},\"primaryImageOfPage\":{\"@id\":\"https:\\\/\\\/tzionlibreria.com\\\/index.php\\\/product\\\/1y2-tesalonicenses-1y2-timoteo-tito-comentario-macarthur-del-nuevo-testamento-john-macarthur-autor\\\/#primaryimage\"},\"image\":{\"@id\":\"https:\\\/\\\/tzionlibreria.com\\\/index.php\\\/product\\\/1y2-tesalonicenses-1y2-timoteo-tito-comentario-macarthur-del-nuevo-testamento-john-macarthur-autor\\\/#primaryimage\"},\"thumbnailUrl\":\"https:\\\/\\\/tzionlibreria.com\\\/wp-content\\\/uploads\\\/2023\\\/11\\\/780825415616.jpg\",\"datePublished\":\"2023-11-21T16:48:15+00:00\",\"dateModified\":\"2024-02-29T16:28:45+00:00\",\"breadcrumb\":{\"@id\":\"https:\\\/\\\/tzionlibreria.com\\\/index.php\\\/product\\\/1y2-tesalonicenses-1y2-timoteo-tito-comentario-macarthur-del-nuevo-testamento-john-macarthur-autor\\\/#breadcrumb\"},\"inLanguage\":\"es-CO\",\"potentialAction\":[{\"@type\":\"ReadAction\",\"target\":[\"https:\\\/\\\/tzionlibreria.com\\\/index.php\\\/product\\\/1y2-tesalonicenses-1y2-timoteo-tito-comentario-macarthur-del-nuevo-testamento-john-macarthur-autor\\\/\"]}]},{\"@type\":\"ImageObject\",\"inLanguage\":\"es-CO\",\"@id\":\"https:\\\/\\\/tzionlibreria.com\\\/index.php\\\/product\\\/1y2-tesalonicenses-1y2-timoteo-tito-comentario-macarthur-del-nuevo-testamento-john-macarthur-autor\\\/#primaryimage\",\"url\":\"https:\\\/\\\/tzionlibreria.com\\\/wp-content\\\/uploads\\\/2023\\\/11\\\/780825415616.jpg\",\"contentUrl\":\"https:\\\/\\\/tzionlibreria.com\\\/wp-content\\\/uploads\\\/2023\\\/11\\\/780825415616.jpg\",\"width\":1200,\"height\":1200},{\"@type\":\"BreadcrumbList\",\"@id\":\"https:\\\/\\\/tzionlibreria.com\\\/index.php\\\/product\\\/1y2-tesalonicenses-1y2-timoteo-tito-comentario-macarthur-del-nuevo-testamento-john-macarthur-autor\\\/#breadcrumb\",\"itemListElement\":[{\"@type\":\"ListItem\",\"position\":1,\"name\":\"Inicio\",\"item\":\"https:\\\/\\\/tzionlibreria.com\\\/\"},{\"@type\":\"ListItem\",\"position\":2,\"name\":\"Shop\",\"item\":\"https:\\\/\\\/tzionlibreria.com\\\/index.php\\\/shop\\\/\"},{\"@type\":\"ListItem\",\"position\":3,\"name\":\"1y2 Tesalonicenses, 1y2 Timoteo, Tito &#8211; Comentario MacArthur del Nuevo Testamento John MacArthur (Autor)\"}]},{\"@type\":\"WebSite\",\"@id\":\"https:\\\/\\\/tzionlibreria.com\\\/#website\",\"url\":\"https:\\\/\\\/tzionlibreria.com\\\/\",\"name\":\"tzionlibreria.com\",\"description\":\"Libreria Cristiana Venezuela\",\"publisher\":{\"@id\":\"https:\\\/\\\/tzionlibreria.com\\\/#organization\"},\"potentialAction\":[{\"@type\":\"SearchAction\",\"target\":{\"@type\":\"EntryPoint\",\"urlTemplate\":\"https:\\\/\\\/tzionlibreria.com\\\/?s={search_term_string}\"},\"query-input\":{\"@type\":\"PropertyValueSpecification\",\"valueRequired\":true,\"valueName\":\"search_term_string\"}}],\"inLanguage\":\"es-CO\"},{\"@type\":\"Organization\",\"@id\":\"https:\\\/\\\/tzionlibreria.com\\\/#organization\",\"name\":\"tzionlibreria.com\",\"url\":\"https:\\\/\\\/tzionlibreria.com\\\/\",\"logo\":{\"@type\":\"ImageObject\",\"inLanguage\":\"es-CO\",\"@id\":\"https:\\\/\\\/tzionlibreria.com\\\/#\\\/schema\\\/logo\\\/image\\\/\",\"url\":\"https:\\\/\\\/tzionlibreria.com\\\/wp-content\\\/uploads\\\/2023\\\/10\\\/cropped-Cuadricula-scaled-1.jpg\",\"contentUrl\":\"https:\\\/\\\/tzionlibreria.com\\\/wp-content\\\/uploads\\\/2023\\\/10\\\/cropped-Cuadricula-scaled-1.jpg\",\"width\":2560,\"height\":2560,\"caption\":\"tzionlibreria.com\"},\"image\":{\"@id\":\"https:\\\/\\\/tzionlibreria.com\\\/#\\\/schema\\\/logo\\\/image\\\/\"}}]}<\/script>\n<!-- \/ Yoast SEO plugin. -->","yoast_head_json":{"title":"1y2 Tesalonicenses, 1y2 Timoteo, Tito - Comentario MacArthur del Nuevo Testamento John MacArthur (Autor) - tzionlibreria.com","robots":{"index":"index","follow":"follow","max-snippet":"max-snippet:-1","max-image-preview":"max-image-preview:large","max-video-preview":"max-video-preview:-1"},"canonical":"https:\/\/tzionlibreria.com\/index.php\/product\/1y2-tesalonicenses-1y2-timoteo-tito-comentario-macarthur-del-nuevo-testamento-john-macarthur-autor\/","og_locale":"es_ES","og_type":"article","og_title":"1y2 Tesalonicenses, 1y2 Timoteo, Tito - Comentario MacArthur del Nuevo Testamento John MacArthur (Autor) - tzionlibreria.com","og_description":"El nuevo tomo del Comentario b\u00edblico MacArthur del Nuevo Testamento incluye las siguientes ep\u00edstolas: 1 y 2 Tesalonicenses, 1 y 2 Timoteo, y Tito. En las p\u00e1ginas de estos comentarios expositivos no se percibe solamente un gran conocimiento de la Biblia, sino un amor y un celo profundos por la Palabra de Dios y por [&hellip;]","og_url":"https:\/\/tzionlibreria.com\/index.php\/product\/1y2-tesalonicenses-1y2-timoteo-tito-comentario-macarthur-del-nuevo-testamento-john-macarthur-autor\/","og_site_name":"tzionlibreria.com","article_modified_time":"2024-02-29T16:28:45+00:00","og_image":[{"width":1200,"height":1200,"url":"http:\/\/tzionlibreria.com\/wp-content\/uploads\/2023\/11\/780825415616.jpg","type":"image\/jpeg"}],"twitter_card":"summary_large_image","twitter_misc":{"Tiempo de lectura":"2 minutos"},"schema":{"@context":"https:\/\/schema.org","@graph":[{"@type":"WebPage","@id":"https:\/\/tzionlibreria.com\/index.php\/product\/1y2-tesalonicenses-1y2-timoteo-tito-comentario-macarthur-del-nuevo-testamento-john-macarthur-autor\/","url":"https:\/\/tzionlibreria.com\/index.php\/product\/1y2-tesalonicenses-1y2-timoteo-tito-comentario-macarthur-del-nuevo-testamento-john-macarthur-autor\/","name":"1y2 Tesalonicenses, 1y2 Timoteo, Tito - Comentario MacArthur del Nuevo Testamento John MacArthur (Autor) - tzionlibreria.com","isPartOf":{"@id":"https:\/\/tzionlibreria.com\/#website"},"primaryImageOfPage":{"@id":"https:\/\/tzionlibreria.com\/index.php\/product\/1y2-tesalonicenses-1y2-timoteo-tito-comentario-macarthur-del-nuevo-testamento-john-macarthur-autor\/#primaryimage"},"image":{"@id":"https:\/\/tzionlibreria.com\/index.php\/product\/1y2-tesalonicenses-1y2-timoteo-tito-comentario-macarthur-del-nuevo-testamento-john-macarthur-autor\/#primaryimage"},"thumbnailUrl":"https:\/\/tzionlibreria.com\/wp-content\/uploads\/2023\/11\/780825415616.jpg","datePublished":"2023-11-21T16:48:15+00:00","dateModified":"2024-02-29T16:28:45+00:00","breadcrumb":{"@id":"https:\/\/tzionlibreria.com\/index.php\/product\/1y2-tesalonicenses-1y2-timoteo-tito-comentario-macarthur-del-nuevo-testamento-john-macarthur-autor\/#breadcrumb"},"inLanguage":"es-CO","potentialAction":[{"@type":"ReadAction","target":["https:\/\/tzionlibreria.com\/index.php\/product\/1y2-tesalonicenses-1y2-timoteo-tito-comentario-macarthur-del-nuevo-testamento-john-macarthur-autor\/"]}]},{"@type":"ImageObject","inLanguage":"es-CO","@id":"https:\/\/tzionlibreria.com\/index.php\/product\/1y2-tesalonicenses-1y2-timoteo-tito-comentario-macarthur-del-nuevo-testamento-john-macarthur-autor\/#primaryimage","url":"https:\/\/tzionlibreria.com\/wp-content\/uploads\/2023\/11\/780825415616.jpg","contentUrl":"https:\/\/tzionlibreria.com\/wp-content\/uploads\/2023\/11\/780825415616.jpg","width":1200,"height":1200},{"@type":"BreadcrumbList","@id":"https:\/\/tzionlibreria.com\/index.php\/product\/1y2-tesalonicenses-1y2-timoteo-tito-comentario-macarthur-del-nuevo-testamento-john-macarthur-autor\/#breadcrumb","itemListElement":[{"@type":"ListItem","position":1,"name":"Inicio","item":"https:\/\/tzionlibreria.com\/"},{"@type":"ListItem","position":2,"name":"Shop","item":"https:\/\/tzionlibreria.com\/index.php\/shop\/"},{"@type":"ListItem","position":3,"name":"1y2 Tesalonicenses, 1y2 Timoteo, Tito &#8211; Comentario MacArthur del Nuevo Testamento John MacArthur (Autor)"}]},{"@type":"WebSite","@id":"https:\/\/tzionlibreria.com\/#website","url":"https:\/\/tzionlibreria.com\/","name":"tzionlibreria.com","description":"Libreria Cristiana Venezuela","publisher":{"@id":"https:\/\/tzionlibreria.com\/#organization"},"potentialAction":[{"@type":"SearchAction","target":{"@type":"EntryPoint","urlTemplate":"https:\/\/tzionlibreria.com\/?s={search_term_string}"},"query-input":{"@type":"PropertyValueSpecification","valueRequired":true,"valueName":"search_term_string"}}],"inLanguage":"es-CO"},{"@type":"Organization","@id":"https:\/\/tzionlibreria.com\/#organization","name":"tzionlibreria.com","url":"https:\/\/tzionlibreria.com\/","logo":{"@type":"ImageObject","inLanguage":"es-CO","@id":"https:\/\/tzionlibreria.com\/#\/schema\/logo\/image\/","url":"https:\/\/tzionlibreria.com\/wp-content\/uploads\/2023\/10\/cropped-Cuadricula-scaled-1.jpg","contentUrl":"https:\/\/tzionlibreria.com\/wp-content\/uploads\/2023\/10\/cropped-Cuadricula-scaled-1.jpg","width":2560,"height":2560,"caption":"tzionlibreria.com"},"image":{"@id":"https:\/\/tzionlibreria.com\/#\/schema\/logo\/image\/"}}]}},"jetpack_sharing_enabled":true,"_links":{"self":[{"href":"https:\/\/tzionlibreria.com\/index.php\/wp-json\/wp\/v2\/product\/1707","targetHints":{"allow":["GET"]}}],"collection":[{"href":"https:\/\/tzionlibreria.com\/index.php\/wp-json\/wp\/v2\/product"}],"about":[{"href":"https:\/\/tzionlibreria.com\/index.php\/wp-json\/wp\/v2\/types\/product"}],"replies":[{"embeddable":true,"href":"https:\/\/tzionlibreria.com\/index.php\/wp-json\/wp\/v2\/comments?post=1707"}],"wp:featuredmedia":[{"embeddable":true,"href":"https:\/\/tzionlibreria.com\/index.php\/wp-json\/wp\/v2\/media\/1708"}],"wp:attachment":[{"href":"https:\/\/tzionlibreria.com\/index.php\/wp-json\/wp\/v2\/media?parent=1707"}],"wp:term":[{"taxonomy":"product_brand","embeddable":true,"href":"https:\/\/tzionlibreria.com\/index.php\/wp-json\/wp\/v2\/product_brand?post=1707"},{"taxonomy":"product_cat","embeddable":true,"href":"https:\/\/tzionlibreria.com\/index.php\/wp-json\/wp\/v2\/product_cat?post=1707"},{"taxonomy":"product_tag","embeddable":true,"href":"https:\/\/tzionlibreria.com\/index.php\/wp-json\/wp\/v2\/product_tag?post=1707"}],"curies":[{"name":"wp","href":"https:\/\/api.w.org\/{rel}","templated":true}]}}