{"id":2673,"date":"2024-03-04T14:32:55","date_gmt":"2024-03-04T14:32:55","guid":{"rendered":"https:\/\/tzionlibreria.com\/?post_type=product&#038;p=2673"},"modified":"2026-03-30T20:36:27","modified_gmt":"2026-03-30T20:36:27","slug":"declaraciones-diarias-para-la-guerra-espiritual-john-eckhardt","status":"publish","type":"product","link":"https:\/\/tzionlibreria.com\/index.php\/product\/declaraciones-diarias-para-la-guerra-espiritual-john-eckhardt\/","title":{"rendered":"Declaraciones diarias para la guerra espiritual &#8211;  John Eckhardt"},"content":{"rendered":"<div class=\"ast-oembed-container \" style=\"height: 100%;\"><iframe title=\"Declaraciones Diarias Para La Guerra Espiritual - John Eckhardt\" width=\"500\" height=\"281\" src=\"https:\/\/www.youtube.com\/embed\/yR_2ntCeRmI?feature=oembed\" frameborder=\"0\" allow=\"accelerometer; autoplay; clipboard-write; encrypted-media; gyroscope; picture-in-picture; web-share\" referrerpolicy=\"strict-origin-when-cross-origin\" allowfullscreen><\/iframe><\/div>\n<p>&nbsp;<\/p>\n<p><strong><span class=\"a-text-bold\">Derrote al diablo y sus demonios&#8230;todos los d\u00edas del a\u00f1o<br \/>\n<\/span><\/strong><br \/>\nCon la misma autoridad y el estilo declarativo del libro\u00a0Oraciones que derrotan a los demonios,\u00a0esta gu\u00eda diaria le dar\u00e1 la inspiraci\u00f3n, el entendimiento y la direcci\u00f3n para confrontar ataduras demon\u00edacas.<\/p>\n<p>Cada texto est\u00e1 escrito desde el punto de vista de Dios, lo que le da el poder y la sabidur\u00eda para orar ya sea por sus necesidades o las de otros. Cada d\u00eda incluye:<\/p>\n<p>Mi llamado a la batalla\u2014Sabidur\u00eda y consejer\u00eda desde la perspectiva de Dios sobre un tema espec\u00edfico<br \/>\n\u00bfOraci\u00f3n de declaraci\u00f3n? Una oraci\u00f3n basada en la escritura y la oportunidad para identificar alguien por quien orar<br \/>\n\u00bfPalabra de Dios? Un vers\u00edculo b\u00edblico enfocado en el asunto del d\u00eda.<\/p>\n<p>&nbsp;<\/p>\n<p><strong>ISBN<\/strong>: 9781629988795<br \/>\n<strong>Cubierta<\/strong>: Tapa Dura<br \/>\n<strong>N\u00famero de p\u00e1ginas<\/strong>: 400<\/p>\n","protected":false},"excerpt":{"rendered":"<p>&nbsp; Derrote al diablo y sus demonios&#8230;todos los d\u00edas del a\u00f1o Con la misma autoridad y el estilo declarativo del libro\u00a0Oraciones que derrotan a los demonios,\u00a0esta gu\u00eda diaria le dar\u00e1 la inspiraci\u00f3n, el entendimiento y la direcci\u00f3n para confrontar ataduras demon\u00edacas. Cada texto est\u00e1 escrito desde el punto de vista de Dios, lo que le [&hellip;]<\/p>\n","protected":false},"featured_media":2674,"comment_status":"open","ping_status":"closed","template":"","meta":{"om_disable_all_campaigns":false,"_monsterinsights_skip_tracking":false,"_monsterinsights_sitenote_active":false,"_monsterinsights_sitenote_note":"","_monsterinsights_sitenote_category":0,"site-sidebar-layout":"default","site-content-layout":"","ast-site-content-layout":"default","site-content-style":"default","site-sidebar-style":"default","ast-global-header-display":"","ast-banner-title-visibility":"","ast-main-header-display":"","ast-hfb-above-header-display":"","ast-hfb-below-header-display":"","ast-hfb-mobile-header-display":"","site-post-title":"","ast-breadcrumbs-content":"","ast-featured-img":"","footer-sml-layout":"","ast-disable-related-posts":"","theme-transparent-header-meta":"default","adv-header-id-meta":"","stick-header-meta":"","header-above-stick-meta":"","header-main-stick-meta":"","header-below-stick-meta":"","astra-migrate-meta-layouts":"set","ast-page-background-enabled":"default","ast-page-background-meta":{"desktop":{"background-color":"var(--ast-global-color-4)","background-image":"","background-repeat":"repeat","background-position":"center center","background-size":"auto","background-attachment":"scroll","background-type":"","background-media":"","overlay-type":"","overlay-color":"","overlay-opacity":"","overlay-gradient":""},"tablet":{"background-color":"","background-image":"","background-repeat":"repeat","background-position":"center center","background-size":"auto","background-attachment":"scroll","background-type":"","background-media":"","overlay-type":"","overlay-color":"","overlay-opacity":"","overlay-gradient":""},"mobile":{"background-color":"","background-image":"","background-repeat":"repeat","background-position":"center center","background-size":"auto","background-attachment":"scroll","background-type":"","background-media":"","overlay-type":"","overlay-color":"","overlay-opacity":"","overlay-gradient":""}},"ast-content-background-meta":{"desktop":{"background-color":"var(--ast-global-color-5)","background-image":"","background-repeat":"repeat","background-position":"center center","background-size":"auto","background-attachment":"scroll","background-type":"","background-media":"","overlay-type":"","overlay-color":"","overlay-opacity":"","overlay-gradient":""},"tablet":{"background-color":"var(--ast-global-color-5)","background-image":"","background-repeat":"repeat","background-position":"center center","background-size":"auto","background-attachment":"scroll","background-type":"","background-media":"","overlay-type":"","overlay-color":"","overlay-opacity":"","overlay-gradient":""},"mobile":{"background-color":"var(--ast-global-color-5)","background-image":"","background-repeat":"repeat","background-position":"center center","background-size":"auto","background-attachment":"scroll","background-type":"","background-media":"","overlay-type":"","overlay-color":"","overlay-opacity":"","overlay-gradient":""}}},"product_brand":[],"product_cat":[168,23],"product_tag":[114,56],"class_list":{"0":"post-2673","1":"product","2":"type-product","3":"status-publish","4":"has-post-thumbnail","6":"product_cat-guerra-espiritual","7":"product_cat-libros","8":"product_tag-guerra-espiritual","9":"product_tag-john-eckhardt","10":"desktop-align-left","11":"tablet-align-left","12":"mobile-align-left","14":"first","15":"instock","16":"shipping-taxable","17":"purchasable","18":"product-type-simple"},"yoast_head":"<!-- This site is optimized with the Yoast SEO plugin v27.5 - https:\/\/yoast.com\/product\/yoast-seo-wordpress\/ -->\n<title>Declaraciones diarias para la guerra espiritual - John Eckhardt - tzionlibreria.com<\/title>\n<meta name=\"description\" content=\"Esta gu\u00eda diaria le dar\u00e1 la inspiraci\u00f3n, el entendimiento y la direcci\u00f3n para confrontar ataduras demon\u00edacas.Derrote al diablo y sus demonios todos los d\u00edas\" \/>\n<meta name=\"robots\" content=\"index, follow, max-snippet:-1, max-image-preview:large, max-video-preview:-1\" \/>\n<link rel=\"canonical\" href=\"https:\/\/tzionlibreria.com\/index.php\/product\/declaraciones-diarias-para-la-guerra-espiritual-john-eckhardt\/\" \/>\n<meta property=\"og:locale\" content=\"es_ES\" \/>\n<meta property=\"og:type\" content=\"article\" \/>\n<meta property=\"og:title\" content=\"Declaraciones diarias para la guerra espiritual - John Eckhardt - tzionlibreria.com\" \/>\n<meta property=\"og:description\" content=\"Esta gu\u00eda diaria le dar\u00e1 la inspiraci\u00f3n, el entendimiento y la direcci\u00f3n para confrontar ataduras demon\u00edacas.Derrote al diablo y sus demonios todos los d\u00edas\" \/>\n<meta property=\"og:url\" content=\"https:\/\/tzionlibreria.com\/index.php\/product\/declaraciones-diarias-para-la-guerra-espiritual-john-eckhardt\/\" \/>\n<meta property=\"og:site_name\" content=\"tzionlibreria.com\" \/>\n<meta property=\"article:modified_time\" content=\"2026-03-30T20:36:27+00:00\" \/>\n<meta property=\"og:image\" content=\"http:\/\/tzionlibreria.com\/wp-content\/uploads\/2024\/03\/declaraciones-diarias-para-la-guerra-espiritual.jpg\" \/>\n\t<meta property=\"og:image:width\" content=\"1200\" \/>\n\t<meta property=\"og:image:height\" content=\"1200\" \/>\n\t<meta property=\"og:image:type\" content=\"image\/jpeg\" \/>\n<meta name=\"twitter:card\" content=\"summary_large_image\" \/>\n<meta name=\"twitter:label1\" content=\"Tiempo de lectura\" \/>\n\t<meta name=\"twitter:data1\" content=\"1 minuto\" \/>\n<script type=\"application\/ld+json\" class=\"yoast-schema-graph\">{\"@context\":\"https:\\\/\\\/schema.org\",\"@graph\":[{\"@type\":\"WebPage\",\"@id\":\"https:\\\/\\\/tzionlibreria.com\\\/index.php\\\/product\\\/declaraciones-diarias-para-la-guerra-espiritual-john-eckhardt\\\/\",\"url\":\"https:\\\/\\\/tzionlibreria.com\\\/index.php\\\/product\\\/declaraciones-diarias-para-la-guerra-espiritual-john-eckhardt\\\/\",\"name\":\"Declaraciones diarias para la guerra espiritual - John Eckhardt - tzionlibreria.com\",\"isPartOf\":{\"@id\":\"https:\\\/\\\/tzionlibreria.com\\\/#website\"},\"primaryImageOfPage\":{\"@id\":\"https:\\\/\\\/tzionlibreria.com\\\/index.php\\\/product\\\/declaraciones-diarias-para-la-guerra-espiritual-john-eckhardt\\\/#primaryimage\"},\"image\":{\"@id\":\"https:\\\/\\\/tzionlibreria.com\\\/index.php\\\/product\\\/declaraciones-diarias-para-la-guerra-espiritual-john-eckhardt\\\/#primaryimage\"},\"thumbnailUrl\":\"https:\\\/\\\/tzionlibreria.com\\\/wp-content\\\/uploads\\\/2024\\\/03\\\/declaraciones-diarias-para-la-guerra-espiritual.jpg\",\"datePublished\":\"2024-03-04T14:32:55+00:00\",\"dateModified\":\"2026-03-30T20:36:27+00:00\",\"description\":\"Esta gu\u00eda diaria le dar\u00e1 la inspiraci\u00f3n, el entendimiento y la direcci\u00f3n para confrontar ataduras demon\u00edacas.Derrote al diablo y sus demonios todos los d\u00edas\",\"breadcrumb\":{\"@id\":\"https:\\\/\\\/tzionlibreria.com\\\/index.php\\\/product\\\/declaraciones-diarias-para-la-guerra-espiritual-john-eckhardt\\\/#breadcrumb\"},\"inLanguage\":\"es-CO\",\"potentialAction\":[{\"@type\":\"ReadAction\",\"target\":[\"https:\\\/\\\/tzionlibreria.com\\\/index.php\\\/product\\\/declaraciones-diarias-para-la-guerra-espiritual-john-eckhardt\\\/\"]}]},{\"@type\":\"ImageObject\",\"inLanguage\":\"es-CO\",\"@id\":\"https:\\\/\\\/tzionlibreria.com\\\/index.php\\\/product\\\/declaraciones-diarias-para-la-guerra-espiritual-john-eckhardt\\\/#primaryimage\",\"url\":\"https:\\\/\\\/tzionlibreria.com\\\/wp-content\\\/uploads\\\/2024\\\/03\\\/declaraciones-diarias-para-la-guerra-espiritual.jpg\",\"contentUrl\":\"https:\\\/\\\/tzionlibreria.com\\\/wp-content\\\/uploads\\\/2024\\\/03\\\/declaraciones-diarias-para-la-guerra-espiritual.jpg\",\"width\":1200,\"height\":1200},{\"@type\":\"BreadcrumbList\",\"@id\":\"https:\\\/\\\/tzionlibreria.com\\\/index.php\\\/product\\\/declaraciones-diarias-para-la-guerra-espiritual-john-eckhardt\\\/#breadcrumb\",\"itemListElement\":[{\"@type\":\"ListItem\",\"position\":1,\"name\":\"Inicio\",\"item\":\"https:\\\/\\\/tzionlibreria.com\\\/\"},{\"@type\":\"ListItem\",\"position\":2,\"name\":\"Shop\",\"item\":\"https:\\\/\\\/tzionlibreria.com\\\/index.php\\\/shop\\\/\"},{\"@type\":\"ListItem\",\"position\":3,\"name\":\"Declaraciones diarias para la guerra espiritual &#8211; John Eckhardt\"}]},{\"@type\":\"WebSite\",\"@id\":\"https:\\\/\\\/tzionlibreria.com\\\/#website\",\"url\":\"https:\\\/\\\/tzionlibreria.com\\\/\",\"name\":\"tzionlibreria.com\",\"description\":\"Libreria Cristiana Venezuela\",\"publisher\":{\"@id\":\"https:\\\/\\\/tzionlibreria.com\\\/#organization\"},\"potentialAction\":[{\"@type\":\"SearchAction\",\"target\":{\"@type\":\"EntryPoint\",\"urlTemplate\":\"https:\\\/\\\/tzionlibreria.com\\\/?s={search_term_string}\"},\"query-input\":{\"@type\":\"PropertyValueSpecification\",\"valueRequired\":true,\"valueName\":\"search_term_string\"}}],\"inLanguage\":\"es-CO\"},{\"@type\":\"Organization\",\"@id\":\"https:\\\/\\\/tzionlibreria.com\\\/#organization\",\"name\":\"tzionlibreria.com\",\"url\":\"https:\\\/\\\/tzionlibreria.com\\\/\",\"logo\":{\"@type\":\"ImageObject\",\"inLanguage\":\"es-CO\",\"@id\":\"https:\\\/\\\/tzionlibreria.com\\\/#\\\/schema\\\/logo\\\/image\\\/\",\"url\":\"https:\\\/\\\/tzionlibreria.com\\\/wp-content\\\/uploads\\\/2023\\\/10\\\/cropped-Cuadricula-scaled-1.jpg\",\"contentUrl\":\"https:\\\/\\\/tzionlibreria.com\\\/wp-content\\\/uploads\\\/2023\\\/10\\\/cropped-Cuadricula-scaled-1.jpg\",\"width\":2560,\"height\":2560,\"caption\":\"tzionlibreria.com\"},\"image\":{\"@id\":\"https:\\\/\\\/tzionlibreria.com\\\/#\\\/schema\\\/logo\\\/image\\\/\"}}]}<\/script>\n<!-- \/ Yoast SEO plugin. -->","yoast_head_json":{"title":"Declaraciones diarias para la guerra espiritual - John Eckhardt - tzionlibreria.com","description":"Esta gu\u00eda diaria le dar\u00e1 la inspiraci\u00f3n, el entendimiento y la direcci\u00f3n para confrontar ataduras demon\u00edacas.Derrote al diablo y sus demonios todos los d\u00edas","robots":{"index":"index","follow":"follow","max-snippet":"max-snippet:-1","max-image-preview":"max-image-preview:large","max-video-preview":"max-video-preview:-1"},"canonical":"https:\/\/tzionlibreria.com\/index.php\/product\/declaraciones-diarias-para-la-guerra-espiritual-john-eckhardt\/","og_locale":"es_ES","og_type":"article","og_title":"Declaraciones diarias para la guerra espiritual - John Eckhardt - tzionlibreria.com","og_description":"Esta gu\u00eda diaria le dar\u00e1 la inspiraci\u00f3n, el entendimiento y la direcci\u00f3n para confrontar ataduras demon\u00edacas.Derrote al diablo y sus demonios todos los d\u00edas","og_url":"https:\/\/tzionlibreria.com\/index.php\/product\/declaraciones-diarias-para-la-guerra-espiritual-john-eckhardt\/","og_site_name":"tzionlibreria.com","article_modified_time":"2026-03-30T20:36:27+00:00","og_image":[{"width":1200,"height":1200,"url":"http:\/\/tzionlibreria.com\/wp-content\/uploads\/2024\/03\/declaraciones-diarias-para-la-guerra-espiritual.jpg","type":"image\/jpeg"}],"twitter_card":"summary_large_image","twitter_misc":{"Tiempo de lectura":"1 minuto"},"schema":{"@context":"https:\/\/schema.org","@graph":[{"@type":"WebPage","@id":"https:\/\/tzionlibreria.com\/index.php\/product\/declaraciones-diarias-para-la-guerra-espiritual-john-eckhardt\/","url":"https:\/\/tzionlibreria.com\/index.php\/product\/declaraciones-diarias-para-la-guerra-espiritual-john-eckhardt\/","name":"Declaraciones diarias para la guerra espiritual - John Eckhardt - tzionlibreria.com","isPartOf":{"@id":"https:\/\/tzionlibreria.com\/#website"},"primaryImageOfPage":{"@id":"https:\/\/tzionlibreria.com\/index.php\/product\/declaraciones-diarias-para-la-guerra-espiritual-john-eckhardt\/#primaryimage"},"image":{"@id":"https:\/\/tzionlibreria.com\/index.php\/product\/declaraciones-diarias-para-la-guerra-espiritual-john-eckhardt\/#primaryimage"},"thumbnailUrl":"https:\/\/tzionlibreria.com\/wp-content\/uploads\/2024\/03\/declaraciones-diarias-para-la-guerra-espiritual.jpg","datePublished":"2024-03-04T14:32:55+00:00","dateModified":"2026-03-30T20:36:27+00:00","description":"Esta gu\u00eda diaria le dar\u00e1 la inspiraci\u00f3n, el entendimiento y la direcci\u00f3n para confrontar ataduras demon\u00edacas.Derrote al diablo y sus demonios todos los d\u00edas","breadcrumb":{"@id":"https:\/\/tzionlibreria.com\/index.php\/product\/declaraciones-diarias-para-la-guerra-espiritual-john-eckhardt\/#breadcrumb"},"inLanguage":"es-CO","potentialAction":[{"@type":"ReadAction","target":["https:\/\/tzionlibreria.com\/index.php\/product\/declaraciones-diarias-para-la-guerra-espiritual-john-eckhardt\/"]}]},{"@type":"ImageObject","inLanguage":"es-CO","@id":"https:\/\/tzionlibreria.com\/index.php\/product\/declaraciones-diarias-para-la-guerra-espiritual-john-eckhardt\/#primaryimage","url":"https:\/\/tzionlibreria.com\/wp-content\/uploads\/2024\/03\/declaraciones-diarias-para-la-guerra-espiritual.jpg","contentUrl":"https:\/\/tzionlibreria.com\/wp-content\/uploads\/2024\/03\/declaraciones-diarias-para-la-guerra-espiritual.jpg","width":1200,"height":1200},{"@type":"BreadcrumbList","@id":"https:\/\/tzionlibreria.com\/index.php\/product\/declaraciones-diarias-para-la-guerra-espiritual-john-eckhardt\/#breadcrumb","itemListElement":[{"@type":"ListItem","position":1,"name":"Inicio","item":"https:\/\/tzionlibreria.com\/"},{"@type":"ListItem","position":2,"name":"Shop","item":"https:\/\/tzionlibreria.com\/index.php\/shop\/"},{"@type":"ListItem","position":3,"name":"Declaraciones diarias para la guerra espiritual &#8211; John Eckhardt"}]},{"@type":"WebSite","@id":"https:\/\/tzionlibreria.com\/#website","url":"https:\/\/tzionlibreria.com\/","name":"tzionlibreria.com","description":"Libreria Cristiana Venezuela","publisher":{"@id":"https:\/\/tzionlibreria.com\/#organization"},"potentialAction":[{"@type":"SearchAction","target":{"@type":"EntryPoint","urlTemplate":"https:\/\/tzionlibreria.com\/?s={search_term_string}"},"query-input":{"@type":"PropertyValueSpecification","valueRequired":true,"valueName":"search_term_string"}}],"inLanguage":"es-CO"},{"@type":"Organization","@id":"https:\/\/tzionlibreria.com\/#organization","name":"tzionlibreria.com","url":"https:\/\/tzionlibreria.com\/","logo":{"@type":"ImageObject","inLanguage":"es-CO","@id":"https:\/\/tzionlibreria.com\/#\/schema\/logo\/image\/","url":"https:\/\/tzionlibreria.com\/wp-content\/uploads\/2023\/10\/cropped-Cuadricula-scaled-1.jpg","contentUrl":"https:\/\/tzionlibreria.com\/wp-content\/uploads\/2023\/10\/cropped-Cuadricula-scaled-1.jpg","width":2560,"height":2560,"caption":"tzionlibreria.com"},"image":{"@id":"https:\/\/tzionlibreria.com\/#\/schema\/logo\/image\/"}}]}},"jetpack_sharing_enabled":true,"_links":{"self":[{"href":"https:\/\/tzionlibreria.com\/index.php\/wp-json\/wp\/v2\/product\/2673","targetHints":{"allow":["GET"]}}],"collection":[{"href":"https:\/\/tzionlibreria.com\/index.php\/wp-json\/wp\/v2\/product"}],"about":[{"href":"https:\/\/tzionlibreria.com\/index.php\/wp-json\/wp\/v2\/types\/product"}],"replies":[{"embeddable":true,"href":"https:\/\/tzionlibreria.com\/index.php\/wp-json\/wp\/v2\/comments?post=2673"}],"wp:featuredmedia":[{"embeddable":true,"href":"https:\/\/tzionlibreria.com\/index.php\/wp-json\/wp\/v2\/media\/2674"}],"wp:attachment":[{"href":"https:\/\/tzionlibreria.com\/index.php\/wp-json\/wp\/v2\/media?parent=2673"}],"wp:term":[{"taxonomy":"product_brand","embeddable":true,"href":"https:\/\/tzionlibreria.com\/index.php\/wp-json\/wp\/v2\/product_brand?post=2673"},{"taxonomy":"product_cat","embeddable":true,"href":"https:\/\/tzionlibreria.com\/index.php\/wp-json\/wp\/v2\/product_cat?post=2673"},{"taxonomy":"product_tag","embeddable":true,"href":"https:\/\/tzionlibreria.com\/index.php\/wp-json\/wp\/v2\/product_tag?post=2673"}],"curies":[{"name":"wp","href":"https:\/\/api.w.org\/{rel}","templated":true}]}}