{"id":3092,"date":"2024-03-11T20:41:10","date_gmt":"2024-03-11T20:41:10","guid":{"rendered":"https:\/\/tzionlibreria.com\/?post_type=product&#038;p=3092"},"modified":"2024-03-11T20:41:10","modified_gmt":"2024-03-11T20:41:10","slug":"mujer-conoce-tu-valor-y-vive-con-proposito-dra-lis-milland","status":"publish","type":"product","link":"https:\/\/tzionlibreria.com\/index.php\/product\/mujer-conoce-tu-valor-y-vive-con-proposito-dra-lis-milland\/","title":{"rendered":"Mujer, Conoce Tu Valor y Vive Con Prop\u00f3sito \u2013 Dra Lis Milland"},"content":{"rendered":"<div id=\"ctl00_ucPDTabs_ctl00_fs\" class=\"ProductDetailGroup\">\n<div>\n<h2><\/h2>\n<h2 class=\"product_title entry-title\"><strong>Una Gu\u00eda Para Sanar La Autoestima<\/strong><\/h2>\n<\/div>\n<div><\/div>\n<div>En este libro, la autora de\u00a0\u00e9xitos\u00a0de ventas Lis Milland, escribe para empoderar a las mujeres que han perdido su sentido de prop\u00f3sito en la vida. Ella se\u00f1ala que las mujeres han olvidado su valor y autoestima debido a las muchas tareas exigentes del diario vivir.<\/div>\n<div><\/div>\n<div>La autora tambi\u00e9n proporciona herramientas para trabajar con el amor propio y el crecimiento personal.<\/div>\n<div>El libro cubrir\u00e1 temas como:<\/div>\n<div>\n<ul>\n<li>S\u00e9 flexible contigo misma Pensando positivamente en ti<\/li>\n<li>Date amor<\/li>\n<li>Conquista la adicci\u00f3n a la aprobaci\u00f3n y mucho m\u00e1s<\/li>\n<\/ul>\n<\/div>\n<\/div>\n<div id=\"ctl00_ucPDTabs_ctl01_fs\" class=\"ProductDetailGroup\"><strong>ISBN<\/strong>: 9781629997902<br \/>\n<strong>Dimensiones<\/strong>: 139 x 209 x 55 mm<br \/>\n<strong>Peso<\/strong>: 0,226kg<br \/>\n<strong>Cubierta<\/strong>: R\u00fastica<br \/>\n<strong>N\u00famero de p\u00e1ginas<\/strong>: 144<br \/>\n<strong>Fecha de lanzamiento<\/strong>: 06.10.2020<br \/>\n<strong>Idioma<\/strong>: Espa\u00f1ol<\/div>\n","protected":false},"excerpt":{"rendered":"<p>Una Gu\u00eda Para Sanar La Autoestima En este libro, la autora de\u00a0\u00e9xitos\u00a0de ventas Lis Milland, escribe para empoderar a las mujeres que han perdido su sentido de prop\u00f3sito en la vida. Ella se\u00f1ala que las mujeres han olvidado su valor y autoestima debido a las muchas tareas exigentes del diario vivir. La autora tambi\u00e9n proporciona [&hellip;]<\/p>\n","protected":false},"featured_media":3093,"comment_status":"open","ping_status":"closed","template":"","meta":{"om_disable_all_campaigns":false,"_monsterinsights_skip_tracking":false,"_monsterinsights_sitenote_active":false,"_monsterinsights_sitenote_note":"","_monsterinsights_sitenote_category":0,"site-sidebar-layout":"default","site-content-layout":"","ast-site-content-layout":"default","site-content-style":"default","site-sidebar-style":"default","ast-global-header-display":"","ast-banner-title-visibility":"","ast-main-header-display":"","ast-hfb-above-header-display":"","ast-hfb-below-header-display":"","ast-hfb-mobile-header-display":"","site-post-title":"","ast-breadcrumbs-content":"","ast-featured-img":"","footer-sml-layout":"","ast-disable-related-posts":"","theme-transparent-header-meta":"default","adv-header-id-meta":"","stick-header-meta":"","header-above-stick-meta":"","header-main-stick-meta":"","header-below-stick-meta":"","astra-migrate-meta-layouts":"set","ast-page-background-enabled":"default","ast-page-background-meta":{"desktop":{"background-color":"var(--ast-global-color-4)","background-image":"","background-repeat":"repeat","background-position":"center center","background-size":"auto","background-attachment":"scroll","background-type":"","background-media":"","overlay-type":"","overlay-color":"","overlay-opacity":"","overlay-gradient":""},"tablet":{"background-color":"","background-image":"","background-repeat":"repeat","background-position":"center center","background-size":"auto","background-attachment":"scroll","background-type":"","background-media":"","overlay-type":"","overlay-color":"","overlay-opacity":"","overlay-gradient":""},"mobile":{"background-color":"","background-image":"","background-repeat":"repeat","background-position":"center center","background-size":"auto","background-attachment":"scroll","background-type":"","background-media":"","overlay-type":"","overlay-color":"","overlay-opacity":"","overlay-gradient":""}},"ast-content-background-meta":{"desktop":{"background-color":"var(--ast-global-color-5)","background-image":"","background-repeat":"repeat","background-position":"center center","background-size":"auto","background-attachment":"scroll","background-type":"","background-media":"","overlay-type":"","overlay-color":"","overlay-opacity":"","overlay-gradient":""},"tablet":{"background-color":"var(--ast-global-color-5)","background-image":"","background-repeat":"repeat","background-position":"center center","background-size":"auto","background-attachment":"scroll","background-type":"","background-media":"","overlay-type":"","overlay-color":"","overlay-opacity":"","overlay-gradient":""},"mobile":{"background-color":"var(--ast-global-color-5)","background-image":"","background-repeat":"repeat","background-position":"center center","background-size":"auto","background-attachment":"scroll","background-type":"","background-media":"","overlay-type":"","overlay-color":"","overlay-opacity":"","overlay-gradient":""}}},"product_brand":[],"product_cat":[23,170],"product_tag":[250,242],"class_list":{"0":"post-3092","1":"product","2":"type-product","3":"status-publish","4":"has-post-thumbnail","6":"product_cat-libros","7":"product_cat-mujeres","8":"product_tag-autoestima","9":"product_tag-mujer","10":"desktop-align-left","11":"tablet-align-left","12":"mobile-align-left","14":"first","15":"instock","16":"shipping-taxable","17":"purchasable","18":"product-type-simple"},"yoast_head":"<!-- This site is optimized with the Yoast SEO plugin v27.4 - https:\/\/yoast.com\/product\/yoast-seo-wordpress\/ -->\n<title>Mujer, Conoce Tu Valor y Vive Con Prop\u00f3sito \u2013 Dra Lis Milland - tzionlibreria.com<\/title>\n<meta name=\"description\" content=\"Para empoderar a las mujeres que han perdido su sentido de prop\u00f3sito en la vida. herramientas para trabajar con el amor propio y el crecimiento personal.\" \/>\n<meta name=\"robots\" content=\"index, follow, max-snippet:-1, max-image-preview:large, max-video-preview:-1\" \/>\n<link rel=\"canonical\" href=\"https:\/\/tzionlibreria.com\/index.php\/product\/mujer-conoce-tu-valor-y-vive-con-proposito-dra-lis-milland\/\" \/>\n<meta property=\"og:locale\" content=\"es_ES\" \/>\n<meta property=\"og:type\" content=\"article\" \/>\n<meta property=\"og:title\" content=\"Mujer, Conoce Tu Valor y Vive Con Prop\u00f3sito \u2013 Dra Lis Milland - tzionlibreria.com\" \/>\n<meta property=\"og:description\" content=\"Para empoderar a las mujeres que han perdido su sentido de prop\u00f3sito en la vida. herramientas para trabajar con el amor propio y el crecimiento personal.\" \/>\n<meta property=\"og:url\" content=\"https:\/\/tzionlibreria.com\/index.php\/product\/mujer-conoce-tu-valor-y-vive-con-proposito-dra-lis-milland\/\" \/>\n<meta property=\"og:site_name\" content=\"tzionlibreria.com\" \/>\n<meta property=\"og:image\" content=\"http:\/\/tzionlibreria.com\/wp-content\/uploads\/2024\/03\/Mujer.jpg\" \/>\n\t<meta property=\"og:image:width\" content=\"1200\" \/>\n\t<meta property=\"og:image:height\" content=\"1200\" \/>\n\t<meta property=\"og:image:type\" content=\"image\/jpeg\" \/>\n<meta name=\"twitter:card\" content=\"summary_large_image\" \/>\n<meta name=\"twitter:label1\" content=\"Tiempo de lectura\" \/>\n\t<meta name=\"twitter:data1\" content=\"1 minuto\" \/>\n<script type=\"application\/ld+json\" class=\"yoast-schema-graph\">{\"@context\":\"https:\\\/\\\/schema.org\",\"@graph\":[{\"@type\":\"WebPage\",\"@id\":\"https:\\\/\\\/tzionlibreria.com\\\/index.php\\\/product\\\/mujer-conoce-tu-valor-y-vive-con-proposito-dra-lis-milland\\\/\",\"url\":\"https:\\\/\\\/tzionlibreria.com\\\/index.php\\\/product\\\/mujer-conoce-tu-valor-y-vive-con-proposito-dra-lis-milland\\\/\",\"name\":\"Mujer, Conoce Tu Valor y Vive Con Prop\u00f3sito \u2013 Dra Lis Milland - tzionlibreria.com\",\"isPartOf\":{\"@id\":\"https:\\\/\\\/tzionlibreria.com\\\/#website\"},\"primaryImageOfPage\":{\"@id\":\"https:\\\/\\\/tzionlibreria.com\\\/index.php\\\/product\\\/mujer-conoce-tu-valor-y-vive-con-proposito-dra-lis-milland\\\/#primaryimage\"},\"image\":{\"@id\":\"https:\\\/\\\/tzionlibreria.com\\\/index.php\\\/product\\\/mujer-conoce-tu-valor-y-vive-con-proposito-dra-lis-milland\\\/#primaryimage\"},\"thumbnailUrl\":\"https:\\\/\\\/tzionlibreria.com\\\/wp-content\\\/uploads\\\/2024\\\/03\\\/Mujer.jpg\",\"datePublished\":\"2024-03-11T20:41:10+00:00\",\"description\":\"Para empoderar a las mujeres que han perdido su sentido de prop\u00f3sito en la vida. herramientas para trabajar con el amor propio y el crecimiento personal.\",\"breadcrumb\":{\"@id\":\"https:\\\/\\\/tzionlibreria.com\\\/index.php\\\/product\\\/mujer-conoce-tu-valor-y-vive-con-proposito-dra-lis-milland\\\/#breadcrumb\"},\"inLanguage\":\"es-CO\",\"potentialAction\":[{\"@type\":\"ReadAction\",\"target\":[\"https:\\\/\\\/tzionlibreria.com\\\/index.php\\\/product\\\/mujer-conoce-tu-valor-y-vive-con-proposito-dra-lis-milland\\\/\"]}]},{\"@type\":\"ImageObject\",\"inLanguage\":\"es-CO\",\"@id\":\"https:\\\/\\\/tzionlibreria.com\\\/index.php\\\/product\\\/mujer-conoce-tu-valor-y-vive-con-proposito-dra-lis-milland\\\/#primaryimage\",\"url\":\"https:\\\/\\\/tzionlibreria.com\\\/wp-content\\\/uploads\\\/2024\\\/03\\\/Mujer.jpg\",\"contentUrl\":\"https:\\\/\\\/tzionlibreria.com\\\/wp-content\\\/uploads\\\/2024\\\/03\\\/Mujer.jpg\",\"width\":1200,\"height\":1200},{\"@type\":\"BreadcrumbList\",\"@id\":\"https:\\\/\\\/tzionlibreria.com\\\/index.php\\\/product\\\/mujer-conoce-tu-valor-y-vive-con-proposito-dra-lis-milland\\\/#breadcrumb\",\"itemListElement\":[{\"@type\":\"ListItem\",\"position\":1,\"name\":\"Inicio\",\"item\":\"https:\\\/\\\/tzionlibreria.com\\\/\"},{\"@type\":\"ListItem\",\"position\":2,\"name\":\"Shop\",\"item\":\"https:\\\/\\\/tzionlibreria.com\\\/index.php\\\/shop\\\/\"},{\"@type\":\"ListItem\",\"position\":3,\"name\":\"Mujer, Conoce Tu Valor y Vive Con Prop\u00f3sito \u2013 Dra Lis Milland\"}]},{\"@type\":\"WebSite\",\"@id\":\"https:\\\/\\\/tzionlibreria.com\\\/#website\",\"url\":\"https:\\\/\\\/tzionlibreria.com\\\/\",\"name\":\"tzionlibreria.com\",\"description\":\"Libreria Cristiana Venezuela\",\"publisher\":{\"@id\":\"https:\\\/\\\/tzionlibreria.com\\\/#organization\"},\"potentialAction\":[{\"@type\":\"SearchAction\",\"target\":{\"@type\":\"EntryPoint\",\"urlTemplate\":\"https:\\\/\\\/tzionlibreria.com\\\/?s={search_term_string}\"},\"query-input\":{\"@type\":\"PropertyValueSpecification\",\"valueRequired\":true,\"valueName\":\"search_term_string\"}}],\"inLanguage\":\"es-CO\"},{\"@type\":\"Organization\",\"@id\":\"https:\\\/\\\/tzionlibreria.com\\\/#organization\",\"name\":\"tzionlibreria.com\",\"url\":\"https:\\\/\\\/tzionlibreria.com\\\/\",\"logo\":{\"@type\":\"ImageObject\",\"inLanguage\":\"es-CO\",\"@id\":\"https:\\\/\\\/tzionlibreria.com\\\/#\\\/schema\\\/logo\\\/image\\\/\",\"url\":\"https:\\\/\\\/tzionlibreria.com\\\/wp-content\\\/uploads\\\/2023\\\/10\\\/cropped-Cuadricula-scaled-1.jpg\",\"contentUrl\":\"https:\\\/\\\/tzionlibreria.com\\\/wp-content\\\/uploads\\\/2023\\\/10\\\/cropped-Cuadricula-scaled-1.jpg\",\"width\":2560,\"height\":2560,\"caption\":\"tzionlibreria.com\"},\"image\":{\"@id\":\"https:\\\/\\\/tzionlibreria.com\\\/#\\\/schema\\\/logo\\\/image\\\/\"}}]}<\/script>\n<!-- \/ Yoast SEO plugin. -->","yoast_head_json":{"title":"Mujer, Conoce Tu Valor y Vive Con Prop\u00f3sito \u2013 Dra Lis Milland - tzionlibreria.com","description":"Para empoderar a las mujeres que han perdido su sentido de prop\u00f3sito en la vida. herramientas para trabajar con el amor propio y el crecimiento personal.","robots":{"index":"index","follow":"follow","max-snippet":"max-snippet:-1","max-image-preview":"max-image-preview:large","max-video-preview":"max-video-preview:-1"},"canonical":"https:\/\/tzionlibreria.com\/index.php\/product\/mujer-conoce-tu-valor-y-vive-con-proposito-dra-lis-milland\/","og_locale":"es_ES","og_type":"article","og_title":"Mujer, Conoce Tu Valor y Vive Con Prop\u00f3sito \u2013 Dra Lis Milland - tzionlibreria.com","og_description":"Para empoderar a las mujeres que han perdido su sentido de prop\u00f3sito en la vida. herramientas para trabajar con el amor propio y el crecimiento personal.","og_url":"https:\/\/tzionlibreria.com\/index.php\/product\/mujer-conoce-tu-valor-y-vive-con-proposito-dra-lis-milland\/","og_site_name":"tzionlibreria.com","og_image":[{"width":1200,"height":1200,"url":"http:\/\/tzionlibreria.com\/wp-content\/uploads\/2024\/03\/Mujer.jpg","type":"image\/jpeg"}],"twitter_card":"summary_large_image","twitter_misc":{"Tiempo de lectura":"1 minuto"},"schema":{"@context":"https:\/\/schema.org","@graph":[{"@type":"WebPage","@id":"https:\/\/tzionlibreria.com\/index.php\/product\/mujer-conoce-tu-valor-y-vive-con-proposito-dra-lis-milland\/","url":"https:\/\/tzionlibreria.com\/index.php\/product\/mujer-conoce-tu-valor-y-vive-con-proposito-dra-lis-milland\/","name":"Mujer, Conoce Tu Valor y Vive Con Prop\u00f3sito \u2013 Dra Lis Milland - tzionlibreria.com","isPartOf":{"@id":"https:\/\/tzionlibreria.com\/#website"},"primaryImageOfPage":{"@id":"https:\/\/tzionlibreria.com\/index.php\/product\/mujer-conoce-tu-valor-y-vive-con-proposito-dra-lis-milland\/#primaryimage"},"image":{"@id":"https:\/\/tzionlibreria.com\/index.php\/product\/mujer-conoce-tu-valor-y-vive-con-proposito-dra-lis-milland\/#primaryimage"},"thumbnailUrl":"https:\/\/tzionlibreria.com\/wp-content\/uploads\/2024\/03\/Mujer.jpg","datePublished":"2024-03-11T20:41:10+00:00","description":"Para empoderar a las mujeres que han perdido su sentido de prop\u00f3sito en la vida. herramientas para trabajar con el amor propio y el crecimiento personal.","breadcrumb":{"@id":"https:\/\/tzionlibreria.com\/index.php\/product\/mujer-conoce-tu-valor-y-vive-con-proposito-dra-lis-milland\/#breadcrumb"},"inLanguage":"es-CO","potentialAction":[{"@type":"ReadAction","target":["https:\/\/tzionlibreria.com\/index.php\/product\/mujer-conoce-tu-valor-y-vive-con-proposito-dra-lis-milland\/"]}]},{"@type":"ImageObject","inLanguage":"es-CO","@id":"https:\/\/tzionlibreria.com\/index.php\/product\/mujer-conoce-tu-valor-y-vive-con-proposito-dra-lis-milland\/#primaryimage","url":"https:\/\/tzionlibreria.com\/wp-content\/uploads\/2024\/03\/Mujer.jpg","contentUrl":"https:\/\/tzionlibreria.com\/wp-content\/uploads\/2024\/03\/Mujer.jpg","width":1200,"height":1200},{"@type":"BreadcrumbList","@id":"https:\/\/tzionlibreria.com\/index.php\/product\/mujer-conoce-tu-valor-y-vive-con-proposito-dra-lis-milland\/#breadcrumb","itemListElement":[{"@type":"ListItem","position":1,"name":"Inicio","item":"https:\/\/tzionlibreria.com\/"},{"@type":"ListItem","position":2,"name":"Shop","item":"https:\/\/tzionlibreria.com\/index.php\/shop\/"},{"@type":"ListItem","position":3,"name":"Mujer, Conoce Tu Valor y Vive Con Prop\u00f3sito \u2013 Dra Lis Milland"}]},{"@type":"WebSite","@id":"https:\/\/tzionlibreria.com\/#website","url":"https:\/\/tzionlibreria.com\/","name":"tzionlibreria.com","description":"Libreria Cristiana Venezuela","publisher":{"@id":"https:\/\/tzionlibreria.com\/#organization"},"potentialAction":[{"@type":"SearchAction","target":{"@type":"EntryPoint","urlTemplate":"https:\/\/tzionlibreria.com\/?s={search_term_string}"},"query-input":{"@type":"PropertyValueSpecification","valueRequired":true,"valueName":"search_term_string"}}],"inLanguage":"es-CO"},{"@type":"Organization","@id":"https:\/\/tzionlibreria.com\/#organization","name":"tzionlibreria.com","url":"https:\/\/tzionlibreria.com\/","logo":{"@type":"ImageObject","inLanguage":"es-CO","@id":"https:\/\/tzionlibreria.com\/#\/schema\/logo\/image\/","url":"https:\/\/tzionlibreria.com\/wp-content\/uploads\/2023\/10\/cropped-Cuadricula-scaled-1.jpg","contentUrl":"https:\/\/tzionlibreria.com\/wp-content\/uploads\/2023\/10\/cropped-Cuadricula-scaled-1.jpg","width":2560,"height":2560,"caption":"tzionlibreria.com"},"image":{"@id":"https:\/\/tzionlibreria.com\/#\/schema\/logo\/image\/"}}]}},"jetpack_sharing_enabled":true,"_links":{"self":[{"href":"https:\/\/tzionlibreria.com\/index.php\/wp-json\/wp\/v2\/product\/3092","targetHints":{"allow":["GET"]}}],"collection":[{"href":"https:\/\/tzionlibreria.com\/index.php\/wp-json\/wp\/v2\/product"}],"about":[{"href":"https:\/\/tzionlibreria.com\/index.php\/wp-json\/wp\/v2\/types\/product"}],"replies":[{"embeddable":true,"href":"https:\/\/tzionlibreria.com\/index.php\/wp-json\/wp\/v2\/comments?post=3092"}],"wp:featuredmedia":[{"embeddable":true,"href":"https:\/\/tzionlibreria.com\/index.php\/wp-json\/wp\/v2\/media\/3093"}],"wp:attachment":[{"href":"https:\/\/tzionlibreria.com\/index.php\/wp-json\/wp\/v2\/media?parent=3092"}],"wp:term":[{"taxonomy":"product_brand","embeddable":true,"href":"https:\/\/tzionlibreria.com\/index.php\/wp-json\/wp\/v2\/product_brand?post=3092"},{"taxonomy":"product_cat","embeddable":true,"href":"https:\/\/tzionlibreria.com\/index.php\/wp-json\/wp\/v2\/product_cat?post=3092"},{"taxonomy":"product_tag","embeddable":true,"href":"https:\/\/tzionlibreria.com\/index.php\/wp-json\/wp\/v2\/product_tag?post=3092"}],"curies":[{"name":"wp","href":"https:\/\/api.w.org\/{rel}","templated":true}]}}