{"id":3100,"date":"2024-03-11T22:27:37","date_gmt":"2024-03-11T22:27:37","guid":{"rendered":"https:\/\/tzionlibreria.com\/?post_type=product&#038;p=3100"},"modified":"2025-12-01T23:19:35","modified_gmt":"2025-12-01T23:19:35","slug":"transformado-por-la-fe-luis-palau-jay-fordice","status":"publish","type":"product","link":"https:\/\/tzionlibreria.com\/index.php\/product\/transformado-por-la-fe-luis-palau-jay-fordice\/","title":{"rendered":"Transformado por la Fe &#8211; Luis Palau , Jay Fordice"},"content":{"rendered":"<p>\u00bfA cu\u00e1ntas personas conoce que dicen creer en Dios . . . pero nadie lo sabr\u00eda al examinar sus vidas? A pesar de sus buenas intenciones, su fe no ha causado un gran impacto en su propia vida ni tampoco en la de los dem\u00e1s; puede que asistan a la iglesia los domingos, pero Dios no parece hacer mucha diferencia los otros seis d\u00edas de la semana. Quiz\u00e1s esto lo describe a usted, y est\u00e1 comenzando a darse cuenta de que el \u201cantes de Cristo\u201d de su vida se parece mucho al \u201cdespu\u00e9s de Cristo.\u201d \u00bfEs eso realmente lo mejor que tiene para ofrecer la fe en Jes\u00fas?<\/p>\n<p>El evangelista y conferencista Luis Palau ha encontrado personas de todos los \u00e1mbitos de la vida que creen en Dios, pero nunca han experimentado una transformaci\u00f3n real que defina sus vidas. En Transformado por la fe Luis Palau ofrece una mirada realista y directa al mundo destrozado a nuestro alrededor, el verdadero poder redentor del evangelio y lo que significa para la vida de usted hoy. A trav\u00e9s de dram\u00e1ticas historias personales y una s\u00f3lida perspectiva b\u00edblica, Palau examina los cambios pr\u00e1cticos que llegan cuando una persona comienza a seguir las ense\u00f1anzas de Jesucristo y muestra c\u00f3mo Dios puede tomar las cenizas de su vida y transformarlas en algo hermoso.<\/p>\n<p>&nbsp;<\/p>\n<p><strong>ISBN<\/strong>: 9781414336237<br \/>\n<strong>Dimensiones<\/strong>: 14 x 21 x 2 cm<br \/>\n<strong>Peso<\/strong>: 0,400kg<br \/>\n<strong>Cubierta<\/strong>: R\u00fastica<br \/>\n<strong>N\u00famero de p\u00e1ginas<\/strong>: 240<br \/>\n<strong>Idioma<\/strong>: Espa\u00f1ol<\/p>\n","protected":false},"excerpt":{"rendered":"<p>\u00bfA cu\u00e1ntas personas conoce que dicen creer en Dios . . . pero nadie lo sabr\u00eda al examinar sus vidas? A pesar de sus buenas intenciones, su fe no ha causado un gran impacto en su propia vida ni tampoco en la de los dem\u00e1s; puede que asistan a la iglesia los domingos, pero Dios [&hellip;]<\/p>\n","protected":false},"featured_media":3101,"comment_status":"open","ping_status":"closed","template":"","meta":{"om_disable_all_campaigns":false,"_monsterinsights_skip_tracking":false,"_monsterinsights_sitenote_active":false,"_monsterinsights_sitenote_note":"","_monsterinsights_sitenote_category":0,"site-sidebar-layout":"default","site-content-layout":"","ast-site-content-layout":"default","site-content-style":"default","site-sidebar-style":"default","ast-global-header-display":"","ast-banner-title-visibility":"","ast-main-header-display":"","ast-hfb-above-header-display":"","ast-hfb-below-header-display":"","ast-hfb-mobile-header-display":"","site-post-title":"","ast-breadcrumbs-content":"","ast-featured-img":"","footer-sml-layout":"","ast-disable-related-posts":"","theme-transparent-header-meta":"default","adv-header-id-meta":"","stick-header-meta":"","header-above-stick-meta":"","header-main-stick-meta":"","header-below-stick-meta":"","astra-migrate-meta-layouts":"set","ast-page-background-enabled":"default","ast-page-background-meta":{"desktop":{"background-color":"var(--ast-global-color-4)","background-image":"","background-repeat":"repeat","background-position":"center center","background-size":"auto","background-attachment":"scroll","background-type":"","background-media":"","overlay-type":"","overlay-color":"","overlay-opacity":"","overlay-gradient":""},"tablet":{"background-color":"","background-image":"","background-repeat":"repeat","background-position":"center center","background-size":"auto","background-attachment":"scroll","background-type":"","background-media":"","overlay-type":"","overlay-color":"","overlay-opacity":"","overlay-gradient":""},"mobile":{"background-color":"","background-image":"","background-repeat":"repeat","background-position":"center center","background-size":"auto","background-attachment":"scroll","background-type":"","background-media":"","overlay-type":"","overlay-color":"","overlay-opacity":"","overlay-gradient":""}},"ast-content-background-meta":{"desktop":{"background-color":"var(--ast-global-color-5)","background-image":"","background-repeat":"repeat","background-position":"center center","background-size":"auto","background-attachment":"scroll","background-type":"","background-media":"","overlay-type":"","overlay-color":"","overlay-opacity":"","overlay-gradient":""},"tablet":{"background-color":"var(--ast-global-color-5)","background-image":"","background-repeat":"repeat","background-position":"center center","background-size":"auto","background-attachment":"scroll","background-type":"","background-media":"","overlay-type":"","overlay-color":"","overlay-opacity":"","overlay-gradient":""},"mobile":{"background-color":"var(--ast-global-color-5)","background-image":"","background-repeat":"repeat","background-position":"center center","background-size":"auto","background-attachment":"scroll","background-type":"","background-media":"","overlay-type":"","overlay-color":"","overlay-opacity":"","overlay-gradient":""}}},"product_brand":[],"product_cat":[169,23],"product_tag":[328,123],"class_list":{"0":"post-3100","1":"product","2":"type-product","3":"status-publish","4":"has-post-thumbnail","6":"product_cat-hombres","7":"product_cat-libros","8":"product_tag-black-friday-2025","9":"product_tag-fe","10":"desktop-align-left","11":"tablet-align-left","12":"mobile-align-left","14":"first","15":"instock","16":"shipping-taxable","17":"purchasable","18":"product-type-simple"},"yoast_head":"<!-- This site is optimized with the Yoast SEO plugin v27.4 - https:\/\/yoast.com\/product\/yoast-seo-wordpress\/ -->\n<title>Transformado por la Fe - Luis Palau , Jay Fordice - tzionlibreria.com<\/title>\n<meta name=\"description\" content=\"Cambios pr\u00e1cticos cuando una persona comienza a seguir las ense\u00f1anzas de Jes\u00fas y c\u00f3mo Dios puede tomar las cenizas de vida y transformarlas en algo hermoso.\" \/>\n<meta name=\"robots\" content=\"index, follow, max-snippet:-1, max-image-preview:large, max-video-preview:-1\" \/>\n<link rel=\"canonical\" href=\"https:\/\/tzionlibreria.com\/index.php\/product\/transformado-por-la-fe-luis-palau-jay-fordice\/\" \/>\n<meta property=\"og:locale\" content=\"es_ES\" \/>\n<meta property=\"og:type\" content=\"article\" \/>\n<meta property=\"og:title\" content=\"Transformado por la Fe - Luis Palau , Jay Fordice - tzionlibreria.com\" \/>\n<meta property=\"og:description\" content=\"Cambios pr\u00e1cticos cuando una persona comienza a seguir las ense\u00f1anzas de Jes\u00fas y c\u00f3mo Dios puede tomar las cenizas de vida y transformarlas en algo hermoso.\" \/>\n<meta property=\"og:url\" content=\"https:\/\/tzionlibreria.com\/index.php\/product\/transformado-por-la-fe-luis-palau-jay-fordice\/\" \/>\n<meta property=\"og:site_name\" content=\"tzionlibreria.com\" \/>\n<meta property=\"article:modified_time\" content=\"2025-12-01T23:19:35+00:00\" \/>\n<meta property=\"og:image\" content=\"http:\/\/tzionlibreria.com\/wp-content\/uploads\/2024\/03\/Transformados-por-la-fe.jpg\" \/>\n\t<meta property=\"og:image:width\" content=\"1200\" \/>\n\t<meta property=\"og:image:height\" content=\"1200\" \/>\n\t<meta property=\"og:image:type\" content=\"image\/jpeg\" \/>\n<meta name=\"twitter:card\" content=\"summary_large_image\" \/>\n<meta name=\"twitter:label1\" content=\"Tiempo de lectura\" \/>\n\t<meta name=\"twitter:data1\" content=\"2 minutos\" \/>\n<script type=\"application\/ld+json\" class=\"yoast-schema-graph\">{\"@context\":\"https:\\\/\\\/schema.org\",\"@graph\":[{\"@type\":\"WebPage\",\"@id\":\"https:\\\/\\\/tzionlibreria.com\\\/index.php\\\/product\\\/transformado-por-la-fe-luis-palau-jay-fordice\\\/\",\"url\":\"https:\\\/\\\/tzionlibreria.com\\\/index.php\\\/product\\\/transformado-por-la-fe-luis-palau-jay-fordice\\\/\",\"name\":\"Transformado por la Fe - Luis Palau , Jay Fordice - tzionlibreria.com\",\"isPartOf\":{\"@id\":\"https:\\\/\\\/tzionlibreria.com\\\/#website\"},\"primaryImageOfPage\":{\"@id\":\"https:\\\/\\\/tzionlibreria.com\\\/index.php\\\/product\\\/transformado-por-la-fe-luis-palau-jay-fordice\\\/#primaryimage\"},\"image\":{\"@id\":\"https:\\\/\\\/tzionlibreria.com\\\/index.php\\\/product\\\/transformado-por-la-fe-luis-palau-jay-fordice\\\/#primaryimage\"},\"thumbnailUrl\":\"https:\\\/\\\/tzionlibreria.com\\\/wp-content\\\/uploads\\\/2024\\\/03\\\/Transformados-por-la-fe.jpg\",\"datePublished\":\"2024-03-11T22:27:37+00:00\",\"dateModified\":\"2025-12-01T23:19:35+00:00\",\"description\":\"Cambios pr\u00e1cticos cuando una persona comienza a seguir las ense\u00f1anzas de Jes\u00fas y c\u00f3mo Dios puede tomar las cenizas de vida y transformarlas en algo hermoso.\",\"breadcrumb\":{\"@id\":\"https:\\\/\\\/tzionlibreria.com\\\/index.php\\\/product\\\/transformado-por-la-fe-luis-palau-jay-fordice\\\/#breadcrumb\"},\"inLanguage\":\"es-CO\",\"potentialAction\":[{\"@type\":\"ReadAction\",\"target\":[\"https:\\\/\\\/tzionlibreria.com\\\/index.php\\\/product\\\/transformado-por-la-fe-luis-palau-jay-fordice\\\/\"]}]},{\"@type\":\"ImageObject\",\"inLanguage\":\"es-CO\",\"@id\":\"https:\\\/\\\/tzionlibreria.com\\\/index.php\\\/product\\\/transformado-por-la-fe-luis-palau-jay-fordice\\\/#primaryimage\",\"url\":\"https:\\\/\\\/tzionlibreria.com\\\/wp-content\\\/uploads\\\/2024\\\/03\\\/Transformados-por-la-fe.jpg\",\"contentUrl\":\"https:\\\/\\\/tzionlibreria.com\\\/wp-content\\\/uploads\\\/2024\\\/03\\\/Transformados-por-la-fe.jpg\",\"width\":1200,\"height\":1200},{\"@type\":\"BreadcrumbList\",\"@id\":\"https:\\\/\\\/tzionlibreria.com\\\/index.php\\\/product\\\/transformado-por-la-fe-luis-palau-jay-fordice\\\/#breadcrumb\",\"itemListElement\":[{\"@type\":\"ListItem\",\"position\":1,\"name\":\"Inicio\",\"item\":\"https:\\\/\\\/tzionlibreria.com\\\/\"},{\"@type\":\"ListItem\",\"position\":2,\"name\":\"Shop\",\"item\":\"https:\\\/\\\/tzionlibreria.com\\\/index.php\\\/shop\\\/\"},{\"@type\":\"ListItem\",\"position\":3,\"name\":\"Transformado por la Fe &#8211; Luis Palau , Jay Fordice\"}]},{\"@type\":\"WebSite\",\"@id\":\"https:\\\/\\\/tzionlibreria.com\\\/#website\",\"url\":\"https:\\\/\\\/tzionlibreria.com\\\/\",\"name\":\"tzionlibreria.com\",\"description\":\"Libreria Cristiana Venezuela\",\"publisher\":{\"@id\":\"https:\\\/\\\/tzionlibreria.com\\\/#organization\"},\"potentialAction\":[{\"@type\":\"SearchAction\",\"target\":{\"@type\":\"EntryPoint\",\"urlTemplate\":\"https:\\\/\\\/tzionlibreria.com\\\/?s={search_term_string}\"},\"query-input\":{\"@type\":\"PropertyValueSpecification\",\"valueRequired\":true,\"valueName\":\"search_term_string\"}}],\"inLanguage\":\"es-CO\"},{\"@type\":\"Organization\",\"@id\":\"https:\\\/\\\/tzionlibreria.com\\\/#organization\",\"name\":\"tzionlibreria.com\",\"url\":\"https:\\\/\\\/tzionlibreria.com\\\/\",\"logo\":{\"@type\":\"ImageObject\",\"inLanguage\":\"es-CO\",\"@id\":\"https:\\\/\\\/tzionlibreria.com\\\/#\\\/schema\\\/logo\\\/image\\\/\",\"url\":\"https:\\\/\\\/tzionlibreria.com\\\/wp-content\\\/uploads\\\/2023\\\/10\\\/cropped-Cuadricula-scaled-1.jpg\",\"contentUrl\":\"https:\\\/\\\/tzionlibreria.com\\\/wp-content\\\/uploads\\\/2023\\\/10\\\/cropped-Cuadricula-scaled-1.jpg\",\"width\":2560,\"height\":2560,\"caption\":\"tzionlibreria.com\"},\"image\":{\"@id\":\"https:\\\/\\\/tzionlibreria.com\\\/#\\\/schema\\\/logo\\\/image\\\/\"}}]}<\/script>\n<!-- \/ Yoast SEO plugin. -->","yoast_head_json":{"title":"Transformado por la Fe - Luis Palau , Jay Fordice - tzionlibreria.com","description":"Cambios pr\u00e1cticos cuando una persona comienza a seguir las ense\u00f1anzas de Jes\u00fas y c\u00f3mo Dios puede tomar las cenizas de vida y transformarlas en algo hermoso.","robots":{"index":"index","follow":"follow","max-snippet":"max-snippet:-1","max-image-preview":"max-image-preview:large","max-video-preview":"max-video-preview:-1"},"canonical":"https:\/\/tzionlibreria.com\/index.php\/product\/transformado-por-la-fe-luis-palau-jay-fordice\/","og_locale":"es_ES","og_type":"article","og_title":"Transformado por la Fe - Luis Palau , Jay Fordice - tzionlibreria.com","og_description":"Cambios pr\u00e1cticos cuando una persona comienza a seguir las ense\u00f1anzas de Jes\u00fas y c\u00f3mo Dios puede tomar las cenizas de vida y transformarlas en algo hermoso.","og_url":"https:\/\/tzionlibreria.com\/index.php\/product\/transformado-por-la-fe-luis-palau-jay-fordice\/","og_site_name":"tzionlibreria.com","article_modified_time":"2025-12-01T23:19:35+00:00","og_image":[{"width":1200,"height":1200,"url":"http:\/\/tzionlibreria.com\/wp-content\/uploads\/2024\/03\/Transformados-por-la-fe.jpg","type":"image\/jpeg"}],"twitter_card":"summary_large_image","twitter_misc":{"Tiempo de lectura":"2 minutos"},"schema":{"@context":"https:\/\/schema.org","@graph":[{"@type":"WebPage","@id":"https:\/\/tzionlibreria.com\/index.php\/product\/transformado-por-la-fe-luis-palau-jay-fordice\/","url":"https:\/\/tzionlibreria.com\/index.php\/product\/transformado-por-la-fe-luis-palau-jay-fordice\/","name":"Transformado por la Fe - Luis Palau , Jay Fordice - tzionlibreria.com","isPartOf":{"@id":"https:\/\/tzionlibreria.com\/#website"},"primaryImageOfPage":{"@id":"https:\/\/tzionlibreria.com\/index.php\/product\/transformado-por-la-fe-luis-palau-jay-fordice\/#primaryimage"},"image":{"@id":"https:\/\/tzionlibreria.com\/index.php\/product\/transformado-por-la-fe-luis-palau-jay-fordice\/#primaryimage"},"thumbnailUrl":"https:\/\/tzionlibreria.com\/wp-content\/uploads\/2024\/03\/Transformados-por-la-fe.jpg","datePublished":"2024-03-11T22:27:37+00:00","dateModified":"2025-12-01T23:19:35+00:00","description":"Cambios pr\u00e1cticos cuando una persona comienza a seguir las ense\u00f1anzas de Jes\u00fas y c\u00f3mo Dios puede tomar las cenizas de vida y transformarlas en algo hermoso.","breadcrumb":{"@id":"https:\/\/tzionlibreria.com\/index.php\/product\/transformado-por-la-fe-luis-palau-jay-fordice\/#breadcrumb"},"inLanguage":"es-CO","potentialAction":[{"@type":"ReadAction","target":["https:\/\/tzionlibreria.com\/index.php\/product\/transformado-por-la-fe-luis-palau-jay-fordice\/"]}]},{"@type":"ImageObject","inLanguage":"es-CO","@id":"https:\/\/tzionlibreria.com\/index.php\/product\/transformado-por-la-fe-luis-palau-jay-fordice\/#primaryimage","url":"https:\/\/tzionlibreria.com\/wp-content\/uploads\/2024\/03\/Transformados-por-la-fe.jpg","contentUrl":"https:\/\/tzionlibreria.com\/wp-content\/uploads\/2024\/03\/Transformados-por-la-fe.jpg","width":1200,"height":1200},{"@type":"BreadcrumbList","@id":"https:\/\/tzionlibreria.com\/index.php\/product\/transformado-por-la-fe-luis-palau-jay-fordice\/#breadcrumb","itemListElement":[{"@type":"ListItem","position":1,"name":"Inicio","item":"https:\/\/tzionlibreria.com\/"},{"@type":"ListItem","position":2,"name":"Shop","item":"https:\/\/tzionlibreria.com\/index.php\/shop\/"},{"@type":"ListItem","position":3,"name":"Transformado por la Fe &#8211; Luis Palau , Jay Fordice"}]},{"@type":"WebSite","@id":"https:\/\/tzionlibreria.com\/#website","url":"https:\/\/tzionlibreria.com\/","name":"tzionlibreria.com","description":"Libreria Cristiana Venezuela","publisher":{"@id":"https:\/\/tzionlibreria.com\/#organization"},"potentialAction":[{"@type":"SearchAction","target":{"@type":"EntryPoint","urlTemplate":"https:\/\/tzionlibreria.com\/?s={search_term_string}"},"query-input":{"@type":"PropertyValueSpecification","valueRequired":true,"valueName":"search_term_string"}}],"inLanguage":"es-CO"},{"@type":"Organization","@id":"https:\/\/tzionlibreria.com\/#organization","name":"tzionlibreria.com","url":"https:\/\/tzionlibreria.com\/","logo":{"@type":"ImageObject","inLanguage":"es-CO","@id":"https:\/\/tzionlibreria.com\/#\/schema\/logo\/image\/","url":"https:\/\/tzionlibreria.com\/wp-content\/uploads\/2023\/10\/cropped-Cuadricula-scaled-1.jpg","contentUrl":"https:\/\/tzionlibreria.com\/wp-content\/uploads\/2023\/10\/cropped-Cuadricula-scaled-1.jpg","width":2560,"height":2560,"caption":"tzionlibreria.com"},"image":{"@id":"https:\/\/tzionlibreria.com\/#\/schema\/logo\/image\/"}}]}},"jetpack_sharing_enabled":true,"_links":{"self":[{"href":"https:\/\/tzionlibreria.com\/index.php\/wp-json\/wp\/v2\/product\/3100","targetHints":{"allow":["GET"]}}],"collection":[{"href":"https:\/\/tzionlibreria.com\/index.php\/wp-json\/wp\/v2\/product"}],"about":[{"href":"https:\/\/tzionlibreria.com\/index.php\/wp-json\/wp\/v2\/types\/product"}],"replies":[{"embeddable":true,"href":"https:\/\/tzionlibreria.com\/index.php\/wp-json\/wp\/v2\/comments?post=3100"}],"wp:featuredmedia":[{"embeddable":true,"href":"https:\/\/tzionlibreria.com\/index.php\/wp-json\/wp\/v2\/media\/3101"}],"wp:attachment":[{"href":"https:\/\/tzionlibreria.com\/index.php\/wp-json\/wp\/v2\/media?parent=3100"}],"wp:term":[{"taxonomy":"product_brand","embeddable":true,"href":"https:\/\/tzionlibreria.com\/index.php\/wp-json\/wp\/v2\/product_brand?post=3100"},{"taxonomy":"product_cat","embeddable":true,"href":"https:\/\/tzionlibreria.com\/index.php\/wp-json\/wp\/v2\/product_cat?post=3100"},{"taxonomy":"product_tag","embeddable":true,"href":"https:\/\/tzionlibreria.com\/index.php\/wp-json\/wp\/v2\/product_tag?post=3100"}],"curies":[{"name":"wp","href":"https:\/\/api.w.org\/{rel}","templated":true}]}}