{"id":3111,"date":"2024-03-11T23:24:38","date_gmt":"2024-03-11T23:24:38","guid":{"rendered":"https:\/\/tzionlibreria.com\/?post_type=product&#038;p=3111"},"modified":"2025-06-16T02:24:42","modified_gmt":"2025-06-16T02:24:42","slug":"preguntas-de-los-muchachos-sobre-la-sexualidadrespuestas-sinceras-para-cada-edad","status":"publish","type":"product","link":"https:\/\/tzionlibreria.com\/index.php\/product\/preguntas-de-los-muchachos-sobre-la-sexualidadrespuestas-sinceras-para-cada-edad\/","title":{"rendered":"Preguntas de los muchachos sobre la sexualidad:Respuestas sinceras para cada edad"},"content":{"rendered":"<p>Hablar acerca de la sexualidad no tiene que ser un desaf\u00edo que nos llene de temor. Puede ser una excelente oportunidad para desarrollar una relaci\u00f3n m\u00e1s significativa y gratificante con tu hijo. Como las im\u00e1genes sexuales saturan la cultura de hoy, los ni\u00f1os aprender\u00e1n acerca de la sexualidad en alguna parte, pero la investigaci\u00f3n muestra que desean aprender de ti.<\/p>\n<p>Las<em>\u00a0Preguntas de los Muchachos sobre Sexualidad<\/em>\u00a0te muestran c\u00f3mo comenzar la conversaci\u00f3n. Este recurso franco est\u00e1 lleno de la \u00faltima informaci\u00f3n, de reflexiones pr\u00e1cticas y de respuestas a las preguntas que los hijos hacen con respecto a la sexualidad, adecuadas para cada edad. El Instituto M\u00e9dico para la Salud Sexual te proporciona los medios y te da el aliento que necesitas para comunicar de manera m\u00e1s eficiente los conceptos acerca de la sexualidad, del dominio propio y del respeto hacia uno mismo. Las estrategias clave en este libro te ayudar\u00e1n a proteger la salud futura de tu hijo, su esperanza y su felicidad, al crear di\u00e1logo fluido y sincero que necesita&#8230; y desea.<\/p>\n<p>&nbsp;<\/p>\n<ul class=\"a-unordered-list a-nostyle a-vertical a-spacing-none detail-bullet-list\">\n<li><span class=\"a-list-item\"><span class=\"a-text-bold\">Editorial: \u200e<\/span>Carisma; Translation edici\u00f3n (30 Junio 2007)<\/span><\/li>\n<li><span class=\"a-list-item\"><span class=\"a-text-bold\">Idioma: \u200e<\/span>Espa\u00f1ol<\/span><\/li>\n<li><span class=\"a-list-item\"><span class=\"a-text-bold\">Tapa blanda:<\/span>322 p\u00e1ginas<\/span><\/li>\n<li><span class=\"a-list-item\"><span class=\"a-text-bold\">ISBN-13: <\/span>978-0789914514<\/span><\/li>\n<\/ul>\n","protected":false},"excerpt":{"rendered":"<p>Hablar acerca de la sexualidad no tiene que ser un desaf\u00edo que nos llene de temor. Puede ser una excelente oportunidad para desarrollar una relaci\u00f3n m\u00e1s significativa y gratificante con tu hijo. Como las im\u00e1genes sexuales saturan la cultura de hoy, los ni\u00f1os aprender\u00e1n acerca de la sexualidad en alguna parte, pero la investigaci\u00f3n muestra [&hellip;]<\/p>\n","protected":false},"featured_media":3112,"comment_status":"open","ping_status":"closed","template":"","meta":{"om_disable_all_campaigns":false,"_monsterinsights_skip_tracking":false,"_monsterinsights_sitenote_active":false,"_monsterinsights_sitenote_note":"","_monsterinsights_sitenote_category":0,"site-sidebar-layout":"default","site-content-layout":"","ast-site-content-layout":"default","site-content-style":"default","site-sidebar-style":"default","ast-global-header-display":"","ast-banner-title-visibility":"","ast-main-header-display":"","ast-hfb-above-header-display":"","ast-hfb-below-header-display":"","ast-hfb-mobile-header-display":"","site-post-title":"","ast-breadcrumbs-content":"","ast-featured-img":"","footer-sml-layout":"","ast-disable-related-posts":"","theme-transparent-header-meta":"default","adv-header-id-meta":"","stick-header-meta":"","header-above-stick-meta":"","header-main-stick-meta":"","header-below-stick-meta":"","astra-migrate-meta-layouts":"set","ast-page-background-enabled":"default","ast-page-background-meta":{"desktop":{"background-color":"var(--ast-global-color-4)","background-image":"","background-repeat":"repeat","background-position":"center center","background-size":"auto","background-attachment":"scroll","background-type":"","background-media":"","overlay-type":"","overlay-color":"","overlay-opacity":"","overlay-gradient":""},"tablet":{"background-color":"","background-image":"","background-repeat":"repeat","background-position":"center center","background-size":"auto","background-attachment":"scroll","background-type":"","background-media":"","overlay-type":"","overlay-color":"","overlay-opacity":"","overlay-gradient":""},"mobile":{"background-color":"","background-image":"","background-repeat":"repeat","background-position":"center center","background-size":"auto","background-attachment":"scroll","background-type":"","background-media":"","overlay-type":"","overlay-color":"","overlay-opacity":"","overlay-gradient":""}},"ast-content-background-meta":{"desktop":{"background-color":"var(--ast-global-color-5)","background-image":"","background-repeat":"repeat","background-position":"center center","background-size":"auto","background-attachment":"scroll","background-type":"","background-media":"","overlay-type":"","overlay-color":"","overlay-opacity":"","overlay-gradient":""},"tablet":{"background-color":"var(--ast-global-color-5)","background-image":"","background-repeat":"repeat","background-position":"center center","background-size":"auto","background-attachment":"scroll","background-type":"","background-media":"","overlay-type":"","overlay-color":"","overlay-opacity":"","overlay-gradient":""},"mobile":{"background-color":"var(--ast-global-color-5)","background-image":"","background-repeat":"repeat","background-position":"center center","background-size":"auto","background-attachment":"scroll","background-type":"","background-media":"","overlay-type":"","overlay-color":"","overlay-opacity":"","overlay-gradient":""}}},"product_brand":[],"product_cat":[173,23,171],"product_tag":[93],"class_list":{"0":"post-3111","1":"product","2":"type-product","3":"status-publish","4":"has-post-thumbnail","6":"product_cat-jovenes","7":"product_cat-libros","8":"product_cat-sexualidad","9":"product_tag-sexualidad","10":"desktop-align-left","11":"tablet-align-left","12":"mobile-align-left","14":"first","15":"instock","16":"shipping-taxable","17":"purchasable","18":"product-type-simple"},"yoast_head":"<!-- This site is optimized with the Yoast SEO plugin v27.4 - https:\/\/yoast.com\/product\/yoast-seo-wordpress\/ -->\n<title>Preguntas de los muchachos sobre la sexualidad:Respuestas sinceras para cada edad - tzionlibreria.com<\/title>\n<meta name=\"description\" content=\"Reflexiones pr\u00e1cticas y de respuestas a las preguntas que los hijos hacen con respecto a la sexualidad, adecuadas para cada edad.\" \/>\n<meta name=\"robots\" content=\"index, follow, max-snippet:-1, max-image-preview:large, max-video-preview:-1\" \/>\n<link rel=\"canonical\" href=\"https:\/\/tzionlibreria.com\/index.php\/product\/preguntas-de-los-muchachos-sobre-la-sexualidadrespuestas-sinceras-para-cada-edad\/\" \/>\n<meta property=\"og:locale\" content=\"es_ES\" \/>\n<meta property=\"og:type\" content=\"article\" \/>\n<meta property=\"og:title\" content=\"Preguntas de los muchachos sobre la sexualidad:Respuestas sinceras para cada edad - tzionlibreria.com\" \/>\n<meta property=\"og:description\" content=\"Reflexiones pr\u00e1cticas y de respuestas a las preguntas que los hijos hacen con respecto a la sexualidad, adecuadas para cada edad.\" \/>\n<meta property=\"og:url\" content=\"https:\/\/tzionlibreria.com\/index.php\/product\/preguntas-de-los-muchachos-sobre-la-sexualidadrespuestas-sinceras-para-cada-edad\/\" \/>\n<meta property=\"og:site_name\" content=\"tzionlibreria.com\" \/>\n<meta property=\"article:modified_time\" content=\"2025-06-16T02:24:42+00:00\" \/>\n<meta property=\"og:image\" content=\"http:\/\/tzionlibreria.com\/wp-content\/uploads\/2024\/03\/Preguntas-de-sexualidad.jpg\" \/>\n\t<meta property=\"og:image:width\" content=\"1200\" \/>\n\t<meta property=\"og:image:height\" content=\"1200\" \/>\n\t<meta property=\"og:image:type\" content=\"image\/jpeg\" \/>\n<meta name=\"twitter:card\" content=\"summary_large_image\" \/>\n<meta name=\"twitter:label1\" content=\"Tiempo de lectura\" \/>\n\t<meta name=\"twitter:data1\" content=\"2 minutos\" \/>\n<script type=\"application\/ld+json\" class=\"yoast-schema-graph\">{\"@context\":\"https:\\\/\\\/schema.org\",\"@graph\":[{\"@type\":\"WebPage\",\"@id\":\"https:\\\/\\\/tzionlibreria.com\\\/index.php\\\/product\\\/preguntas-de-los-muchachos-sobre-la-sexualidadrespuestas-sinceras-para-cada-edad\\\/\",\"url\":\"https:\\\/\\\/tzionlibreria.com\\\/index.php\\\/product\\\/preguntas-de-los-muchachos-sobre-la-sexualidadrespuestas-sinceras-para-cada-edad\\\/\",\"name\":\"Preguntas de los muchachos sobre la sexualidad:Respuestas sinceras para cada edad - tzionlibreria.com\",\"isPartOf\":{\"@id\":\"https:\\\/\\\/tzionlibreria.com\\\/#website\"},\"primaryImageOfPage\":{\"@id\":\"https:\\\/\\\/tzionlibreria.com\\\/index.php\\\/product\\\/preguntas-de-los-muchachos-sobre-la-sexualidadrespuestas-sinceras-para-cada-edad\\\/#primaryimage\"},\"image\":{\"@id\":\"https:\\\/\\\/tzionlibreria.com\\\/index.php\\\/product\\\/preguntas-de-los-muchachos-sobre-la-sexualidadrespuestas-sinceras-para-cada-edad\\\/#primaryimage\"},\"thumbnailUrl\":\"https:\\\/\\\/tzionlibreria.com\\\/wp-content\\\/uploads\\\/2024\\\/03\\\/Preguntas-de-sexualidad.jpg\",\"datePublished\":\"2024-03-11T23:24:38+00:00\",\"dateModified\":\"2025-06-16T02:24:42+00:00\",\"description\":\"Reflexiones pr\u00e1cticas y de respuestas a las preguntas que los hijos hacen con respecto a la sexualidad, adecuadas para cada edad.\",\"breadcrumb\":{\"@id\":\"https:\\\/\\\/tzionlibreria.com\\\/index.php\\\/product\\\/preguntas-de-los-muchachos-sobre-la-sexualidadrespuestas-sinceras-para-cada-edad\\\/#breadcrumb\"},\"inLanguage\":\"es-CO\",\"potentialAction\":[{\"@type\":\"ReadAction\",\"target\":[\"https:\\\/\\\/tzionlibreria.com\\\/index.php\\\/product\\\/preguntas-de-los-muchachos-sobre-la-sexualidadrespuestas-sinceras-para-cada-edad\\\/\"]}]},{\"@type\":\"ImageObject\",\"inLanguage\":\"es-CO\",\"@id\":\"https:\\\/\\\/tzionlibreria.com\\\/index.php\\\/product\\\/preguntas-de-los-muchachos-sobre-la-sexualidadrespuestas-sinceras-para-cada-edad\\\/#primaryimage\",\"url\":\"https:\\\/\\\/tzionlibreria.com\\\/wp-content\\\/uploads\\\/2024\\\/03\\\/Preguntas-de-sexualidad.jpg\",\"contentUrl\":\"https:\\\/\\\/tzionlibreria.com\\\/wp-content\\\/uploads\\\/2024\\\/03\\\/Preguntas-de-sexualidad.jpg\",\"width\":1200,\"height\":1200},{\"@type\":\"BreadcrumbList\",\"@id\":\"https:\\\/\\\/tzionlibreria.com\\\/index.php\\\/product\\\/preguntas-de-los-muchachos-sobre-la-sexualidadrespuestas-sinceras-para-cada-edad\\\/#breadcrumb\",\"itemListElement\":[{\"@type\":\"ListItem\",\"position\":1,\"name\":\"Inicio\",\"item\":\"https:\\\/\\\/tzionlibreria.com\\\/\"},{\"@type\":\"ListItem\",\"position\":2,\"name\":\"Shop\",\"item\":\"https:\\\/\\\/tzionlibreria.com\\\/index.php\\\/shop\\\/\"},{\"@type\":\"ListItem\",\"position\":3,\"name\":\"Preguntas de los muchachos sobre la sexualidad:Respuestas sinceras para cada edad\"}]},{\"@type\":\"WebSite\",\"@id\":\"https:\\\/\\\/tzionlibreria.com\\\/#website\",\"url\":\"https:\\\/\\\/tzionlibreria.com\\\/\",\"name\":\"tzionlibreria.com\",\"description\":\"Libreria Cristiana Venezuela\",\"publisher\":{\"@id\":\"https:\\\/\\\/tzionlibreria.com\\\/#organization\"},\"potentialAction\":[{\"@type\":\"SearchAction\",\"target\":{\"@type\":\"EntryPoint\",\"urlTemplate\":\"https:\\\/\\\/tzionlibreria.com\\\/?s={search_term_string}\"},\"query-input\":{\"@type\":\"PropertyValueSpecification\",\"valueRequired\":true,\"valueName\":\"search_term_string\"}}],\"inLanguage\":\"es-CO\"},{\"@type\":\"Organization\",\"@id\":\"https:\\\/\\\/tzionlibreria.com\\\/#organization\",\"name\":\"tzionlibreria.com\",\"url\":\"https:\\\/\\\/tzionlibreria.com\\\/\",\"logo\":{\"@type\":\"ImageObject\",\"inLanguage\":\"es-CO\",\"@id\":\"https:\\\/\\\/tzionlibreria.com\\\/#\\\/schema\\\/logo\\\/image\\\/\",\"url\":\"https:\\\/\\\/tzionlibreria.com\\\/wp-content\\\/uploads\\\/2023\\\/10\\\/cropped-Cuadricula-scaled-1.jpg\",\"contentUrl\":\"https:\\\/\\\/tzionlibreria.com\\\/wp-content\\\/uploads\\\/2023\\\/10\\\/cropped-Cuadricula-scaled-1.jpg\",\"width\":2560,\"height\":2560,\"caption\":\"tzionlibreria.com\"},\"image\":{\"@id\":\"https:\\\/\\\/tzionlibreria.com\\\/#\\\/schema\\\/logo\\\/image\\\/\"}}]}<\/script>\n<!-- \/ Yoast SEO plugin. -->","yoast_head_json":{"title":"Preguntas de los muchachos sobre la sexualidad:Respuestas sinceras para cada edad - tzionlibreria.com","description":"Reflexiones pr\u00e1cticas y de respuestas a las preguntas que los hijos hacen con respecto a la sexualidad, adecuadas para cada edad.","robots":{"index":"index","follow":"follow","max-snippet":"max-snippet:-1","max-image-preview":"max-image-preview:large","max-video-preview":"max-video-preview:-1"},"canonical":"https:\/\/tzionlibreria.com\/index.php\/product\/preguntas-de-los-muchachos-sobre-la-sexualidadrespuestas-sinceras-para-cada-edad\/","og_locale":"es_ES","og_type":"article","og_title":"Preguntas de los muchachos sobre la sexualidad:Respuestas sinceras para cada edad - tzionlibreria.com","og_description":"Reflexiones pr\u00e1cticas y de respuestas a las preguntas que los hijos hacen con respecto a la sexualidad, adecuadas para cada edad.","og_url":"https:\/\/tzionlibreria.com\/index.php\/product\/preguntas-de-los-muchachos-sobre-la-sexualidadrespuestas-sinceras-para-cada-edad\/","og_site_name":"tzionlibreria.com","article_modified_time":"2025-06-16T02:24:42+00:00","og_image":[{"width":1200,"height":1200,"url":"http:\/\/tzionlibreria.com\/wp-content\/uploads\/2024\/03\/Preguntas-de-sexualidad.jpg","type":"image\/jpeg"}],"twitter_card":"summary_large_image","twitter_misc":{"Tiempo de lectura":"2 minutos"},"schema":{"@context":"https:\/\/schema.org","@graph":[{"@type":"WebPage","@id":"https:\/\/tzionlibreria.com\/index.php\/product\/preguntas-de-los-muchachos-sobre-la-sexualidadrespuestas-sinceras-para-cada-edad\/","url":"https:\/\/tzionlibreria.com\/index.php\/product\/preguntas-de-los-muchachos-sobre-la-sexualidadrespuestas-sinceras-para-cada-edad\/","name":"Preguntas de los muchachos sobre la sexualidad:Respuestas sinceras para cada edad - tzionlibreria.com","isPartOf":{"@id":"https:\/\/tzionlibreria.com\/#website"},"primaryImageOfPage":{"@id":"https:\/\/tzionlibreria.com\/index.php\/product\/preguntas-de-los-muchachos-sobre-la-sexualidadrespuestas-sinceras-para-cada-edad\/#primaryimage"},"image":{"@id":"https:\/\/tzionlibreria.com\/index.php\/product\/preguntas-de-los-muchachos-sobre-la-sexualidadrespuestas-sinceras-para-cada-edad\/#primaryimage"},"thumbnailUrl":"https:\/\/tzionlibreria.com\/wp-content\/uploads\/2024\/03\/Preguntas-de-sexualidad.jpg","datePublished":"2024-03-11T23:24:38+00:00","dateModified":"2025-06-16T02:24:42+00:00","description":"Reflexiones pr\u00e1cticas y de respuestas a las preguntas que los hijos hacen con respecto a la sexualidad, adecuadas para cada edad.","breadcrumb":{"@id":"https:\/\/tzionlibreria.com\/index.php\/product\/preguntas-de-los-muchachos-sobre-la-sexualidadrespuestas-sinceras-para-cada-edad\/#breadcrumb"},"inLanguage":"es-CO","potentialAction":[{"@type":"ReadAction","target":["https:\/\/tzionlibreria.com\/index.php\/product\/preguntas-de-los-muchachos-sobre-la-sexualidadrespuestas-sinceras-para-cada-edad\/"]}]},{"@type":"ImageObject","inLanguage":"es-CO","@id":"https:\/\/tzionlibreria.com\/index.php\/product\/preguntas-de-los-muchachos-sobre-la-sexualidadrespuestas-sinceras-para-cada-edad\/#primaryimage","url":"https:\/\/tzionlibreria.com\/wp-content\/uploads\/2024\/03\/Preguntas-de-sexualidad.jpg","contentUrl":"https:\/\/tzionlibreria.com\/wp-content\/uploads\/2024\/03\/Preguntas-de-sexualidad.jpg","width":1200,"height":1200},{"@type":"BreadcrumbList","@id":"https:\/\/tzionlibreria.com\/index.php\/product\/preguntas-de-los-muchachos-sobre-la-sexualidadrespuestas-sinceras-para-cada-edad\/#breadcrumb","itemListElement":[{"@type":"ListItem","position":1,"name":"Inicio","item":"https:\/\/tzionlibreria.com\/"},{"@type":"ListItem","position":2,"name":"Shop","item":"https:\/\/tzionlibreria.com\/index.php\/shop\/"},{"@type":"ListItem","position":3,"name":"Preguntas de los muchachos sobre la sexualidad:Respuestas sinceras para cada edad"}]},{"@type":"WebSite","@id":"https:\/\/tzionlibreria.com\/#website","url":"https:\/\/tzionlibreria.com\/","name":"tzionlibreria.com","description":"Libreria Cristiana Venezuela","publisher":{"@id":"https:\/\/tzionlibreria.com\/#organization"},"potentialAction":[{"@type":"SearchAction","target":{"@type":"EntryPoint","urlTemplate":"https:\/\/tzionlibreria.com\/?s={search_term_string}"},"query-input":{"@type":"PropertyValueSpecification","valueRequired":true,"valueName":"search_term_string"}}],"inLanguage":"es-CO"},{"@type":"Organization","@id":"https:\/\/tzionlibreria.com\/#organization","name":"tzionlibreria.com","url":"https:\/\/tzionlibreria.com\/","logo":{"@type":"ImageObject","inLanguage":"es-CO","@id":"https:\/\/tzionlibreria.com\/#\/schema\/logo\/image\/","url":"https:\/\/tzionlibreria.com\/wp-content\/uploads\/2023\/10\/cropped-Cuadricula-scaled-1.jpg","contentUrl":"https:\/\/tzionlibreria.com\/wp-content\/uploads\/2023\/10\/cropped-Cuadricula-scaled-1.jpg","width":2560,"height":2560,"caption":"tzionlibreria.com"},"image":{"@id":"https:\/\/tzionlibreria.com\/#\/schema\/logo\/image\/"}}]}},"jetpack_sharing_enabled":true,"_links":{"self":[{"href":"https:\/\/tzionlibreria.com\/index.php\/wp-json\/wp\/v2\/product\/3111","targetHints":{"allow":["GET"]}}],"collection":[{"href":"https:\/\/tzionlibreria.com\/index.php\/wp-json\/wp\/v2\/product"}],"about":[{"href":"https:\/\/tzionlibreria.com\/index.php\/wp-json\/wp\/v2\/types\/product"}],"replies":[{"embeddable":true,"href":"https:\/\/tzionlibreria.com\/index.php\/wp-json\/wp\/v2\/comments?post=3111"}],"wp:featuredmedia":[{"embeddable":true,"href":"https:\/\/tzionlibreria.com\/index.php\/wp-json\/wp\/v2\/media\/3112"}],"wp:attachment":[{"href":"https:\/\/tzionlibreria.com\/index.php\/wp-json\/wp\/v2\/media?parent=3111"}],"wp:term":[{"taxonomy":"product_brand","embeddable":true,"href":"https:\/\/tzionlibreria.com\/index.php\/wp-json\/wp\/v2\/product_brand?post=3111"},{"taxonomy":"product_cat","embeddable":true,"href":"https:\/\/tzionlibreria.com\/index.php\/wp-json\/wp\/v2\/product_cat?post=3111"},{"taxonomy":"product_tag","embeddable":true,"href":"https:\/\/tzionlibreria.com\/index.php\/wp-json\/wp\/v2\/product_tag?post=3111"}],"curies":[{"name":"wp","href":"https:\/\/api.w.org\/{rel}","templated":true}]}}