{"id":3124,"date":"2024-03-12T11:57:48","date_gmt":"2024-03-12T11:57:48","guid":{"rendered":"https:\/\/tzionlibreria.com\/?post_type=product&#038;p=3124"},"modified":"2025-12-17T14:33:08","modified_gmt":"2025-12-17T14:33:08","slug":"biblia-para-la-guerra-espiritual-rvr1960-tapa-dura","status":"publish","type":"product","link":"https:\/\/tzionlibreria.com\/index.php\/product\/biblia-para-la-guerra-espiritual-rvr1960-tapa-dura\/","title":{"rendered":"Biblia para la Guerra Espiritual RVR1960 Tapa Dura"},"content":{"rendered":"<p>&nbsp;<\/p>\n<p>&nbsp;<\/p>\n<div class=\"ast-oembed-container \" style=\"height: 100%;\"><iframe title=\"Biblia Para La Guerra Espiritual Tapa DuraReina Valera 1960\" width=\"500\" height=\"281\" src=\"https:\/\/www.youtube.com\/embed\/ujw2VRlQRaE?feature=oembed\" frameborder=\"0\" allow=\"accelerometer; autoplay; clipboard-write; encrypted-media; gyroscope; picture-in-picture; web-share\" referrerpolicy=\"strict-origin-when-cross-origin\" allowfullscreen><\/iframe><\/div>\n<p>&nbsp;<\/p>\n<p><strong>\u00bfPor qu\u00e9 la\u00a0<em>Biblia para la guerra espiritual<\/em>?<\/strong><\/p>\n<ul>\n<li>La Biblia provee las armas poderosas que destruyen toda fuerza y actividad maligna<\/li>\n<\/ul>\n<ul>\n<li>Le ayuda a reconocer qui\u00e9n es su enemigo, c\u00f3mo \u00e9l ataca y qu\u00e9 armas usted tiene como cristiano para derrotarlo<\/li>\n<\/ul>\n<ul>\n<li>Le ofrece herramientas necesarias para combatir los problemas y situaciones que enfrenta en su diario vivir<\/li>\n<\/ul>\n<ul>\n<li>Le proporciona ense\u00f1anzas de respetados l\u00edderes cristianos que enriquecer\u00e1n su tiempo de devoci\u00f3n a Dios<\/li>\n<\/ul>\n<ul>\n<li>Lo prepara para que pueda pelear la buena batalla de la fe<\/li>\n<li><\/li>\n<\/ul>\n<p class=\"BODYPAR\"><strong>La<em>\u00a0Biblia para la guerra espiritual<\/em>, la cual utiliza la versi\u00f3n Reina-Valera 1960, ayudar\u00e1 al lector para prepararse y equiparse para participar en la guerra espiritual.<\/strong><\/p>\n<p class=\"BODYPAR\">La<em>\u00a0Biblia para la guerra espiritual<\/em>\u00a0incluye seis herramientas espec\u00edficas que pueden utilizarse, incluyendo lo siguiente:<\/p>\n<p class=\"BODYPAR\"><strong>Declaraciones para la guerra espiritual<\/strong>\u00a0\u2013 m\u00e1s de 300 declaraciones, basadas en las Escrituras u oraciones que afirman la determinaci\u00f3n del lector para confrontar a Satan\u00e1s en medio de la guerra espiritual.<\/p>\n<p class=\"BODYPAR\"><strong>Principios b\u00e1sicos para la guerra espiritual<\/strong>\u00a0\u2013 67 consejos pr\u00e1cticos para hacer guerra espiritual<\/p>\n<p class=\"BODYPAR\"><strong>Lecciones del perfil de algunos guerreros de Dios<\/strong>\u00a0\u2013 21 perfiles de personajes del antiguo y nueva testamento los cuales fueron equipados y ungidos por el Esp\u00edritu Santo para enfrentar al enemigo en guerra espiritual.<\/p>\n<p class=\"BODYPAR\"><strong>Oraciones para la guerra espiritual<\/strong> \u2013 34 oraciones basadas en las Escrituras sobre temas espec\u00edficos para la guerra espiritual las cuales pueden ser utilizadas por el lector cuando enfrente batallas espirituales similares o bien puede utilizarlas para comenzar una discusi\u00f3n en un grupo peque\u00f1o al orar e interceder por la guerra espiritual.<\/p>\n<p class=\"BODYPAR\"><strong>Elementos de estudio para afilar su espada<\/strong>\u00a0\u2013 Estudios interactivos para la reflexi\u00f3n profunda sobre lo que dice la Palabra de Dios sobre la guerra espiritual.<\/p>\n<p class=\"BODYPAR\"><strong>Art\u00edculos para preparar para la guerra espiritua<\/strong>l \u2013 Cada libro de la Biblia contiene un art\u00edculo con ense\u00f1anzas m\u00e1s profundas y completas acerca de alg\u00fan elemento espec\u00edfico sobre la guerra espiritual relacionado a la ense\u00f1anza de ese libro.<\/p>\n<p><strong>\u00a1EQU\u00cdPESE CON EL ARMA M\u00c1S PODEROSA!<\/strong><\/p>\n<p>&nbsp;<\/p>\n<p class=\"BODYPAR\"><strong>ISBN<\/strong>: 9781616385200<br \/>\n<strong>Dimensiones<\/strong>: 173 x 238 x 35 mm<br \/>\n<strong>Peso<\/strong>: 1,142kg<br \/>\n<strong>Cubierta<\/strong>: Tapa Dura<br \/>\n<strong>N\u00famero de p\u00e1ginas<\/strong>: 1824<br \/>\n<strong>Idioma<\/strong>: Espa\u00f1ol<\/p>\n","protected":false},"excerpt":{"rendered":"<p>&nbsp; &nbsp; &nbsp; \u00bfPor qu\u00e9 la\u00a0Biblia para la guerra espiritual? La Biblia provee las armas poderosas que destruyen toda fuerza y actividad maligna Le ayuda a reconocer qui\u00e9n es su enemigo, c\u00f3mo \u00e9l ataca y qu\u00e9 armas usted tiene como cristiano para derrotarlo Le ofrece herramientas necesarias para combatir los problemas y situaciones que enfrenta [&hellip;]<\/p>\n","protected":false},"featured_media":3125,"comment_status":"open","ping_status":"closed","template":"","meta":{"om_disable_all_campaigns":false,"_monsterinsights_skip_tracking":false,"_monsterinsights_sitenote_active":false,"_monsterinsights_sitenote_note":"","_monsterinsights_sitenote_category":0,"site-sidebar-layout":"default","site-content-layout":"","ast-site-content-layout":"default","site-content-style":"default","site-sidebar-style":"default","ast-global-header-display":"","ast-banner-title-visibility":"","ast-main-header-display":"","ast-hfb-above-header-display":"","ast-hfb-below-header-display":"","ast-hfb-mobile-header-display":"","site-post-title":"","ast-breadcrumbs-content":"","ast-featured-img":"","footer-sml-layout":"","ast-disable-related-posts":"","theme-transparent-header-meta":"default","adv-header-id-meta":"","stick-header-meta":"","header-above-stick-meta":"","header-main-stick-meta":"","header-below-stick-meta":"","astra-migrate-meta-layouts":"set","ast-page-background-enabled":"default","ast-page-background-meta":{"desktop":{"background-color":"var(--ast-global-color-4)","background-image":"","background-repeat":"repeat","background-position":"center center","background-size":"auto","background-attachment":"scroll","background-type":"","background-media":"","overlay-type":"","overlay-color":"","overlay-opacity":"","overlay-gradient":""},"tablet":{"background-color":"","background-image":"","background-repeat":"repeat","background-position":"center center","background-size":"auto","background-attachment":"scroll","background-type":"","background-media":"","overlay-type":"","overlay-color":"","overlay-opacity":"","overlay-gradient":""},"mobile":{"background-color":"","background-image":"","background-repeat":"repeat","background-position":"center center","background-size":"auto","background-attachment":"scroll","background-type":"","background-media":"","overlay-type":"","overlay-color":"","overlay-opacity":"","overlay-gradient":""}},"ast-content-background-meta":{"desktop":{"background-color":"var(--ast-global-color-5)","background-image":"","background-repeat":"repeat","background-position":"center center","background-size":"auto","background-attachment":"scroll","background-type":"","background-media":"","overlay-type":"","overlay-color":"","overlay-opacity":"","overlay-gradient":""},"tablet":{"background-color":"var(--ast-global-color-5)","background-image":"","background-repeat":"repeat","background-position":"center center","background-size":"auto","background-attachment":"scroll","background-type":"","background-media":"","overlay-type":"","overlay-color":"","overlay-opacity":"","overlay-gradient":""},"mobile":{"background-color":"var(--ast-global-color-5)","background-image":"","background-repeat":"repeat","background-position":"center center","background-size":"auto","background-attachment":"scroll","background-type":"","background-media":"","overlay-type":"","overlay-color":"","overlay-opacity":"","overlay-gradient":""}}},"product_brand":[],"product_cat":[22,30],"product_tag":[114],"class_list":{"0":"post-3124","1":"product","2":"type-product","3":"status-publish","4":"has-post-thumbnail","6":"product_cat-biblias","7":"product_cat-biblia-de-estudio","8":"product_tag-guerra-espiritual","9":"desktop-align-left","10":"tablet-align-left","11":"mobile-align-left","13":"first","14":"instock","15":"shipping-taxable","16":"purchasable","17":"product-type-simple"},"yoast_head":"<!-- This site is optimized with the Yoast SEO plugin v27.4 - https:\/\/yoast.com\/product\/yoast-seo-wordpress\/ -->\n<title>Biblia para la Guerra Espiritual RVR1960 Tapa Dura - tzionlibreria.com<\/title>\n<meta name=\"description\" content=\"Cada libro de la Biblia contiene un art\u00edculo con ense\u00f1anzas m\u00e1s profundas y completas acerca de alg\u00fan elemento espec\u00edfico sobre la guerra espiritual\" \/>\n<meta name=\"robots\" content=\"index, follow, max-snippet:-1, max-image-preview:large, max-video-preview:-1\" \/>\n<link rel=\"canonical\" href=\"https:\/\/tzionlibreria.com\/index.php\/product\/biblia-para-la-guerra-espiritual-rvr1960-tapa-dura\/\" \/>\n<meta property=\"og:locale\" content=\"es_ES\" \/>\n<meta property=\"og:type\" content=\"article\" \/>\n<meta property=\"og:title\" content=\"Biblia para la Guerra Espiritual RVR1960 Tapa Dura - tzionlibreria.com\" \/>\n<meta property=\"og:description\" content=\"Cada libro de la Biblia contiene un art\u00edculo con ense\u00f1anzas m\u00e1s profundas y completas acerca de alg\u00fan elemento espec\u00edfico sobre la guerra espiritual\" \/>\n<meta property=\"og:url\" content=\"https:\/\/tzionlibreria.com\/index.php\/product\/biblia-para-la-guerra-espiritual-rvr1960-tapa-dura\/\" \/>\n<meta property=\"og:site_name\" content=\"tzionlibreria.com\" \/>\n<meta property=\"article:modified_time\" content=\"2025-12-17T14:33:08+00:00\" \/>\n<meta property=\"og:image\" content=\"http:\/\/tzionlibreria.com\/wp-content\/uploads\/2024\/03\/Biblia-para-la-guerra-espiritual.jpg\" \/>\n\t<meta property=\"og:image:width\" content=\"1200\" \/>\n\t<meta property=\"og:image:height\" content=\"1200\" \/>\n\t<meta property=\"og:image:type\" content=\"image\/jpeg\" \/>\n<meta name=\"twitter:card\" content=\"summary_large_image\" \/>\n<meta name=\"twitter:label1\" content=\"Tiempo de lectura\" \/>\n\t<meta name=\"twitter:data1\" content=\"2 minutos\" \/>\n<script type=\"application\/ld+json\" class=\"yoast-schema-graph\">{\"@context\":\"https:\\\/\\\/schema.org\",\"@graph\":[{\"@type\":\"WebPage\",\"@id\":\"https:\\\/\\\/tzionlibreria.com\\\/index.php\\\/product\\\/biblia-para-la-guerra-espiritual-rvr1960-tapa-dura\\\/\",\"url\":\"https:\\\/\\\/tzionlibreria.com\\\/index.php\\\/product\\\/biblia-para-la-guerra-espiritual-rvr1960-tapa-dura\\\/\",\"name\":\"Biblia para la Guerra Espiritual RVR1960 Tapa Dura - tzionlibreria.com\",\"isPartOf\":{\"@id\":\"https:\\\/\\\/tzionlibreria.com\\\/#website\"},\"primaryImageOfPage\":{\"@id\":\"https:\\\/\\\/tzionlibreria.com\\\/index.php\\\/product\\\/biblia-para-la-guerra-espiritual-rvr1960-tapa-dura\\\/#primaryimage\"},\"image\":{\"@id\":\"https:\\\/\\\/tzionlibreria.com\\\/index.php\\\/product\\\/biblia-para-la-guerra-espiritual-rvr1960-tapa-dura\\\/#primaryimage\"},\"thumbnailUrl\":\"https:\\\/\\\/tzionlibreria.com\\\/wp-content\\\/uploads\\\/2024\\\/03\\\/Biblia-para-la-guerra-espiritual.jpg\",\"datePublished\":\"2024-03-12T11:57:48+00:00\",\"dateModified\":\"2025-12-17T14:33:08+00:00\",\"description\":\"Cada libro de la Biblia contiene un art\u00edculo con ense\u00f1anzas m\u00e1s profundas y completas acerca de alg\u00fan elemento espec\u00edfico sobre la guerra espiritual\",\"breadcrumb\":{\"@id\":\"https:\\\/\\\/tzionlibreria.com\\\/index.php\\\/product\\\/biblia-para-la-guerra-espiritual-rvr1960-tapa-dura\\\/#breadcrumb\"},\"inLanguage\":\"es-CO\",\"potentialAction\":[{\"@type\":\"ReadAction\",\"target\":[\"https:\\\/\\\/tzionlibreria.com\\\/index.php\\\/product\\\/biblia-para-la-guerra-espiritual-rvr1960-tapa-dura\\\/\"]}]},{\"@type\":\"ImageObject\",\"inLanguage\":\"es-CO\",\"@id\":\"https:\\\/\\\/tzionlibreria.com\\\/index.php\\\/product\\\/biblia-para-la-guerra-espiritual-rvr1960-tapa-dura\\\/#primaryimage\",\"url\":\"https:\\\/\\\/tzionlibreria.com\\\/wp-content\\\/uploads\\\/2024\\\/03\\\/Biblia-para-la-guerra-espiritual.jpg\",\"contentUrl\":\"https:\\\/\\\/tzionlibreria.com\\\/wp-content\\\/uploads\\\/2024\\\/03\\\/Biblia-para-la-guerra-espiritual.jpg\",\"width\":1200,\"height\":1200},{\"@type\":\"BreadcrumbList\",\"@id\":\"https:\\\/\\\/tzionlibreria.com\\\/index.php\\\/product\\\/biblia-para-la-guerra-espiritual-rvr1960-tapa-dura\\\/#breadcrumb\",\"itemListElement\":[{\"@type\":\"ListItem\",\"position\":1,\"name\":\"Inicio\",\"item\":\"https:\\\/\\\/tzionlibreria.com\\\/\"},{\"@type\":\"ListItem\",\"position\":2,\"name\":\"Shop\",\"item\":\"https:\\\/\\\/tzionlibreria.com\\\/index.php\\\/shop\\\/\"},{\"@type\":\"ListItem\",\"position\":3,\"name\":\"Biblia para la Guerra Espiritual RVR1960 Tapa Dura\"}]},{\"@type\":\"WebSite\",\"@id\":\"https:\\\/\\\/tzionlibreria.com\\\/#website\",\"url\":\"https:\\\/\\\/tzionlibreria.com\\\/\",\"name\":\"tzionlibreria.com\",\"description\":\"Libreria Cristiana Venezuela\",\"publisher\":{\"@id\":\"https:\\\/\\\/tzionlibreria.com\\\/#organization\"},\"potentialAction\":[{\"@type\":\"SearchAction\",\"target\":{\"@type\":\"EntryPoint\",\"urlTemplate\":\"https:\\\/\\\/tzionlibreria.com\\\/?s={search_term_string}\"},\"query-input\":{\"@type\":\"PropertyValueSpecification\",\"valueRequired\":true,\"valueName\":\"search_term_string\"}}],\"inLanguage\":\"es-CO\"},{\"@type\":\"Organization\",\"@id\":\"https:\\\/\\\/tzionlibreria.com\\\/#organization\",\"name\":\"tzionlibreria.com\",\"url\":\"https:\\\/\\\/tzionlibreria.com\\\/\",\"logo\":{\"@type\":\"ImageObject\",\"inLanguage\":\"es-CO\",\"@id\":\"https:\\\/\\\/tzionlibreria.com\\\/#\\\/schema\\\/logo\\\/image\\\/\",\"url\":\"https:\\\/\\\/tzionlibreria.com\\\/wp-content\\\/uploads\\\/2023\\\/10\\\/cropped-Cuadricula-scaled-1.jpg\",\"contentUrl\":\"https:\\\/\\\/tzionlibreria.com\\\/wp-content\\\/uploads\\\/2023\\\/10\\\/cropped-Cuadricula-scaled-1.jpg\",\"width\":2560,\"height\":2560,\"caption\":\"tzionlibreria.com\"},\"image\":{\"@id\":\"https:\\\/\\\/tzionlibreria.com\\\/#\\\/schema\\\/logo\\\/image\\\/\"}}]}<\/script>\n<!-- \/ Yoast SEO plugin. -->","yoast_head_json":{"title":"Biblia para la Guerra Espiritual RVR1960 Tapa Dura - tzionlibreria.com","description":"Cada libro de la Biblia contiene un art\u00edculo con ense\u00f1anzas m\u00e1s profundas y completas acerca de alg\u00fan elemento espec\u00edfico sobre la guerra espiritual","robots":{"index":"index","follow":"follow","max-snippet":"max-snippet:-1","max-image-preview":"max-image-preview:large","max-video-preview":"max-video-preview:-1"},"canonical":"https:\/\/tzionlibreria.com\/index.php\/product\/biblia-para-la-guerra-espiritual-rvr1960-tapa-dura\/","og_locale":"es_ES","og_type":"article","og_title":"Biblia para la Guerra Espiritual RVR1960 Tapa Dura - tzionlibreria.com","og_description":"Cada libro de la Biblia contiene un art\u00edculo con ense\u00f1anzas m\u00e1s profundas y completas acerca de alg\u00fan elemento espec\u00edfico sobre la guerra espiritual","og_url":"https:\/\/tzionlibreria.com\/index.php\/product\/biblia-para-la-guerra-espiritual-rvr1960-tapa-dura\/","og_site_name":"tzionlibreria.com","article_modified_time":"2025-12-17T14:33:08+00:00","og_image":[{"width":1200,"height":1200,"url":"http:\/\/tzionlibreria.com\/wp-content\/uploads\/2024\/03\/Biblia-para-la-guerra-espiritual.jpg","type":"image\/jpeg"}],"twitter_card":"summary_large_image","twitter_misc":{"Tiempo de lectura":"2 minutos"},"schema":{"@context":"https:\/\/schema.org","@graph":[{"@type":"WebPage","@id":"https:\/\/tzionlibreria.com\/index.php\/product\/biblia-para-la-guerra-espiritual-rvr1960-tapa-dura\/","url":"https:\/\/tzionlibreria.com\/index.php\/product\/biblia-para-la-guerra-espiritual-rvr1960-tapa-dura\/","name":"Biblia para la Guerra Espiritual RVR1960 Tapa Dura - tzionlibreria.com","isPartOf":{"@id":"https:\/\/tzionlibreria.com\/#website"},"primaryImageOfPage":{"@id":"https:\/\/tzionlibreria.com\/index.php\/product\/biblia-para-la-guerra-espiritual-rvr1960-tapa-dura\/#primaryimage"},"image":{"@id":"https:\/\/tzionlibreria.com\/index.php\/product\/biblia-para-la-guerra-espiritual-rvr1960-tapa-dura\/#primaryimage"},"thumbnailUrl":"https:\/\/tzionlibreria.com\/wp-content\/uploads\/2024\/03\/Biblia-para-la-guerra-espiritual.jpg","datePublished":"2024-03-12T11:57:48+00:00","dateModified":"2025-12-17T14:33:08+00:00","description":"Cada libro de la Biblia contiene un art\u00edculo con ense\u00f1anzas m\u00e1s profundas y completas acerca de alg\u00fan elemento espec\u00edfico sobre la guerra espiritual","breadcrumb":{"@id":"https:\/\/tzionlibreria.com\/index.php\/product\/biblia-para-la-guerra-espiritual-rvr1960-tapa-dura\/#breadcrumb"},"inLanguage":"es-CO","potentialAction":[{"@type":"ReadAction","target":["https:\/\/tzionlibreria.com\/index.php\/product\/biblia-para-la-guerra-espiritual-rvr1960-tapa-dura\/"]}]},{"@type":"ImageObject","inLanguage":"es-CO","@id":"https:\/\/tzionlibreria.com\/index.php\/product\/biblia-para-la-guerra-espiritual-rvr1960-tapa-dura\/#primaryimage","url":"https:\/\/tzionlibreria.com\/wp-content\/uploads\/2024\/03\/Biblia-para-la-guerra-espiritual.jpg","contentUrl":"https:\/\/tzionlibreria.com\/wp-content\/uploads\/2024\/03\/Biblia-para-la-guerra-espiritual.jpg","width":1200,"height":1200},{"@type":"BreadcrumbList","@id":"https:\/\/tzionlibreria.com\/index.php\/product\/biblia-para-la-guerra-espiritual-rvr1960-tapa-dura\/#breadcrumb","itemListElement":[{"@type":"ListItem","position":1,"name":"Inicio","item":"https:\/\/tzionlibreria.com\/"},{"@type":"ListItem","position":2,"name":"Shop","item":"https:\/\/tzionlibreria.com\/index.php\/shop\/"},{"@type":"ListItem","position":3,"name":"Biblia para la Guerra Espiritual RVR1960 Tapa Dura"}]},{"@type":"WebSite","@id":"https:\/\/tzionlibreria.com\/#website","url":"https:\/\/tzionlibreria.com\/","name":"tzionlibreria.com","description":"Libreria Cristiana Venezuela","publisher":{"@id":"https:\/\/tzionlibreria.com\/#organization"},"potentialAction":[{"@type":"SearchAction","target":{"@type":"EntryPoint","urlTemplate":"https:\/\/tzionlibreria.com\/?s={search_term_string}"},"query-input":{"@type":"PropertyValueSpecification","valueRequired":true,"valueName":"search_term_string"}}],"inLanguage":"es-CO"},{"@type":"Organization","@id":"https:\/\/tzionlibreria.com\/#organization","name":"tzionlibreria.com","url":"https:\/\/tzionlibreria.com\/","logo":{"@type":"ImageObject","inLanguage":"es-CO","@id":"https:\/\/tzionlibreria.com\/#\/schema\/logo\/image\/","url":"https:\/\/tzionlibreria.com\/wp-content\/uploads\/2023\/10\/cropped-Cuadricula-scaled-1.jpg","contentUrl":"https:\/\/tzionlibreria.com\/wp-content\/uploads\/2023\/10\/cropped-Cuadricula-scaled-1.jpg","width":2560,"height":2560,"caption":"tzionlibreria.com"},"image":{"@id":"https:\/\/tzionlibreria.com\/#\/schema\/logo\/image\/"}}]}},"jetpack_sharing_enabled":true,"_links":{"self":[{"href":"https:\/\/tzionlibreria.com\/index.php\/wp-json\/wp\/v2\/product\/3124","targetHints":{"allow":["GET"]}}],"collection":[{"href":"https:\/\/tzionlibreria.com\/index.php\/wp-json\/wp\/v2\/product"}],"about":[{"href":"https:\/\/tzionlibreria.com\/index.php\/wp-json\/wp\/v2\/types\/product"}],"replies":[{"embeddable":true,"href":"https:\/\/tzionlibreria.com\/index.php\/wp-json\/wp\/v2\/comments?post=3124"}],"wp:featuredmedia":[{"embeddable":true,"href":"https:\/\/tzionlibreria.com\/index.php\/wp-json\/wp\/v2\/media\/3125"}],"wp:attachment":[{"href":"https:\/\/tzionlibreria.com\/index.php\/wp-json\/wp\/v2\/media?parent=3124"}],"wp:term":[{"taxonomy":"product_brand","embeddable":true,"href":"https:\/\/tzionlibreria.com\/index.php\/wp-json\/wp\/v2\/product_brand?post=3124"},{"taxonomy":"product_cat","embeddable":true,"href":"https:\/\/tzionlibreria.com\/index.php\/wp-json\/wp\/v2\/product_cat?post=3124"},{"taxonomy":"product_tag","embeddable":true,"href":"https:\/\/tzionlibreria.com\/index.php\/wp-json\/wp\/v2\/product_tag?post=3124"}],"curies":[{"name":"wp","href":"https:\/\/api.w.org\/{rel}","templated":true}]}}