{"id":4178,"date":"2024-09-12T14:25:20","date_gmt":"2024-09-12T14:25:20","guid":{"rendered":"https:\/\/tzionlibreria.com\/?post_type=product&#038;p=4178"},"modified":"2025-09-24T20:01:53","modified_gmt":"2025-09-24T20:01:53","slug":"biblia-rvr-1960-mi-gran-viaje-ninas-bolsillo-imit-piel-rosa-cierre","status":"publish","type":"product","link":"https:\/\/tzionlibreria.com\/index.php\/product\/biblia-rvr-1960-mi-gran-viaje-ninas-bolsillo-imit-piel-rosa-cierre\/","title":{"rendered":"Biblia RVR 1960 Mi gran viaje ni\u00f1as bolsillo imit piel rosa cierre"},"content":{"rendered":"<div>\n<div class=\"ast-oembed-container \" style=\"height: 100%;\"><iframe title=\"Biblia Mi Gran Viaje Reina Valera 1960  Cierre\" width=\"500\" height=\"281\" src=\"https:\/\/www.youtube.com\/embed\/Fmh7tUM7edM?start=1&#038;feature=oembed\" frameborder=\"0\" allow=\"accelerometer; autoplay; clipboard-write; encrypted-media; gyroscope; picture-in-picture; web-share\" referrerpolicy=\"strict-origin-when-cross-origin\" allowfullscreen><\/iframe><\/div>\n<p>&nbsp;<\/p>\n<p><strong>Biblia Mi Gran Viaje Reina Valera 1960 Rosa Cierre. \u00a1Descubre la nueva Biblia Mi Gran viaje RVR60 en imitaci\u00f3n piel con cremallera!<\/strong><\/p>\n<p>En la Biblia Mi gran viaje podr\u00e1s disfrutar del texto completo de las Escrituras en Reina Valera del 60 combinado con l\u00e1minas a todo color con dibujos de las escenas m\u00e1s relevantes de la Biblia.<\/p>\n<p>En las l\u00e1minas podr\u00e1s encontrar: Dibujos del tabern\u00e1culo y del templo, de los H\u00e9roes de la Fe, de Salmos ilustrados\u2026 Entre muchas otras. Adem\u00e1s contiene el plan de salvaci\u00f3n explicado para ni\u00f1os y vers\u00edculos clave de la Biblia para memorizar.<\/p>\n<p>Caracter\u00edsticas:<\/p>\n<ul>\n<li>Tama\u00f1o: 150\u00d7110 mm<\/li>\n<li>Tapa: imitaci\u00f3n piel<\/li>\n<li>Letra: 8,5 puntos<\/li>\n<li>P\u00e1ginas: 1536 + 100 l\u00e1minas a todo color con los populares dibujos de la Biblia para todos los ni\u00f1os Plan para leer la Biblia en un a\u00f1o<\/li>\n<li>Vers\u00edculos para memorizar<\/li>\n<li>Plan de salvaci\u00f3n para los m\u00e1s peque\u00f1os.<\/li>\n<li>Mapas B\u00edblicos.<\/li>\n<li>P\u00e1gina de dedicatoria C\u00f3mo leer la Biblia<\/li>\n<\/ul>\n<\/div>\n<div><strong><span class=\"ux-textspans\">ISBN: 9798885163712<\/span><\/strong><\/div>\n<div><b>Dimensiones<\/b><strong>:\u00a0<\/strong>11 cm x 16.5 cm<\/div>\n<div><strong>Cubierta:<\/strong>\u00a0S\u00edmil Piel<\/div>\n<div><strong>Idioma:<\/strong>\u00a0Espa\u00f1ol<\/div>\n<div><strong>Editorial:<\/strong>\u00a0Mundo Biblia<\/div>\n","protected":false},"excerpt":{"rendered":"<p>&nbsp; Biblia Mi Gran Viaje Reina Valera 1960 Rosa Cierre. \u00a1Descubre la nueva Biblia Mi Gran viaje RVR60 en imitaci\u00f3n piel con cremallera! En la Biblia Mi gran viaje podr\u00e1s disfrutar del texto completo de las Escrituras en Reina Valera del 60 combinado con l\u00e1minas a todo color con dibujos de las escenas m\u00e1s relevantes [&hellip;]<\/p>\n","protected":false},"featured_media":4179,"comment_status":"open","ping_status":"closed","template":"","meta":{"om_disable_all_campaigns":false,"_monsterinsights_skip_tracking":false,"_monsterinsights_sitenote_active":false,"_monsterinsights_sitenote_note":"","_monsterinsights_sitenote_category":0,"site-sidebar-layout":"default","site-content-layout":"","ast-site-content-layout":"default","site-content-style":"default","site-sidebar-style":"default","ast-global-header-display":"","ast-banner-title-visibility":"","ast-main-header-display":"","ast-hfb-above-header-display":"","ast-hfb-below-header-display":"","ast-hfb-mobile-header-display":"","site-post-title":"","ast-breadcrumbs-content":"","ast-featured-img":"","footer-sml-layout":"","ast-disable-related-posts":"","theme-transparent-header-meta":"default","adv-header-id-meta":"","stick-header-meta":"","header-above-stick-meta":"","header-main-stick-meta":"","header-below-stick-meta":"","astra-migrate-meta-layouts":"set","ast-page-background-enabled":"default","ast-page-background-meta":{"desktop":{"background-color":"var(--ast-global-color-4)","background-image":"","background-repeat":"repeat","background-position":"center center","background-size":"auto","background-attachment":"scroll","background-type":"","background-media":"","overlay-type":"","overlay-color":"","overlay-opacity":"","overlay-gradient":""},"tablet":{"background-color":"","background-image":"","background-repeat":"repeat","background-position":"center center","background-size":"auto","background-attachment":"scroll","background-type":"","background-media":"","overlay-type":"","overlay-color":"","overlay-opacity":"","overlay-gradient":""},"mobile":{"background-color":"","background-image":"","background-repeat":"repeat","background-position":"center center","background-size":"auto","background-attachment":"scroll","background-type":"","background-media":"","overlay-type":"","overlay-color":"","overlay-opacity":"","overlay-gradient":""}},"ast-content-background-meta":{"desktop":{"background-color":"var(--ast-global-color-5)","background-image":"","background-repeat":"repeat","background-position":"center center","background-size":"auto","background-attachment":"scroll","background-type":"","background-media":"","overlay-type":"","overlay-color":"","overlay-opacity":"","overlay-gradient":""},"tablet":{"background-color":"var(--ast-global-color-5)","background-image":"","background-repeat":"repeat","background-position":"center center","background-size":"auto","background-attachment":"scroll","background-type":"","background-media":"","overlay-type":"","overlay-color":"","overlay-opacity":"","overlay-gradient":""},"mobile":{"background-color":"var(--ast-global-color-5)","background-image":"","background-repeat":"repeat","background-position":"center center","background-size":"auto","background-attachment":"scroll","background-type":"","background-media":"","overlay-type":"","overlay-color":"","overlay-opacity":"","overlay-gradient":""}}},"product_brand":[],"product_cat":[22,38,42,287,25],"product_tag":[50,289],"class_list":{"0":"post-4178","1":"product","2":"type-product","3":"status-publish","4":"has-post-thumbnail","6":"product_cat-biblias","7":"product_cat-biblias-de-ninos","8":"product_cat-biblias-reina-valera","9":"product_cat-bolsillo-rvr","10":"product_cat-kids","11":"product_tag-kids","12":"product_tag-nina","13":"desktop-align-left","14":"tablet-align-left","15":"mobile-align-left","17":"first","18":"outofstock","19":"shipping-taxable","20":"purchasable","21":"product-type-simple"},"yoast_head":"<!-- This site is optimized with the Yoast SEO plugin v27.4 - https:\/\/yoast.com\/product\/yoast-seo-wordpress\/ -->\n<title>Biblia RVR 1960 Mi gran viaje ni\u00f1as bolsillo imit piel rosa cierre - tzionlibreria.com<\/title>\n<meta name=\"description\" content=\"Biblia Mi gran viaje para ni\u00f1as podr\u00e1s disfrutar del texto completo de las Escrituras en Reina Valera del 60 combinado con l\u00e1minas a todo color con dibujos.\" \/>\n<meta name=\"robots\" content=\"index, follow, max-snippet:-1, max-image-preview:large, max-video-preview:-1\" \/>\n<link rel=\"canonical\" href=\"https:\/\/tzionlibreria.com\/index.php\/product\/biblia-rvr-1960-mi-gran-viaje-ninas-bolsillo-imit-piel-rosa-cierre\/\" \/>\n<meta property=\"og:locale\" content=\"es_ES\" \/>\n<meta property=\"og:type\" content=\"article\" \/>\n<meta property=\"og:title\" content=\"Biblia RVR 1960 Mi gran viaje ni\u00f1as bolsillo imit piel rosa cierre - tzionlibreria.com\" \/>\n<meta property=\"og:description\" content=\"Biblia Mi gran viaje para ni\u00f1as podr\u00e1s disfrutar del texto completo de las Escrituras en Reina Valera del 60 combinado con l\u00e1minas a todo color con dibujos.\" \/>\n<meta property=\"og:url\" content=\"https:\/\/tzionlibreria.com\/index.php\/product\/biblia-rvr-1960-mi-gran-viaje-ninas-bolsillo-imit-piel-rosa-cierre\/\" \/>\n<meta property=\"og:site_name\" content=\"tzionlibreria.com\" \/>\n<meta property=\"article:modified_time\" content=\"2025-09-24T20:01:53+00:00\" \/>\n<meta property=\"og:image\" content=\"http:\/\/tzionlibreria.com\/wp-content\/uploads\/2024\/09\/2-1.png\" \/>\n\t<meta property=\"og:image:width\" content=\"1080\" \/>\n\t<meta property=\"og:image:height\" content=\"1080\" \/>\n\t<meta property=\"og:image:type\" content=\"image\/png\" \/>\n<meta name=\"twitter:card\" content=\"summary_large_image\" \/>\n<meta name=\"twitter:label1\" content=\"Tiempo de lectura\" \/>\n\t<meta name=\"twitter:data1\" content=\"1 minuto\" \/>\n<script type=\"application\/ld+json\" class=\"yoast-schema-graph\">{\"@context\":\"https:\\\/\\\/schema.org\",\"@graph\":[{\"@type\":\"WebPage\",\"@id\":\"https:\\\/\\\/tzionlibreria.com\\\/index.php\\\/product\\\/biblia-rvr-1960-mi-gran-viaje-ninas-bolsillo-imit-piel-rosa-cierre\\\/\",\"url\":\"https:\\\/\\\/tzionlibreria.com\\\/index.php\\\/product\\\/biblia-rvr-1960-mi-gran-viaje-ninas-bolsillo-imit-piel-rosa-cierre\\\/\",\"name\":\"Biblia RVR 1960 Mi gran viaje ni\u00f1as bolsillo imit piel rosa cierre - tzionlibreria.com\",\"isPartOf\":{\"@id\":\"https:\\\/\\\/tzionlibreria.com\\\/#website\"},\"primaryImageOfPage\":{\"@id\":\"https:\\\/\\\/tzionlibreria.com\\\/index.php\\\/product\\\/biblia-rvr-1960-mi-gran-viaje-ninas-bolsillo-imit-piel-rosa-cierre\\\/#primaryimage\"},\"image\":{\"@id\":\"https:\\\/\\\/tzionlibreria.com\\\/index.php\\\/product\\\/biblia-rvr-1960-mi-gran-viaje-ninas-bolsillo-imit-piel-rosa-cierre\\\/#primaryimage\"},\"thumbnailUrl\":\"https:\\\/\\\/tzionlibreria.com\\\/wp-content\\\/uploads\\\/2024\\\/09\\\/2-1.png\",\"datePublished\":\"2024-09-12T14:25:20+00:00\",\"dateModified\":\"2025-09-24T20:01:53+00:00\",\"description\":\"Biblia Mi gran viaje para ni\u00f1as podr\u00e1s disfrutar del texto completo de las Escrituras en Reina Valera del 60 combinado con l\u00e1minas a todo color con dibujos.\",\"breadcrumb\":{\"@id\":\"https:\\\/\\\/tzionlibreria.com\\\/index.php\\\/product\\\/biblia-rvr-1960-mi-gran-viaje-ninas-bolsillo-imit-piel-rosa-cierre\\\/#breadcrumb\"},\"inLanguage\":\"es-CO\",\"potentialAction\":[{\"@type\":\"ReadAction\",\"target\":[\"https:\\\/\\\/tzionlibreria.com\\\/index.php\\\/product\\\/biblia-rvr-1960-mi-gran-viaje-ninas-bolsillo-imit-piel-rosa-cierre\\\/\"]}]},{\"@type\":\"ImageObject\",\"inLanguage\":\"es-CO\",\"@id\":\"https:\\\/\\\/tzionlibreria.com\\\/index.php\\\/product\\\/biblia-rvr-1960-mi-gran-viaje-ninas-bolsillo-imit-piel-rosa-cierre\\\/#primaryimage\",\"url\":\"https:\\\/\\\/tzionlibreria.com\\\/wp-content\\\/uploads\\\/2024\\\/09\\\/2-1.png\",\"contentUrl\":\"https:\\\/\\\/tzionlibreria.com\\\/wp-content\\\/uploads\\\/2024\\\/09\\\/2-1.png\",\"width\":1080,\"height\":1080},{\"@type\":\"BreadcrumbList\",\"@id\":\"https:\\\/\\\/tzionlibreria.com\\\/index.php\\\/product\\\/biblia-rvr-1960-mi-gran-viaje-ninas-bolsillo-imit-piel-rosa-cierre\\\/#breadcrumb\",\"itemListElement\":[{\"@type\":\"ListItem\",\"position\":1,\"name\":\"Inicio\",\"item\":\"https:\\\/\\\/tzionlibreria.com\\\/\"},{\"@type\":\"ListItem\",\"position\":2,\"name\":\"Shop\",\"item\":\"https:\\\/\\\/tzionlibreria.com\\\/index.php\\\/shop\\\/\"},{\"@type\":\"ListItem\",\"position\":3,\"name\":\"Biblia RVR 1960 Mi gran viaje ni\u00f1as bolsillo imit piel rosa cierre\"}]},{\"@type\":\"WebSite\",\"@id\":\"https:\\\/\\\/tzionlibreria.com\\\/#website\",\"url\":\"https:\\\/\\\/tzionlibreria.com\\\/\",\"name\":\"tzionlibreria.com\",\"description\":\"Libreria Cristiana Venezuela\",\"publisher\":{\"@id\":\"https:\\\/\\\/tzionlibreria.com\\\/#organization\"},\"potentialAction\":[{\"@type\":\"SearchAction\",\"target\":{\"@type\":\"EntryPoint\",\"urlTemplate\":\"https:\\\/\\\/tzionlibreria.com\\\/?s={search_term_string}\"},\"query-input\":{\"@type\":\"PropertyValueSpecification\",\"valueRequired\":true,\"valueName\":\"search_term_string\"}}],\"inLanguage\":\"es-CO\"},{\"@type\":\"Organization\",\"@id\":\"https:\\\/\\\/tzionlibreria.com\\\/#organization\",\"name\":\"tzionlibreria.com\",\"url\":\"https:\\\/\\\/tzionlibreria.com\\\/\",\"logo\":{\"@type\":\"ImageObject\",\"inLanguage\":\"es-CO\",\"@id\":\"https:\\\/\\\/tzionlibreria.com\\\/#\\\/schema\\\/logo\\\/image\\\/\",\"url\":\"https:\\\/\\\/tzionlibreria.com\\\/wp-content\\\/uploads\\\/2023\\\/10\\\/cropped-Cuadricula-scaled-1.jpg\",\"contentUrl\":\"https:\\\/\\\/tzionlibreria.com\\\/wp-content\\\/uploads\\\/2023\\\/10\\\/cropped-Cuadricula-scaled-1.jpg\",\"width\":2560,\"height\":2560,\"caption\":\"tzionlibreria.com\"},\"image\":{\"@id\":\"https:\\\/\\\/tzionlibreria.com\\\/#\\\/schema\\\/logo\\\/image\\\/\"}}]}<\/script>\n<!-- \/ Yoast SEO plugin. -->","yoast_head_json":{"title":"Biblia RVR 1960 Mi gran viaje ni\u00f1as bolsillo imit piel rosa cierre - tzionlibreria.com","description":"Biblia Mi gran viaje para ni\u00f1as podr\u00e1s disfrutar del texto completo de las Escrituras en Reina Valera del 60 combinado con l\u00e1minas a todo color con dibujos.","robots":{"index":"index","follow":"follow","max-snippet":"max-snippet:-1","max-image-preview":"max-image-preview:large","max-video-preview":"max-video-preview:-1"},"canonical":"https:\/\/tzionlibreria.com\/index.php\/product\/biblia-rvr-1960-mi-gran-viaje-ninas-bolsillo-imit-piel-rosa-cierre\/","og_locale":"es_ES","og_type":"article","og_title":"Biblia RVR 1960 Mi gran viaje ni\u00f1as bolsillo imit piel rosa cierre - tzionlibreria.com","og_description":"Biblia Mi gran viaje para ni\u00f1as podr\u00e1s disfrutar del texto completo de las Escrituras en Reina Valera del 60 combinado con l\u00e1minas a todo color con dibujos.","og_url":"https:\/\/tzionlibreria.com\/index.php\/product\/biblia-rvr-1960-mi-gran-viaje-ninas-bolsillo-imit-piel-rosa-cierre\/","og_site_name":"tzionlibreria.com","article_modified_time":"2025-09-24T20:01:53+00:00","og_image":[{"width":1080,"height":1080,"url":"http:\/\/tzionlibreria.com\/wp-content\/uploads\/2024\/09\/2-1.png","type":"image\/png"}],"twitter_card":"summary_large_image","twitter_misc":{"Tiempo de lectura":"1 minuto"},"schema":{"@context":"https:\/\/schema.org","@graph":[{"@type":"WebPage","@id":"https:\/\/tzionlibreria.com\/index.php\/product\/biblia-rvr-1960-mi-gran-viaje-ninas-bolsillo-imit-piel-rosa-cierre\/","url":"https:\/\/tzionlibreria.com\/index.php\/product\/biblia-rvr-1960-mi-gran-viaje-ninas-bolsillo-imit-piel-rosa-cierre\/","name":"Biblia RVR 1960 Mi gran viaje ni\u00f1as bolsillo imit piel rosa cierre - tzionlibreria.com","isPartOf":{"@id":"https:\/\/tzionlibreria.com\/#website"},"primaryImageOfPage":{"@id":"https:\/\/tzionlibreria.com\/index.php\/product\/biblia-rvr-1960-mi-gran-viaje-ninas-bolsillo-imit-piel-rosa-cierre\/#primaryimage"},"image":{"@id":"https:\/\/tzionlibreria.com\/index.php\/product\/biblia-rvr-1960-mi-gran-viaje-ninas-bolsillo-imit-piel-rosa-cierre\/#primaryimage"},"thumbnailUrl":"https:\/\/tzionlibreria.com\/wp-content\/uploads\/2024\/09\/2-1.png","datePublished":"2024-09-12T14:25:20+00:00","dateModified":"2025-09-24T20:01:53+00:00","description":"Biblia Mi gran viaje para ni\u00f1as podr\u00e1s disfrutar del texto completo de las Escrituras en Reina Valera del 60 combinado con l\u00e1minas a todo color con dibujos.","breadcrumb":{"@id":"https:\/\/tzionlibreria.com\/index.php\/product\/biblia-rvr-1960-mi-gran-viaje-ninas-bolsillo-imit-piel-rosa-cierre\/#breadcrumb"},"inLanguage":"es-CO","potentialAction":[{"@type":"ReadAction","target":["https:\/\/tzionlibreria.com\/index.php\/product\/biblia-rvr-1960-mi-gran-viaje-ninas-bolsillo-imit-piel-rosa-cierre\/"]}]},{"@type":"ImageObject","inLanguage":"es-CO","@id":"https:\/\/tzionlibreria.com\/index.php\/product\/biblia-rvr-1960-mi-gran-viaje-ninas-bolsillo-imit-piel-rosa-cierre\/#primaryimage","url":"https:\/\/tzionlibreria.com\/wp-content\/uploads\/2024\/09\/2-1.png","contentUrl":"https:\/\/tzionlibreria.com\/wp-content\/uploads\/2024\/09\/2-1.png","width":1080,"height":1080},{"@type":"BreadcrumbList","@id":"https:\/\/tzionlibreria.com\/index.php\/product\/biblia-rvr-1960-mi-gran-viaje-ninas-bolsillo-imit-piel-rosa-cierre\/#breadcrumb","itemListElement":[{"@type":"ListItem","position":1,"name":"Inicio","item":"https:\/\/tzionlibreria.com\/"},{"@type":"ListItem","position":2,"name":"Shop","item":"https:\/\/tzionlibreria.com\/index.php\/shop\/"},{"@type":"ListItem","position":3,"name":"Biblia RVR 1960 Mi gran viaje ni\u00f1as bolsillo imit piel rosa cierre"}]},{"@type":"WebSite","@id":"https:\/\/tzionlibreria.com\/#website","url":"https:\/\/tzionlibreria.com\/","name":"tzionlibreria.com","description":"Libreria Cristiana Venezuela","publisher":{"@id":"https:\/\/tzionlibreria.com\/#organization"},"potentialAction":[{"@type":"SearchAction","target":{"@type":"EntryPoint","urlTemplate":"https:\/\/tzionlibreria.com\/?s={search_term_string}"},"query-input":{"@type":"PropertyValueSpecification","valueRequired":true,"valueName":"search_term_string"}}],"inLanguage":"es-CO"},{"@type":"Organization","@id":"https:\/\/tzionlibreria.com\/#organization","name":"tzionlibreria.com","url":"https:\/\/tzionlibreria.com\/","logo":{"@type":"ImageObject","inLanguage":"es-CO","@id":"https:\/\/tzionlibreria.com\/#\/schema\/logo\/image\/","url":"https:\/\/tzionlibreria.com\/wp-content\/uploads\/2023\/10\/cropped-Cuadricula-scaled-1.jpg","contentUrl":"https:\/\/tzionlibreria.com\/wp-content\/uploads\/2023\/10\/cropped-Cuadricula-scaled-1.jpg","width":2560,"height":2560,"caption":"tzionlibreria.com"},"image":{"@id":"https:\/\/tzionlibreria.com\/#\/schema\/logo\/image\/"}}]}},"jetpack_sharing_enabled":true,"_links":{"self":[{"href":"https:\/\/tzionlibreria.com\/index.php\/wp-json\/wp\/v2\/product\/4178","targetHints":{"allow":["GET"]}}],"collection":[{"href":"https:\/\/tzionlibreria.com\/index.php\/wp-json\/wp\/v2\/product"}],"about":[{"href":"https:\/\/tzionlibreria.com\/index.php\/wp-json\/wp\/v2\/types\/product"}],"replies":[{"embeddable":true,"href":"https:\/\/tzionlibreria.com\/index.php\/wp-json\/wp\/v2\/comments?post=4178"}],"wp:featuredmedia":[{"embeddable":true,"href":"https:\/\/tzionlibreria.com\/index.php\/wp-json\/wp\/v2\/media\/4179"}],"wp:attachment":[{"href":"https:\/\/tzionlibreria.com\/index.php\/wp-json\/wp\/v2\/media?parent=4178"}],"wp:term":[{"taxonomy":"product_brand","embeddable":true,"href":"https:\/\/tzionlibreria.com\/index.php\/wp-json\/wp\/v2\/product_brand?post=4178"},{"taxonomy":"product_cat","embeddable":true,"href":"https:\/\/tzionlibreria.com\/index.php\/wp-json\/wp\/v2\/product_cat?post=4178"},{"taxonomy":"product_tag","embeddable":true,"href":"https:\/\/tzionlibreria.com\/index.php\/wp-json\/wp\/v2\/product_tag?post=4178"}],"curies":[{"name":"wp","href":"https:\/\/api.w.org\/{rel}","templated":true}]}}