{"id":4224,"date":"2024-09-15T21:33:50","date_gmt":"2024-09-15T21:33:50","guid":{"rendered":"https:\/\/tzionlibreria.com\/?post_type=product&#038;p=4224"},"modified":"2024-09-15T21:33:50","modified_gmt":"2024-09-15T21:33:50","slug":"monte-y-misionla-etica-transformadora-de-jesus-osvaldo-mottesi","status":"publish","type":"product","link":"https:\/\/tzionlibreria.com\/index.php\/product\/monte-y-misionla-etica-transformadora-de-jesus-osvaldo-mottesi\/","title":{"rendered":"Monte y Misi\u00f3n:La \u00e9tica transformadora de Jes\u00fas -Osvaldo Mottesi"},"content":{"rendered":"<p>Una serie de sermones titulada \u201cClaves para la dicha verdadera\u201d, basada en las Bienaventuranzas de Jes\u00fas condujo a su predicador, el doctor Osvaldo Mottesi, a plasmar sus pensamientos en un libro que pudiera ser de bendici\u00f3n a una audiencia mucho mayor que la de la iglesia que los escuch\u00f3 en primer lugar.<\/p>\n<p>\u00bfQu\u00e9 hizo decidir al autor a escribir un nuevo libro sobre el tema de las Bienaventuranzas de Jes\u00fas? En primer lugar, la relaci\u00f3n expl\u00edcita e integral del Serm\u00f3n del monte con la misi\u00f3n cristiana. En segundo lugar, la ausencia cada vez mayor de este serm\u00f3n y las Bienaventuranzas del p\u00falpito contempor\u00e1neo. En las palabras del autor: \u201cEl valor de esta introducci\u00f3n a las Bienaventuranzas de Jes\u00fas est\u00e1 en la recuperaci\u00f3n del Serm\u00f3n del monte en general y sus Bienaventuranzas en particular, como documento rector de la misi\u00f3n de todo el pueblo de Dios\u201d.<\/p>\n<p>Una caracter\u00edstica importante de la obra del doctor Mottesi es que en cada una de las Bienaventuranzas de Jes\u00fas, luego de un estudio completo de su significado e implicaciones pr\u00e1cticas, el autor ejemplifica lo dicho con un personaje b\u00edblico que en su vida demostr\u00f3 con sus hechos lo ense\u00f1ado por Jes\u00fas en aquel monte. As\u00ed lo explica el autor: \u201c\u2026hombres y mujeres, algunos que vivieron siglos antes de Jes\u00fas, pero que encarnaron algunas de las demandas o principios \u00e9ticos radicales de las Bienaventuranzas. Es decir, las convirtieron en su testimonio y vocaci\u00f3n, responsabilidad y misi\u00f3n\u201d.<\/p>\n<p>&nbsp;<\/p>\n<p><strong>ISBN<\/strong>: 9780311435128<br \/>\n<strong>Editorial<\/strong>: Mundo Hispano<br \/>\n<strong>Referencia de producto<\/strong>: 10101128<br \/>\n<strong>Dimensiones<\/strong>: 152 x 227 x 12 mm<br \/>\n<strong>Peso<\/strong>: 0,232kg<br \/>\n<strong>Cubierta<\/strong>: R\u00fastica<br \/>\n<strong>Fecha de lanzamiento<\/strong>: 19.07.2023<br \/>\n<strong>Idioma<\/strong>: Espa\u00f1ol<\/p>\n","protected":false},"excerpt":{"rendered":"<p>Una serie de sermones titulada \u201cClaves para la dicha verdadera\u201d, basada en las Bienaventuranzas de Jes\u00fas condujo a su predicador, el doctor Osvaldo Mottesi, a plasmar sus pensamientos en un libro que pudiera ser de bendici\u00f3n a una audiencia mucho mayor que la de la iglesia que los escuch\u00f3 en primer lugar. \u00bfQu\u00e9 hizo decidir [&hellip;]<\/p>\n","protected":false},"featured_media":4225,"comment_status":"open","ping_status":"closed","template":"","meta":{"om_disable_all_campaigns":false,"_monsterinsights_skip_tracking":false,"_monsterinsights_sitenote_active":false,"_monsterinsights_sitenote_note":"","_monsterinsights_sitenote_category":0,"site-sidebar-layout":"default","site-content-layout":"","ast-site-content-layout":"default","site-content-style":"default","site-sidebar-style":"default","ast-global-header-display":"","ast-banner-title-visibility":"","ast-main-header-display":"","ast-hfb-above-header-display":"","ast-hfb-below-header-display":"","ast-hfb-mobile-header-display":"","site-post-title":"","ast-breadcrumbs-content":"","ast-featured-img":"","footer-sml-layout":"","ast-disable-related-posts":"","theme-transparent-header-meta":"default","adv-header-id-meta":"","stick-header-meta":"","header-above-stick-meta":"","header-main-stick-meta":"","header-below-stick-meta":"","astra-migrate-meta-layouts":"set","ast-page-background-enabled":"default","ast-page-background-meta":{"desktop":{"background-color":"var(--ast-global-color-4)","background-image":"","background-repeat":"repeat","background-position":"center center","background-size":"auto","background-attachment":"scroll","background-type":"","background-media":"","overlay-type":"","overlay-color":"","overlay-opacity":"","overlay-gradient":""},"tablet":{"background-color":"","background-image":"","background-repeat":"repeat","background-position":"center center","background-size":"auto","background-attachment":"scroll","background-type":"","background-media":"","overlay-type":"","overlay-color":"","overlay-opacity":"","overlay-gradient":""},"mobile":{"background-color":"","background-image":"","background-repeat":"repeat","background-position":"center center","background-size":"auto","background-attachment":"scroll","background-type":"","background-media":"","overlay-type":"","overlay-color":"","overlay-opacity":"","overlay-gradient":""}},"ast-content-background-meta":{"desktop":{"background-color":"var(--ast-global-color-5)","background-image":"","background-repeat":"repeat","background-position":"center center","background-size":"auto","background-attachment":"scroll","background-type":"","background-media":"","overlay-type":"","overlay-color":"","overlay-opacity":"","overlay-gradient":""},"tablet":{"background-color":"var(--ast-global-color-5)","background-image":"","background-repeat":"repeat","background-position":"center center","background-size":"auto","background-attachment":"scroll","background-type":"","background-media":"","overlay-type":"","overlay-color":"","overlay-opacity":"","overlay-gradient":""},"mobile":{"background-color":"var(--ast-global-color-5)","background-image":"","background-repeat":"repeat","background-position":"center center","background-size":"auto","background-attachment":"scroll","background-type":"","background-media":"","overlay-type":"","overlay-color":"","overlay-opacity":"","overlay-gradient":""}}},"product_brand":[],"product_cat":[174,23],"product_tag":[],"class_list":{"0":"post-4224","1":"product","2":"type-product","3":"status-publish","4":"has-post-thumbnail","6":"product_cat-iglesia","7":"product_cat-libros","8":"desktop-align-left","9":"tablet-align-left","10":"mobile-align-left","12":"first","13":"instock","14":"shipping-taxable","15":"purchasable","16":"product-type-simple"},"yoast_head":"<!-- This site is optimized with the Yoast SEO plugin v27.3 - https:\/\/yoast.com\/product\/yoast-seo-wordpress\/ -->\n<title>Monte y Misi\u00f3n:La \u00e9tica transformadora de Jes\u00fas -Osvaldo Mottesi - tzionlibreria.com<\/title>\n<meta name=\"description\" content=\"El valor de esta introducci\u00f3n a las Bienaventuranzas de Jes\u00fas est\u00e1 en la recuperaci\u00f3n del Serm\u00f3n del monte en general y sus Bienaventuranzas en particular\" \/>\n<meta name=\"robots\" content=\"index, follow, max-snippet:-1, max-image-preview:large, max-video-preview:-1\" \/>\n<link rel=\"canonical\" href=\"https:\/\/tzionlibreria.com\/index.php\/product\/monte-y-misionla-etica-transformadora-de-jesus-osvaldo-mottesi\/\" \/>\n<meta property=\"og:locale\" content=\"es_ES\" \/>\n<meta property=\"og:type\" content=\"article\" \/>\n<meta property=\"og:title\" content=\"Monte y Misi\u00f3n:La \u00e9tica transformadora de Jes\u00fas -Osvaldo Mottesi - tzionlibreria.com\" \/>\n<meta property=\"og:description\" content=\"El valor de esta introducci\u00f3n a las Bienaventuranzas de Jes\u00fas est\u00e1 en la recuperaci\u00f3n del Serm\u00f3n del monte en general y sus Bienaventuranzas en particular\" \/>\n<meta property=\"og:url\" content=\"https:\/\/tzionlibreria.com\/index.php\/product\/monte-y-misionla-etica-transformadora-de-jesus-osvaldo-mottesi\/\" \/>\n<meta property=\"og:site_name\" content=\"tzionlibreria.com\" \/>\n<meta property=\"og:image\" content=\"http:\/\/tzionlibreria.com\/wp-content\/uploads\/2024\/09\/2-3.png\" \/>\n\t<meta property=\"og:image:width\" content=\"1080\" \/>\n\t<meta property=\"og:image:height\" content=\"1080\" \/>\n\t<meta property=\"og:image:type\" content=\"image\/png\" \/>\n<meta name=\"twitter:card\" content=\"summary_large_image\" \/>\n<meta name=\"twitter:label1\" content=\"Tiempo de lectura\" \/>\n\t<meta name=\"twitter:data1\" content=\"2 minutos\" \/>\n<script type=\"application\/ld+json\" class=\"yoast-schema-graph\">{\"@context\":\"https:\\\/\\\/schema.org\",\"@graph\":[{\"@type\":\"WebPage\",\"@id\":\"https:\\\/\\\/tzionlibreria.com\\\/index.php\\\/product\\\/monte-y-misionla-etica-transformadora-de-jesus-osvaldo-mottesi\\\/\",\"url\":\"https:\\\/\\\/tzionlibreria.com\\\/index.php\\\/product\\\/monte-y-misionla-etica-transformadora-de-jesus-osvaldo-mottesi\\\/\",\"name\":\"Monte y Misi\u00f3n:La \u00e9tica transformadora de Jes\u00fas -Osvaldo Mottesi - tzionlibreria.com\",\"isPartOf\":{\"@id\":\"https:\\\/\\\/tzionlibreria.com\\\/#website\"},\"primaryImageOfPage\":{\"@id\":\"https:\\\/\\\/tzionlibreria.com\\\/index.php\\\/product\\\/monte-y-misionla-etica-transformadora-de-jesus-osvaldo-mottesi\\\/#primaryimage\"},\"image\":{\"@id\":\"https:\\\/\\\/tzionlibreria.com\\\/index.php\\\/product\\\/monte-y-misionla-etica-transformadora-de-jesus-osvaldo-mottesi\\\/#primaryimage\"},\"thumbnailUrl\":\"https:\\\/\\\/tzionlibreria.com\\\/wp-content\\\/uploads\\\/2024\\\/09\\\/2-3.png\",\"datePublished\":\"2024-09-15T21:33:50+00:00\",\"description\":\"El valor de esta introducci\u00f3n a las Bienaventuranzas de Jes\u00fas est\u00e1 en la recuperaci\u00f3n del Serm\u00f3n del monte en general y sus Bienaventuranzas en particular\",\"breadcrumb\":{\"@id\":\"https:\\\/\\\/tzionlibreria.com\\\/index.php\\\/product\\\/monte-y-misionla-etica-transformadora-de-jesus-osvaldo-mottesi\\\/#breadcrumb\"},\"inLanguage\":\"es-CO\",\"potentialAction\":[{\"@type\":\"ReadAction\",\"target\":[\"https:\\\/\\\/tzionlibreria.com\\\/index.php\\\/product\\\/monte-y-misionla-etica-transformadora-de-jesus-osvaldo-mottesi\\\/\"]}]},{\"@type\":\"ImageObject\",\"inLanguage\":\"es-CO\",\"@id\":\"https:\\\/\\\/tzionlibreria.com\\\/index.php\\\/product\\\/monte-y-misionla-etica-transformadora-de-jesus-osvaldo-mottesi\\\/#primaryimage\",\"url\":\"https:\\\/\\\/tzionlibreria.com\\\/wp-content\\\/uploads\\\/2024\\\/09\\\/2-3.png\",\"contentUrl\":\"https:\\\/\\\/tzionlibreria.com\\\/wp-content\\\/uploads\\\/2024\\\/09\\\/2-3.png\",\"width\":1080,\"height\":1080},{\"@type\":\"BreadcrumbList\",\"@id\":\"https:\\\/\\\/tzionlibreria.com\\\/index.php\\\/product\\\/monte-y-misionla-etica-transformadora-de-jesus-osvaldo-mottesi\\\/#breadcrumb\",\"itemListElement\":[{\"@type\":\"ListItem\",\"position\":1,\"name\":\"Inicio\",\"item\":\"https:\\\/\\\/tzionlibreria.com\\\/\"},{\"@type\":\"ListItem\",\"position\":2,\"name\":\"Shop\",\"item\":\"https:\\\/\\\/tzionlibreria.com\\\/index.php\\\/shop\\\/\"},{\"@type\":\"ListItem\",\"position\":3,\"name\":\"Monte y Misi\u00f3n:La \u00e9tica transformadora de Jes\u00fas -Osvaldo Mottesi\"}]},{\"@type\":\"WebSite\",\"@id\":\"https:\\\/\\\/tzionlibreria.com\\\/#website\",\"url\":\"https:\\\/\\\/tzionlibreria.com\\\/\",\"name\":\"tzionlibreria.com\",\"description\":\"Libreria Cristiana Venezuela\",\"publisher\":{\"@id\":\"https:\\\/\\\/tzionlibreria.com\\\/#organization\"},\"potentialAction\":[{\"@type\":\"SearchAction\",\"target\":{\"@type\":\"EntryPoint\",\"urlTemplate\":\"https:\\\/\\\/tzionlibreria.com\\\/?s={search_term_string}\"},\"query-input\":{\"@type\":\"PropertyValueSpecification\",\"valueRequired\":true,\"valueName\":\"search_term_string\"}}],\"inLanguage\":\"es-CO\"},{\"@type\":\"Organization\",\"@id\":\"https:\\\/\\\/tzionlibreria.com\\\/#organization\",\"name\":\"tzionlibreria.com\",\"url\":\"https:\\\/\\\/tzionlibreria.com\\\/\",\"logo\":{\"@type\":\"ImageObject\",\"inLanguage\":\"es-CO\",\"@id\":\"https:\\\/\\\/tzionlibreria.com\\\/#\\\/schema\\\/logo\\\/image\\\/\",\"url\":\"https:\\\/\\\/tzionlibreria.com\\\/wp-content\\\/uploads\\\/2023\\\/10\\\/cropped-Cuadricula-scaled-1.jpg\",\"contentUrl\":\"https:\\\/\\\/tzionlibreria.com\\\/wp-content\\\/uploads\\\/2023\\\/10\\\/cropped-Cuadricula-scaled-1.jpg\",\"width\":2560,\"height\":2560,\"caption\":\"tzionlibreria.com\"},\"image\":{\"@id\":\"https:\\\/\\\/tzionlibreria.com\\\/#\\\/schema\\\/logo\\\/image\\\/\"}}]}<\/script>\n<!-- \/ Yoast SEO plugin. -->","yoast_head_json":{"title":"Monte y Misi\u00f3n:La \u00e9tica transformadora de Jes\u00fas -Osvaldo Mottesi - tzionlibreria.com","description":"El valor de esta introducci\u00f3n a las Bienaventuranzas de Jes\u00fas est\u00e1 en la recuperaci\u00f3n del Serm\u00f3n del monte en general y sus Bienaventuranzas en particular","robots":{"index":"index","follow":"follow","max-snippet":"max-snippet:-1","max-image-preview":"max-image-preview:large","max-video-preview":"max-video-preview:-1"},"canonical":"https:\/\/tzionlibreria.com\/index.php\/product\/monte-y-misionla-etica-transformadora-de-jesus-osvaldo-mottesi\/","og_locale":"es_ES","og_type":"article","og_title":"Monte y Misi\u00f3n:La \u00e9tica transformadora de Jes\u00fas -Osvaldo Mottesi - tzionlibreria.com","og_description":"El valor de esta introducci\u00f3n a las Bienaventuranzas de Jes\u00fas est\u00e1 en la recuperaci\u00f3n del Serm\u00f3n del monte en general y sus Bienaventuranzas en particular","og_url":"https:\/\/tzionlibreria.com\/index.php\/product\/monte-y-misionla-etica-transformadora-de-jesus-osvaldo-mottesi\/","og_site_name":"tzionlibreria.com","og_image":[{"width":1080,"height":1080,"url":"http:\/\/tzionlibreria.com\/wp-content\/uploads\/2024\/09\/2-3.png","type":"image\/png"}],"twitter_card":"summary_large_image","twitter_misc":{"Tiempo de lectura":"2 minutos"},"schema":{"@context":"https:\/\/schema.org","@graph":[{"@type":"WebPage","@id":"https:\/\/tzionlibreria.com\/index.php\/product\/monte-y-misionla-etica-transformadora-de-jesus-osvaldo-mottesi\/","url":"https:\/\/tzionlibreria.com\/index.php\/product\/monte-y-misionla-etica-transformadora-de-jesus-osvaldo-mottesi\/","name":"Monte y Misi\u00f3n:La \u00e9tica transformadora de Jes\u00fas -Osvaldo Mottesi - tzionlibreria.com","isPartOf":{"@id":"https:\/\/tzionlibreria.com\/#website"},"primaryImageOfPage":{"@id":"https:\/\/tzionlibreria.com\/index.php\/product\/monte-y-misionla-etica-transformadora-de-jesus-osvaldo-mottesi\/#primaryimage"},"image":{"@id":"https:\/\/tzionlibreria.com\/index.php\/product\/monte-y-misionla-etica-transformadora-de-jesus-osvaldo-mottesi\/#primaryimage"},"thumbnailUrl":"https:\/\/tzionlibreria.com\/wp-content\/uploads\/2024\/09\/2-3.png","datePublished":"2024-09-15T21:33:50+00:00","description":"El valor de esta introducci\u00f3n a las Bienaventuranzas de Jes\u00fas est\u00e1 en la recuperaci\u00f3n del Serm\u00f3n del monte en general y sus Bienaventuranzas en particular","breadcrumb":{"@id":"https:\/\/tzionlibreria.com\/index.php\/product\/monte-y-misionla-etica-transformadora-de-jesus-osvaldo-mottesi\/#breadcrumb"},"inLanguage":"es-CO","potentialAction":[{"@type":"ReadAction","target":["https:\/\/tzionlibreria.com\/index.php\/product\/monte-y-misionla-etica-transformadora-de-jesus-osvaldo-mottesi\/"]}]},{"@type":"ImageObject","inLanguage":"es-CO","@id":"https:\/\/tzionlibreria.com\/index.php\/product\/monte-y-misionla-etica-transformadora-de-jesus-osvaldo-mottesi\/#primaryimage","url":"https:\/\/tzionlibreria.com\/wp-content\/uploads\/2024\/09\/2-3.png","contentUrl":"https:\/\/tzionlibreria.com\/wp-content\/uploads\/2024\/09\/2-3.png","width":1080,"height":1080},{"@type":"BreadcrumbList","@id":"https:\/\/tzionlibreria.com\/index.php\/product\/monte-y-misionla-etica-transformadora-de-jesus-osvaldo-mottesi\/#breadcrumb","itemListElement":[{"@type":"ListItem","position":1,"name":"Inicio","item":"https:\/\/tzionlibreria.com\/"},{"@type":"ListItem","position":2,"name":"Shop","item":"https:\/\/tzionlibreria.com\/index.php\/shop\/"},{"@type":"ListItem","position":3,"name":"Monte y Misi\u00f3n:La \u00e9tica transformadora de Jes\u00fas -Osvaldo Mottesi"}]},{"@type":"WebSite","@id":"https:\/\/tzionlibreria.com\/#website","url":"https:\/\/tzionlibreria.com\/","name":"tzionlibreria.com","description":"Libreria Cristiana Venezuela","publisher":{"@id":"https:\/\/tzionlibreria.com\/#organization"},"potentialAction":[{"@type":"SearchAction","target":{"@type":"EntryPoint","urlTemplate":"https:\/\/tzionlibreria.com\/?s={search_term_string}"},"query-input":{"@type":"PropertyValueSpecification","valueRequired":true,"valueName":"search_term_string"}}],"inLanguage":"es-CO"},{"@type":"Organization","@id":"https:\/\/tzionlibreria.com\/#organization","name":"tzionlibreria.com","url":"https:\/\/tzionlibreria.com\/","logo":{"@type":"ImageObject","inLanguage":"es-CO","@id":"https:\/\/tzionlibreria.com\/#\/schema\/logo\/image\/","url":"https:\/\/tzionlibreria.com\/wp-content\/uploads\/2023\/10\/cropped-Cuadricula-scaled-1.jpg","contentUrl":"https:\/\/tzionlibreria.com\/wp-content\/uploads\/2023\/10\/cropped-Cuadricula-scaled-1.jpg","width":2560,"height":2560,"caption":"tzionlibreria.com"},"image":{"@id":"https:\/\/tzionlibreria.com\/#\/schema\/logo\/image\/"}}]}},"jetpack_sharing_enabled":true,"_links":{"self":[{"href":"https:\/\/tzionlibreria.com\/index.php\/wp-json\/wp\/v2\/product\/4224","targetHints":{"allow":["GET"]}}],"collection":[{"href":"https:\/\/tzionlibreria.com\/index.php\/wp-json\/wp\/v2\/product"}],"about":[{"href":"https:\/\/tzionlibreria.com\/index.php\/wp-json\/wp\/v2\/types\/product"}],"replies":[{"embeddable":true,"href":"https:\/\/tzionlibreria.com\/index.php\/wp-json\/wp\/v2\/comments?post=4224"}],"wp:featuredmedia":[{"embeddable":true,"href":"https:\/\/tzionlibreria.com\/index.php\/wp-json\/wp\/v2\/media\/4225"}],"wp:attachment":[{"href":"https:\/\/tzionlibreria.com\/index.php\/wp-json\/wp\/v2\/media?parent=4224"}],"wp:term":[{"taxonomy":"product_brand","embeddable":true,"href":"https:\/\/tzionlibreria.com\/index.php\/wp-json\/wp\/v2\/product_brand?post=4224"},{"taxonomy":"product_cat","embeddable":true,"href":"https:\/\/tzionlibreria.com\/index.php\/wp-json\/wp\/v2\/product_cat?post=4224"},{"taxonomy":"product_tag","embeddable":true,"href":"https:\/\/tzionlibreria.com\/index.php\/wp-json\/wp\/v2\/product_tag?post=4224"}],"curies":[{"name":"wp","href":"https:\/\/api.w.org\/{rel}","templated":true}]}}