{"id":4448,"date":"2024-12-11T13:53:36","date_gmt":"2024-12-11T13:53:36","guid":{"rendered":"https:\/\/tzionlibreria.com\/?post_type=product&#038;p=4448"},"modified":"2025-02-19T03:32:19","modified_gmt":"2025-02-19T03:32:19","slug":"nueva-evidencia-que-demanda-un-veredicto-josh-mcdowell","status":"publish","type":"product","link":"https:\/\/tzionlibreria.com\/index.php\/product\/nueva-evidencia-que-demanda-un-veredicto-josh-mcdowell\/","title":{"rendered":"Nueva Evidencia Que Demanda un Veredicto  Josh McDowell"},"content":{"rendered":"<p><strong>\u00bfEs la Biblia hist\u00f3ricamente confiable ?\u00bfHay evidencias cre\u00edbles de las aseveraciones de Cristo de ser Dios?\u00bfPermanecer\u00e1 firme el cristianismo ante las cr\u00edticas del siglo XXI?<\/strong><\/p>\n<p>&nbsp;<\/p>\n<p>Los cristianos enfrentan hoy en d\u00eda retos cada vez mayores para mostrar que su fe es tanto relevante como cre\u00edble. Nueva Evidencia que demanda un veredicto, de Josh McDowell, combina dos libros publicados anteriormente en uno solo, manteniendo su cl\u00e1sica defensa de la fe, a la vez que contestando nuevas preguntas propuestas por la sociedad del d\u00eda de hoy.Este libro incluye algunos aspectos investigaci\u00f3n y documentaci\u00f3n sobre evidencia arqueol\u00f3gica de los \u00faltimos veinte a\u00f1os.Adici\u00f3n de un cap\u00edtulo que destaca la b\u00fasqueda del Jes\u00fas de la historia y expone las mayores debilidades del Seminario acerca de Jes\u00fas.<\/p>\n<p>Una secci\u00f3n completamente nueva que cubra t\u00f3picos tales como la naturaleza de la verdad, respuestas al postmodernismo, al escepticismo, al agnosticismo y al misticismo, y la seguridad de la cosmovisi\u00f3n cristiana y el conocimiento de la historia.Organizado m\u00e1s efectivamente para un uso m\u00e1s conveniente.Formato m\u00e1s atractivo de las p\u00e1ginas en cuanto a gr\u00e1ficos, tablas y diagramas.Nueva Evidencia Que Demanda Un Veredicto lo equipar\u00e1 para que est\u00e9 listo para defender su fe en esta d\u00e9cada y en lo porvenir.<\/p>\n<p>&nbsp;<\/p>\n<p><strong>ISBN<\/strong>: 9780311050482<br \/>\n<strong>Dimensiones<\/strong>: 158 x 235 x 45 mm<br \/>\n<strong>Peso<\/strong>: 1,284kg<br \/>\n<strong>Cubierta<\/strong>: Tapa Dura<br \/>\n<strong>Idioma<\/strong>: Espa\u00f1ol<\/p>\n","protected":false},"excerpt":{"rendered":"<p>\u00bfEs la Biblia hist\u00f3ricamente confiable ?\u00bfHay evidencias cre\u00edbles de las aseveraciones de Cristo de ser Dios?\u00bfPermanecer\u00e1 firme el cristianismo ante las cr\u00edticas del siglo XXI? &nbsp; Los cristianos enfrentan hoy en d\u00eda retos cada vez mayores para mostrar que su fe es tanto relevante como cre\u00edble. Nueva Evidencia que demanda un veredicto, de Josh McDowell, [&hellip;]<\/p>\n","protected":false},"featured_media":4449,"comment_status":"open","ping_status":"closed","template":"","meta":{"om_disable_all_campaigns":false,"_monsterinsights_skip_tracking":false,"_monsterinsights_sitenote_active":false,"_monsterinsights_sitenote_note":"","_monsterinsights_sitenote_category":0,"site-sidebar-layout":"default","site-content-layout":"","ast-site-content-layout":"default","site-content-style":"default","site-sidebar-style":"default","ast-global-header-display":"","ast-banner-title-visibility":"","ast-main-header-display":"","ast-hfb-above-header-display":"","ast-hfb-below-header-display":"","ast-hfb-mobile-header-display":"","site-post-title":"","ast-breadcrumbs-content":"","ast-featured-img":"","footer-sml-layout":"","ast-disable-related-posts":"","theme-transparent-header-meta":"default","adv-header-id-meta":"","stick-header-meta":"","header-above-stick-meta":"","header-main-stick-meta":"","header-below-stick-meta":"","astra-migrate-meta-layouts":"set","ast-page-background-enabled":"default","ast-page-background-meta":{"desktop":{"background-color":"var(--ast-global-color-4)","background-image":"","background-repeat":"repeat","background-position":"center center","background-size":"auto","background-attachment":"scroll","background-type":"","background-media":"","overlay-type":"","overlay-color":"","overlay-opacity":"","overlay-gradient":""},"tablet":{"background-color":"","background-image":"","background-repeat":"repeat","background-position":"center center","background-size":"auto","background-attachment":"scroll","background-type":"","background-media":"","overlay-type":"","overlay-color":"","overlay-opacity":"","overlay-gradient":""},"mobile":{"background-color":"","background-image":"","background-repeat":"repeat","background-position":"center center","background-size":"auto","background-attachment":"scroll","background-type":"","background-media":"","overlay-type":"","overlay-color":"","overlay-opacity":"","overlay-gradient":""}},"ast-content-background-meta":{"desktop":{"background-color":"var(--ast-global-color-5)","background-image":"","background-repeat":"repeat","background-position":"center center","background-size":"auto","background-attachment":"scroll","background-type":"","background-media":"","overlay-type":"","overlay-color":"","overlay-opacity":"","overlay-gradient":""},"tablet":{"background-color":"var(--ast-global-color-5)","background-image":"","background-repeat":"repeat","background-position":"center center","background-size":"auto","background-attachment":"scroll","background-type":"","background-media":"","overlay-type":"","overlay-color":"","overlay-opacity":"","overlay-gradient":""},"mobile":{"background-color":"var(--ast-global-color-5)","background-image":"","background-repeat":"repeat","background-position":"center center","background-size":"auto","background-attachment":"scroll","background-type":"","background-media":"","overlay-type":"","overlay-color":"","overlay-opacity":"","overlay-gradient":""}}},"product_brand":[],"product_cat":[40,169,23,175,26],"product_tag":[160],"class_list":{"0":"post-4448","1":"product","2":"type-product","3":"status-publish","4":"has-post-thumbnail","6":"product_cat-diccionarios","7":"product_cat-hombres","8":"product_cat-libros","9":"product_cat-liderazgo","10":"product_cat-teologia","11":"product_tag-josh-mcdowell","12":"desktop-align-left","13":"tablet-align-left","14":"mobile-align-left","16":"first","17":"instock","18":"shipping-taxable","19":"purchasable","20":"product-type-simple"},"yoast_head":"<!-- This site is optimized with the Yoast SEO plugin v27.4 - https:\/\/yoast.com\/product\/yoast-seo-wordpress\/ -->\n<title>Nueva Evidencia Que Demanda un Veredicto Josh McDowell - tzionlibreria.com<\/title>\n<meta name=\"description\" content=\"Es una defensa de la fe cristiana, a la vez que contesta preguntas de hoy. Incluye evidencia arqueol\u00f3gica de los \u00faltimos veinte a\u00f1os.\" \/>\n<meta name=\"robots\" content=\"index, follow, max-snippet:-1, max-image-preview:large, max-video-preview:-1\" \/>\n<link rel=\"canonical\" href=\"https:\/\/tzionlibreria.com\/index.php\/product\/nueva-evidencia-que-demanda-un-veredicto-josh-mcdowell\/\" \/>\n<meta property=\"og:locale\" content=\"es_ES\" \/>\n<meta property=\"og:type\" content=\"article\" \/>\n<meta property=\"og:title\" content=\"Nueva Evidencia Que Demanda un Veredicto Josh McDowell - tzionlibreria.com\" \/>\n<meta property=\"og:description\" content=\"Es una defensa de la fe cristiana, a la vez que contesta preguntas de hoy. Incluye evidencia arqueol\u00f3gica de los \u00faltimos veinte a\u00f1os.\" \/>\n<meta property=\"og:url\" content=\"https:\/\/tzionlibreria.com\/index.php\/product\/nueva-evidencia-que-demanda-un-veredicto-josh-mcdowell\/\" \/>\n<meta property=\"og:site_name\" content=\"tzionlibreria.com\" \/>\n<meta property=\"article:modified_time\" content=\"2025-02-19T03:32:19+00:00\" \/>\n<meta property=\"og:image\" content=\"http:\/\/tzionlibreria.com\/wp-content\/uploads\/2024\/12\/8.png\" \/>\n\t<meta property=\"og:image:width\" content=\"1080\" \/>\n\t<meta property=\"og:image:height\" content=\"1080\" \/>\n\t<meta property=\"og:image:type\" content=\"image\/png\" \/>\n<meta name=\"twitter:card\" content=\"summary_large_image\" \/>\n<meta name=\"twitter:label1\" content=\"Tiempo de lectura\" \/>\n\t<meta name=\"twitter:data1\" content=\"2 minutos\" \/>\n<script type=\"application\/ld+json\" class=\"yoast-schema-graph\">{\"@context\":\"https:\\\/\\\/schema.org\",\"@graph\":[{\"@type\":\"WebPage\",\"@id\":\"https:\\\/\\\/tzionlibreria.com\\\/index.php\\\/product\\\/nueva-evidencia-que-demanda-un-veredicto-josh-mcdowell\\\/\",\"url\":\"https:\\\/\\\/tzionlibreria.com\\\/index.php\\\/product\\\/nueva-evidencia-que-demanda-un-veredicto-josh-mcdowell\\\/\",\"name\":\"Nueva Evidencia Que Demanda un Veredicto Josh McDowell - tzionlibreria.com\",\"isPartOf\":{\"@id\":\"https:\\\/\\\/tzionlibreria.com\\\/#website\"},\"primaryImageOfPage\":{\"@id\":\"https:\\\/\\\/tzionlibreria.com\\\/index.php\\\/product\\\/nueva-evidencia-que-demanda-un-veredicto-josh-mcdowell\\\/#primaryimage\"},\"image\":{\"@id\":\"https:\\\/\\\/tzionlibreria.com\\\/index.php\\\/product\\\/nueva-evidencia-que-demanda-un-veredicto-josh-mcdowell\\\/#primaryimage\"},\"thumbnailUrl\":\"https:\\\/\\\/tzionlibreria.com\\\/wp-content\\\/uploads\\\/2024\\\/12\\\/8.png\",\"datePublished\":\"2024-12-11T13:53:36+00:00\",\"dateModified\":\"2025-02-19T03:32:19+00:00\",\"description\":\"Es una defensa de la fe cristiana, a la vez que contesta preguntas de hoy. Incluye evidencia arqueol\u00f3gica de los \u00faltimos veinte a\u00f1os.\",\"breadcrumb\":{\"@id\":\"https:\\\/\\\/tzionlibreria.com\\\/index.php\\\/product\\\/nueva-evidencia-que-demanda-un-veredicto-josh-mcdowell\\\/#breadcrumb\"},\"inLanguage\":\"es-CO\",\"potentialAction\":[{\"@type\":\"ReadAction\",\"target\":[\"https:\\\/\\\/tzionlibreria.com\\\/index.php\\\/product\\\/nueva-evidencia-que-demanda-un-veredicto-josh-mcdowell\\\/\"]}]},{\"@type\":\"ImageObject\",\"inLanguage\":\"es-CO\",\"@id\":\"https:\\\/\\\/tzionlibreria.com\\\/index.php\\\/product\\\/nueva-evidencia-que-demanda-un-veredicto-josh-mcdowell\\\/#primaryimage\",\"url\":\"https:\\\/\\\/tzionlibreria.com\\\/wp-content\\\/uploads\\\/2024\\\/12\\\/8.png\",\"contentUrl\":\"https:\\\/\\\/tzionlibreria.com\\\/wp-content\\\/uploads\\\/2024\\\/12\\\/8.png\",\"width\":1080,\"height\":1080},{\"@type\":\"BreadcrumbList\",\"@id\":\"https:\\\/\\\/tzionlibreria.com\\\/index.php\\\/product\\\/nueva-evidencia-que-demanda-un-veredicto-josh-mcdowell\\\/#breadcrumb\",\"itemListElement\":[{\"@type\":\"ListItem\",\"position\":1,\"name\":\"Inicio\",\"item\":\"https:\\\/\\\/tzionlibreria.com\\\/\"},{\"@type\":\"ListItem\",\"position\":2,\"name\":\"Shop\",\"item\":\"https:\\\/\\\/tzionlibreria.com\\\/index.php\\\/shop\\\/\"},{\"@type\":\"ListItem\",\"position\":3,\"name\":\"Nueva Evidencia Que Demanda un Veredicto Josh McDowell\"}]},{\"@type\":\"WebSite\",\"@id\":\"https:\\\/\\\/tzionlibreria.com\\\/#website\",\"url\":\"https:\\\/\\\/tzionlibreria.com\\\/\",\"name\":\"tzionlibreria.com\",\"description\":\"Libreria Cristiana Venezuela\",\"publisher\":{\"@id\":\"https:\\\/\\\/tzionlibreria.com\\\/#organization\"},\"potentialAction\":[{\"@type\":\"SearchAction\",\"target\":{\"@type\":\"EntryPoint\",\"urlTemplate\":\"https:\\\/\\\/tzionlibreria.com\\\/?s={search_term_string}\"},\"query-input\":{\"@type\":\"PropertyValueSpecification\",\"valueRequired\":true,\"valueName\":\"search_term_string\"}}],\"inLanguage\":\"es-CO\"},{\"@type\":\"Organization\",\"@id\":\"https:\\\/\\\/tzionlibreria.com\\\/#organization\",\"name\":\"tzionlibreria.com\",\"url\":\"https:\\\/\\\/tzionlibreria.com\\\/\",\"logo\":{\"@type\":\"ImageObject\",\"inLanguage\":\"es-CO\",\"@id\":\"https:\\\/\\\/tzionlibreria.com\\\/#\\\/schema\\\/logo\\\/image\\\/\",\"url\":\"https:\\\/\\\/tzionlibreria.com\\\/wp-content\\\/uploads\\\/2023\\\/10\\\/cropped-Cuadricula-scaled-1.jpg\",\"contentUrl\":\"https:\\\/\\\/tzionlibreria.com\\\/wp-content\\\/uploads\\\/2023\\\/10\\\/cropped-Cuadricula-scaled-1.jpg\",\"width\":2560,\"height\":2560,\"caption\":\"tzionlibreria.com\"},\"image\":{\"@id\":\"https:\\\/\\\/tzionlibreria.com\\\/#\\\/schema\\\/logo\\\/image\\\/\"}}]}<\/script>\n<!-- \/ Yoast SEO plugin. -->","yoast_head_json":{"title":"Nueva Evidencia Que Demanda un Veredicto Josh McDowell - tzionlibreria.com","description":"Es una defensa de la fe cristiana, a la vez que contesta preguntas de hoy. Incluye evidencia arqueol\u00f3gica de los \u00faltimos veinte a\u00f1os.","robots":{"index":"index","follow":"follow","max-snippet":"max-snippet:-1","max-image-preview":"max-image-preview:large","max-video-preview":"max-video-preview:-1"},"canonical":"https:\/\/tzionlibreria.com\/index.php\/product\/nueva-evidencia-que-demanda-un-veredicto-josh-mcdowell\/","og_locale":"es_ES","og_type":"article","og_title":"Nueva Evidencia Que Demanda un Veredicto Josh McDowell - tzionlibreria.com","og_description":"Es una defensa de la fe cristiana, a la vez que contesta preguntas de hoy. Incluye evidencia arqueol\u00f3gica de los \u00faltimos veinte a\u00f1os.","og_url":"https:\/\/tzionlibreria.com\/index.php\/product\/nueva-evidencia-que-demanda-un-veredicto-josh-mcdowell\/","og_site_name":"tzionlibreria.com","article_modified_time":"2025-02-19T03:32:19+00:00","og_image":[{"width":1080,"height":1080,"url":"http:\/\/tzionlibreria.com\/wp-content\/uploads\/2024\/12\/8.png","type":"image\/png"}],"twitter_card":"summary_large_image","twitter_misc":{"Tiempo de lectura":"2 minutos"},"schema":{"@context":"https:\/\/schema.org","@graph":[{"@type":"WebPage","@id":"https:\/\/tzionlibreria.com\/index.php\/product\/nueva-evidencia-que-demanda-un-veredicto-josh-mcdowell\/","url":"https:\/\/tzionlibreria.com\/index.php\/product\/nueva-evidencia-que-demanda-un-veredicto-josh-mcdowell\/","name":"Nueva Evidencia Que Demanda un Veredicto Josh McDowell - tzionlibreria.com","isPartOf":{"@id":"https:\/\/tzionlibreria.com\/#website"},"primaryImageOfPage":{"@id":"https:\/\/tzionlibreria.com\/index.php\/product\/nueva-evidencia-que-demanda-un-veredicto-josh-mcdowell\/#primaryimage"},"image":{"@id":"https:\/\/tzionlibreria.com\/index.php\/product\/nueva-evidencia-que-demanda-un-veredicto-josh-mcdowell\/#primaryimage"},"thumbnailUrl":"https:\/\/tzionlibreria.com\/wp-content\/uploads\/2024\/12\/8.png","datePublished":"2024-12-11T13:53:36+00:00","dateModified":"2025-02-19T03:32:19+00:00","description":"Es una defensa de la fe cristiana, a la vez que contesta preguntas de hoy. Incluye evidencia arqueol\u00f3gica de los \u00faltimos veinte a\u00f1os.","breadcrumb":{"@id":"https:\/\/tzionlibreria.com\/index.php\/product\/nueva-evidencia-que-demanda-un-veredicto-josh-mcdowell\/#breadcrumb"},"inLanguage":"es-CO","potentialAction":[{"@type":"ReadAction","target":["https:\/\/tzionlibreria.com\/index.php\/product\/nueva-evidencia-que-demanda-un-veredicto-josh-mcdowell\/"]}]},{"@type":"ImageObject","inLanguage":"es-CO","@id":"https:\/\/tzionlibreria.com\/index.php\/product\/nueva-evidencia-que-demanda-un-veredicto-josh-mcdowell\/#primaryimage","url":"https:\/\/tzionlibreria.com\/wp-content\/uploads\/2024\/12\/8.png","contentUrl":"https:\/\/tzionlibreria.com\/wp-content\/uploads\/2024\/12\/8.png","width":1080,"height":1080},{"@type":"BreadcrumbList","@id":"https:\/\/tzionlibreria.com\/index.php\/product\/nueva-evidencia-que-demanda-un-veredicto-josh-mcdowell\/#breadcrumb","itemListElement":[{"@type":"ListItem","position":1,"name":"Inicio","item":"https:\/\/tzionlibreria.com\/"},{"@type":"ListItem","position":2,"name":"Shop","item":"https:\/\/tzionlibreria.com\/index.php\/shop\/"},{"@type":"ListItem","position":3,"name":"Nueva Evidencia Que Demanda un Veredicto Josh McDowell"}]},{"@type":"WebSite","@id":"https:\/\/tzionlibreria.com\/#website","url":"https:\/\/tzionlibreria.com\/","name":"tzionlibreria.com","description":"Libreria Cristiana Venezuela","publisher":{"@id":"https:\/\/tzionlibreria.com\/#organization"},"potentialAction":[{"@type":"SearchAction","target":{"@type":"EntryPoint","urlTemplate":"https:\/\/tzionlibreria.com\/?s={search_term_string}"},"query-input":{"@type":"PropertyValueSpecification","valueRequired":true,"valueName":"search_term_string"}}],"inLanguage":"es-CO"},{"@type":"Organization","@id":"https:\/\/tzionlibreria.com\/#organization","name":"tzionlibreria.com","url":"https:\/\/tzionlibreria.com\/","logo":{"@type":"ImageObject","inLanguage":"es-CO","@id":"https:\/\/tzionlibreria.com\/#\/schema\/logo\/image\/","url":"https:\/\/tzionlibreria.com\/wp-content\/uploads\/2023\/10\/cropped-Cuadricula-scaled-1.jpg","contentUrl":"https:\/\/tzionlibreria.com\/wp-content\/uploads\/2023\/10\/cropped-Cuadricula-scaled-1.jpg","width":2560,"height":2560,"caption":"tzionlibreria.com"},"image":{"@id":"https:\/\/tzionlibreria.com\/#\/schema\/logo\/image\/"}}]}},"jetpack_sharing_enabled":true,"_links":{"self":[{"href":"https:\/\/tzionlibreria.com\/index.php\/wp-json\/wp\/v2\/product\/4448","targetHints":{"allow":["GET"]}}],"collection":[{"href":"https:\/\/tzionlibreria.com\/index.php\/wp-json\/wp\/v2\/product"}],"about":[{"href":"https:\/\/tzionlibreria.com\/index.php\/wp-json\/wp\/v2\/types\/product"}],"replies":[{"embeddable":true,"href":"https:\/\/tzionlibreria.com\/index.php\/wp-json\/wp\/v2\/comments?post=4448"}],"wp:featuredmedia":[{"embeddable":true,"href":"https:\/\/tzionlibreria.com\/index.php\/wp-json\/wp\/v2\/media\/4449"}],"wp:attachment":[{"href":"https:\/\/tzionlibreria.com\/index.php\/wp-json\/wp\/v2\/media?parent=4448"}],"wp:term":[{"taxonomy":"product_brand","embeddable":true,"href":"https:\/\/tzionlibreria.com\/index.php\/wp-json\/wp\/v2\/product_brand?post=4448"},{"taxonomy":"product_cat","embeddable":true,"href":"https:\/\/tzionlibreria.com\/index.php\/wp-json\/wp\/v2\/product_cat?post=4448"},{"taxonomy":"product_tag","embeddable":true,"href":"https:\/\/tzionlibreria.com\/index.php\/wp-json\/wp\/v2\/product_tag?post=4448"}],"curies":[{"name":"wp","href":"https:\/\/api.w.org\/{rel}","templated":true}]}}