{"id":4591,"date":"2024-12-27T18:08:54","date_gmt":"2024-12-27T18:08:54","guid":{"rendered":"https:\/\/tzionlibreria.com\/?post_type=product&#038;p=4591"},"modified":"2024-12-27T18:09:50","modified_gmt":"2024-12-27T18:09:50","slug":"nuestro-pan-diario-volumen-29-familia","status":"publish","type":"product","link":"https:\/\/tzionlibreria.com\/index.php\/product\/nuestro-pan-diario-volumen-29-familia\/","title":{"rendered":"Nuestro Pan Diario Volumen 29 &#8211; Familia"},"content":{"rendered":"<p>En primer lugar, Nuestro Pan Diario\/Volumen 29\/Familia, Todos los a\u00f1os, millones de lectores acuden a las p\u00e1ginas de este amado devocionario para encontrar inspiraci\u00f3n, consuelo, paz y esperanza.<\/p>\n<p>Adem\u00e1s, Como cada nuevo d\u00eda es un regalo de Dios, \u00bfpor qu\u00e9 no empezarlo pasando tiempo con \u00c9l? La vida cotidiana trae innumerables decisiones dif\u00edciles y circunstancias complicadas.<\/p>\n<p>As\u00ed mismo la Edici\u00f3n Anual del devocionario Nuestro Pan Diario ofrece sabidur\u00eda y \u00e1nimo basados en la Biblia.<\/p>\n<p><strong>Meditaciones breves, con pasajes escriturales y pensamientos inspiradores.<\/strong><\/p>\n<p>Por lo tanto, El Se\u00f1or provee de much\u00edsimas maneras. Dios est\u00e1 gui\u00e1ndonos a abrir caminos y despejar sendas para alcanzar a personas en todo el mundo para su reino.<\/p>\n<p><em><strong>Descubre c\u00f3mo puedes seguir adelante en la vida con una esperanza segura, a medida que aumenta tu conocimiento de lo que realmente le importa a Dios.\u00a0<\/strong><\/em><\/p>\n<div class=\"layoutArea\">\n<div class=\"column\">\n<p><em><strong>Las meditaciones de este devocional Nuestro Pan Diario hablan directamente a tu coraz\u00f3n mediante:<\/strong><\/em><\/p>\n<ul>\n<li>Una meditaci\u00f3n para cada d\u00eda del a\u00f1o<\/li>\n<li>Lecturas y vers\u00edculos b\u00edblicos sobre el tema<\/li>\n<li>Ejemplos pr\u00e1cticos e ilustraciones oportunas<\/li>\n<li>Plan de lectura de la Biblia en un a\u00f1o\u00a0Y una reflexi\u00f3n que te inspirar\u00e1<\/li>\n<\/ul>\n<p>&nbsp;<\/p>\n<p><strong>ISBN<\/strong>: 9781646412068<br \/>\n<strong>Dimensiones<\/strong>: 103 x 152 x 15 mm<br \/>\n<strong>Peso<\/strong>: 0,205kg<br \/>\n<strong>Cubierta<\/strong>: R\u00fastica<br \/>\n<strong>N\u00famero de p\u00e1ginas<\/strong>: 365<br \/>\n<strong>Fecha de lanzamiento<\/strong>: 10.10.2024<br \/>\n<strong>Idioma<\/strong>: Espa\u00f1ol<\/p>\n<\/div>\n<\/div>\n","protected":false},"excerpt":{"rendered":"<p>En primer lugar, Nuestro Pan Diario\/Volumen 29\/Familia, Todos los a\u00f1os, millones de lectores acuden a las p\u00e1ginas de este amado devocionario para encontrar inspiraci\u00f3n, consuelo, paz y esperanza. Adem\u00e1s, Como cada nuevo d\u00eda es un regalo de Dios, \u00bfpor qu\u00e9 no empezarlo pasando tiempo con \u00c9l? La vida cotidiana trae innumerables decisiones dif\u00edciles y circunstancias [&hellip;]<\/p>\n","protected":false},"featured_media":4592,"comment_status":"open","ping_status":"closed","template":"","meta":{"om_disable_all_campaigns":false,"_monsterinsights_skip_tracking":false,"_monsterinsights_sitenote_active":false,"_monsterinsights_sitenote_note":"","_monsterinsights_sitenote_category":0,"site-sidebar-layout":"default","site-content-layout":"","ast-site-content-layout":"default","site-content-style":"default","site-sidebar-style":"default","ast-global-header-display":"","ast-banner-title-visibility":"","ast-main-header-display":"","ast-hfb-above-header-display":"","ast-hfb-below-header-display":"","ast-hfb-mobile-header-display":"","site-post-title":"","ast-breadcrumbs-content":"","ast-featured-img":"","footer-sml-layout":"","ast-disable-related-posts":"","theme-transparent-header-meta":"default","adv-header-id-meta":"","stick-header-meta":"","header-above-stick-meta":"","header-main-stick-meta":"","header-below-stick-meta":"","astra-migrate-meta-layouts":"set","ast-page-background-enabled":"default","ast-page-background-meta":{"desktop":{"background-color":"var(--ast-global-color-4)","background-image":"","background-repeat":"repeat","background-position":"center center","background-size":"auto","background-attachment":"scroll","background-type":"","background-media":"","overlay-type":"","overlay-color":"","overlay-opacity":"","overlay-gradient":""},"tablet":{"background-color":"","background-image":"","background-repeat":"repeat","background-position":"center center","background-size":"auto","background-attachment":"scroll","background-type":"","background-media":"","overlay-type":"","overlay-color":"","overlay-opacity":"","overlay-gradient":""},"mobile":{"background-color":"","background-image":"","background-repeat":"repeat","background-position":"center center","background-size":"auto","background-attachment":"scroll","background-type":"","background-media":"","overlay-type":"","overlay-color":"","overlay-opacity":"","overlay-gradient":""}},"ast-content-background-meta":{"desktop":{"background-color":"var(--ast-global-color-5)","background-image":"","background-repeat":"repeat","background-position":"center center","background-size":"auto","background-attachment":"scroll","background-type":"","background-media":"","overlay-type":"","overlay-color":"","overlay-opacity":"","overlay-gradient":""},"tablet":{"background-color":"var(--ast-global-color-5)","background-image":"","background-repeat":"repeat","background-position":"center center","background-size":"auto","background-attachment":"scroll","background-type":"","background-media":"","overlay-type":"","overlay-color":"","overlay-opacity":"","overlay-gradient":""},"mobile":{"background-color":"var(--ast-global-color-5)","background-image":"","background-repeat":"repeat","background-position":"center center","background-size":"auto","background-attachment":"scroll","background-type":"","background-media":"","overlay-type":"","overlay-color":"","overlay-opacity":"","overlay-gradient":""}}},"product_brand":[],"product_cat":[24],"product_tag":[],"class_list":{"0":"post-4591","1":"product","2":"type-product","3":"status-publish","4":"has-post-thumbnail","6":"product_cat-devocionales","7":"desktop-align-left","8":"tablet-align-left","9":"mobile-align-left","11":"first","12":"instock","13":"shipping-taxable","14":"purchasable","15":"product-type-simple"},"yoast_head":"<!-- This site is optimized with the Yoast SEO plugin v27.4 - https:\/\/yoast.com\/product\/yoast-seo-wordpress\/ -->\n<title>Nuestro Pan Diario Volumen 29 - Familia - tzionlibreria.com<\/title>\n<meta name=\"description\" content=\"Devocionario Nuestro Pan Diario ofrece sabidur\u00eda y \u00e1nimo basados en la Biblia.Meditaciones breves, con pasajes escriturales y pensamientos inspiradores.\" \/>\n<meta name=\"robots\" content=\"index, follow, max-snippet:-1, max-image-preview:large, max-video-preview:-1\" \/>\n<link rel=\"canonical\" href=\"https:\/\/tzionlibreria.com\/index.php\/product\/nuestro-pan-diario-volumen-29-familia\/\" \/>\n<meta property=\"og:locale\" content=\"es_ES\" \/>\n<meta property=\"og:type\" content=\"article\" \/>\n<meta property=\"og:title\" content=\"Nuestro Pan Diario Volumen 29 - Familia - tzionlibreria.com\" \/>\n<meta property=\"og:description\" content=\"Devocionario Nuestro Pan Diario ofrece sabidur\u00eda y \u00e1nimo basados en la Biblia.Meditaciones breves, con pasajes escriturales y pensamientos inspiradores.\" \/>\n<meta property=\"og:url\" content=\"https:\/\/tzionlibreria.com\/index.php\/product\/nuestro-pan-diario-volumen-29-familia\/\" \/>\n<meta property=\"og:site_name\" content=\"tzionlibreria.com\" \/>\n<meta property=\"article:modified_time\" content=\"2024-12-27T18:09:50+00:00\" \/>\n<meta property=\"og:image\" content=\"http:\/\/tzionlibreria.com\/wp-content\/uploads\/2024\/12\/pandiario.png\" \/>\n\t<meta property=\"og:image:width\" content=\"1080\" \/>\n\t<meta property=\"og:image:height\" content=\"1080\" \/>\n\t<meta property=\"og:image:type\" content=\"image\/png\" \/>\n<meta name=\"twitter:card\" content=\"summary_large_image\" \/>\n<meta name=\"twitter:label1\" content=\"Tiempo de lectura\" \/>\n\t<meta name=\"twitter:data1\" content=\"2 minutos\" \/>\n<script type=\"application\/ld+json\" class=\"yoast-schema-graph\">{\"@context\":\"https:\\\/\\\/schema.org\",\"@graph\":[{\"@type\":\"WebPage\",\"@id\":\"https:\\\/\\\/tzionlibreria.com\\\/index.php\\\/product\\\/nuestro-pan-diario-volumen-29-familia\\\/\",\"url\":\"https:\\\/\\\/tzionlibreria.com\\\/index.php\\\/product\\\/nuestro-pan-diario-volumen-29-familia\\\/\",\"name\":\"Nuestro Pan Diario Volumen 29 - Familia - tzionlibreria.com\",\"isPartOf\":{\"@id\":\"https:\\\/\\\/tzionlibreria.com\\\/#website\"},\"primaryImageOfPage\":{\"@id\":\"https:\\\/\\\/tzionlibreria.com\\\/index.php\\\/product\\\/nuestro-pan-diario-volumen-29-familia\\\/#primaryimage\"},\"image\":{\"@id\":\"https:\\\/\\\/tzionlibreria.com\\\/index.php\\\/product\\\/nuestro-pan-diario-volumen-29-familia\\\/#primaryimage\"},\"thumbnailUrl\":\"https:\\\/\\\/tzionlibreria.com\\\/wp-content\\\/uploads\\\/2024\\\/12\\\/pandiario.png\",\"datePublished\":\"2024-12-27T18:08:54+00:00\",\"dateModified\":\"2024-12-27T18:09:50+00:00\",\"description\":\"Devocionario Nuestro Pan Diario ofrece sabidur\u00eda y \u00e1nimo basados en la Biblia.Meditaciones breves, con pasajes escriturales y pensamientos inspiradores.\",\"breadcrumb\":{\"@id\":\"https:\\\/\\\/tzionlibreria.com\\\/index.php\\\/product\\\/nuestro-pan-diario-volumen-29-familia\\\/#breadcrumb\"},\"inLanguage\":\"es-CO\",\"potentialAction\":[{\"@type\":\"ReadAction\",\"target\":[\"https:\\\/\\\/tzionlibreria.com\\\/index.php\\\/product\\\/nuestro-pan-diario-volumen-29-familia\\\/\"]}]},{\"@type\":\"ImageObject\",\"inLanguage\":\"es-CO\",\"@id\":\"https:\\\/\\\/tzionlibreria.com\\\/index.php\\\/product\\\/nuestro-pan-diario-volumen-29-familia\\\/#primaryimage\",\"url\":\"https:\\\/\\\/tzionlibreria.com\\\/wp-content\\\/uploads\\\/2024\\\/12\\\/pandiario.png\",\"contentUrl\":\"https:\\\/\\\/tzionlibreria.com\\\/wp-content\\\/uploads\\\/2024\\\/12\\\/pandiario.png\",\"width\":1080,\"height\":1080},{\"@type\":\"BreadcrumbList\",\"@id\":\"https:\\\/\\\/tzionlibreria.com\\\/index.php\\\/product\\\/nuestro-pan-diario-volumen-29-familia\\\/#breadcrumb\",\"itemListElement\":[{\"@type\":\"ListItem\",\"position\":1,\"name\":\"Inicio\",\"item\":\"https:\\\/\\\/tzionlibreria.com\\\/\"},{\"@type\":\"ListItem\",\"position\":2,\"name\":\"Shop\",\"item\":\"https:\\\/\\\/tzionlibreria.com\\\/index.php\\\/shop\\\/\"},{\"@type\":\"ListItem\",\"position\":3,\"name\":\"Nuestro Pan Diario Volumen 29 &#8211; Familia\"}]},{\"@type\":\"WebSite\",\"@id\":\"https:\\\/\\\/tzionlibreria.com\\\/#website\",\"url\":\"https:\\\/\\\/tzionlibreria.com\\\/\",\"name\":\"tzionlibreria.com\",\"description\":\"Libreria Cristiana Venezuela\",\"publisher\":{\"@id\":\"https:\\\/\\\/tzionlibreria.com\\\/#organization\"},\"potentialAction\":[{\"@type\":\"SearchAction\",\"target\":{\"@type\":\"EntryPoint\",\"urlTemplate\":\"https:\\\/\\\/tzionlibreria.com\\\/?s={search_term_string}\"},\"query-input\":{\"@type\":\"PropertyValueSpecification\",\"valueRequired\":true,\"valueName\":\"search_term_string\"}}],\"inLanguage\":\"es-CO\"},{\"@type\":\"Organization\",\"@id\":\"https:\\\/\\\/tzionlibreria.com\\\/#organization\",\"name\":\"tzionlibreria.com\",\"url\":\"https:\\\/\\\/tzionlibreria.com\\\/\",\"logo\":{\"@type\":\"ImageObject\",\"inLanguage\":\"es-CO\",\"@id\":\"https:\\\/\\\/tzionlibreria.com\\\/#\\\/schema\\\/logo\\\/image\\\/\",\"url\":\"https:\\\/\\\/tzionlibreria.com\\\/wp-content\\\/uploads\\\/2023\\\/10\\\/cropped-Cuadricula-scaled-1.jpg\",\"contentUrl\":\"https:\\\/\\\/tzionlibreria.com\\\/wp-content\\\/uploads\\\/2023\\\/10\\\/cropped-Cuadricula-scaled-1.jpg\",\"width\":2560,\"height\":2560,\"caption\":\"tzionlibreria.com\"},\"image\":{\"@id\":\"https:\\\/\\\/tzionlibreria.com\\\/#\\\/schema\\\/logo\\\/image\\\/\"}}]}<\/script>\n<!-- \/ Yoast SEO plugin. -->","yoast_head_json":{"title":"Nuestro Pan Diario Volumen 29 - Familia - tzionlibreria.com","description":"Devocionario Nuestro Pan Diario ofrece sabidur\u00eda y \u00e1nimo basados en la Biblia.Meditaciones breves, con pasajes escriturales y pensamientos inspiradores.","robots":{"index":"index","follow":"follow","max-snippet":"max-snippet:-1","max-image-preview":"max-image-preview:large","max-video-preview":"max-video-preview:-1"},"canonical":"https:\/\/tzionlibreria.com\/index.php\/product\/nuestro-pan-diario-volumen-29-familia\/","og_locale":"es_ES","og_type":"article","og_title":"Nuestro Pan Diario Volumen 29 - Familia - tzionlibreria.com","og_description":"Devocionario Nuestro Pan Diario ofrece sabidur\u00eda y \u00e1nimo basados en la Biblia.Meditaciones breves, con pasajes escriturales y pensamientos inspiradores.","og_url":"https:\/\/tzionlibreria.com\/index.php\/product\/nuestro-pan-diario-volumen-29-familia\/","og_site_name":"tzionlibreria.com","article_modified_time":"2024-12-27T18:09:50+00:00","og_image":[{"width":1080,"height":1080,"url":"http:\/\/tzionlibreria.com\/wp-content\/uploads\/2024\/12\/pandiario.png","type":"image\/png"}],"twitter_card":"summary_large_image","twitter_misc":{"Tiempo de lectura":"2 minutos"},"schema":{"@context":"https:\/\/schema.org","@graph":[{"@type":"WebPage","@id":"https:\/\/tzionlibreria.com\/index.php\/product\/nuestro-pan-diario-volumen-29-familia\/","url":"https:\/\/tzionlibreria.com\/index.php\/product\/nuestro-pan-diario-volumen-29-familia\/","name":"Nuestro Pan Diario Volumen 29 - Familia - tzionlibreria.com","isPartOf":{"@id":"https:\/\/tzionlibreria.com\/#website"},"primaryImageOfPage":{"@id":"https:\/\/tzionlibreria.com\/index.php\/product\/nuestro-pan-diario-volumen-29-familia\/#primaryimage"},"image":{"@id":"https:\/\/tzionlibreria.com\/index.php\/product\/nuestro-pan-diario-volumen-29-familia\/#primaryimage"},"thumbnailUrl":"https:\/\/tzionlibreria.com\/wp-content\/uploads\/2024\/12\/pandiario.png","datePublished":"2024-12-27T18:08:54+00:00","dateModified":"2024-12-27T18:09:50+00:00","description":"Devocionario Nuestro Pan Diario ofrece sabidur\u00eda y \u00e1nimo basados en la Biblia.Meditaciones breves, con pasajes escriturales y pensamientos inspiradores.","breadcrumb":{"@id":"https:\/\/tzionlibreria.com\/index.php\/product\/nuestro-pan-diario-volumen-29-familia\/#breadcrumb"},"inLanguage":"es-CO","potentialAction":[{"@type":"ReadAction","target":["https:\/\/tzionlibreria.com\/index.php\/product\/nuestro-pan-diario-volumen-29-familia\/"]}]},{"@type":"ImageObject","inLanguage":"es-CO","@id":"https:\/\/tzionlibreria.com\/index.php\/product\/nuestro-pan-diario-volumen-29-familia\/#primaryimage","url":"https:\/\/tzionlibreria.com\/wp-content\/uploads\/2024\/12\/pandiario.png","contentUrl":"https:\/\/tzionlibreria.com\/wp-content\/uploads\/2024\/12\/pandiario.png","width":1080,"height":1080},{"@type":"BreadcrumbList","@id":"https:\/\/tzionlibreria.com\/index.php\/product\/nuestro-pan-diario-volumen-29-familia\/#breadcrumb","itemListElement":[{"@type":"ListItem","position":1,"name":"Inicio","item":"https:\/\/tzionlibreria.com\/"},{"@type":"ListItem","position":2,"name":"Shop","item":"https:\/\/tzionlibreria.com\/index.php\/shop\/"},{"@type":"ListItem","position":3,"name":"Nuestro Pan Diario Volumen 29 &#8211; Familia"}]},{"@type":"WebSite","@id":"https:\/\/tzionlibreria.com\/#website","url":"https:\/\/tzionlibreria.com\/","name":"tzionlibreria.com","description":"Libreria Cristiana Venezuela","publisher":{"@id":"https:\/\/tzionlibreria.com\/#organization"},"potentialAction":[{"@type":"SearchAction","target":{"@type":"EntryPoint","urlTemplate":"https:\/\/tzionlibreria.com\/?s={search_term_string}"},"query-input":{"@type":"PropertyValueSpecification","valueRequired":true,"valueName":"search_term_string"}}],"inLanguage":"es-CO"},{"@type":"Organization","@id":"https:\/\/tzionlibreria.com\/#organization","name":"tzionlibreria.com","url":"https:\/\/tzionlibreria.com\/","logo":{"@type":"ImageObject","inLanguage":"es-CO","@id":"https:\/\/tzionlibreria.com\/#\/schema\/logo\/image\/","url":"https:\/\/tzionlibreria.com\/wp-content\/uploads\/2023\/10\/cropped-Cuadricula-scaled-1.jpg","contentUrl":"https:\/\/tzionlibreria.com\/wp-content\/uploads\/2023\/10\/cropped-Cuadricula-scaled-1.jpg","width":2560,"height":2560,"caption":"tzionlibreria.com"},"image":{"@id":"https:\/\/tzionlibreria.com\/#\/schema\/logo\/image\/"}}]}},"jetpack_sharing_enabled":true,"_links":{"self":[{"href":"https:\/\/tzionlibreria.com\/index.php\/wp-json\/wp\/v2\/product\/4591","targetHints":{"allow":["GET"]}}],"collection":[{"href":"https:\/\/tzionlibreria.com\/index.php\/wp-json\/wp\/v2\/product"}],"about":[{"href":"https:\/\/tzionlibreria.com\/index.php\/wp-json\/wp\/v2\/types\/product"}],"replies":[{"embeddable":true,"href":"https:\/\/tzionlibreria.com\/index.php\/wp-json\/wp\/v2\/comments?post=4591"}],"wp:featuredmedia":[{"embeddable":true,"href":"https:\/\/tzionlibreria.com\/index.php\/wp-json\/wp\/v2\/media\/4592"}],"wp:attachment":[{"href":"https:\/\/tzionlibreria.com\/index.php\/wp-json\/wp\/v2\/media?parent=4591"}],"wp:term":[{"taxonomy":"product_brand","embeddable":true,"href":"https:\/\/tzionlibreria.com\/index.php\/wp-json\/wp\/v2\/product_brand?post=4591"},{"taxonomy":"product_cat","embeddable":true,"href":"https:\/\/tzionlibreria.com\/index.php\/wp-json\/wp\/v2\/product_cat?post=4591"},{"taxonomy":"product_tag","embeddable":true,"href":"https:\/\/tzionlibreria.com\/index.php\/wp-json\/wp\/v2\/product_tag?post=4591"}],"curies":[{"name":"wp","href":"https:\/\/api.w.org\/{rel}","templated":true}]}}