{"id":4930,"date":"2025-01-10T15:55:51","date_gmt":"2025-01-10T15:55:51","guid":{"rendered":"https:\/\/tzionlibreria.com\/?post_type=product&#038;p=4930"},"modified":"2025-06-03T23:42:05","modified_gmt":"2025-06-03T23:42:05","slug":"la-biblia-catolica-de-apuntes-lbla-tapa-dura-tela-azul","status":"publish","type":"product","link":"https:\/\/tzionlibreria.com\/index.php\/product\/la-biblia-catolica-de-apuntes-lbla-tapa-dura-tela-azul\/","title":{"rendered":"La Biblia Cat\u00f3lica de Apuntes LBLA Tapa dura Tela Azul"},"content":{"rendered":"<div class=\"ast-oembed-container \" style=\"height: 100%;\"><iframe title=\"Biblia Cat\u00f3lica de Apuntes Tapa dura Azul\" width=\"500\" height=\"281\" src=\"https:\/\/www.youtube.com\/embed\/oJkgW5JxLfU?feature=oembed\" frameborder=\"0\" allow=\"accelerometer; autoplay; clipboard-write; encrypted-media; gyroscope; picture-in-picture; web-share\" referrerpolicy=\"strict-origin-when-cross-origin\" allowfullscreen><\/iframe><\/div>\n<p>&nbsp;<\/p>\n<p><strong><span class=\"a-text-bold\">Mucho m\u00e1s que una Biblia de notas<\/span><\/strong><\/p>\n<p><span class=\"a-text-bold\">La<\/span><span class=\"a-text-bold a-text-italic\">\u00a0Biblia de Apuntes versi\u00f3n cat\u00f3lica<\/span>, es perfecta para quienes desean interactuar m\u00e1s profundamente con las Escrituras tomando notas, escribiendo en un diario art\u00edstico o copiando a mano sus vers\u00edculos favoritos. Con sus m\u00e1rgenes amplios y su papel b\u00edblico grueso y opaco, esta hermosa edici\u00f3n de la Biblia le invita a registrar sus interacciones con la Palabra de Dios.<\/p>\n<p><strong><span class=\"a-text-bold\">Sobre la Biblia de Am\u00e9rica<\/span><\/strong><\/p>\n<p>Esta traducci\u00f3n completa de los textos originales est\u00e1 aprobada por la Conferencia Episcopal de M\u00e9xico y con la autoridad de las Conferencias Episcopales de Colombia y Chile. Su car\u00e1cter pastoral, una importante consideraci\u00f3n del equipo de traducci\u00f3n, formado por m\u00e1s de 40 destacados estudiosos de la Escritura, la convierte en una excelente opci\u00f3n tanto para los laicos como para los religiosos y sacerdotes.<\/p>\n<p><span class=\"a-text-bold\">Caracter\u00edsticas<\/span><\/p>\n<ul class=\"a-unordered-list a-vertical\">\n<li><span class=\"a-list-item\">Canon cat\u00f3lico completo de la traducci\u00f3n Biblia de Am\u00e9rica<\/span><\/li>\n<li><span class=\"a-list-item\">Exclusivo tipo de letra Comfort Print \u00ae de Editorial Cat\u00f3lica<\/span><\/li>\n<li><span class=\"a-list-item\">Formato de texto b\u00edblico a una columna<\/span><\/li>\n<li><span class=\"a-list-item\">Amplios m\u00e1rgenes para notas y creatividad<\/span><\/li>\n<li><span class=\"a-list-item\">Citas de pasajes paralelos<\/span><\/li>\n<li><span class=\"a-list-item\">Vocabulario b\u00edblico<\/span><\/li>\n<li><span class=\"a-list-item\">Interior a dos colores<\/span><\/li>\n<li><span class=\"a-list-item\">Cinta marcadora<\/span><\/li>\n<\/ul>\n<h3>Biograf\u00eda del autor<\/h3>\n<div class=\"a-section a-spacing-small a-padding-small\">\n<p>La misi\u00f3n de Editorial Cat\u00f3lica es ofrecer al cuerpo de Cristo, hermosas Biblias en diversas presentaciones y en una variedad de acabados de la m\u00e1s alta calidad para satisfacer las necesidades de la Iglesia y sus feligreses.<\/p>\n<p>La Casa de la Biblia fue fundada en 1964 por un grupo de biblistas que trabajaron incansablemente en los a\u00f1os del postconcilio para difundir la Palabra de Dios a trav\u00e9s de ediciones del texto b\u00edblico, publicaciones, cursos en torno a la Escritura y semanas b\u00edblicas.<\/p>\n<p>El principal objetivo de La Casa de la Biblia es ofrecer un servicio serio y eficaz a las comunidades y organizaciones de la Iglesia para facilitar el acceso de todos los creyentes a la Escritura.<\/p>\n<p>Representando a la Conferencia Episcopal Espa\u00f1ola, La Casa de la Biblia es miembro activo de la Federaci\u00f3n B\u00edblica Cat\u00f3lica, coordina las actividades de la Federaci\u00f3n en Espa\u00f1a y mantiene contacto con otras instituciones dedicadas a la formaci\u00f3n y la pastoral b\u00edblica en Espa\u00f1a. La Casa de la Biblia pertenece a la Hermandad de Sacerdotes Operarios Diocesanos.<\/p>\n<\/div>\n<p>&nbsp;<\/p>\n<ul class=\"a-unordered-list a-nostyle a-vertical a-spacing-none detail-bullet-list\">\n<li><span class=\"a-list-item\"><span class=\"a-text-bold\">Editorial :<\/span>Catolica (7 Marzo 2023)<\/span><\/li>\n<li><span class=\"a-list-item\"><span class=\"a-text-bold\">Idioma : \u200e<\/span>Espa\u00f1ol<\/span><\/li>\n<li><span class=\"a-list-item\"><span class=\"a-text-bold\">Tapa dura : \u200e <\/span>1728 p\u00e1ginas<\/span><\/li>\n<li><span class=\"a-list-item\"><span class=\"a-text-bold\">ISBN : <\/span>9781400238149<\/span><\/li>\n<\/ul>\n","protected":false},"excerpt":{"rendered":"<p>&nbsp; Mucho m\u00e1s que una Biblia de notas La\u00a0Biblia de Apuntes versi\u00f3n cat\u00f3lica, es perfecta para quienes desean interactuar m\u00e1s profundamente con las Escrituras tomando notas, escribiendo en un diario art\u00edstico o copiando a mano sus vers\u00edculos favoritos. Con sus m\u00e1rgenes amplios y su papel b\u00edblico grueso y opaco, esta hermosa edici\u00f3n de la Biblia [&hellip;]<\/p>\n","protected":false},"featured_media":4932,"comment_status":"open","ping_status":"closed","template":"","meta":{"om_disable_all_campaigns":false,"_monsterinsights_skip_tracking":false,"_monsterinsights_sitenote_active":false,"_monsterinsights_sitenote_note":"","_monsterinsights_sitenote_category":0,"site-sidebar-layout":"default","site-content-layout":"","ast-site-content-layout":"default","site-content-style":"default","site-sidebar-style":"default","ast-global-header-display":"","ast-banner-title-visibility":"","ast-main-header-display":"","ast-hfb-above-header-display":"","ast-hfb-below-header-display":"","ast-hfb-mobile-header-display":"","site-post-title":"","ast-breadcrumbs-content":"","ast-featured-img":"","footer-sml-layout":"","ast-disable-related-posts":"","theme-transparent-header-meta":"default","adv-header-id-meta":"","stick-header-meta":"","header-above-stick-meta":"","header-main-stick-meta":"","header-below-stick-meta":"","astra-migrate-meta-layouts":"set","ast-page-background-enabled":"default","ast-page-background-meta":{"desktop":{"background-color":"var(--ast-global-color-4)","background-image":"","background-repeat":"repeat","background-position":"center center","background-size":"auto","background-attachment":"scroll","background-type":"","background-media":"","overlay-type":"","overlay-color":"","overlay-opacity":"","overlay-gradient":""},"tablet":{"background-color":"","background-image":"","background-repeat":"repeat","background-position":"center center","background-size":"auto","background-attachment":"scroll","background-type":"","background-media":"","overlay-type":"","overlay-color":"","overlay-opacity":"","overlay-gradient":""},"mobile":{"background-color":"","background-image":"","background-repeat":"repeat","background-position":"center center","background-size":"auto","background-attachment":"scroll","background-type":"","background-media":"","overlay-type":"","overlay-color":"","overlay-opacity":"","overlay-gradient":""}},"ast-content-background-meta":{"desktop":{"background-color":"var(--ast-global-color-5)","background-image":"","background-repeat":"repeat","background-position":"center center","background-size":"auto","background-attachment":"scroll","background-type":"","background-media":"","overlay-type":"","overlay-color":"","overlay-opacity":"","overlay-gradient":""},"tablet":{"background-color":"var(--ast-global-color-5)","background-image":"","background-repeat":"repeat","background-position":"center center","background-size":"auto","background-attachment":"scroll","background-type":"","background-media":"","overlay-type":"","overlay-color":"","overlay-opacity":"","overlay-gradient":""},"mobile":{"background-color":"var(--ast-global-color-5)","background-image":"","background-repeat":"repeat","background-position":"center center","background-size":"auto","background-attachment":"scroll","background-type":"","background-media":"","overlay-type":"","overlay-color":"","overlay-opacity":"","overlay-gradient":""}}},"product_brand":[],"product_cat":[22,33],"product_tag":[119],"class_list":{"0":"post-4930","1":"product","2":"type-product","3":"status-publish","4":"has-post-thumbnail","6":"product_cat-biblias","7":"product_cat-biblias-dhh-o-catolicas","8":"product_tag-catolica","9":"desktop-align-left","10":"tablet-align-left","11":"mobile-align-left","13":"first","14":"instock","15":"shipping-taxable","16":"purchasable","17":"product-type-simple"},"yoast_head":"<!-- This site is optimized with the Yoast SEO plugin v27.4 - https:\/\/yoast.com\/product\/yoast-seo-wordpress\/ -->\n<title>La Biblia Cat\u00f3lica de Apuntes LBLA Tapa dura Tela Azul - tzionlibreria.com<\/title>\n<meta name=\"description\" content=\"La Biblia de Apuntes versi\u00f3n cat\u00f3lica es perfecta para quienes desean interactuar m\u00e1s profundamente con las Escrituras escribiendo en un diario art\u00edstico.\" \/>\n<meta name=\"robots\" content=\"index, follow, max-snippet:-1, max-image-preview:large, max-video-preview:-1\" \/>\n<link rel=\"canonical\" href=\"https:\/\/tzionlibreria.com\/index.php\/product\/la-biblia-catolica-de-apuntes-lbla-tapa-dura-tela-azul\/\" \/>\n<meta property=\"og:locale\" content=\"es_ES\" \/>\n<meta property=\"og:type\" content=\"article\" \/>\n<meta property=\"og:title\" content=\"La Biblia Cat\u00f3lica de Apuntes LBLA Tapa dura Tela Azul - tzionlibreria.com\" \/>\n<meta property=\"og:description\" content=\"La Biblia de Apuntes versi\u00f3n cat\u00f3lica es perfecta para quienes desean interactuar m\u00e1s profundamente con las Escrituras escribiendo en un diario art\u00edstico.\" \/>\n<meta property=\"og:url\" content=\"https:\/\/tzionlibreria.com\/index.php\/product\/la-biblia-catolica-de-apuntes-lbla-tapa-dura-tela-azul\/\" \/>\n<meta property=\"og:site_name\" content=\"tzionlibreria.com\" \/>\n<meta property=\"article:modified_time\" content=\"2025-06-03T23:42:05+00:00\" \/>\n<meta property=\"og:image\" content=\"http:\/\/tzionlibreria.com\/wp-content\/uploads\/2025\/01\/16-2.png\" \/>\n\t<meta property=\"og:image:width\" content=\"1080\" \/>\n\t<meta property=\"og:image:height\" content=\"1080\" \/>\n\t<meta property=\"og:image:type\" content=\"image\/png\" \/>\n<meta name=\"twitter:card\" content=\"summary_large_image\" \/>\n<meta name=\"twitter:label1\" content=\"Tiempo de lectura\" \/>\n\t<meta name=\"twitter:data1\" content=\"2 minutos\" \/>\n<script type=\"application\/ld+json\" class=\"yoast-schema-graph\">{\"@context\":\"https:\\\/\\\/schema.org\",\"@graph\":[{\"@type\":\"WebPage\",\"@id\":\"https:\\\/\\\/tzionlibreria.com\\\/index.php\\\/product\\\/la-biblia-catolica-de-apuntes-lbla-tapa-dura-tela-azul\\\/\",\"url\":\"https:\\\/\\\/tzionlibreria.com\\\/index.php\\\/product\\\/la-biblia-catolica-de-apuntes-lbla-tapa-dura-tela-azul\\\/\",\"name\":\"La Biblia Cat\u00f3lica de Apuntes LBLA Tapa dura Tela Azul - tzionlibreria.com\",\"isPartOf\":{\"@id\":\"https:\\\/\\\/tzionlibreria.com\\\/#website\"},\"primaryImageOfPage\":{\"@id\":\"https:\\\/\\\/tzionlibreria.com\\\/index.php\\\/product\\\/la-biblia-catolica-de-apuntes-lbla-tapa-dura-tela-azul\\\/#primaryimage\"},\"image\":{\"@id\":\"https:\\\/\\\/tzionlibreria.com\\\/index.php\\\/product\\\/la-biblia-catolica-de-apuntes-lbla-tapa-dura-tela-azul\\\/#primaryimage\"},\"thumbnailUrl\":\"https:\\\/\\\/tzionlibreria.com\\\/wp-content\\\/uploads\\\/2025\\\/01\\\/16-2.png\",\"datePublished\":\"2025-01-10T15:55:51+00:00\",\"dateModified\":\"2025-06-03T23:42:05+00:00\",\"description\":\"La Biblia de Apuntes versi\u00f3n cat\u00f3lica es perfecta para quienes desean interactuar m\u00e1s profundamente con las Escrituras escribiendo en un diario art\u00edstico.\",\"breadcrumb\":{\"@id\":\"https:\\\/\\\/tzionlibreria.com\\\/index.php\\\/product\\\/la-biblia-catolica-de-apuntes-lbla-tapa-dura-tela-azul\\\/#breadcrumb\"},\"inLanguage\":\"es-CO\",\"potentialAction\":[{\"@type\":\"ReadAction\",\"target\":[\"https:\\\/\\\/tzionlibreria.com\\\/index.php\\\/product\\\/la-biblia-catolica-de-apuntes-lbla-tapa-dura-tela-azul\\\/\"]}]},{\"@type\":\"ImageObject\",\"inLanguage\":\"es-CO\",\"@id\":\"https:\\\/\\\/tzionlibreria.com\\\/index.php\\\/product\\\/la-biblia-catolica-de-apuntes-lbla-tapa-dura-tela-azul\\\/#primaryimage\",\"url\":\"https:\\\/\\\/tzionlibreria.com\\\/wp-content\\\/uploads\\\/2025\\\/01\\\/16-2.png\",\"contentUrl\":\"https:\\\/\\\/tzionlibreria.com\\\/wp-content\\\/uploads\\\/2025\\\/01\\\/16-2.png\",\"width\":1080,\"height\":1080},{\"@type\":\"BreadcrumbList\",\"@id\":\"https:\\\/\\\/tzionlibreria.com\\\/index.php\\\/product\\\/la-biblia-catolica-de-apuntes-lbla-tapa-dura-tela-azul\\\/#breadcrumb\",\"itemListElement\":[{\"@type\":\"ListItem\",\"position\":1,\"name\":\"Inicio\",\"item\":\"https:\\\/\\\/tzionlibreria.com\\\/\"},{\"@type\":\"ListItem\",\"position\":2,\"name\":\"Shop\",\"item\":\"https:\\\/\\\/tzionlibreria.com\\\/index.php\\\/shop\\\/\"},{\"@type\":\"ListItem\",\"position\":3,\"name\":\"La Biblia Cat\u00f3lica de Apuntes LBLA Tapa dura Tela Azul\"}]},{\"@type\":\"WebSite\",\"@id\":\"https:\\\/\\\/tzionlibreria.com\\\/#website\",\"url\":\"https:\\\/\\\/tzionlibreria.com\\\/\",\"name\":\"tzionlibreria.com\",\"description\":\"Libreria Cristiana Venezuela\",\"publisher\":{\"@id\":\"https:\\\/\\\/tzionlibreria.com\\\/#organization\"},\"potentialAction\":[{\"@type\":\"SearchAction\",\"target\":{\"@type\":\"EntryPoint\",\"urlTemplate\":\"https:\\\/\\\/tzionlibreria.com\\\/?s={search_term_string}\"},\"query-input\":{\"@type\":\"PropertyValueSpecification\",\"valueRequired\":true,\"valueName\":\"search_term_string\"}}],\"inLanguage\":\"es-CO\"},{\"@type\":\"Organization\",\"@id\":\"https:\\\/\\\/tzionlibreria.com\\\/#organization\",\"name\":\"tzionlibreria.com\",\"url\":\"https:\\\/\\\/tzionlibreria.com\\\/\",\"logo\":{\"@type\":\"ImageObject\",\"inLanguage\":\"es-CO\",\"@id\":\"https:\\\/\\\/tzionlibreria.com\\\/#\\\/schema\\\/logo\\\/image\\\/\",\"url\":\"https:\\\/\\\/tzionlibreria.com\\\/wp-content\\\/uploads\\\/2023\\\/10\\\/cropped-Cuadricula-scaled-1.jpg\",\"contentUrl\":\"https:\\\/\\\/tzionlibreria.com\\\/wp-content\\\/uploads\\\/2023\\\/10\\\/cropped-Cuadricula-scaled-1.jpg\",\"width\":2560,\"height\":2560,\"caption\":\"tzionlibreria.com\"},\"image\":{\"@id\":\"https:\\\/\\\/tzionlibreria.com\\\/#\\\/schema\\\/logo\\\/image\\\/\"}}]}<\/script>\n<!-- \/ Yoast SEO plugin. -->","yoast_head_json":{"title":"La Biblia Cat\u00f3lica de Apuntes LBLA Tapa dura Tela Azul - tzionlibreria.com","description":"La Biblia de Apuntes versi\u00f3n cat\u00f3lica es perfecta para quienes desean interactuar m\u00e1s profundamente con las Escrituras escribiendo en un diario art\u00edstico.","robots":{"index":"index","follow":"follow","max-snippet":"max-snippet:-1","max-image-preview":"max-image-preview:large","max-video-preview":"max-video-preview:-1"},"canonical":"https:\/\/tzionlibreria.com\/index.php\/product\/la-biblia-catolica-de-apuntes-lbla-tapa-dura-tela-azul\/","og_locale":"es_ES","og_type":"article","og_title":"La Biblia Cat\u00f3lica de Apuntes LBLA Tapa dura Tela Azul - tzionlibreria.com","og_description":"La Biblia de Apuntes versi\u00f3n cat\u00f3lica es perfecta para quienes desean interactuar m\u00e1s profundamente con las Escrituras escribiendo en un diario art\u00edstico.","og_url":"https:\/\/tzionlibreria.com\/index.php\/product\/la-biblia-catolica-de-apuntes-lbla-tapa-dura-tela-azul\/","og_site_name":"tzionlibreria.com","article_modified_time":"2025-06-03T23:42:05+00:00","og_image":[{"width":1080,"height":1080,"url":"http:\/\/tzionlibreria.com\/wp-content\/uploads\/2025\/01\/16-2.png","type":"image\/png"}],"twitter_card":"summary_large_image","twitter_misc":{"Tiempo de lectura":"2 minutos"},"schema":{"@context":"https:\/\/schema.org","@graph":[{"@type":"WebPage","@id":"https:\/\/tzionlibreria.com\/index.php\/product\/la-biblia-catolica-de-apuntes-lbla-tapa-dura-tela-azul\/","url":"https:\/\/tzionlibreria.com\/index.php\/product\/la-biblia-catolica-de-apuntes-lbla-tapa-dura-tela-azul\/","name":"La Biblia Cat\u00f3lica de Apuntes LBLA Tapa dura Tela Azul - tzionlibreria.com","isPartOf":{"@id":"https:\/\/tzionlibreria.com\/#website"},"primaryImageOfPage":{"@id":"https:\/\/tzionlibreria.com\/index.php\/product\/la-biblia-catolica-de-apuntes-lbla-tapa-dura-tela-azul\/#primaryimage"},"image":{"@id":"https:\/\/tzionlibreria.com\/index.php\/product\/la-biblia-catolica-de-apuntes-lbla-tapa-dura-tela-azul\/#primaryimage"},"thumbnailUrl":"https:\/\/tzionlibreria.com\/wp-content\/uploads\/2025\/01\/16-2.png","datePublished":"2025-01-10T15:55:51+00:00","dateModified":"2025-06-03T23:42:05+00:00","description":"La Biblia de Apuntes versi\u00f3n cat\u00f3lica es perfecta para quienes desean interactuar m\u00e1s profundamente con las Escrituras escribiendo en un diario art\u00edstico.","breadcrumb":{"@id":"https:\/\/tzionlibreria.com\/index.php\/product\/la-biblia-catolica-de-apuntes-lbla-tapa-dura-tela-azul\/#breadcrumb"},"inLanguage":"es-CO","potentialAction":[{"@type":"ReadAction","target":["https:\/\/tzionlibreria.com\/index.php\/product\/la-biblia-catolica-de-apuntes-lbla-tapa-dura-tela-azul\/"]}]},{"@type":"ImageObject","inLanguage":"es-CO","@id":"https:\/\/tzionlibreria.com\/index.php\/product\/la-biblia-catolica-de-apuntes-lbla-tapa-dura-tela-azul\/#primaryimage","url":"https:\/\/tzionlibreria.com\/wp-content\/uploads\/2025\/01\/16-2.png","contentUrl":"https:\/\/tzionlibreria.com\/wp-content\/uploads\/2025\/01\/16-2.png","width":1080,"height":1080},{"@type":"BreadcrumbList","@id":"https:\/\/tzionlibreria.com\/index.php\/product\/la-biblia-catolica-de-apuntes-lbla-tapa-dura-tela-azul\/#breadcrumb","itemListElement":[{"@type":"ListItem","position":1,"name":"Inicio","item":"https:\/\/tzionlibreria.com\/"},{"@type":"ListItem","position":2,"name":"Shop","item":"https:\/\/tzionlibreria.com\/index.php\/shop\/"},{"@type":"ListItem","position":3,"name":"La Biblia Cat\u00f3lica de Apuntes LBLA Tapa dura Tela Azul"}]},{"@type":"WebSite","@id":"https:\/\/tzionlibreria.com\/#website","url":"https:\/\/tzionlibreria.com\/","name":"tzionlibreria.com","description":"Libreria Cristiana Venezuela","publisher":{"@id":"https:\/\/tzionlibreria.com\/#organization"},"potentialAction":[{"@type":"SearchAction","target":{"@type":"EntryPoint","urlTemplate":"https:\/\/tzionlibreria.com\/?s={search_term_string}"},"query-input":{"@type":"PropertyValueSpecification","valueRequired":true,"valueName":"search_term_string"}}],"inLanguage":"es-CO"},{"@type":"Organization","@id":"https:\/\/tzionlibreria.com\/#organization","name":"tzionlibreria.com","url":"https:\/\/tzionlibreria.com\/","logo":{"@type":"ImageObject","inLanguage":"es-CO","@id":"https:\/\/tzionlibreria.com\/#\/schema\/logo\/image\/","url":"https:\/\/tzionlibreria.com\/wp-content\/uploads\/2023\/10\/cropped-Cuadricula-scaled-1.jpg","contentUrl":"https:\/\/tzionlibreria.com\/wp-content\/uploads\/2023\/10\/cropped-Cuadricula-scaled-1.jpg","width":2560,"height":2560,"caption":"tzionlibreria.com"},"image":{"@id":"https:\/\/tzionlibreria.com\/#\/schema\/logo\/image\/"}}]}},"jetpack_sharing_enabled":true,"_links":{"self":[{"href":"https:\/\/tzionlibreria.com\/index.php\/wp-json\/wp\/v2\/product\/4930","targetHints":{"allow":["GET"]}}],"collection":[{"href":"https:\/\/tzionlibreria.com\/index.php\/wp-json\/wp\/v2\/product"}],"about":[{"href":"https:\/\/tzionlibreria.com\/index.php\/wp-json\/wp\/v2\/types\/product"}],"replies":[{"embeddable":true,"href":"https:\/\/tzionlibreria.com\/index.php\/wp-json\/wp\/v2\/comments?post=4930"}],"wp:featuredmedia":[{"embeddable":true,"href":"https:\/\/tzionlibreria.com\/index.php\/wp-json\/wp\/v2\/media\/4932"}],"wp:attachment":[{"href":"https:\/\/tzionlibreria.com\/index.php\/wp-json\/wp\/v2\/media?parent=4930"}],"wp:term":[{"taxonomy":"product_brand","embeddable":true,"href":"https:\/\/tzionlibreria.com\/index.php\/wp-json\/wp\/v2\/product_brand?post=4930"},{"taxonomy":"product_cat","embeddable":true,"href":"https:\/\/tzionlibreria.com\/index.php\/wp-json\/wp\/v2\/product_cat?post=4930"},{"taxonomy":"product_tag","embeddable":true,"href":"https:\/\/tzionlibreria.com\/index.php\/wp-json\/wp\/v2\/product_tag?post=4930"}],"curies":[{"name":"wp","href":"https:\/\/api.w.org\/{rel}","templated":true}]}}