{"id":538,"date":"2023-10-07T02:31:44","date_gmt":"2023-10-07T02:31:44","guid":{"rendered":"https:\/\/tzionlibreria.com\/?post_type=product&#038;p=538"},"modified":"2025-12-18T14:58:25","modified_gmt":"2025-12-18T14:58:25","slug":"biblia-devocional-para-la-mujer-nvi-tapa-blanda","status":"publish","type":"product","link":"https:\/\/tzionlibreria.com\/index.php\/product\/biblia-devocional-para-la-mujer-nvi-tapa-blanda\/","title":{"rendered":"Biblia Devocional Para La Mujer Nvi Tapa Blanda"},"content":{"rendered":"<div class=\"ast-oembed-container \" style=\"height: 100%;\"><iframe title=\"Biblia Devocional para la Mujer NVI\" width=\"500\" height=\"281\" src=\"https:\/\/www.youtube.com\/embed\/tVK7JAKtDMg?feature=oembed\" frameborder=\"0\" allow=\"accelerometer; autoplay; clipboard-write; encrypted-media; gyroscope; picture-in-picture; web-share\" referrerpolicy=\"strict-origin-when-cross-origin\" allowfullscreen><\/iframe><\/div>\n<p>&nbsp;<\/p>\n<p>Biblia Devocional para la mujer Nueva Versi\u00f3n Internacional Tapa Blanda<\/p>\n<p>La Biblia de la Mujer contiene cincuenta y dos semanas de devocionales. Destacadas mujeres de todo el mundo lo escribieron para llevarle gozo e inspiraci\u00f3n a su vida cada d\u00eda. Incluye un plan de lectura que la ayudar\u00e1 a leer la Biblia, de principio a fin, en un a\u00f1o.<\/p>\n<p>Si usted es una madre joven o una abuela, soltera o casada, le encantar\u00e1 la oportuna y atractiva &#8220;Biblia Devocional de la Mujer&#8221;. Cada d\u00eda de la semana, de lunes a viernes, podr\u00e1 leer un pasaje de las Escrituras junto con un mensaje devocional que contribuir\u00e1 a su crecimiento espiritual.<br \/>\nLos fines de semana hallar\u00e1 poemas, pensamientos notables y curiosidades, junto con sugerencias para la lectura b\u00edblica, que la alentaran en su andar con Dios. POR MUJERES Casi todos los devocionales los escribieron mujeres hispanas reconocidas en sus respectivos pa\u00edses por su buen testimonio y su fiel servicio al Se\u00f1or. Al igual que usted, se levantan cada ma\u00f1ana para enfrentar un d\u00eda lleno de actividades y oportunidades de crecimiento y servicio. Saben que la mujer necesita aliento, consuelo y palabras de esperanza, y eso es lo que han expresado en las meditaciones contenidas en esta Biblia. ACERCA DE MUJERES El amor, el hogar, los hijos, el trabajo, la iglesia, las amistades, la comunidad, se entretejen en el mudo de la mujer.<\/p>\n<p>Por eso, la &#8220;Biblia Devocional de la Mujer&#8221; nos muestra una l\u00facida perspectiva de la Palabra de Dios en los diversos asuntos que enfrentan las mujeres hoy. En sus devocionales, que van de lo alentador a lo conmovedor, encontrar\u00e1 fuerza, inspiraci\u00f3n y comprensi\u00f3n para los problemas de la vida. Adem\u00e1s, la &#8220;Biblia Devocional de la Mujer&#8221; cuenta con un plan de lecturas que le ayudar\u00e1 a leer la Biblia, de principio a fin, en un a\u00f1o. El texto b\u00edblico se tom\u00f3 de la Nueva Versi\u00f3n Internacional, una traducci\u00f3n de las Sagradas Escrituras contempor\u00e1nea y de f\u00e1cil lectura.<\/p>\n<p>Caracter\u00edsticas:<\/p>\n<p>-1792 p\u00e1ginas<br \/>\n-Devocional semanal<br \/>\n-P\u00e1gina de presentaci\u00f3n<br \/>\n-Concordancia breve<br \/>\n-Tabla de pesas, medidas y monedas<br \/>\n-Glosario<br \/>\n-\u00cdndice de t\u00edtulos<br \/>\n-Plan de lectura anual de la Biblia<br \/>\n-Medidas: 21,5 x 14 x 3<br \/>\n-Tama\u00f1o de letra: 9 puntos<\/p>\n<p>Editorial Vida<\/p>\n","protected":false},"excerpt":{"rendered":"<p>&nbsp; Biblia Devocional para la mujer Nueva Versi\u00f3n Internacional Tapa Blanda La Biblia de la Mujer contiene cincuenta y dos semanas de devocionales. Destacadas mujeres de todo el mundo lo escribieron para llevarle gozo e inspiraci\u00f3n a su vida cada d\u00eda. Incluye un plan de lectura que la ayudar\u00e1 a leer la Biblia, de principio [&hellip;]<\/p>\n","protected":false},"featured_media":539,"comment_status":"open","ping_status":"closed","template":"","meta":{"om_disable_all_campaigns":false,"_monsterinsights_skip_tracking":false,"_monsterinsights_sitenote_active":false,"_monsterinsights_sitenote_note":"","_monsterinsights_sitenote_category":0,"site-sidebar-layout":"default","site-content-layout":"","ast-site-content-layout":"default","site-content-style":"default","site-sidebar-style":"default","ast-global-header-display":"","ast-banner-title-visibility":"","ast-main-header-display":"","ast-hfb-above-header-display":"","ast-hfb-below-header-display":"","ast-hfb-mobile-header-display":"","site-post-title":"","ast-breadcrumbs-content":"","ast-featured-img":"","footer-sml-layout":"","ast-disable-related-posts":"","theme-transparent-header-meta":"default","adv-header-id-meta":"","stick-header-meta":"","header-above-stick-meta":"","header-main-stick-meta":"","header-below-stick-meta":"","astra-migrate-meta-layouts":"set","ast-page-background-enabled":"default","ast-page-background-meta":{"desktop":{"background-color":"var(--ast-global-color-4)","background-image":"","background-repeat":"repeat","background-position":"center center","background-size":"auto","background-attachment":"scroll","background-type":"","background-media":"","overlay-type":"","overlay-color":"","overlay-opacity":"","overlay-gradient":""},"tablet":{"background-color":"","background-image":"","background-repeat":"repeat","background-position":"center center","background-size":"auto","background-attachment":"scroll","background-type":"","background-media":"","overlay-type":"","overlay-color":"","overlay-opacity":"","overlay-gradient":""},"mobile":{"background-color":"","background-image":"","background-repeat":"repeat","background-position":"center center","background-size":"auto","background-attachment":"scroll","background-type":"","background-media":"","overlay-type":"","overlay-color":"","overlay-opacity":"","overlay-gradient":""}},"ast-content-background-meta":{"desktop":{"background-color":"var(--ast-global-color-5)","background-image":"","background-repeat":"repeat","background-position":"center center","background-size":"auto","background-attachment":"scroll","background-type":"","background-media":"","overlay-type":"","overlay-color":"","overlay-opacity":"","overlay-gradient":""},"tablet":{"background-color":"var(--ast-global-color-5)","background-image":"","background-repeat":"repeat","background-position":"center center","background-size":"auto","background-attachment":"scroll","background-type":"","background-media":"","overlay-type":"","overlay-color":"","overlay-opacity":"","overlay-gradient":""},"mobile":{"background-color":"var(--ast-global-color-5)","background-image":"","background-repeat":"repeat","background-position":"center center","background-size":"auto","background-attachment":"scroll","background-type":"","background-media":"","overlay-type":"","overlay-color":"","overlay-opacity":"","overlay-gradient":""}}},"product_brand":[],"product_cat":[22,34,32],"product_tag":[43],"class_list":{"0":"post-538","1":"product","2":"type-product","3":"status-publish","4":"has-post-thumbnail","6":"product_cat-biblias","7":"product_cat-biblias-devocionales","8":"product_cat-biblias-nvi","9":"product_tag-nvi","10":"desktop-align-left","11":"tablet-align-left","12":"mobile-align-left","14":"first","15":"instock","16":"shipping-taxable","17":"purchasable","18":"product-type-simple"},"yoast_head":"<!-- This site is optimized with the Yoast SEO plugin v27.4 - https:\/\/yoast.com\/product\/yoast-seo-wordpress\/ -->\n<title>Biblia Devocional Para La Mujer Nvi Tapa Blanda - tzionlibreria.com<\/title>\n<meta name=\"robots\" content=\"index, follow, max-snippet:-1, max-image-preview:large, max-video-preview:-1\" \/>\n<link rel=\"canonical\" href=\"https:\/\/tzionlibreria.com\/index.php\/product\/biblia-devocional-para-la-mujer-nvi-tapa-blanda\/\" \/>\n<meta property=\"og:locale\" content=\"es_ES\" \/>\n<meta property=\"og:type\" content=\"article\" \/>\n<meta property=\"og:title\" content=\"Biblia Devocional Para La Mujer Nvi Tapa Blanda - tzionlibreria.com\" \/>\n<meta property=\"og:description\" content=\"&nbsp; Biblia Devocional para la mujer Nueva Versi\u00f3n Internacional Tapa Blanda La Biblia de la Mujer contiene cincuenta y dos semanas de devocionales. Destacadas mujeres de todo el mundo lo escribieron para llevarle gozo e inspiraci\u00f3n a su vida cada d\u00eda. Incluye un plan de lectura que la ayudar\u00e1 a leer la Biblia, de principio [&hellip;]\" \/>\n<meta property=\"og:url\" content=\"https:\/\/tzionlibreria.com\/index.php\/product\/biblia-devocional-para-la-mujer-nvi-tapa-blanda\/\" \/>\n<meta property=\"og:site_name\" content=\"tzionlibreria.com\" \/>\n<meta property=\"article:modified_time\" content=\"2025-12-18T14:58:25+00:00\" \/>\n<meta property=\"og:image\" content=\"http:\/\/tzionlibreria.com\/wp-content\/uploads\/2023\/10\/D_NQ_NP_2X_612804-MLV52800137648_122022-F.webp\" \/>\n\t<meta property=\"og:image:width\" content=\"1055\" \/>\n\t<meta property=\"og:image:height\" content=\"960\" \/>\n\t<meta property=\"og:image:type\" content=\"image\/webp\" \/>\n<meta name=\"twitter:card\" content=\"summary_large_image\" \/>\n<meta name=\"twitter:label1\" content=\"Tiempo de lectura\" \/>\n\t<meta name=\"twitter:data1\" content=\"2 minutos\" \/>\n<script type=\"application\/ld+json\" class=\"yoast-schema-graph\">{\"@context\":\"https:\\\/\\\/schema.org\",\"@graph\":[{\"@type\":\"WebPage\",\"@id\":\"https:\\\/\\\/tzionlibreria.com\\\/index.php\\\/product\\\/biblia-devocional-para-la-mujer-nvi-tapa-blanda\\\/\",\"url\":\"https:\\\/\\\/tzionlibreria.com\\\/index.php\\\/product\\\/biblia-devocional-para-la-mujer-nvi-tapa-blanda\\\/\",\"name\":\"Biblia Devocional Para La Mujer Nvi Tapa Blanda - tzionlibreria.com\",\"isPartOf\":{\"@id\":\"https:\\\/\\\/tzionlibreria.com\\\/#website\"},\"primaryImageOfPage\":{\"@id\":\"https:\\\/\\\/tzionlibreria.com\\\/index.php\\\/product\\\/biblia-devocional-para-la-mujer-nvi-tapa-blanda\\\/#primaryimage\"},\"image\":{\"@id\":\"https:\\\/\\\/tzionlibreria.com\\\/index.php\\\/product\\\/biblia-devocional-para-la-mujer-nvi-tapa-blanda\\\/#primaryimage\"},\"thumbnailUrl\":\"https:\\\/\\\/tzionlibreria.com\\\/wp-content\\\/uploads\\\/2023\\\/10\\\/D_NQ_NP_2X_612804-MLV52800137648_122022-F.webp\",\"datePublished\":\"2023-10-07T02:31:44+00:00\",\"dateModified\":\"2025-12-18T14:58:25+00:00\",\"breadcrumb\":{\"@id\":\"https:\\\/\\\/tzionlibreria.com\\\/index.php\\\/product\\\/biblia-devocional-para-la-mujer-nvi-tapa-blanda\\\/#breadcrumb\"},\"inLanguage\":\"es-CO\",\"potentialAction\":[{\"@type\":\"ReadAction\",\"target\":[\"https:\\\/\\\/tzionlibreria.com\\\/index.php\\\/product\\\/biblia-devocional-para-la-mujer-nvi-tapa-blanda\\\/\"]}]},{\"@type\":\"ImageObject\",\"inLanguage\":\"es-CO\",\"@id\":\"https:\\\/\\\/tzionlibreria.com\\\/index.php\\\/product\\\/biblia-devocional-para-la-mujer-nvi-tapa-blanda\\\/#primaryimage\",\"url\":\"https:\\\/\\\/tzionlibreria.com\\\/wp-content\\\/uploads\\\/2023\\\/10\\\/D_NQ_NP_2X_612804-MLV52800137648_122022-F.webp\",\"contentUrl\":\"https:\\\/\\\/tzionlibreria.com\\\/wp-content\\\/uploads\\\/2023\\\/10\\\/D_NQ_NP_2X_612804-MLV52800137648_122022-F.webp\",\"width\":1055,\"height\":960},{\"@type\":\"BreadcrumbList\",\"@id\":\"https:\\\/\\\/tzionlibreria.com\\\/index.php\\\/product\\\/biblia-devocional-para-la-mujer-nvi-tapa-blanda\\\/#breadcrumb\",\"itemListElement\":[{\"@type\":\"ListItem\",\"position\":1,\"name\":\"Inicio\",\"item\":\"https:\\\/\\\/tzionlibreria.com\\\/\"},{\"@type\":\"ListItem\",\"position\":2,\"name\":\"Shop\",\"item\":\"https:\\\/\\\/tzionlibreria.com\\\/index.php\\\/shop\\\/\"},{\"@type\":\"ListItem\",\"position\":3,\"name\":\"Biblia Devocional Para La Mujer Nvi Tapa Blanda\"}]},{\"@type\":\"WebSite\",\"@id\":\"https:\\\/\\\/tzionlibreria.com\\\/#website\",\"url\":\"https:\\\/\\\/tzionlibreria.com\\\/\",\"name\":\"tzionlibreria.com\",\"description\":\"Libreria Cristiana Venezuela\",\"publisher\":{\"@id\":\"https:\\\/\\\/tzionlibreria.com\\\/#organization\"},\"potentialAction\":[{\"@type\":\"SearchAction\",\"target\":{\"@type\":\"EntryPoint\",\"urlTemplate\":\"https:\\\/\\\/tzionlibreria.com\\\/?s={search_term_string}\"},\"query-input\":{\"@type\":\"PropertyValueSpecification\",\"valueRequired\":true,\"valueName\":\"search_term_string\"}}],\"inLanguage\":\"es-CO\"},{\"@type\":\"Organization\",\"@id\":\"https:\\\/\\\/tzionlibreria.com\\\/#organization\",\"name\":\"tzionlibreria.com\",\"url\":\"https:\\\/\\\/tzionlibreria.com\\\/\",\"logo\":{\"@type\":\"ImageObject\",\"inLanguage\":\"es-CO\",\"@id\":\"https:\\\/\\\/tzionlibreria.com\\\/#\\\/schema\\\/logo\\\/image\\\/\",\"url\":\"https:\\\/\\\/tzionlibreria.com\\\/wp-content\\\/uploads\\\/2023\\\/10\\\/cropped-Cuadricula-scaled-1.jpg\",\"contentUrl\":\"https:\\\/\\\/tzionlibreria.com\\\/wp-content\\\/uploads\\\/2023\\\/10\\\/cropped-Cuadricula-scaled-1.jpg\",\"width\":2560,\"height\":2560,\"caption\":\"tzionlibreria.com\"},\"image\":{\"@id\":\"https:\\\/\\\/tzionlibreria.com\\\/#\\\/schema\\\/logo\\\/image\\\/\"}}]}<\/script>\n<!-- \/ Yoast SEO plugin. -->","yoast_head_json":{"title":"Biblia Devocional Para La Mujer Nvi Tapa Blanda - tzionlibreria.com","robots":{"index":"index","follow":"follow","max-snippet":"max-snippet:-1","max-image-preview":"max-image-preview:large","max-video-preview":"max-video-preview:-1"},"canonical":"https:\/\/tzionlibreria.com\/index.php\/product\/biblia-devocional-para-la-mujer-nvi-tapa-blanda\/","og_locale":"es_ES","og_type":"article","og_title":"Biblia Devocional Para La Mujer Nvi Tapa Blanda - tzionlibreria.com","og_description":"&nbsp; Biblia Devocional para la mujer Nueva Versi\u00f3n Internacional Tapa Blanda La Biblia de la Mujer contiene cincuenta y dos semanas de devocionales. Destacadas mujeres de todo el mundo lo escribieron para llevarle gozo e inspiraci\u00f3n a su vida cada d\u00eda. Incluye un plan de lectura que la ayudar\u00e1 a leer la Biblia, de principio [&hellip;]","og_url":"https:\/\/tzionlibreria.com\/index.php\/product\/biblia-devocional-para-la-mujer-nvi-tapa-blanda\/","og_site_name":"tzionlibreria.com","article_modified_time":"2025-12-18T14:58:25+00:00","og_image":[{"width":1055,"height":960,"url":"http:\/\/tzionlibreria.com\/wp-content\/uploads\/2023\/10\/D_NQ_NP_2X_612804-MLV52800137648_122022-F.webp","type":"image\/webp"}],"twitter_card":"summary_large_image","twitter_misc":{"Tiempo de lectura":"2 minutos"},"schema":{"@context":"https:\/\/schema.org","@graph":[{"@type":"WebPage","@id":"https:\/\/tzionlibreria.com\/index.php\/product\/biblia-devocional-para-la-mujer-nvi-tapa-blanda\/","url":"https:\/\/tzionlibreria.com\/index.php\/product\/biblia-devocional-para-la-mujer-nvi-tapa-blanda\/","name":"Biblia Devocional Para La Mujer Nvi Tapa Blanda - tzionlibreria.com","isPartOf":{"@id":"https:\/\/tzionlibreria.com\/#website"},"primaryImageOfPage":{"@id":"https:\/\/tzionlibreria.com\/index.php\/product\/biblia-devocional-para-la-mujer-nvi-tapa-blanda\/#primaryimage"},"image":{"@id":"https:\/\/tzionlibreria.com\/index.php\/product\/biblia-devocional-para-la-mujer-nvi-tapa-blanda\/#primaryimage"},"thumbnailUrl":"https:\/\/tzionlibreria.com\/wp-content\/uploads\/2023\/10\/D_NQ_NP_2X_612804-MLV52800137648_122022-F.webp","datePublished":"2023-10-07T02:31:44+00:00","dateModified":"2025-12-18T14:58:25+00:00","breadcrumb":{"@id":"https:\/\/tzionlibreria.com\/index.php\/product\/biblia-devocional-para-la-mujer-nvi-tapa-blanda\/#breadcrumb"},"inLanguage":"es-CO","potentialAction":[{"@type":"ReadAction","target":["https:\/\/tzionlibreria.com\/index.php\/product\/biblia-devocional-para-la-mujer-nvi-tapa-blanda\/"]}]},{"@type":"ImageObject","inLanguage":"es-CO","@id":"https:\/\/tzionlibreria.com\/index.php\/product\/biblia-devocional-para-la-mujer-nvi-tapa-blanda\/#primaryimage","url":"https:\/\/tzionlibreria.com\/wp-content\/uploads\/2023\/10\/D_NQ_NP_2X_612804-MLV52800137648_122022-F.webp","contentUrl":"https:\/\/tzionlibreria.com\/wp-content\/uploads\/2023\/10\/D_NQ_NP_2X_612804-MLV52800137648_122022-F.webp","width":1055,"height":960},{"@type":"BreadcrumbList","@id":"https:\/\/tzionlibreria.com\/index.php\/product\/biblia-devocional-para-la-mujer-nvi-tapa-blanda\/#breadcrumb","itemListElement":[{"@type":"ListItem","position":1,"name":"Inicio","item":"https:\/\/tzionlibreria.com\/"},{"@type":"ListItem","position":2,"name":"Shop","item":"https:\/\/tzionlibreria.com\/index.php\/shop\/"},{"@type":"ListItem","position":3,"name":"Biblia Devocional Para La Mujer Nvi Tapa Blanda"}]},{"@type":"WebSite","@id":"https:\/\/tzionlibreria.com\/#website","url":"https:\/\/tzionlibreria.com\/","name":"tzionlibreria.com","description":"Libreria Cristiana Venezuela","publisher":{"@id":"https:\/\/tzionlibreria.com\/#organization"},"potentialAction":[{"@type":"SearchAction","target":{"@type":"EntryPoint","urlTemplate":"https:\/\/tzionlibreria.com\/?s={search_term_string}"},"query-input":{"@type":"PropertyValueSpecification","valueRequired":true,"valueName":"search_term_string"}}],"inLanguage":"es-CO"},{"@type":"Organization","@id":"https:\/\/tzionlibreria.com\/#organization","name":"tzionlibreria.com","url":"https:\/\/tzionlibreria.com\/","logo":{"@type":"ImageObject","inLanguage":"es-CO","@id":"https:\/\/tzionlibreria.com\/#\/schema\/logo\/image\/","url":"https:\/\/tzionlibreria.com\/wp-content\/uploads\/2023\/10\/cropped-Cuadricula-scaled-1.jpg","contentUrl":"https:\/\/tzionlibreria.com\/wp-content\/uploads\/2023\/10\/cropped-Cuadricula-scaled-1.jpg","width":2560,"height":2560,"caption":"tzionlibreria.com"},"image":{"@id":"https:\/\/tzionlibreria.com\/#\/schema\/logo\/image\/"}}]}},"jetpack_sharing_enabled":true,"_links":{"self":[{"href":"https:\/\/tzionlibreria.com\/index.php\/wp-json\/wp\/v2\/product\/538","targetHints":{"allow":["GET"]}}],"collection":[{"href":"https:\/\/tzionlibreria.com\/index.php\/wp-json\/wp\/v2\/product"}],"about":[{"href":"https:\/\/tzionlibreria.com\/index.php\/wp-json\/wp\/v2\/types\/product"}],"replies":[{"embeddable":true,"href":"https:\/\/tzionlibreria.com\/index.php\/wp-json\/wp\/v2\/comments?post=538"}],"wp:featuredmedia":[{"embeddable":true,"href":"https:\/\/tzionlibreria.com\/index.php\/wp-json\/wp\/v2\/media\/539"}],"wp:attachment":[{"href":"https:\/\/tzionlibreria.com\/index.php\/wp-json\/wp\/v2\/media?parent=538"}],"wp:term":[{"taxonomy":"product_brand","embeddable":true,"href":"https:\/\/tzionlibreria.com\/index.php\/wp-json\/wp\/v2\/product_brand?post=538"},{"taxonomy":"product_cat","embeddable":true,"href":"https:\/\/tzionlibreria.com\/index.php\/wp-json\/wp\/v2\/product_cat?post=538"},{"taxonomy":"product_tag","embeddable":true,"href":"https:\/\/tzionlibreria.com\/index.php\/wp-json\/wp\/v2\/product_tag?post=538"}],"curies":[{"name":"wp","href":"https:\/\/api.w.org\/{rel}","templated":true}]}}