{"id":5445,"date":"2025-06-05T18:26:06","date_gmt":"2025-06-05T18:26:06","guid":{"rendered":"https:\/\/tzionlibreria.com\/?post_type=product&#038;p=5445"},"modified":"2025-10-27T21:41:11","modified_gmt":"2025-10-27T21:41:11","slug":"biblia-rvr1960-letra-grande-12-pts-ecoflex-flores-turquesa","status":"publish","type":"product","link":"https:\/\/tzionlibreria.com\/index.php\/product\/biblia-rvr1960-letra-grande-12-pts-ecoflex-flores-turquesa\/","title":{"rendered":"Biblia RVR1960 Letra Grande 12 pts ecoflex Flores Turquesa"},"content":{"rendered":"<div class=\"ast-oembed-container \" style=\"height: 100%;\"><iframe title=\"Biblia de Letra Grande Flores Reina Valera 1960\" width=\"500\" height=\"281\" src=\"https:\/\/www.youtube.com\/embed\/ZibhcvkDUZ0?feature=oembed\" frameborder=\"0\" allow=\"accelerometer; autoplay; clipboard-write; encrypted-media; gyroscope; picture-in-picture; web-share\" referrerpolicy=\"strict-origin-when-cross-origin\" allowfullscreen><\/iframe><\/div>\n<h3 data-start=\"193\" data-end=\"251\"><\/h3>\n<h3 data-start=\"193\" data-end=\"251\"><\/h3>\n<h3 data-start=\"193\" data-end=\"251\">\ud83c\udf3c <strong data-start=\"200\" data-end=\"249\">Biblia RVR1960 Letra Grande \u2013 Flores Turquesa<\/strong><\/h3>\n<p>&nbsp;<\/p>\n<p data-start=\"252\" data-end=\"316\"><strong data-start=\"252\" data-end=\"316\">Dise\u00f1o delicado | Letra 12 pts | Palabras de Jes\u00fas en fucsia<\/strong><\/p>\n<p data-start=\"318\" data-end=\"536\">Con un dise\u00f1o floral suave y elegante sobre fondo turquesa, esta hermosa edici\u00f3n de la <strong data-start=\"405\" data-end=\"439\">Santa Biblia Reina-Valera 1960<\/strong> est\u00e1 pensada para mujeres que buscan una Biblia funcional, est\u00e9tica y profundamente inspiradora.<\/p>\n<p data-start=\"538\" data-end=\"688\">Perfecta para lectura diaria, estudio personal o como un regalo significativo. Su formato pr\u00e1ctico te permite llevar la Palabra contigo a donde vayas.<\/p>\n<hr data-start=\"690\" data-end=\"693\" \/>\n<h3 data-start=\"695\" data-end=\"734\">\ud83d\udcd6 <strong data-start=\"702\" data-end=\"734\">Caracter\u00edsticas principales:<\/strong><\/h3>\n<ul data-start=\"735\" data-end=\"1009\">\n<li data-start=\"735\" data-end=\"777\">\n<p data-start=\"737\" data-end=\"777\">\u2705 Traducci\u00f3n Reina-Valera 1960 (RVR60)<\/p>\n<\/li>\n<li data-start=\"778\" data-end=\"833\">\n<p data-start=\"780\" data-end=\"833\">\u2705 <strong data-start=\"782\" data-end=\"811\">Letra grande de 12 puntos<\/strong> para lectura c\u00f3moda<\/p>\n<\/li>\n<li data-start=\"834\" data-end=\"871\">\n<p data-start=\"836\" data-end=\"871\">\u2705 <strong data-start=\"838\" data-end=\"869\">Palabras de Jes\u00fas en fucsia<\/strong><\/p>\n<\/li>\n<li data-start=\"872\" data-end=\"912\">\n<p data-start=\"874\" data-end=\"912\">\u2705 <strong data-start=\"876\" data-end=\"895\">Tama\u00f1o pr\u00e1ctico<\/strong> (216 x 146 mm)<\/p>\n<\/li>\n<li data-start=\"913\" data-end=\"943\">\n<p data-start=\"915\" data-end=\"943\">\u2705 Cinta marcadora incluida<\/p>\n<\/li>\n<li data-start=\"944\" data-end=\"992\">\n<p data-start=\"946\" data-end=\"992\">\u2705 <strong data-start=\"948\" data-end=\"990\">Cubierta en vinilo decorado con flores<\/strong><\/p>\n<\/li>\n<li data-start=\"993\" data-end=\"1009\">\n<p data-start=\"995\" data-end=\"1009\">\u2705 1455 p\u00e1ginas<\/p>\n<\/li>\n<\/ul>\n<hr data-start=\"1011\" data-end=\"1014\" \/>\n<h3 data-start=\"1016\" data-end=\"1047\">\ud83d\udcda <strong data-start=\"1023\" data-end=\"1047\">Contenido adicional:<\/strong><\/h3>\n<ul data-start=\"1048\" data-end=\"1246\">\n<li data-start=\"1048\" data-end=\"1088\">\n<p data-start=\"1050\" data-end=\"1088\">Referencias cruzadas a pie de p\u00e1gina<\/p>\n<\/li>\n<li data-start=\"1089\" data-end=\"1113\">\n<p data-start=\"1091\" data-end=\"1113\">Concordancia b\u00edblica<\/p>\n<\/li>\n<li data-start=\"1114\" data-end=\"1136\">\n<p data-start=\"1116\" data-end=\"1136\">Mapas a todo color<\/p>\n<\/li>\n<li data-start=\"1137\" data-end=\"1176\">\n<p data-start=\"1139\" data-end=\"1176\">Referencias al final de cada p\u00e1gina<\/p>\n<\/li>\n<li data-start=\"1177\" data-end=\"1215\">\n<p data-start=\"1179\" data-end=\"1215\">Plan para leer la Biblia en un a\u00f1o<\/p>\n<\/li>\n<li data-start=\"1216\" data-end=\"1246\">\n<p data-start=\"1218\" data-end=\"1246\">Pasajes famosos de la Biblia<\/p>\n<\/li>\n<\/ul>\n<hr data-start=\"1248\" data-end=\"1251\" \/>\n<h3 data-start=\"1253\" data-end=\"1285\">\ud83c\udfaf <strong data-start=\"1260\" data-end=\"1285\">\u00bfA qui\u00e9n va dirigida?<\/strong><\/h3>\n<ul data-start=\"1286\" data-end=\"1568\">\n<li data-start=\"1286\" data-end=\"1395\">\n<p data-start=\"1288\" data-end=\"1395\">A mujeres de todas las edades que valoran un dise\u00f1o fresco y femenino sin sacrificar contenido espiritual<\/p>\n<\/li>\n<li data-start=\"1396\" data-end=\"1487\">\n<p data-start=\"1398\" data-end=\"1487\">Ideal como regalo para madres, j\u00f3venes cristianas, nuevas creyentes o l\u00edderes femeninas<\/p>\n<\/li>\n<li data-start=\"1488\" data-end=\"1568\">\n<p data-start=\"1490\" data-end=\"1568\">Perfecta para llevar a la iglesia, devocionales personales o grupos de estudio<\/p>\n<\/li>\n<\/ul>\n<hr data-start=\"1570\" data-end=\"1573\" \/>\n<p data-start=\"1575\" data-end=\"1704\">\ud83d\udcd8 <em data-start=\"1578\" data-end=\"1645\">Una Biblia que combina belleza por fuera y revelaci\u00f3n por dentro.<\/em><br data-start=\"1645\" data-end=\"1648\" \/><br data-start=\"1682\" data-end=\"1685\" \/>ISBN: 9798885163194<\/p>\n","protected":false},"excerpt":{"rendered":"<p>\ud83c\udf3c Biblia RVR1960 Letra Grande \u2013 Flores Turquesa &nbsp; Dise\u00f1o delicado | Letra 12 pts | Palabras de Jes\u00fas en fucsia Con un dise\u00f1o floral suave y elegante sobre fondo turquesa, esta hermosa edici\u00f3n de la Santa Biblia Reina-Valera 1960 est\u00e1 pensada para mujeres que buscan una Biblia funcional, est\u00e9tica y profundamente inspiradora. Perfecta para [&hellip;]<\/p>\n","protected":false},"featured_media":5446,"comment_status":"open","ping_status":"closed","template":"","meta":{"om_disable_all_campaigns":false,"_monsterinsights_skip_tracking":false,"_monsterinsights_sitenote_active":false,"_monsterinsights_sitenote_note":"","_monsterinsights_sitenote_category":0,"site-sidebar-layout":"default","site-content-layout":"","ast-site-content-layout":"default","site-content-style":"default","site-sidebar-style":"default","ast-global-header-display":"","ast-banner-title-visibility":"","ast-main-header-display":"","ast-hfb-above-header-display":"","ast-hfb-below-header-display":"","ast-hfb-mobile-header-display":"","site-post-title":"","ast-breadcrumbs-content":"","ast-featured-img":"","footer-sml-layout":"","ast-disable-related-posts":"","theme-transparent-header-meta":"default","adv-header-id-meta":"","stick-header-meta":"","header-above-stick-meta":"","header-main-stick-meta":"","header-below-stick-meta":"","astra-migrate-meta-layouts":"set","ast-page-background-enabled":"default","ast-page-background-meta":{"desktop":{"background-color":"var(--ast-global-color-4)","background-image":"","background-repeat":"repeat","background-position":"center center","background-size":"auto","background-attachment":"scroll","background-type":"","background-media":"","overlay-type":"","overlay-color":"","overlay-opacity":"","overlay-gradient":""},"tablet":{"background-color":"","background-image":"","background-repeat":"repeat","background-position":"center center","background-size":"auto","background-attachment":"scroll","background-type":"","background-media":"","overlay-type":"","overlay-color":"","overlay-opacity":"","overlay-gradient":""},"mobile":{"background-color":"","background-image":"","background-repeat":"repeat","background-position":"center center","background-size":"auto","background-attachment":"scroll","background-type":"","background-media":"","overlay-type":"","overlay-color":"","overlay-opacity":"","overlay-gradient":""}},"ast-content-background-meta":{"desktop":{"background-color":"var(--ast-global-color-5)","background-image":"","background-repeat":"repeat","background-position":"center center","background-size":"auto","background-attachment":"scroll","background-type":"","background-media":"","overlay-type":"","overlay-color":"","overlay-opacity":"","overlay-gradient":""},"tablet":{"background-color":"var(--ast-global-color-5)","background-image":"","background-repeat":"repeat","background-position":"center center","background-size":"auto","background-attachment":"scroll","background-type":"","background-media":"","overlay-type":"","overlay-color":"","overlay-opacity":"","overlay-gradient":""},"mobile":{"background-color":"var(--ast-global-color-5)","background-image":"","background-repeat":"repeat","background-position":"center center","background-size":"auto","background-attachment":"scroll","background-type":"","background-media":"","overlay-type":"","overlay-color":"","overlay-opacity":"","overlay-gradient":""}}},"product_brand":[],"product_cat":[22,42,177],"product_tag":[],"class_list":{"0":"post-5445","1":"product","2":"type-product","3":"status-publish","4":"has-post-thumbnail","6":"product_cat-biblias","7":"product_cat-biblias-reina-valera","8":"product_cat-letra-grande-rvr","9":"desktop-align-left","10":"tablet-align-left","11":"mobile-align-left","13":"first","14":"instock","15":"shipping-taxable","16":"purchasable","17":"product-type-simple"},"yoast_head":"<!-- This site is optimized with the Yoast SEO plugin v27.4 - https:\/\/yoast.com\/product\/yoast-seo-wordpress\/ -->\n<title>Biblia RVR1960 Letra Grande 12 pts ecoflex Flores Turquesa - tzionlibreria.com<\/title>\n<meta name=\"description\" content=\"Biblia Reina-Valera 1960 letra grande est\u00e1 pensada para mujeres que buscan una Biblia funcional, est\u00e9tica y profundamente inspiradora.\" \/>\n<meta name=\"robots\" content=\"index, follow, max-snippet:-1, max-image-preview:large, max-video-preview:-1\" \/>\n<link rel=\"canonical\" href=\"https:\/\/tzionlibreria.com\/index.php\/product\/biblia-rvr1960-letra-grande-12-pts-ecoflex-flores-turquesa\/\" \/>\n<meta property=\"og:locale\" content=\"es_ES\" \/>\n<meta property=\"og:type\" content=\"article\" \/>\n<meta property=\"og:title\" content=\"Biblia RVR1960 Letra Grande 12 pts ecoflex Flores Turquesa - tzionlibreria.com\" \/>\n<meta property=\"og:description\" content=\"Biblia Reina-Valera 1960 letra grande est\u00e1 pensada para mujeres que buscan una Biblia funcional, est\u00e9tica y profundamente inspiradora.\" \/>\n<meta property=\"og:url\" content=\"https:\/\/tzionlibreria.com\/index.php\/product\/biblia-rvr1960-letra-grande-12-pts-ecoflex-flores-turquesa\/\" \/>\n<meta property=\"og:site_name\" content=\"tzionlibreria.com\" \/>\n<meta property=\"article:modified_time\" content=\"2025-10-27T21:41:11+00:00\" \/>\n<meta property=\"og:image\" content=\"http:\/\/tzionlibreria.com\/wp-content\/uploads\/2025\/06\/61.png\" \/>\n\t<meta property=\"og:image:width\" content=\"1080\" \/>\n\t<meta property=\"og:image:height\" content=\"1080\" \/>\n\t<meta property=\"og:image:type\" content=\"image\/png\" \/>\n<meta name=\"twitter:card\" content=\"summary_large_image\" \/>\n<meta name=\"twitter:label1\" content=\"Tiempo de lectura\" \/>\n\t<meta name=\"twitter:data1\" content=\"2 minutos\" \/>\n<script type=\"application\/ld+json\" class=\"yoast-schema-graph\">{\"@context\":\"https:\\\/\\\/schema.org\",\"@graph\":[{\"@type\":\"WebPage\",\"@id\":\"https:\\\/\\\/tzionlibreria.com\\\/index.php\\\/product\\\/biblia-rvr1960-letra-grande-12-pts-ecoflex-flores-turquesa\\\/\",\"url\":\"https:\\\/\\\/tzionlibreria.com\\\/index.php\\\/product\\\/biblia-rvr1960-letra-grande-12-pts-ecoflex-flores-turquesa\\\/\",\"name\":\"Biblia RVR1960 Letra Grande 12 pts ecoflex Flores Turquesa - tzionlibreria.com\",\"isPartOf\":{\"@id\":\"https:\\\/\\\/tzionlibreria.com\\\/#website\"},\"primaryImageOfPage\":{\"@id\":\"https:\\\/\\\/tzionlibreria.com\\\/index.php\\\/product\\\/biblia-rvr1960-letra-grande-12-pts-ecoflex-flores-turquesa\\\/#primaryimage\"},\"image\":{\"@id\":\"https:\\\/\\\/tzionlibreria.com\\\/index.php\\\/product\\\/biblia-rvr1960-letra-grande-12-pts-ecoflex-flores-turquesa\\\/#primaryimage\"},\"thumbnailUrl\":\"https:\\\/\\\/tzionlibreria.com\\\/wp-content\\\/uploads\\\/2025\\\/06\\\/61.png\",\"datePublished\":\"2025-06-05T18:26:06+00:00\",\"dateModified\":\"2025-10-27T21:41:11+00:00\",\"description\":\"Biblia Reina-Valera 1960 letra grande est\u00e1 pensada para mujeres que buscan una Biblia funcional, est\u00e9tica y profundamente inspiradora.\",\"breadcrumb\":{\"@id\":\"https:\\\/\\\/tzionlibreria.com\\\/index.php\\\/product\\\/biblia-rvr1960-letra-grande-12-pts-ecoflex-flores-turquesa\\\/#breadcrumb\"},\"inLanguage\":\"es-CO\",\"potentialAction\":[{\"@type\":\"ReadAction\",\"target\":[\"https:\\\/\\\/tzionlibreria.com\\\/index.php\\\/product\\\/biblia-rvr1960-letra-grande-12-pts-ecoflex-flores-turquesa\\\/\"]}]},{\"@type\":\"ImageObject\",\"inLanguage\":\"es-CO\",\"@id\":\"https:\\\/\\\/tzionlibreria.com\\\/index.php\\\/product\\\/biblia-rvr1960-letra-grande-12-pts-ecoflex-flores-turquesa\\\/#primaryimage\",\"url\":\"https:\\\/\\\/tzionlibreria.com\\\/wp-content\\\/uploads\\\/2025\\\/06\\\/61.png\",\"contentUrl\":\"https:\\\/\\\/tzionlibreria.com\\\/wp-content\\\/uploads\\\/2025\\\/06\\\/61.png\",\"width\":1080,\"height\":1080},{\"@type\":\"BreadcrumbList\",\"@id\":\"https:\\\/\\\/tzionlibreria.com\\\/index.php\\\/product\\\/biblia-rvr1960-letra-grande-12-pts-ecoflex-flores-turquesa\\\/#breadcrumb\",\"itemListElement\":[{\"@type\":\"ListItem\",\"position\":1,\"name\":\"Inicio\",\"item\":\"https:\\\/\\\/tzionlibreria.com\\\/\"},{\"@type\":\"ListItem\",\"position\":2,\"name\":\"Shop\",\"item\":\"https:\\\/\\\/tzionlibreria.com\\\/index.php\\\/shop\\\/\"},{\"@type\":\"ListItem\",\"position\":3,\"name\":\"Biblia RVR1960 Letra Grande 12 pts ecoflex Flores Turquesa\"}]},{\"@type\":\"WebSite\",\"@id\":\"https:\\\/\\\/tzionlibreria.com\\\/#website\",\"url\":\"https:\\\/\\\/tzionlibreria.com\\\/\",\"name\":\"tzionlibreria.com\",\"description\":\"Libreria Cristiana Venezuela\",\"publisher\":{\"@id\":\"https:\\\/\\\/tzionlibreria.com\\\/#organization\"},\"potentialAction\":[{\"@type\":\"SearchAction\",\"target\":{\"@type\":\"EntryPoint\",\"urlTemplate\":\"https:\\\/\\\/tzionlibreria.com\\\/?s={search_term_string}\"},\"query-input\":{\"@type\":\"PropertyValueSpecification\",\"valueRequired\":true,\"valueName\":\"search_term_string\"}}],\"inLanguage\":\"es-CO\"},{\"@type\":\"Organization\",\"@id\":\"https:\\\/\\\/tzionlibreria.com\\\/#organization\",\"name\":\"tzionlibreria.com\",\"url\":\"https:\\\/\\\/tzionlibreria.com\\\/\",\"logo\":{\"@type\":\"ImageObject\",\"inLanguage\":\"es-CO\",\"@id\":\"https:\\\/\\\/tzionlibreria.com\\\/#\\\/schema\\\/logo\\\/image\\\/\",\"url\":\"https:\\\/\\\/tzionlibreria.com\\\/wp-content\\\/uploads\\\/2023\\\/10\\\/cropped-Cuadricula-scaled-1.jpg\",\"contentUrl\":\"https:\\\/\\\/tzionlibreria.com\\\/wp-content\\\/uploads\\\/2023\\\/10\\\/cropped-Cuadricula-scaled-1.jpg\",\"width\":2560,\"height\":2560,\"caption\":\"tzionlibreria.com\"},\"image\":{\"@id\":\"https:\\\/\\\/tzionlibreria.com\\\/#\\\/schema\\\/logo\\\/image\\\/\"}}]}<\/script>\n<!-- \/ Yoast SEO plugin. -->","yoast_head_json":{"title":"Biblia RVR1960 Letra Grande 12 pts ecoflex Flores Turquesa - tzionlibreria.com","description":"Biblia Reina-Valera 1960 letra grande est\u00e1 pensada para mujeres que buscan una Biblia funcional, est\u00e9tica y profundamente inspiradora.","robots":{"index":"index","follow":"follow","max-snippet":"max-snippet:-1","max-image-preview":"max-image-preview:large","max-video-preview":"max-video-preview:-1"},"canonical":"https:\/\/tzionlibreria.com\/index.php\/product\/biblia-rvr1960-letra-grande-12-pts-ecoflex-flores-turquesa\/","og_locale":"es_ES","og_type":"article","og_title":"Biblia RVR1960 Letra Grande 12 pts ecoflex Flores Turquesa - tzionlibreria.com","og_description":"Biblia Reina-Valera 1960 letra grande est\u00e1 pensada para mujeres que buscan una Biblia funcional, est\u00e9tica y profundamente inspiradora.","og_url":"https:\/\/tzionlibreria.com\/index.php\/product\/biblia-rvr1960-letra-grande-12-pts-ecoflex-flores-turquesa\/","og_site_name":"tzionlibreria.com","article_modified_time":"2025-10-27T21:41:11+00:00","og_image":[{"width":1080,"height":1080,"url":"http:\/\/tzionlibreria.com\/wp-content\/uploads\/2025\/06\/61.png","type":"image\/png"}],"twitter_card":"summary_large_image","twitter_misc":{"Tiempo de lectura":"2 minutos"},"schema":{"@context":"https:\/\/schema.org","@graph":[{"@type":"WebPage","@id":"https:\/\/tzionlibreria.com\/index.php\/product\/biblia-rvr1960-letra-grande-12-pts-ecoflex-flores-turquesa\/","url":"https:\/\/tzionlibreria.com\/index.php\/product\/biblia-rvr1960-letra-grande-12-pts-ecoflex-flores-turquesa\/","name":"Biblia RVR1960 Letra Grande 12 pts ecoflex Flores Turquesa - tzionlibreria.com","isPartOf":{"@id":"https:\/\/tzionlibreria.com\/#website"},"primaryImageOfPage":{"@id":"https:\/\/tzionlibreria.com\/index.php\/product\/biblia-rvr1960-letra-grande-12-pts-ecoflex-flores-turquesa\/#primaryimage"},"image":{"@id":"https:\/\/tzionlibreria.com\/index.php\/product\/biblia-rvr1960-letra-grande-12-pts-ecoflex-flores-turquesa\/#primaryimage"},"thumbnailUrl":"https:\/\/tzionlibreria.com\/wp-content\/uploads\/2025\/06\/61.png","datePublished":"2025-06-05T18:26:06+00:00","dateModified":"2025-10-27T21:41:11+00:00","description":"Biblia Reina-Valera 1960 letra grande est\u00e1 pensada para mujeres que buscan una Biblia funcional, est\u00e9tica y profundamente inspiradora.","breadcrumb":{"@id":"https:\/\/tzionlibreria.com\/index.php\/product\/biblia-rvr1960-letra-grande-12-pts-ecoflex-flores-turquesa\/#breadcrumb"},"inLanguage":"es-CO","potentialAction":[{"@type":"ReadAction","target":["https:\/\/tzionlibreria.com\/index.php\/product\/biblia-rvr1960-letra-grande-12-pts-ecoflex-flores-turquesa\/"]}]},{"@type":"ImageObject","inLanguage":"es-CO","@id":"https:\/\/tzionlibreria.com\/index.php\/product\/biblia-rvr1960-letra-grande-12-pts-ecoflex-flores-turquesa\/#primaryimage","url":"https:\/\/tzionlibreria.com\/wp-content\/uploads\/2025\/06\/61.png","contentUrl":"https:\/\/tzionlibreria.com\/wp-content\/uploads\/2025\/06\/61.png","width":1080,"height":1080},{"@type":"BreadcrumbList","@id":"https:\/\/tzionlibreria.com\/index.php\/product\/biblia-rvr1960-letra-grande-12-pts-ecoflex-flores-turquesa\/#breadcrumb","itemListElement":[{"@type":"ListItem","position":1,"name":"Inicio","item":"https:\/\/tzionlibreria.com\/"},{"@type":"ListItem","position":2,"name":"Shop","item":"https:\/\/tzionlibreria.com\/index.php\/shop\/"},{"@type":"ListItem","position":3,"name":"Biblia RVR1960 Letra Grande 12 pts ecoflex Flores Turquesa"}]},{"@type":"WebSite","@id":"https:\/\/tzionlibreria.com\/#website","url":"https:\/\/tzionlibreria.com\/","name":"tzionlibreria.com","description":"Libreria Cristiana Venezuela","publisher":{"@id":"https:\/\/tzionlibreria.com\/#organization"},"potentialAction":[{"@type":"SearchAction","target":{"@type":"EntryPoint","urlTemplate":"https:\/\/tzionlibreria.com\/?s={search_term_string}"},"query-input":{"@type":"PropertyValueSpecification","valueRequired":true,"valueName":"search_term_string"}}],"inLanguage":"es-CO"},{"@type":"Organization","@id":"https:\/\/tzionlibreria.com\/#organization","name":"tzionlibreria.com","url":"https:\/\/tzionlibreria.com\/","logo":{"@type":"ImageObject","inLanguage":"es-CO","@id":"https:\/\/tzionlibreria.com\/#\/schema\/logo\/image\/","url":"https:\/\/tzionlibreria.com\/wp-content\/uploads\/2023\/10\/cropped-Cuadricula-scaled-1.jpg","contentUrl":"https:\/\/tzionlibreria.com\/wp-content\/uploads\/2023\/10\/cropped-Cuadricula-scaled-1.jpg","width":2560,"height":2560,"caption":"tzionlibreria.com"},"image":{"@id":"https:\/\/tzionlibreria.com\/#\/schema\/logo\/image\/"}}]}},"jetpack_sharing_enabled":true,"_links":{"self":[{"href":"https:\/\/tzionlibreria.com\/index.php\/wp-json\/wp\/v2\/product\/5445","targetHints":{"allow":["GET"]}}],"collection":[{"href":"https:\/\/tzionlibreria.com\/index.php\/wp-json\/wp\/v2\/product"}],"about":[{"href":"https:\/\/tzionlibreria.com\/index.php\/wp-json\/wp\/v2\/types\/product"}],"replies":[{"embeddable":true,"href":"https:\/\/tzionlibreria.com\/index.php\/wp-json\/wp\/v2\/comments?post=5445"}],"wp:featuredmedia":[{"embeddable":true,"href":"https:\/\/tzionlibreria.com\/index.php\/wp-json\/wp\/v2\/media\/5446"}],"wp:attachment":[{"href":"https:\/\/tzionlibreria.com\/index.php\/wp-json\/wp\/v2\/media?parent=5445"}],"wp:term":[{"taxonomy":"product_brand","embeddable":true,"href":"https:\/\/tzionlibreria.com\/index.php\/wp-json\/wp\/v2\/product_brand?post=5445"},{"taxonomy":"product_cat","embeddable":true,"href":"https:\/\/tzionlibreria.com\/index.php\/wp-json\/wp\/v2\/product_cat?post=5445"},{"taxonomy":"product_tag","embeddable":true,"href":"https:\/\/tzionlibreria.com\/index.php\/wp-json\/wp\/v2\/product_tag?post=5445"}],"curies":[{"name":"wp","href":"https:\/\/api.w.org\/{rel}","templated":true}]}}