{"id":5649,"date":"2025-07-24T01:12:23","date_gmt":"2025-07-24T01:12:23","guid":{"rendered":"https:\/\/tzionlibreria.com\/?post_type=product&#038;p=5649"},"modified":"2025-07-24T01:12:23","modified_gmt":"2025-07-24T01:12:23","slug":"biblia-chequera-rvr1960-cierre","status":"publish","type":"product","link":"https:\/\/tzionlibreria.com\/index.php\/product\/biblia-chequera-rvr1960-cierre\/","title":{"rendered":"Biblia Chequera RVR1960 Cierre"},"content":{"rendered":"<h3 data-start=\"169\" data-end=\"216\">\ud83d\udcd6 Santa Biblia Chequera Compacta | RVR1960<\/h3>\n<p>&nbsp;<\/p>\n<p data-start=\"217\" data-end=\"426\"><strong data-start=\"217\" data-end=\"286\">Versi\u00f3n Reina-Valera 1960 | Letra 8.5 pts | Cierre | Canto Dorado<\/strong><\/p>\n<p data-start=\"217\" data-end=\"426\"><br data-start=\"286\" data-end=\"289\" \/>\ud83d\udcd8 <strong data-start=\"292\" data-end=\"301\">ISBN:<\/strong> 9798885169462 | \ud83c\udff7\ufe0f <em data-start=\"322\" data-end=\"344\">Mundo Biblia de Abba<\/em><br data-start=\"344\" data-end=\"347\" \/>\ud83d\udcc5 <strong data-start=\"350\" data-end=\"366\">Lanzamiento:<\/strong> 07.10.2024 | \ud83d\udcc4 <strong data-start=\"383\" data-end=\"399\">1600 p\u00e1ginas<\/strong> | \ud83d\udcda <strong data-start=\"405\" data-end=\"416\">Idioma:<\/strong> Espa\u00f1ol<\/p>\n<p data-start=\"428\" data-end=\"815\">La <strong data-start=\"431\" data-end=\"459\">Biblia Compacta Chequera<\/strong> es ideal para quienes desean llevar la Palabra de Dios a todas partes sin sacrificar funcionalidad. Su dise\u00f1o en <strong data-start=\"573\" data-end=\"603\">s\u00edmil piel de alta calidad<\/strong>, con <strong data-start=\"609\" data-end=\"634\">cierre y canto dorado<\/strong>, la hace resistente, elegante y pr\u00e1ctica. Aunque su tama\u00f1o es reducido, conserva una letra legible de 8.5 puntos y contenido de estudio completo para profundizar en las Escrituras.<\/p>\n<p data-start=\"817\" data-end=\"851\">\ud83c\udfaf <strong data-start=\"820\" data-end=\"851\">Caracter\u00edsticas destacadas:<\/strong><\/p>\n<ul data-start=\"852\" data-end=\"1311\">\n<li data-start=\"852\" data-end=\"881\">\n<p data-start=\"854\" data-end=\"881\">Palabras de Jes\u00fas en rojo<\/p>\n<\/li>\n<li data-start=\"882\" data-end=\"924\">\n<p data-start=\"884\" data-end=\"924\">Concordancia amplia con palabras clave<\/p>\n<\/li>\n<li data-start=\"925\" data-end=\"966\">\n<p data-start=\"927\" data-end=\"966\">Referencias cruzadas al pie de p\u00e1gina<\/p>\n<\/li>\n<li data-start=\"967\" data-end=\"1019\">\n<p data-start=\"969\" data-end=\"1019\">Introducciones por <strong data-start=\"988\" data-end=\"1017\">C.H. Spurgeon y J.C. Ryle<\/strong><\/p>\n<\/li>\n<li data-start=\"1020\" data-end=\"1287\">\n<p data-start=\"1022\" data-end=\"1042\">\u00cdndice tem\u00e1tico con:<\/p>\n<ul data-start=\"1045\" data-end=\"1287\">\n<li data-start=\"1045\" data-end=\"1078\">\n<p data-start=\"1047\" data-end=\"1078\">Par\u00e1bolas y milagros de Jes\u00fas<\/p>\n<\/li>\n<li data-start=\"1081\" data-end=\"1121\">\n<p data-start=\"1083\" data-end=\"1121\">Genealog\u00eda de Jes\u00fas y fiestas jud\u00edas<\/p>\n<\/li>\n<li data-start=\"1124\" data-end=\"1144\">\n<p data-start=\"1126\" data-end=\"1144\">Promesas de Dios<\/p>\n<\/li>\n<li data-start=\"1147\" data-end=\"1167\">\n<p data-start=\"1149\" data-end=\"1167\">Vers\u00edculos clave<\/p>\n<\/li>\n<li data-start=\"1170\" data-end=\"1197\">\n<p data-start=\"1172\" data-end=\"1197\">Tipolog\u00eda de los salmos<\/p>\n<\/li>\n<li data-start=\"1200\" data-end=\"1234\">\n<p data-start=\"1202\" data-end=\"1234\">Cronolog\u00eda de reyes y profetas<\/p>\n<\/li>\n<li data-start=\"1237\" data-end=\"1257\">\n<p data-start=\"1239\" data-end=\"1257\">Plano del templo<\/p>\n<\/li>\n<li data-start=\"1260\" data-end=\"1287\">\n<p data-start=\"1262\" data-end=\"1287\">Plan de lectura b\u00edblica<\/p>\n<\/li>\n<\/ul>\n<\/li>\n<li data-start=\"1288\" data-end=\"1311\">\n<p data-start=\"1290\" data-end=\"1311\">12 mapas a todo color<\/p>\n<\/li>\n<\/ul>\n<p data-start=\"1313\" data-end=\"1441\">\u2728 <strong data-start=\"1315\" data-end=\"1371\">Estilo moderno, tama\u00f1o port\u00e1til, contenido profundo.<\/strong><br data-start=\"1371\" data-end=\"1374\" \/>Perfecta para viajes, bolsos peque\u00f1os o lectura en cualquier lugar.<\/p>\n","protected":false},"excerpt":{"rendered":"<p>\ud83d\udcd6 Santa Biblia Chequera Compacta | RVR1960 &nbsp; Versi\u00f3n Reina-Valera 1960 | Letra 8.5 pts | Cierre | Canto Dorado \ud83d\udcd8 ISBN: 9798885169462 | \ud83c\udff7\ufe0f Mundo Biblia de Abba\ud83d\udcc5 Lanzamiento: 07.10.2024 | \ud83d\udcc4 1600 p\u00e1ginas | \ud83d\udcda Idioma: Espa\u00f1ol La Biblia Compacta Chequera es ideal para quienes desean llevar la Palabra de Dios a todas [&hellip;]<\/p>\n","protected":false},"featured_media":5650,"comment_status":"open","ping_status":"closed","template":"","meta":{"om_disable_all_campaigns":false,"_monsterinsights_skip_tracking":false,"_monsterinsights_sitenote_active":false,"_monsterinsights_sitenote_note":"","_monsterinsights_sitenote_category":0,"site-sidebar-layout":"default","site-content-layout":"","ast-site-content-layout":"default","site-content-style":"default","site-sidebar-style":"default","ast-global-header-display":"","ast-banner-title-visibility":"","ast-main-header-display":"","ast-hfb-above-header-display":"","ast-hfb-below-header-display":"","ast-hfb-mobile-header-display":"","site-post-title":"","ast-breadcrumbs-content":"","ast-featured-img":"","footer-sml-layout":"","ast-disable-related-posts":"","theme-transparent-header-meta":"default","adv-header-id-meta":"","stick-header-meta":"","header-above-stick-meta":"","header-main-stick-meta":"","header-below-stick-meta":"","astra-migrate-meta-layouts":"set","ast-page-background-enabled":"default","ast-page-background-meta":{"desktop":{"background-color":"var(--ast-global-color-4)","background-image":"","background-repeat":"repeat","background-position":"center center","background-size":"auto","background-attachment":"scroll","background-type":"","background-media":"","overlay-type":"","overlay-color":"","overlay-opacity":"","overlay-gradient":""},"tablet":{"background-color":"","background-image":"","background-repeat":"repeat","background-position":"center center","background-size":"auto","background-attachment":"scroll","background-type":"","background-media":"","overlay-type":"","overlay-color":"","overlay-opacity":"","overlay-gradient":""},"mobile":{"background-color":"","background-image":"","background-repeat":"repeat","background-position":"center center","background-size":"auto","background-attachment":"scroll","background-type":"","background-media":"","overlay-type":"","overlay-color":"","overlay-opacity":"","overlay-gradient":""}},"ast-content-background-meta":{"desktop":{"background-color":"var(--ast-global-color-5)","background-image":"","background-repeat":"repeat","background-position":"center center","background-size":"auto","background-attachment":"scroll","background-type":"","background-media":"","overlay-type":"","overlay-color":"","overlay-opacity":"","overlay-gradient":""},"tablet":{"background-color":"var(--ast-global-color-5)","background-image":"","background-repeat":"repeat","background-position":"center center","background-size":"auto","background-attachment":"scroll","background-type":"","background-media":"","overlay-type":"","overlay-color":"","overlay-opacity":"","overlay-gradient":""},"mobile":{"background-color":"var(--ast-global-color-5)","background-image":"","background-repeat":"repeat","background-position":"center center","background-size":"auto","background-attachment":"scroll","background-type":"","background-media":"","overlay-type":"","overlay-color":"","overlay-opacity":"","overlay-gradient":""}}},"product_brand":[],"product_cat":[22,42,287],"product_tag":[],"class_list":{"0":"post-5649","1":"product","2":"type-product","3":"status-publish","4":"has-post-thumbnail","6":"product_cat-biblias","7":"product_cat-biblias-reina-valera","8":"product_cat-bolsillo-rvr","9":"desktop-align-left","10":"tablet-align-left","11":"mobile-align-left","13":"first","14":"instock","15":"shipping-taxable","16":"purchasable","17":"product-type-simple"},"yoast_head":"<!-- This site is optimized with the Yoast SEO plugin v27.4 - https:\/\/yoast.com\/product\/yoast-seo-wordpress\/ -->\n<title>Biblia Chequera RVR1960 Cierre - tzionlibreria.com<\/title>\n<meta name=\"description\" content=\"La Biblia Compacta Chequera es ideal para quienes desean llevar la Palabra de Dios a todas partes sin sacrificar funcionalidad. Para mujeres.\" \/>\n<meta name=\"robots\" content=\"index, follow, max-snippet:-1, max-image-preview:large, max-video-preview:-1\" \/>\n<link rel=\"canonical\" href=\"https:\/\/tzionlibreria.com\/index.php\/product\/biblia-chequera-rvr1960-cierre\/\" \/>\n<meta property=\"og:locale\" content=\"es_ES\" \/>\n<meta property=\"og:type\" content=\"article\" \/>\n<meta property=\"og:title\" content=\"Biblia Chequera RVR1960 Cierre - tzionlibreria.com\" \/>\n<meta property=\"og:description\" content=\"La Biblia Compacta Chequera es ideal para quienes desean llevar la Palabra de Dios a todas partes sin sacrificar funcionalidad. Para mujeres.\" \/>\n<meta property=\"og:url\" content=\"https:\/\/tzionlibreria.com\/index.php\/product\/biblia-chequera-rvr1960-cierre\/\" \/>\n<meta property=\"og:site_name\" content=\"tzionlibreria.com\" \/>\n<meta property=\"og:image\" content=\"http:\/\/tzionlibreria.com\/wp-content\/uploads\/2025\/07\/719HCf3ohBL._SL1280_.jpg\" \/>\n\t<meta property=\"og:image:width\" content=\"1280\" \/>\n\t<meta property=\"og:image:height\" content=\"1280\" \/>\n\t<meta property=\"og:image:type\" content=\"image\/jpeg\" \/>\n<meta name=\"twitter:card\" content=\"summary_large_image\" \/>\n<meta name=\"twitter:label1\" content=\"Tiempo de lectura\" \/>\n\t<meta name=\"twitter:data1\" content=\"2 minutos\" \/>\n<script type=\"application\/ld+json\" class=\"yoast-schema-graph\">{\"@context\":\"https:\\\/\\\/schema.org\",\"@graph\":[{\"@type\":\"WebPage\",\"@id\":\"https:\\\/\\\/tzionlibreria.com\\\/index.php\\\/product\\\/biblia-chequera-rvr1960-cierre\\\/\",\"url\":\"https:\\\/\\\/tzionlibreria.com\\\/index.php\\\/product\\\/biblia-chequera-rvr1960-cierre\\\/\",\"name\":\"Biblia Chequera RVR1960 Cierre - tzionlibreria.com\",\"isPartOf\":{\"@id\":\"https:\\\/\\\/tzionlibreria.com\\\/#website\"},\"primaryImageOfPage\":{\"@id\":\"https:\\\/\\\/tzionlibreria.com\\\/index.php\\\/product\\\/biblia-chequera-rvr1960-cierre\\\/#primaryimage\"},\"image\":{\"@id\":\"https:\\\/\\\/tzionlibreria.com\\\/index.php\\\/product\\\/biblia-chequera-rvr1960-cierre\\\/#primaryimage\"},\"thumbnailUrl\":\"https:\\\/\\\/tzionlibreria.com\\\/wp-content\\\/uploads\\\/2025\\\/07\\\/719HCf3ohBL._SL1280_.jpg\",\"datePublished\":\"2025-07-24T01:12:23+00:00\",\"description\":\"La Biblia Compacta Chequera es ideal para quienes desean llevar la Palabra de Dios a todas partes sin sacrificar funcionalidad. Para mujeres.\",\"breadcrumb\":{\"@id\":\"https:\\\/\\\/tzionlibreria.com\\\/index.php\\\/product\\\/biblia-chequera-rvr1960-cierre\\\/#breadcrumb\"},\"inLanguage\":\"es-CO\",\"potentialAction\":[{\"@type\":\"ReadAction\",\"target\":[\"https:\\\/\\\/tzionlibreria.com\\\/index.php\\\/product\\\/biblia-chequera-rvr1960-cierre\\\/\"]}]},{\"@type\":\"ImageObject\",\"inLanguage\":\"es-CO\",\"@id\":\"https:\\\/\\\/tzionlibreria.com\\\/index.php\\\/product\\\/biblia-chequera-rvr1960-cierre\\\/#primaryimage\",\"url\":\"https:\\\/\\\/tzionlibreria.com\\\/wp-content\\\/uploads\\\/2025\\\/07\\\/719HCf3ohBL._SL1280_.jpg\",\"contentUrl\":\"https:\\\/\\\/tzionlibreria.com\\\/wp-content\\\/uploads\\\/2025\\\/07\\\/719HCf3ohBL._SL1280_.jpg\",\"width\":1280,\"height\":1280},{\"@type\":\"BreadcrumbList\",\"@id\":\"https:\\\/\\\/tzionlibreria.com\\\/index.php\\\/product\\\/biblia-chequera-rvr1960-cierre\\\/#breadcrumb\",\"itemListElement\":[{\"@type\":\"ListItem\",\"position\":1,\"name\":\"Inicio\",\"item\":\"https:\\\/\\\/tzionlibreria.com\\\/\"},{\"@type\":\"ListItem\",\"position\":2,\"name\":\"Shop\",\"item\":\"https:\\\/\\\/tzionlibreria.com\\\/index.php\\\/shop\\\/\"},{\"@type\":\"ListItem\",\"position\":3,\"name\":\"Biblia Chequera RVR1960 Cierre\"}]},{\"@type\":\"WebSite\",\"@id\":\"https:\\\/\\\/tzionlibreria.com\\\/#website\",\"url\":\"https:\\\/\\\/tzionlibreria.com\\\/\",\"name\":\"tzionlibreria.com\",\"description\":\"Libreria Cristiana Venezuela\",\"publisher\":{\"@id\":\"https:\\\/\\\/tzionlibreria.com\\\/#organization\"},\"potentialAction\":[{\"@type\":\"SearchAction\",\"target\":{\"@type\":\"EntryPoint\",\"urlTemplate\":\"https:\\\/\\\/tzionlibreria.com\\\/?s={search_term_string}\"},\"query-input\":{\"@type\":\"PropertyValueSpecification\",\"valueRequired\":true,\"valueName\":\"search_term_string\"}}],\"inLanguage\":\"es-CO\"},{\"@type\":\"Organization\",\"@id\":\"https:\\\/\\\/tzionlibreria.com\\\/#organization\",\"name\":\"tzionlibreria.com\",\"url\":\"https:\\\/\\\/tzionlibreria.com\\\/\",\"logo\":{\"@type\":\"ImageObject\",\"inLanguage\":\"es-CO\",\"@id\":\"https:\\\/\\\/tzionlibreria.com\\\/#\\\/schema\\\/logo\\\/image\\\/\",\"url\":\"https:\\\/\\\/tzionlibreria.com\\\/wp-content\\\/uploads\\\/2023\\\/10\\\/cropped-Cuadricula-scaled-1.jpg\",\"contentUrl\":\"https:\\\/\\\/tzionlibreria.com\\\/wp-content\\\/uploads\\\/2023\\\/10\\\/cropped-Cuadricula-scaled-1.jpg\",\"width\":2560,\"height\":2560,\"caption\":\"tzionlibreria.com\"},\"image\":{\"@id\":\"https:\\\/\\\/tzionlibreria.com\\\/#\\\/schema\\\/logo\\\/image\\\/\"}}]}<\/script>\n<!-- \/ Yoast SEO plugin. -->","yoast_head_json":{"title":"Biblia Chequera RVR1960 Cierre - tzionlibreria.com","description":"La Biblia Compacta Chequera es ideal para quienes desean llevar la Palabra de Dios a todas partes sin sacrificar funcionalidad. Para mujeres.","robots":{"index":"index","follow":"follow","max-snippet":"max-snippet:-1","max-image-preview":"max-image-preview:large","max-video-preview":"max-video-preview:-1"},"canonical":"https:\/\/tzionlibreria.com\/index.php\/product\/biblia-chequera-rvr1960-cierre\/","og_locale":"es_ES","og_type":"article","og_title":"Biblia Chequera RVR1960 Cierre - tzionlibreria.com","og_description":"La Biblia Compacta Chequera es ideal para quienes desean llevar la Palabra de Dios a todas partes sin sacrificar funcionalidad. Para mujeres.","og_url":"https:\/\/tzionlibreria.com\/index.php\/product\/biblia-chequera-rvr1960-cierre\/","og_site_name":"tzionlibreria.com","og_image":[{"width":1280,"height":1280,"url":"http:\/\/tzionlibreria.com\/wp-content\/uploads\/2025\/07\/719HCf3ohBL._SL1280_.jpg","type":"image\/jpeg"}],"twitter_card":"summary_large_image","twitter_misc":{"Tiempo de lectura":"2 minutos"},"schema":{"@context":"https:\/\/schema.org","@graph":[{"@type":"WebPage","@id":"https:\/\/tzionlibreria.com\/index.php\/product\/biblia-chequera-rvr1960-cierre\/","url":"https:\/\/tzionlibreria.com\/index.php\/product\/biblia-chequera-rvr1960-cierre\/","name":"Biblia Chequera RVR1960 Cierre - tzionlibreria.com","isPartOf":{"@id":"https:\/\/tzionlibreria.com\/#website"},"primaryImageOfPage":{"@id":"https:\/\/tzionlibreria.com\/index.php\/product\/biblia-chequera-rvr1960-cierre\/#primaryimage"},"image":{"@id":"https:\/\/tzionlibreria.com\/index.php\/product\/biblia-chequera-rvr1960-cierre\/#primaryimage"},"thumbnailUrl":"https:\/\/tzionlibreria.com\/wp-content\/uploads\/2025\/07\/719HCf3ohBL._SL1280_.jpg","datePublished":"2025-07-24T01:12:23+00:00","description":"La Biblia Compacta Chequera es ideal para quienes desean llevar la Palabra de Dios a todas partes sin sacrificar funcionalidad. Para mujeres.","breadcrumb":{"@id":"https:\/\/tzionlibreria.com\/index.php\/product\/biblia-chequera-rvr1960-cierre\/#breadcrumb"},"inLanguage":"es-CO","potentialAction":[{"@type":"ReadAction","target":["https:\/\/tzionlibreria.com\/index.php\/product\/biblia-chequera-rvr1960-cierre\/"]}]},{"@type":"ImageObject","inLanguage":"es-CO","@id":"https:\/\/tzionlibreria.com\/index.php\/product\/biblia-chequera-rvr1960-cierre\/#primaryimage","url":"https:\/\/tzionlibreria.com\/wp-content\/uploads\/2025\/07\/719HCf3ohBL._SL1280_.jpg","contentUrl":"https:\/\/tzionlibreria.com\/wp-content\/uploads\/2025\/07\/719HCf3ohBL._SL1280_.jpg","width":1280,"height":1280},{"@type":"BreadcrumbList","@id":"https:\/\/tzionlibreria.com\/index.php\/product\/biblia-chequera-rvr1960-cierre\/#breadcrumb","itemListElement":[{"@type":"ListItem","position":1,"name":"Inicio","item":"https:\/\/tzionlibreria.com\/"},{"@type":"ListItem","position":2,"name":"Shop","item":"https:\/\/tzionlibreria.com\/index.php\/shop\/"},{"@type":"ListItem","position":3,"name":"Biblia Chequera RVR1960 Cierre"}]},{"@type":"WebSite","@id":"https:\/\/tzionlibreria.com\/#website","url":"https:\/\/tzionlibreria.com\/","name":"tzionlibreria.com","description":"Libreria Cristiana Venezuela","publisher":{"@id":"https:\/\/tzionlibreria.com\/#organization"},"potentialAction":[{"@type":"SearchAction","target":{"@type":"EntryPoint","urlTemplate":"https:\/\/tzionlibreria.com\/?s={search_term_string}"},"query-input":{"@type":"PropertyValueSpecification","valueRequired":true,"valueName":"search_term_string"}}],"inLanguage":"es-CO"},{"@type":"Organization","@id":"https:\/\/tzionlibreria.com\/#organization","name":"tzionlibreria.com","url":"https:\/\/tzionlibreria.com\/","logo":{"@type":"ImageObject","inLanguage":"es-CO","@id":"https:\/\/tzionlibreria.com\/#\/schema\/logo\/image\/","url":"https:\/\/tzionlibreria.com\/wp-content\/uploads\/2023\/10\/cropped-Cuadricula-scaled-1.jpg","contentUrl":"https:\/\/tzionlibreria.com\/wp-content\/uploads\/2023\/10\/cropped-Cuadricula-scaled-1.jpg","width":2560,"height":2560,"caption":"tzionlibreria.com"},"image":{"@id":"https:\/\/tzionlibreria.com\/#\/schema\/logo\/image\/"}}]}},"jetpack_sharing_enabled":true,"_links":{"self":[{"href":"https:\/\/tzionlibreria.com\/index.php\/wp-json\/wp\/v2\/product\/5649","targetHints":{"allow":["GET"]}}],"collection":[{"href":"https:\/\/tzionlibreria.com\/index.php\/wp-json\/wp\/v2\/product"}],"about":[{"href":"https:\/\/tzionlibreria.com\/index.php\/wp-json\/wp\/v2\/types\/product"}],"replies":[{"embeddable":true,"href":"https:\/\/tzionlibreria.com\/index.php\/wp-json\/wp\/v2\/comments?post=5649"}],"wp:featuredmedia":[{"embeddable":true,"href":"https:\/\/tzionlibreria.com\/index.php\/wp-json\/wp\/v2\/media\/5650"}],"wp:attachment":[{"href":"https:\/\/tzionlibreria.com\/index.php\/wp-json\/wp\/v2\/media?parent=5649"}],"wp:term":[{"taxonomy":"product_brand","embeddable":true,"href":"https:\/\/tzionlibreria.com\/index.php\/wp-json\/wp\/v2\/product_brand?post=5649"},{"taxonomy":"product_cat","embeddable":true,"href":"https:\/\/tzionlibreria.com\/index.php\/wp-json\/wp\/v2\/product_cat?post=5649"},{"taxonomy":"product_tag","embeddable":true,"href":"https:\/\/tzionlibreria.com\/index.php\/wp-json\/wp\/v2\/product_tag?post=5649"}],"curies":[{"name":"wp","href":"https:\/\/api.w.org\/{rel}","templated":true}]}}