{"id":5656,"date":"2025-07-24T01:20:14","date_gmt":"2025-07-24T01:20:14","guid":{"rendered":"https:\/\/tzionlibreria.com\/?post_type=product&#038;p=5656"},"modified":"2025-07-24T01:20:55","modified_gmt":"2025-07-24T01:20:55","slug":"365-actividades-para-ninos-cuaderno-biblico-interactivo","status":"publish","type":"product","link":"https:\/\/tzionlibreria.com\/index.php\/product\/365-actividades-para-ninos-cuaderno-biblico-interactivo\/","title":{"rendered":"365 Actividades para Ni\u00f1os | Cuaderno B\u00edblico Interactivo"},"content":{"rendered":"<h3 data-start=\"133\" data-end=\"199\">\ud83d\udcd8 365 Actividades para Ni\u00f1os | Cuaderno B\u00edblico Interactivo<\/h3>\n<p>&nbsp;<\/p>\n<p data-start=\"200\" data-end=\"271\"><strong data-start=\"200\" data-end=\"271\">Editorial: Unilit | ISBN: 9780789926494 | Edad sugerida: 6 a 8 a\u00f1os<\/strong><\/p>\n<p data-start=\"273\" data-end=\"617\">\ud83e\udde9 \u00a1Un viaje divertido por la Biblia durante todo el a\u00f1o!<br data-start=\"330\" data-end=\"333\" \/>Este colorido cuaderno de actividades es la herramienta ideal para que ni\u00f1os y ni\u00f1as aprendan sobre la Palabra de Dios de forma creativa, activa y significativa. Con un formato pr\u00e1ctico de <strong data-start=\"522\" data-end=\"547\">argollado con soporte<\/strong>, es perfecto para el hogar, escuela dominical o clases de catequesis.<\/p>\n<h3 data-start=\"619\" data-end=\"639\">\ud83c\udfaf \u00bfQu\u00e9 incluye?<\/h3>\n<ul data-start=\"640\" data-end=\"994\">\n<li data-start=\"640\" data-end=\"703\">\n<p data-start=\"642\" data-end=\"703\">\ud83e\udde0 <strong data-start=\"645\" data-end=\"673\">365 actividades b\u00edblicas<\/strong> (una para cada d\u00eda del a\u00f1o)<\/p>\n<\/li>\n<li data-start=\"704\" data-end=\"768\">\n<p data-start=\"706\" data-end=\"768\">\ud83c\udfa8 Dibuja y colorea historias del Antiguo y Nuevo Testamento<\/p>\n<\/li>\n<li data-start=\"769\" data-end=\"820\">\n<p data-start=\"771\" data-end=\"820\">\ud83e\udde9 Laberintos, rompecabezas y juegos did\u00e1cticos<\/p>\n<\/li>\n<li data-start=\"821\" data-end=\"880\">\n<p data-start=\"823\" data-end=\"880\">\ud83d\udd0d Encuentra las diferencias con ilustraciones b\u00edblicas<\/p>\n<\/li>\n<li data-start=\"881\" data-end=\"929\">\n<p data-start=\"883\" data-end=\"929\">\ud83d\udcd6 Gu\u00eda de pasajes b\u00edblicos para profundizar<\/p>\n<\/li>\n<li data-start=\"930\" data-end=\"994\">\n<p data-start=\"932\" data-end=\"994\">\ud83c\udf89 \u00a1Muchas sorpresas m\u00e1s para fortalecer la fe desde peque\u00f1os!<\/p>\n<\/li>\n<\/ul>\n<h3 data-start=\"996\" data-end=\"1025\">\ud83d\udcd0 Detalles del producto:<\/h3>\n<ul data-start=\"1026\" data-end=\"1207\">\n<li data-start=\"1026\" data-end=\"1067\">\n<p data-start=\"1028\" data-end=\"1067\">\ud83d\udcc5 Publicaci\u00f3n: 11 de febrero de 2023<\/p>\n<\/li>\n<li data-start=\"1068\" data-end=\"1090\">\n<p data-start=\"1070\" data-end=\"1090\">\ud83d\udde3 Idioma: Espa\u00f1ol<\/p>\n<\/li>\n<li data-start=\"1091\" data-end=\"1109\">\n<p data-start=\"1093\" data-end=\"1109\">\ud83d\udcc4 368 p\u00e1ginas<\/p>\n<\/li>\n<li data-start=\"1110\" data-end=\"1144\">\n<p data-start=\"1112\" data-end=\"1144\">\ud83d\udccf Dimensiones: 17 x 19 x 2 cm<\/p>\n<\/li>\n<li data-start=\"1145\" data-end=\"1207\">\n<p data-start=\"1147\" data-end=\"1207\">\ud83e\uddf7 Formato: Espiral con base (tipo calendario de escritorio)<\/p>\n<\/li>\n<\/ul>\n<p data-start=\"1209\" data-end=\"1363\">\ud83c\udf1f <em data-start=\"1212\" data-end=\"1307\">Una herramienta \u00fanica para ense\u00f1ar principios cristianos de forma divertida y transformadora.<\/em><br data-start=\"1307\" data-end=\"1310\" \/>Ideal como regalo o recurso para maestros de ni\u00f1os.<\/p>\n","protected":false},"excerpt":{"rendered":"<p>\ud83d\udcd8 365 Actividades para Ni\u00f1os | Cuaderno B\u00edblico Interactivo &nbsp; Editorial: Unilit | ISBN: 9780789926494 | Edad sugerida: 6 a 8 a\u00f1os \ud83e\udde9 \u00a1Un viaje divertido por la Biblia durante todo el a\u00f1o!Este colorido cuaderno de actividades es la herramienta ideal para que ni\u00f1os y ni\u00f1as aprendan sobre la Palabra de Dios de forma creativa, [&hellip;]<\/p>\n","protected":false},"featured_media":5657,"comment_status":"open","ping_status":"closed","template":"","meta":{"om_disable_all_campaigns":false,"_monsterinsights_skip_tracking":false,"_monsterinsights_sitenote_active":false,"_monsterinsights_sitenote_note":"","_monsterinsights_sitenote_category":0,"site-sidebar-layout":"default","site-content-layout":"","ast-site-content-layout":"default","site-content-style":"default","site-sidebar-style":"default","ast-global-header-display":"","ast-banner-title-visibility":"","ast-main-header-display":"","ast-hfb-above-header-display":"","ast-hfb-below-header-display":"","ast-hfb-mobile-header-display":"","site-post-title":"","ast-breadcrumbs-content":"","ast-featured-img":"","footer-sml-layout":"","ast-disable-related-posts":"","theme-transparent-header-meta":"default","adv-header-id-meta":"","stick-header-meta":"","header-above-stick-meta":"","header-main-stick-meta":"","header-below-stick-meta":"","astra-migrate-meta-layouts":"set","ast-page-background-enabled":"default","ast-page-background-meta":{"desktop":{"background-color":"var(--ast-global-color-4)","background-image":"","background-repeat":"repeat","background-position":"center center","background-size":"auto","background-attachment":"scroll","background-type":"","background-media":"","overlay-type":"","overlay-color":"","overlay-opacity":"","overlay-gradient":""},"tablet":{"background-color":"","background-image":"","background-repeat":"repeat","background-position":"center center","background-size":"auto","background-attachment":"scroll","background-type":"","background-media":"","overlay-type":"","overlay-color":"","overlay-opacity":"","overlay-gradient":""},"mobile":{"background-color":"","background-image":"","background-repeat":"repeat","background-position":"center center","background-size":"auto","background-attachment":"scroll","background-type":"","background-media":"","overlay-type":"","overlay-color":"","overlay-opacity":"","overlay-gradient":""}},"ast-content-background-meta":{"desktop":{"background-color":"var(--ast-global-color-5)","background-image":"","background-repeat":"repeat","background-position":"center center","background-size":"auto","background-attachment":"scroll","background-type":"","background-media":"","overlay-type":"","overlay-color":"","overlay-opacity":"","overlay-gradient":""},"tablet":{"background-color":"var(--ast-global-color-5)","background-image":"","background-repeat":"repeat","background-position":"center center","background-size":"auto","background-attachment":"scroll","background-type":"","background-media":"","overlay-type":"","overlay-color":"","overlay-opacity":"","overlay-gradient":""},"mobile":{"background-color":"var(--ast-global-color-5)","background-image":"","background-repeat":"repeat","background-position":"center center","background-size":"auto","background-attachment":"scroll","background-type":"","background-media":"","overlay-type":"","overlay-color":"","overlay-opacity":"","overlay-gradient":""}}},"product_brand":[],"product_cat":[25,209],"product_tag":[],"class_list":{"0":"post-5656","1":"product","2":"type-product","3":"status-publish","4":"has-post-thumbnail","6":"product_cat-kids","7":"product_cat-libros-kids","8":"desktop-align-left","9":"tablet-align-left","10":"mobile-align-left","12":"first","13":"instock","14":"shipping-taxable","15":"purchasable","16":"product-type-simple"},"yoast_head":"<!-- This site is optimized with the Yoast SEO plugin v27.5 - https:\/\/yoast.com\/product\/yoast-seo-wordpress\/ -->\n<title>365 Actividades para Ni\u00f1os | Cuaderno B\u00edblico Interactivo - tzionlibreria.com<\/title>\n<meta name=\"description\" content=\"Este cuaderno de actividades es la herramienta ideal para que ni\u00f1os y ni\u00f1as aprendan sobre la Palabra de Dios de forma creativa, activa y significativa\" \/>\n<meta name=\"robots\" content=\"index, follow, max-snippet:-1, max-image-preview:large, max-video-preview:-1\" \/>\n<link rel=\"canonical\" href=\"https:\/\/tzionlibreria.com\/index.php\/product\/365-actividades-para-ninos-cuaderno-biblico-interactivo\/\" \/>\n<meta property=\"og:locale\" content=\"es_ES\" \/>\n<meta property=\"og:type\" content=\"article\" \/>\n<meta property=\"og:title\" content=\"365 Actividades para Ni\u00f1os | Cuaderno B\u00edblico Interactivo - tzionlibreria.com\" \/>\n<meta property=\"og:description\" content=\"Este cuaderno de actividades es la herramienta ideal para que ni\u00f1os y ni\u00f1as aprendan sobre la Palabra de Dios de forma creativa, activa y significativa\" \/>\n<meta property=\"og:url\" content=\"https:\/\/tzionlibreria.com\/index.php\/product\/365-actividades-para-ninos-cuaderno-biblico-interactivo\/\" \/>\n<meta property=\"og:site_name\" content=\"tzionlibreria.com\" \/>\n<meta property=\"article:modified_time\" content=\"2025-07-24T01:20:55+00:00\" \/>\n<meta property=\"og:image\" content=\"http:\/\/tzionlibreria.com\/wp-content\/uploads\/2025\/07\/81hl5pkSYUL._SL1500_-1.jpg\" \/>\n\t<meta property=\"og:image:width\" content=\"1000\" \/>\n\t<meta property=\"og:image:height\" content=\"1500\" \/>\n\t<meta property=\"og:image:type\" content=\"image\/jpeg\" \/>\n<meta name=\"twitter:card\" content=\"summary_large_image\" \/>\n<meta name=\"twitter:label1\" content=\"Tiempo de lectura\" \/>\n\t<meta name=\"twitter:data1\" content=\"2 minutos\" \/>\n<script type=\"application\/ld+json\" class=\"yoast-schema-graph\">{\"@context\":\"https:\\\/\\\/schema.org\",\"@graph\":[{\"@type\":\"WebPage\",\"@id\":\"https:\\\/\\\/tzionlibreria.com\\\/index.php\\\/product\\\/365-actividades-para-ninos-cuaderno-biblico-interactivo\\\/\",\"url\":\"https:\\\/\\\/tzionlibreria.com\\\/index.php\\\/product\\\/365-actividades-para-ninos-cuaderno-biblico-interactivo\\\/\",\"name\":\"365 Actividades para Ni\u00f1os | Cuaderno B\u00edblico Interactivo - tzionlibreria.com\",\"isPartOf\":{\"@id\":\"https:\\\/\\\/tzionlibreria.com\\\/#website\"},\"primaryImageOfPage\":{\"@id\":\"https:\\\/\\\/tzionlibreria.com\\\/index.php\\\/product\\\/365-actividades-para-ninos-cuaderno-biblico-interactivo\\\/#primaryimage\"},\"image\":{\"@id\":\"https:\\\/\\\/tzionlibreria.com\\\/index.php\\\/product\\\/365-actividades-para-ninos-cuaderno-biblico-interactivo\\\/#primaryimage\"},\"thumbnailUrl\":\"https:\\\/\\\/tzionlibreria.com\\\/wp-content\\\/uploads\\\/2025\\\/07\\\/81hl5pkSYUL._SL1500_-1.jpg\",\"datePublished\":\"2025-07-24T01:20:14+00:00\",\"dateModified\":\"2025-07-24T01:20:55+00:00\",\"description\":\"Este cuaderno de actividades es la herramienta ideal para que ni\u00f1os y ni\u00f1as aprendan sobre la Palabra de Dios de forma creativa, activa y significativa\",\"breadcrumb\":{\"@id\":\"https:\\\/\\\/tzionlibreria.com\\\/index.php\\\/product\\\/365-actividades-para-ninos-cuaderno-biblico-interactivo\\\/#breadcrumb\"},\"inLanguage\":\"es-CO\",\"potentialAction\":[{\"@type\":\"ReadAction\",\"target\":[\"https:\\\/\\\/tzionlibreria.com\\\/index.php\\\/product\\\/365-actividades-para-ninos-cuaderno-biblico-interactivo\\\/\"]}]},{\"@type\":\"ImageObject\",\"inLanguage\":\"es-CO\",\"@id\":\"https:\\\/\\\/tzionlibreria.com\\\/index.php\\\/product\\\/365-actividades-para-ninos-cuaderno-biblico-interactivo\\\/#primaryimage\",\"url\":\"https:\\\/\\\/tzionlibreria.com\\\/wp-content\\\/uploads\\\/2025\\\/07\\\/81hl5pkSYUL._SL1500_-1.jpg\",\"contentUrl\":\"https:\\\/\\\/tzionlibreria.com\\\/wp-content\\\/uploads\\\/2025\\\/07\\\/81hl5pkSYUL._SL1500_-1.jpg\",\"width\":1000,\"height\":1500},{\"@type\":\"BreadcrumbList\",\"@id\":\"https:\\\/\\\/tzionlibreria.com\\\/index.php\\\/product\\\/365-actividades-para-ninos-cuaderno-biblico-interactivo\\\/#breadcrumb\",\"itemListElement\":[{\"@type\":\"ListItem\",\"position\":1,\"name\":\"Inicio\",\"item\":\"https:\\\/\\\/tzionlibreria.com\\\/\"},{\"@type\":\"ListItem\",\"position\":2,\"name\":\"Shop\",\"item\":\"https:\\\/\\\/tzionlibreria.com\\\/index.php\\\/shop\\\/\"},{\"@type\":\"ListItem\",\"position\":3,\"name\":\"365 Actividades para Ni\u00f1os | Cuaderno B\u00edblico Interactivo\"}]},{\"@type\":\"WebSite\",\"@id\":\"https:\\\/\\\/tzionlibreria.com\\\/#website\",\"url\":\"https:\\\/\\\/tzionlibreria.com\\\/\",\"name\":\"tzionlibreria.com\",\"description\":\"Libreria Cristiana Venezuela\",\"publisher\":{\"@id\":\"https:\\\/\\\/tzionlibreria.com\\\/#organization\"},\"potentialAction\":[{\"@type\":\"SearchAction\",\"target\":{\"@type\":\"EntryPoint\",\"urlTemplate\":\"https:\\\/\\\/tzionlibreria.com\\\/?s={search_term_string}\"},\"query-input\":{\"@type\":\"PropertyValueSpecification\",\"valueRequired\":true,\"valueName\":\"search_term_string\"}}],\"inLanguage\":\"es-CO\"},{\"@type\":\"Organization\",\"@id\":\"https:\\\/\\\/tzionlibreria.com\\\/#organization\",\"name\":\"tzionlibreria.com\",\"url\":\"https:\\\/\\\/tzionlibreria.com\\\/\",\"logo\":{\"@type\":\"ImageObject\",\"inLanguage\":\"es-CO\",\"@id\":\"https:\\\/\\\/tzionlibreria.com\\\/#\\\/schema\\\/logo\\\/image\\\/\",\"url\":\"https:\\\/\\\/tzionlibreria.com\\\/wp-content\\\/uploads\\\/2023\\\/10\\\/cropped-Cuadricula-scaled-1.jpg\",\"contentUrl\":\"https:\\\/\\\/tzionlibreria.com\\\/wp-content\\\/uploads\\\/2023\\\/10\\\/cropped-Cuadricula-scaled-1.jpg\",\"width\":2560,\"height\":2560,\"caption\":\"tzionlibreria.com\"},\"image\":{\"@id\":\"https:\\\/\\\/tzionlibreria.com\\\/#\\\/schema\\\/logo\\\/image\\\/\"}}]}<\/script>\n<!-- \/ Yoast SEO plugin. -->","yoast_head_json":{"title":"365 Actividades para Ni\u00f1os | Cuaderno B\u00edblico Interactivo - tzionlibreria.com","description":"Este cuaderno de actividades es la herramienta ideal para que ni\u00f1os y ni\u00f1as aprendan sobre la Palabra de Dios de forma creativa, activa y significativa","robots":{"index":"index","follow":"follow","max-snippet":"max-snippet:-1","max-image-preview":"max-image-preview:large","max-video-preview":"max-video-preview:-1"},"canonical":"https:\/\/tzionlibreria.com\/index.php\/product\/365-actividades-para-ninos-cuaderno-biblico-interactivo\/","og_locale":"es_ES","og_type":"article","og_title":"365 Actividades para Ni\u00f1os | Cuaderno B\u00edblico Interactivo - tzionlibreria.com","og_description":"Este cuaderno de actividades es la herramienta ideal para que ni\u00f1os y ni\u00f1as aprendan sobre la Palabra de Dios de forma creativa, activa y significativa","og_url":"https:\/\/tzionlibreria.com\/index.php\/product\/365-actividades-para-ninos-cuaderno-biblico-interactivo\/","og_site_name":"tzionlibreria.com","article_modified_time":"2025-07-24T01:20:55+00:00","og_image":[{"width":1000,"height":1500,"url":"http:\/\/tzionlibreria.com\/wp-content\/uploads\/2025\/07\/81hl5pkSYUL._SL1500_-1.jpg","type":"image\/jpeg"}],"twitter_card":"summary_large_image","twitter_misc":{"Tiempo de lectura":"2 minutos"},"schema":{"@context":"https:\/\/schema.org","@graph":[{"@type":"WebPage","@id":"https:\/\/tzionlibreria.com\/index.php\/product\/365-actividades-para-ninos-cuaderno-biblico-interactivo\/","url":"https:\/\/tzionlibreria.com\/index.php\/product\/365-actividades-para-ninos-cuaderno-biblico-interactivo\/","name":"365 Actividades para Ni\u00f1os | Cuaderno B\u00edblico Interactivo - tzionlibreria.com","isPartOf":{"@id":"https:\/\/tzionlibreria.com\/#website"},"primaryImageOfPage":{"@id":"https:\/\/tzionlibreria.com\/index.php\/product\/365-actividades-para-ninos-cuaderno-biblico-interactivo\/#primaryimage"},"image":{"@id":"https:\/\/tzionlibreria.com\/index.php\/product\/365-actividades-para-ninos-cuaderno-biblico-interactivo\/#primaryimage"},"thumbnailUrl":"https:\/\/tzionlibreria.com\/wp-content\/uploads\/2025\/07\/81hl5pkSYUL._SL1500_-1.jpg","datePublished":"2025-07-24T01:20:14+00:00","dateModified":"2025-07-24T01:20:55+00:00","description":"Este cuaderno de actividades es la herramienta ideal para que ni\u00f1os y ni\u00f1as aprendan sobre la Palabra de Dios de forma creativa, activa y significativa","breadcrumb":{"@id":"https:\/\/tzionlibreria.com\/index.php\/product\/365-actividades-para-ninos-cuaderno-biblico-interactivo\/#breadcrumb"},"inLanguage":"es-CO","potentialAction":[{"@type":"ReadAction","target":["https:\/\/tzionlibreria.com\/index.php\/product\/365-actividades-para-ninos-cuaderno-biblico-interactivo\/"]}]},{"@type":"ImageObject","inLanguage":"es-CO","@id":"https:\/\/tzionlibreria.com\/index.php\/product\/365-actividades-para-ninos-cuaderno-biblico-interactivo\/#primaryimage","url":"https:\/\/tzionlibreria.com\/wp-content\/uploads\/2025\/07\/81hl5pkSYUL._SL1500_-1.jpg","contentUrl":"https:\/\/tzionlibreria.com\/wp-content\/uploads\/2025\/07\/81hl5pkSYUL._SL1500_-1.jpg","width":1000,"height":1500},{"@type":"BreadcrumbList","@id":"https:\/\/tzionlibreria.com\/index.php\/product\/365-actividades-para-ninos-cuaderno-biblico-interactivo\/#breadcrumb","itemListElement":[{"@type":"ListItem","position":1,"name":"Inicio","item":"https:\/\/tzionlibreria.com\/"},{"@type":"ListItem","position":2,"name":"Shop","item":"https:\/\/tzionlibreria.com\/index.php\/shop\/"},{"@type":"ListItem","position":3,"name":"365 Actividades para Ni\u00f1os | Cuaderno B\u00edblico Interactivo"}]},{"@type":"WebSite","@id":"https:\/\/tzionlibreria.com\/#website","url":"https:\/\/tzionlibreria.com\/","name":"tzionlibreria.com","description":"Libreria Cristiana Venezuela","publisher":{"@id":"https:\/\/tzionlibreria.com\/#organization"},"potentialAction":[{"@type":"SearchAction","target":{"@type":"EntryPoint","urlTemplate":"https:\/\/tzionlibreria.com\/?s={search_term_string}"},"query-input":{"@type":"PropertyValueSpecification","valueRequired":true,"valueName":"search_term_string"}}],"inLanguage":"es-CO"},{"@type":"Organization","@id":"https:\/\/tzionlibreria.com\/#organization","name":"tzionlibreria.com","url":"https:\/\/tzionlibreria.com\/","logo":{"@type":"ImageObject","inLanguage":"es-CO","@id":"https:\/\/tzionlibreria.com\/#\/schema\/logo\/image\/","url":"https:\/\/tzionlibreria.com\/wp-content\/uploads\/2023\/10\/cropped-Cuadricula-scaled-1.jpg","contentUrl":"https:\/\/tzionlibreria.com\/wp-content\/uploads\/2023\/10\/cropped-Cuadricula-scaled-1.jpg","width":2560,"height":2560,"caption":"tzionlibreria.com"},"image":{"@id":"https:\/\/tzionlibreria.com\/#\/schema\/logo\/image\/"}}]}},"jetpack_sharing_enabled":true,"_links":{"self":[{"href":"https:\/\/tzionlibreria.com\/index.php\/wp-json\/wp\/v2\/product\/5656","targetHints":{"allow":["GET"]}}],"collection":[{"href":"https:\/\/tzionlibreria.com\/index.php\/wp-json\/wp\/v2\/product"}],"about":[{"href":"https:\/\/tzionlibreria.com\/index.php\/wp-json\/wp\/v2\/types\/product"}],"replies":[{"embeddable":true,"href":"https:\/\/tzionlibreria.com\/index.php\/wp-json\/wp\/v2\/comments?post=5656"}],"wp:featuredmedia":[{"embeddable":true,"href":"https:\/\/tzionlibreria.com\/index.php\/wp-json\/wp\/v2\/media\/5657"}],"wp:attachment":[{"href":"https:\/\/tzionlibreria.com\/index.php\/wp-json\/wp\/v2\/media?parent=5656"}],"wp:term":[{"taxonomy":"product_brand","embeddable":true,"href":"https:\/\/tzionlibreria.com\/index.php\/wp-json\/wp\/v2\/product_brand?post=5656"},{"taxonomy":"product_cat","embeddable":true,"href":"https:\/\/tzionlibreria.com\/index.php\/wp-json\/wp\/v2\/product_cat?post=5656"},{"taxonomy":"product_tag","embeddable":true,"href":"https:\/\/tzionlibreria.com\/index.php\/wp-json\/wp\/v2\/product_tag?post=5656"}],"curies":[{"name":"wp","href":"https:\/\/api.w.org\/{rel}","templated":true}]}}