{"id":5678,"date":"2025-08-19T13:17:16","date_gmt":"2025-08-19T13:17:16","guid":{"rendered":"https:\/\/tzionlibreria.com\/?post_type=product&#038;p=5678"},"modified":"2026-03-25T19:41:23","modified_gmt":"2026-03-25T19:41:23","slug":"biblia-letra-gigante-14-aguamarina-reina-valera-1960-indice-cierre","status":"publish","type":"product","link":"https:\/\/tzionlibreria.com\/index.php\/product\/biblia-letra-gigante-14-aguamarina-reina-valera-1960-indice-cierre\/","title":{"rendered":"Biblia Letra Gigante 14 Aguamarina Reina Valera 1960 \u00edndice cierre"},"content":{"rendered":"<p data-start=\"84\" data-end=\"153\">\ud83d\udcd6 <strong data-start=\"87\" data-end=\"151\">Biblia Letra Gigante Aguamarina Reina Valera 1960 con \u00cdndice<\/strong><\/p>\n<p data-start=\"155\" data-end=\"433\">La Biblia Reina Valera 1960 en <strong data-start=\"186\" data-end=\"203\">letra gigante<\/strong> es ideal para quienes desean leer con mayor comodidad y disfrutar de un dise\u00f1o moderno y elegante. Su cubierta en imitaci\u00f3n piel color aguamarina con cierre la hace pr\u00e1ctica, resistente y perfecta para llevar a cualquier lugar.<\/p>\n<p data-start=\"435\" data-end=\"470\">\u2728 <strong data-start=\"437\" data-end=\"468\">Caracter\u00edsticas destacadas:<\/strong><\/p>\n<ul data-start=\"471\" data-end=\"1139\">\n<li data-start=\"471\" data-end=\"542\">\n<p data-start=\"473\" data-end=\"542\"><strong data-start=\"473\" data-end=\"512\">Letra gigante y tipograf\u00eda renovada<\/strong>: lectura clara y agradable.<\/p>\n<\/li>\n<li data-start=\"543\" data-end=\"612\">\n<p data-start=\"545\" data-end=\"612\"><strong data-start=\"545\" data-end=\"569\">Dise\u00f1o a dos colores<\/strong> para mayor legibilidad y belleza visual.<\/p>\n<\/li>\n<li data-start=\"613\" data-end=\"892\">\n<p data-start=\"615\" data-end=\"892\"><strong data-start=\"615\" data-end=\"642\">C\u00f3digos QR interactivos<\/strong> con videos explicativos sobre:<br data-start=\"673\" data-end=\"676\" \/>\u25aa Qu\u00e9 es la Biblia<br data-start=\"696\" data-end=\"699\" \/>\u25aa Estructura y formaci\u00f3n de la Biblia<br data-start=\"738\" data-end=\"741\" \/>\u25aa Idiomas originales<br data-start=\"763\" data-end=\"766\" \/>\u25aa Beneficios de leer la Palabra<br data-start=\"799\" data-end=\"802\" \/>\u25aa Introducci\u00f3n a cada libro b\u00edblico<br data-start=\"839\" data-end=\"842\" \/>\u25aa Interpretaci\u00f3n de Jes\u00fas sobre las Escrituras<\/p>\n<\/li>\n<li data-start=\"893\" data-end=\"1139\">\n<p data-start=\"895\" data-end=\"1139\"><strong data-start=\"895\" data-end=\"914\">Ayudas impresas<\/strong> que fortalecen el estudio b\u00edblico:<br data-start=\"949\" data-end=\"952\" \/>\u25aa Plan de lectura \u201cLa Biblia en un a\u00f1o\u201d<br data-start=\"993\" data-end=\"996\" \/>\u25aa Pasajes famosos<br data-start=\"1015\" data-end=\"1018\" \/>\u25aa Concordancia de consulta<br data-start=\"1046\" data-end=\"1049\" \/>\u25aa 17 mapas a todo color<br data-start=\"1074\" data-end=\"1077\" \/>\u25aa Divisi\u00f3n del d\u00eda y calendario hebreo (incluidas fiestas)<\/p>\n<\/li>\n<\/ul>\n<p data-start=\"1141\" data-end=\"1180\">\ud83d\udcd0 <strong data-start=\"1144\" data-end=\"1178\">Especificaciones del producto:<\/strong><\/p>\n<ul data-start=\"1181\" data-end=\"1317\">\n<li data-start=\"1181\" data-end=\"1204\">\n<p data-start=\"1183\" data-end=\"1204\">ISBN: 9789587456141<\/p>\n<\/li>\n<li data-start=\"1205\" data-end=\"1239\">\n<p data-start=\"1207\" data-end=\"1239\">Dimensiones: 240 x 190 x 30 mm<\/p>\n<\/li>\n<li data-start=\"1240\" data-end=\"1257\">\n<p data-start=\"1242\" data-end=\"1257\">P\u00e1ginas: 1760<\/p>\n<\/li>\n<li data-start=\"1258\" data-end=\"1277\">\n<p data-start=\"1260\" data-end=\"1277\">Idioma: Espa\u00f1ol<\/p>\n<\/li>\n<li data-start=\"1278\" data-end=\"1317\">\n<p data-start=\"1280\" data-end=\"1317\">Cubierta: Imitaci\u00f3n piel con cierre<\/p>\n<\/li>\n<\/ul>\n<p data-start=\"1319\" data-end=\"1468\">\u2705 Una Biblia completa, pr\u00e1ctica e interactiva, pensada para que profundices en el estudio de la Palabra de Dios con herramientas modernas y \u00fatiles.<\/p>\n","protected":false},"excerpt":{"rendered":"<p>\ud83d\udcd6 Biblia Letra Gigante Aguamarina Reina Valera 1960 con \u00cdndice La Biblia Reina Valera 1960 en letra gigante es ideal para quienes desean leer con mayor comodidad y disfrutar de un dise\u00f1o moderno y elegante. Su cubierta en imitaci\u00f3n piel color aguamarina con cierre la hace pr\u00e1ctica, resistente y perfecta para llevar a cualquier lugar. [&hellip;]<\/p>\n","protected":false},"featured_media":5679,"comment_status":"open","ping_status":"closed","template":"","meta":{"om_disable_all_campaigns":false,"_monsterinsights_skip_tracking":false,"_monsterinsights_sitenote_active":false,"_monsterinsights_sitenote_note":"","_monsterinsights_sitenote_category":0,"site-sidebar-layout":"default","site-content-layout":"","ast-site-content-layout":"default","site-content-style":"default","site-sidebar-style":"default","ast-global-header-display":"","ast-banner-title-visibility":"","ast-main-header-display":"","ast-hfb-above-header-display":"","ast-hfb-below-header-display":"","ast-hfb-mobile-header-display":"","site-post-title":"","ast-breadcrumbs-content":"","ast-featured-img":"","footer-sml-layout":"","ast-disable-related-posts":"","theme-transparent-header-meta":"default","adv-header-id-meta":"","stick-header-meta":"","header-above-stick-meta":"","header-main-stick-meta":"","header-below-stick-meta":"","astra-migrate-meta-layouts":"set","ast-page-background-enabled":"default","ast-page-background-meta":{"desktop":{"background-color":"var(--ast-global-color-4)","background-image":"","background-repeat":"repeat","background-position":"center center","background-size":"auto","background-attachment":"scroll","background-type":"","background-media":"","overlay-type":"","overlay-color":"","overlay-opacity":"","overlay-gradient":""},"tablet":{"background-color":"","background-image":"","background-repeat":"repeat","background-position":"center center","background-size":"auto","background-attachment":"scroll","background-type":"","background-media":"","overlay-type":"","overlay-color":"","overlay-opacity":"","overlay-gradient":""},"mobile":{"background-color":"","background-image":"","background-repeat":"repeat","background-position":"center center","background-size":"auto","background-attachment":"scroll","background-type":"","background-media":"","overlay-type":"","overlay-color":"","overlay-opacity":"","overlay-gradient":""}},"ast-content-background-meta":{"desktop":{"background-color":"var(--ast-global-color-5)","background-image":"","background-repeat":"repeat","background-position":"center center","background-size":"auto","background-attachment":"scroll","background-type":"","background-media":"","overlay-type":"","overlay-color":"","overlay-opacity":"","overlay-gradient":""},"tablet":{"background-color":"var(--ast-global-color-5)","background-image":"","background-repeat":"repeat","background-position":"center center","background-size":"auto","background-attachment":"scroll","background-type":"","background-media":"","overlay-type":"","overlay-color":"","overlay-opacity":"","overlay-gradient":""},"mobile":{"background-color":"var(--ast-global-color-5)","background-image":"","background-repeat":"repeat","background-position":"center center","background-size":"auto","background-attachment":"scroll","background-type":"","background-media":"","overlay-type":"","overlay-color":"","overlay-opacity":"","overlay-gradient":""}}},"product_brand":[],"product_cat":[22,42,179],"product_tag":[],"class_list":{"0":"post-5678","1":"product","2":"type-product","3":"status-publish","4":"has-post-thumbnail","6":"product_cat-biblias","7":"product_cat-biblias-reina-valera","8":"product_cat-letra-gigante-rvr","9":"desktop-align-left","10":"tablet-align-left","11":"mobile-align-left","13":"first","14":"instock","15":"shipping-taxable","16":"purchasable","17":"product-type-simple"},"yoast_head":"<!-- This site is optimized with the Yoast SEO plugin v27.4 - https:\/\/yoast.com\/product\/yoast-seo-wordpress\/ -->\n<title>Biblia Letra Gigante 14 Aguamarina Reina Valera 1960 \u00edndice cierre - tzionlibreria.com<\/title>\n<meta name=\"robots\" content=\"index, follow, max-snippet:-1, max-image-preview:large, max-video-preview:-1\" \/>\n<link rel=\"canonical\" href=\"https:\/\/tzionlibreria.com\/index.php\/product\/biblia-letra-gigante-14-aguamarina-reina-valera-1960-indice-cierre\/\" \/>\n<meta property=\"og:locale\" content=\"es_ES\" \/>\n<meta property=\"og:type\" content=\"article\" \/>\n<meta property=\"og:title\" content=\"Biblia Letra Gigante 14 Aguamarina Reina Valera 1960 \u00edndice cierre - tzionlibreria.com\" \/>\n<meta property=\"og:description\" content=\"\ud83d\udcd6 Biblia Letra Gigante Aguamarina Reina Valera 1960 con \u00cdndice La Biblia Reina Valera 1960 en letra gigante es ideal para quienes desean leer con mayor comodidad y disfrutar de un dise\u00f1o moderno y elegante. Su cubierta en imitaci\u00f3n piel color aguamarina con cierre la hace pr\u00e1ctica, resistente y perfecta para llevar a cualquier lugar. [&hellip;]\" \/>\n<meta property=\"og:url\" content=\"https:\/\/tzionlibreria.com\/index.php\/product\/biblia-letra-gigante-14-aguamarina-reina-valera-1960-indice-cierre\/\" \/>\n<meta property=\"og:site_name\" content=\"tzionlibreria.com\" \/>\n<meta property=\"article:modified_time\" content=\"2026-03-25T19:41:23+00:00\" \/>\n<meta property=\"og:image\" content=\"http:\/\/tzionlibreria.com\/wp-content\/uploads\/2025\/08\/2.jpg\" \/>\n\t<meta property=\"og:image:width\" content=\"1080\" \/>\n\t<meta property=\"og:image:height\" content=\"1080\" \/>\n\t<meta property=\"og:image:type\" content=\"image\/jpeg\" \/>\n<meta name=\"twitter:card\" content=\"summary_large_image\" \/>\n<meta name=\"twitter:label1\" content=\"Tiempo de lectura\" \/>\n\t<meta name=\"twitter:data1\" content=\"2 minutos\" \/>\n<script type=\"application\/ld+json\" class=\"yoast-schema-graph\">{\"@context\":\"https:\\\/\\\/schema.org\",\"@graph\":[{\"@type\":\"WebPage\",\"@id\":\"https:\\\/\\\/tzionlibreria.com\\\/index.php\\\/product\\\/biblia-letra-gigante-14-aguamarina-reina-valera-1960-indice-cierre\\\/\",\"url\":\"https:\\\/\\\/tzionlibreria.com\\\/index.php\\\/product\\\/biblia-letra-gigante-14-aguamarina-reina-valera-1960-indice-cierre\\\/\",\"name\":\"Biblia Letra Gigante 14 Aguamarina Reina Valera 1960 \u00edndice cierre - tzionlibreria.com\",\"isPartOf\":{\"@id\":\"https:\\\/\\\/tzionlibreria.com\\\/#website\"},\"primaryImageOfPage\":{\"@id\":\"https:\\\/\\\/tzionlibreria.com\\\/index.php\\\/product\\\/biblia-letra-gigante-14-aguamarina-reina-valera-1960-indice-cierre\\\/#primaryimage\"},\"image\":{\"@id\":\"https:\\\/\\\/tzionlibreria.com\\\/index.php\\\/product\\\/biblia-letra-gigante-14-aguamarina-reina-valera-1960-indice-cierre\\\/#primaryimage\"},\"thumbnailUrl\":\"https:\\\/\\\/tzionlibreria.com\\\/wp-content\\\/uploads\\\/2025\\\/08\\\/2.jpg\",\"datePublished\":\"2025-08-19T13:17:16+00:00\",\"dateModified\":\"2026-03-25T19:41:23+00:00\",\"breadcrumb\":{\"@id\":\"https:\\\/\\\/tzionlibreria.com\\\/index.php\\\/product\\\/biblia-letra-gigante-14-aguamarina-reina-valera-1960-indice-cierre\\\/#breadcrumb\"},\"inLanguage\":\"es-CO\",\"potentialAction\":[{\"@type\":\"ReadAction\",\"target\":[\"https:\\\/\\\/tzionlibreria.com\\\/index.php\\\/product\\\/biblia-letra-gigante-14-aguamarina-reina-valera-1960-indice-cierre\\\/\"]}]},{\"@type\":\"ImageObject\",\"inLanguage\":\"es-CO\",\"@id\":\"https:\\\/\\\/tzionlibreria.com\\\/index.php\\\/product\\\/biblia-letra-gigante-14-aguamarina-reina-valera-1960-indice-cierre\\\/#primaryimage\",\"url\":\"https:\\\/\\\/tzionlibreria.com\\\/wp-content\\\/uploads\\\/2025\\\/08\\\/2.jpg\",\"contentUrl\":\"https:\\\/\\\/tzionlibreria.com\\\/wp-content\\\/uploads\\\/2025\\\/08\\\/2.jpg\",\"width\":1080,\"height\":1080},{\"@type\":\"BreadcrumbList\",\"@id\":\"https:\\\/\\\/tzionlibreria.com\\\/index.php\\\/product\\\/biblia-letra-gigante-14-aguamarina-reina-valera-1960-indice-cierre\\\/#breadcrumb\",\"itemListElement\":[{\"@type\":\"ListItem\",\"position\":1,\"name\":\"Inicio\",\"item\":\"https:\\\/\\\/tzionlibreria.com\\\/\"},{\"@type\":\"ListItem\",\"position\":2,\"name\":\"Shop\",\"item\":\"https:\\\/\\\/tzionlibreria.com\\\/index.php\\\/shop\\\/\"},{\"@type\":\"ListItem\",\"position\":3,\"name\":\"Biblia Letra Gigante 14 Aguamarina Reina Valera 1960 \u00edndice cierre\"}]},{\"@type\":\"WebSite\",\"@id\":\"https:\\\/\\\/tzionlibreria.com\\\/#website\",\"url\":\"https:\\\/\\\/tzionlibreria.com\\\/\",\"name\":\"tzionlibreria.com\",\"description\":\"Libreria Cristiana Venezuela\",\"publisher\":{\"@id\":\"https:\\\/\\\/tzionlibreria.com\\\/#organization\"},\"potentialAction\":[{\"@type\":\"SearchAction\",\"target\":{\"@type\":\"EntryPoint\",\"urlTemplate\":\"https:\\\/\\\/tzionlibreria.com\\\/?s={search_term_string}\"},\"query-input\":{\"@type\":\"PropertyValueSpecification\",\"valueRequired\":true,\"valueName\":\"search_term_string\"}}],\"inLanguage\":\"es-CO\"},{\"@type\":\"Organization\",\"@id\":\"https:\\\/\\\/tzionlibreria.com\\\/#organization\",\"name\":\"tzionlibreria.com\",\"url\":\"https:\\\/\\\/tzionlibreria.com\\\/\",\"logo\":{\"@type\":\"ImageObject\",\"inLanguage\":\"es-CO\",\"@id\":\"https:\\\/\\\/tzionlibreria.com\\\/#\\\/schema\\\/logo\\\/image\\\/\",\"url\":\"https:\\\/\\\/tzionlibreria.com\\\/wp-content\\\/uploads\\\/2023\\\/10\\\/cropped-Cuadricula-scaled-1.jpg\",\"contentUrl\":\"https:\\\/\\\/tzionlibreria.com\\\/wp-content\\\/uploads\\\/2023\\\/10\\\/cropped-Cuadricula-scaled-1.jpg\",\"width\":2560,\"height\":2560,\"caption\":\"tzionlibreria.com\"},\"image\":{\"@id\":\"https:\\\/\\\/tzionlibreria.com\\\/#\\\/schema\\\/logo\\\/image\\\/\"}}]}<\/script>\n<!-- \/ Yoast SEO plugin. -->","yoast_head_json":{"title":"Biblia Letra Gigante 14 Aguamarina Reina Valera 1960 \u00edndice cierre - tzionlibreria.com","robots":{"index":"index","follow":"follow","max-snippet":"max-snippet:-1","max-image-preview":"max-image-preview:large","max-video-preview":"max-video-preview:-1"},"canonical":"https:\/\/tzionlibreria.com\/index.php\/product\/biblia-letra-gigante-14-aguamarina-reina-valera-1960-indice-cierre\/","og_locale":"es_ES","og_type":"article","og_title":"Biblia Letra Gigante 14 Aguamarina Reina Valera 1960 \u00edndice cierre - tzionlibreria.com","og_description":"\ud83d\udcd6 Biblia Letra Gigante Aguamarina Reina Valera 1960 con \u00cdndice La Biblia Reina Valera 1960 en letra gigante es ideal para quienes desean leer con mayor comodidad y disfrutar de un dise\u00f1o moderno y elegante. Su cubierta en imitaci\u00f3n piel color aguamarina con cierre la hace pr\u00e1ctica, resistente y perfecta para llevar a cualquier lugar. [&hellip;]","og_url":"https:\/\/tzionlibreria.com\/index.php\/product\/biblia-letra-gigante-14-aguamarina-reina-valera-1960-indice-cierre\/","og_site_name":"tzionlibreria.com","article_modified_time":"2026-03-25T19:41:23+00:00","og_image":[{"width":1080,"height":1080,"url":"http:\/\/tzionlibreria.com\/wp-content\/uploads\/2025\/08\/2.jpg","type":"image\/jpeg"}],"twitter_card":"summary_large_image","twitter_misc":{"Tiempo de lectura":"2 minutos"},"schema":{"@context":"https:\/\/schema.org","@graph":[{"@type":"WebPage","@id":"https:\/\/tzionlibreria.com\/index.php\/product\/biblia-letra-gigante-14-aguamarina-reina-valera-1960-indice-cierre\/","url":"https:\/\/tzionlibreria.com\/index.php\/product\/biblia-letra-gigante-14-aguamarina-reina-valera-1960-indice-cierre\/","name":"Biblia Letra Gigante 14 Aguamarina Reina Valera 1960 \u00edndice cierre - tzionlibreria.com","isPartOf":{"@id":"https:\/\/tzionlibreria.com\/#website"},"primaryImageOfPage":{"@id":"https:\/\/tzionlibreria.com\/index.php\/product\/biblia-letra-gigante-14-aguamarina-reina-valera-1960-indice-cierre\/#primaryimage"},"image":{"@id":"https:\/\/tzionlibreria.com\/index.php\/product\/biblia-letra-gigante-14-aguamarina-reina-valera-1960-indice-cierre\/#primaryimage"},"thumbnailUrl":"https:\/\/tzionlibreria.com\/wp-content\/uploads\/2025\/08\/2.jpg","datePublished":"2025-08-19T13:17:16+00:00","dateModified":"2026-03-25T19:41:23+00:00","breadcrumb":{"@id":"https:\/\/tzionlibreria.com\/index.php\/product\/biblia-letra-gigante-14-aguamarina-reina-valera-1960-indice-cierre\/#breadcrumb"},"inLanguage":"es-CO","potentialAction":[{"@type":"ReadAction","target":["https:\/\/tzionlibreria.com\/index.php\/product\/biblia-letra-gigante-14-aguamarina-reina-valera-1960-indice-cierre\/"]}]},{"@type":"ImageObject","inLanguage":"es-CO","@id":"https:\/\/tzionlibreria.com\/index.php\/product\/biblia-letra-gigante-14-aguamarina-reina-valera-1960-indice-cierre\/#primaryimage","url":"https:\/\/tzionlibreria.com\/wp-content\/uploads\/2025\/08\/2.jpg","contentUrl":"https:\/\/tzionlibreria.com\/wp-content\/uploads\/2025\/08\/2.jpg","width":1080,"height":1080},{"@type":"BreadcrumbList","@id":"https:\/\/tzionlibreria.com\/index.php\/product\/biblia-letra-gigante-14-aguamarina-reina-valera-1960-indice-cierre\/#breadcrumb","itemListElement":[{"@type":"ListItem","position":1,"name":"Inicio","item":"https:\/\/tzionlibreria.com\/"},{"@type":"ListItem","position":2,"name":"Shop","item":"https:\/\/tzionlibreria.com\/index.php\/shop\/"},{"@type":"ListItem","position":3,"name":"Biblia Letra Gigante 14 Aguamarina Reina Valera 1960 \u00edndice cierre"}]},{"@type":"WebSite","@id":"https:\/\/tzionlibreria.com\/#website","url":"https:\/\/tzionlibreria.com\/","name":"tzionlibreria.com","description":"Libreria Cristiana Venezuela","publisher":{"@id":"https:\/\/tzionlibreria.com\/#organization"},"potentialAction":[{"@type":"SearchAction","target":{"@type":"EntryPoint","urlTemplate":"https:\/\/tzionlibreria.com\/?s={search_term_string}"},"query-input":{"@type":"PropertyValueSpecification","valueRequired":true,"valueName":"search_term_string"}}],"inLanguage":"es-CO"},{"@type":"Organization","@id":"https:\/\/tzionlibreria.com\/#organization","name":"tzionlibreria.com","url":"https:\/\/tzionlibreria.com\/","logo":{"@type":"ImageObject","inLanguage":"es-CO","@id":"https:\/\/tzionlibreria.com\/#\/schema\/logo\/image\/","url":"https:\/\/tzionlibreria.com\/wp-content\/uploads\/2023\/10\/cropped-Cuadricula-scaled-1.jpg","contentUrl":"https:\/\/tzionlibreria.com\/wp-content\/uploads\/2023\/10\/cropped-Cuadricula-scaled-1.jpg","width":2560,"height":2560,"caption":"tzionlibreria.com"},"image":{"@id":"https:\/\/tzionlibreria.com\/#\/schema\/logo\/image\/"}}]}},"jetpack_sharing_enabled":true,"_links":{"self":[{"href":"https:\/\/tzionlibreria.com\/index.php\/wp-json\/wp\/v2\/product\/5678","targetHints":{"allow":["GET"]}}],"collection":[{"href":"https:\/\/tzionlibreria.com\/index.php\/wp-json\/wp\/v2\/product"}],"about":[{"href":"https:\/\/tzionlibreria.com\/index.php\/wp-json\/wp\/v2\/types\/product"}],"replies":[{"embeddable":true,"href":"https:\/\/tzionlibreria.com\/index.php\/wp-json\/wp\/v2\/comments?post=5678"}],"wp:featuredmedia":[{"embeddable":true,"href":"https:\/\/tzionlibreria.com\/index.php\/wp-json\/wp\/v2\/media\/5679"}],"wp:attachment":[{"href":"https:\/\/tzionlibreria.com\/index.php\/wp-json\/wp\/v2\/media?parent=5678"}],"wp:term":[{"taxonomy":"product_brand","embeddable":true,"href":"https:\/\/tzionlibreria.com\/index.php\/wp-json\/wp\/v2\/product_brand?post=5678"},{"taxonomy":"product_cat","embeddable":true,"href":"https:\/\/tzionlibreria.com\/index.php\/wp-json\/wp\/v2\/product_cat?post=5678"},{"taxonomy":"product_tag","embeddable":true,"href":"https:\/\/tzionlibreria.com\/index.php\/wp-json\/wp\/v2\/product_tag?post=5678"}],"curies":[{"name":"wp","href":"https:\/\/api.w.org\/{rel}","templated":true}]}}