{"id":5820,"date":"2025-08-26T00:48:19","date_gmt":"2025-08-26T00:48:19","guid":{"rendered":"https:\/\/tzionlibreria.com\/?post_type=product&#038;p=5820"},"modified":"2025-08-26T00:51:27","modified_gmt":"2025-08-26T00:51:27","slug":"tejiendo-con-el-maestro-365-dias-devocional","status":"publish","type":"product","link":"https:\/\/tzionlibreria.com\/index.php\/product\/tejiendo-con-el-maestro-365-dias-devocional\/","title":{"rendered":"Tejiendo con el Maestro \u2013 365 d\u00edas &#8211; Devocional"},"content":{"rendered":"<div class=\"ast-oembed-container \" style=\"height: 100%;\"><iframe title=\"Tejiendo con el Maestro - Devocional - Lanzamiento Filbo 2025\" width=\"500\" height=\"281\" src=\"https:\/\/www.youtube.com\/embed\/Ao_n9iFTBt8?feature=oembed\" frameborder=\"0\" allow=\"accelerometer; autoplay; clipboard-write; encrypted-media; gyroscope; picture-in-picture; web-share\" referrerpolicy=\"strict-origin-when-cross-origin\" allowfullscreen><\/iframe><\/div>\n<p data-start=\"118\" data-end=\"426\"><strong data-start=\"118\" data-end=\"156\">Tejiendo con el Maestro \u2013 365 d\u00edas<\/strong> es un devocional \u00fanico dise\u00f1ado para toda la familia. A lo largo de un a\u00f1o, invita a recorrer la Biblia con ense\u00f1anzas espirituales, ejercicios mentales, im\u00e1genes para colorear y desaf\u00edos de inteligencia emocional que fortalecen tanto la fe como la uni\u00f3n en el hogar.<\/p>\n<p data-start=\"428\" data-end=\"608\">Este libro combina reflexi\u00f3n, creatividad y crecimiento personal, transformando cada d\u00eda en una oportunidad para glorificar a Dios y cultivar una vida plena en valores del Reino.<\/p>\n<p data-start=\"610\" data-end=\"812\">\u270d\ufe0f Autores: Karen Gordillo &amp; Jolmen Varela &#8220;El Teacher&#8221;<br data-start=\"665\" data-end=\"668\" \/>\ud83d\udcda Editorial: Desaf\u00edo<br data-start=\"689\" data-end=\"692\" \/>\ud83d\udccc ISBN: 9786289682724<br data-start=\"714\" data-end=\"717\" \/>\ud83d\udcc5 Fecha de lanzamiento: 14 de mayo de 2025<br data-start=\"760\" data-end=\"763\" \/>\ud83d\udcd1 Encuadernaci\u00f3n: R\u00fastica<br data-start=\"789\" data-end=\"792\" \/>\ud83c\udf0e Idioma: Espa\u00f1ol<\/p>\n<hr data-start=\"814\" data-end=\"817\" \/>\n<h2 data-start=\"819\" data-end=\"837\">\ud83c\udf1f Beneficios<\/h2>\n<ul data-start=\"838\" data-end=\"1300\">\n<li data-start=\"838\" data-end=\"897\">\n<p data-start=\"840\" data-end=\"897\">\u2705 365 devocionales pr\u00e1cticos para compartir en familia.<\/p>\n<\/li>\n<li data-start=\"898\" data-end=\"984\">\n<p data-start=\"900\" data-end=\"984\">\u2705 Incluye <strong data-start=\"910\" data-end=\"955\">ejercicios mentales y de autoconocimiento<\/strong> para crecer interiormente.<\/p>\n<\/li>\n<li data-start=\"985\" data-end=\"1072\">\n<p data-start=\"987\" data-end=\"1072\">\u2705 Actividades de <strong data-start=\"1004\" data-end=\"1030\">inteligencia emocional<\/strong> y din\u00e1micas para fortalecer relaciones.<\/p>\n<\/li>\n<li data-start=\"1073\" data-end=\"1136\">\n<p data-start=\"1075\" data-end=\"1136\">\u2705 <strong data-start=\"1077\" data-end=\"1103\">Im\u00e1genes para colorear<\/strong>, ideales para ni\u00f1os y adultos.<\/p>\n<\/li>\n<li data-start=\"1137\" data-end=\"1224\">\n<p data-start=\"1139\" data-end=\"1224\">\u2705 Promueve la salud mental y el crecimiento integral desde una perspectiva b\u00edblica.<\/p>\n<\/li>\n<li data-start=\"1225\" data-end=\"1300\">\n<p data-start=\"1227\" data-end=\"1300\">\u2705 Un recurso inspirador para crear <strong data-start=\"1262\" data-end=\"1297\">momentos de calidad en el hogar<\/strong>.<\/p>\n<\/li>\n<\/ul>\n<hr data-start=\"1302\" data-end=\"1305\" \/>\n<h2 data-start=\"1307\" data-end=\"1332\">\ud83c\udfaf Recomendado para:<\/h2>\n<p data-start=\"1333\" data-end=\"1798\">\ud83d\udc68\u200d\ud83d\udc69\u200d\ud83d\udc67\u200d\ud83d\udc66 <strong data-start=\"1345\" data-end=\"1357\">Familias<\/strong> que desean fortalecer la fe y pasar tiempo juntos.<br data-start=\"1408\" data-end=\"1411\" \/>\ud83d\ude4b\u200d\u2642\ufe0f\ud83d\ude4b\u200d\u2640\ufe0f <strong data-start=\"1422\" data-end=\"1435\">Creyentes<\/strong> que buscan un devocional diario con un enfoque integral.<br data-start=\"1492\" data-end=\"1495\" \/>\ud83d\udcd6 <strong data-start=\"1498\" data-end=\"1533\">L\u00edderes de grupos o ministerios<\/strong> que quieran guiar a otros en un proceso espiritual creativo.<br data-start=\"1594\" data-end=\"1597\" \/>\ud83d\udc69\u200d\ud83c\udfeb <strong data-start=\"1603\" data-end=\"1626\">Padres y educadores<\/strong> que deseen inculcar valores y principios b\u00edblicos en los ni\u00f1os.<br data-start=\"1690\" data-end=\"1693\" \/>\ud83e\uddd8\u200d\u2640\ufe0f <strong data-start=\"1699\" data-end=\"1768\">Personas interesadas en inteligencia emocional y salud espiritual<\/strong> desde una visi\u00f3n cristiana.<\/p>\n","protected":false},"excerpt":{"rendered":"<p>Tejiendo con el Maestro \u2013 365 d\u00edas es un devocional \u00fanico dise\u00f1ado para toda la familia. A lo largo de un a\u00f1o, invita a recorrer la Biblia con ense\u00f1anzas espirituales, ejercicios mentales, im\u00e1genes para colorear y desaf\u00edos de inteligencia emocional que fortalecen tanto la fe como la uni\u00f3n en el hogar. Este libro combina reflexi\u00f3n, [&hellip;]<\/p>\n","protected":false},"featured_media":5821,"comment_status":"open","ping_status":"closed","template":"","meta":{"om_disable_all_campaigns":false,"_monsterinsights_skip_tracking":false,"_monsterinsights_sitenote_active":false,"_monsterinsights_sitenote_note":"","_monsterinsights_sitenote_category":0,"site-sidebar-layout":"default","site-content-layout":"","ast-site-content-layout":"default","site-content-style":"default","site-sidebar-style":"default","ast-global-header-display":"","ast-banner-title-visibility":"","ast-main-header-display":"","ast-hfb-above-header-display":"","ast-hfb-below-header-display":"","ast-hfb-mobile-header-display":"","site-post-title":"","ast-breadcrumbs-content":"","ast-featured-img":"","footer-sml-layout":"","ast-disable-related-posts":"","theme-transparent-header-meta":"default","adv-header-id-meta":"","stick-header-meta":"","header-above-stick-meta":"","header-main-stick-meta":"","header-below-stick-meta":"","astra-migrate-meta-layouts":"set","ast-page-background-enabled":"default","ast-page-background-meta":{"desktop":{"background-color":"var(--ast-global-color-4)","background-image":"","background-repeat":"repeat","background-position":"center center","background-size":"auto","background-attachment":"scroll","background-type":"","background-media":"","overlay-type":"","overlay-color":"","overlay-opacity":"","overlay-gradient":""},"tablet":{"background-color":"","background-image":"","background-repeat":"repeat","background-position":"center center","background-size":"auto","background-attachment":"scroll","background-type":"","background-media":"","overlay-type":"","overlay-color":"","overlay-opacity":"","overlay-gradient":""},"mobile":{"background-color":"","background-image":"","background-repeat":"repeat","background-position":"center center","background-size":"auto","background-attachment":"scroll","background-type":"","background-media":"","overlay-type":"","overlay-color":"","overlay-opacity":"","overlay-gradient":""}},"ast-content-background-meta":{"desktop":{"background-color":"var(--ast-global-color-5)","background-image":"","background-repeat":"repeat","background-position":"center center","background-size":"auto","background-attachment":"scroll","background-type":"","background-media":"","overlay-type":"","overlay-color":"","overlay-opacity":"","overlay-gradient":""},"tablet":{"background-color":"var(--ast-global-color-5)","background-image":"","background-repeat":"repeat","background-position":"center center","background-size":"auto","background-attachment":"scroll","background-type":"","background-media":"","overlay-type":"","overlay-color":"","overlay-opacity":"","overlay-gradient":""},"mobile":{"background-color":"var(--ast-global-color-5)","background-image":"","background-repeat":"repeat","background-position":"center center","background-size":"auto","background-attachment":"scroll","background-type":"","background-media":"","overlay-type":"","overlay-color":"","overlay-opacity":"","overlay-gradient":""}}},"product_brand":[],"product_cat":[24],"product_tag":[147],"class_list":{"0":"post-5820","1":"product","2":"type-product","3":"status-publish","4":"has-post-thumbnail","6":"product_cat-devocionales","7":"product_tag-devocional","8":"desktop-align-left","9":"tablet-align-left","10":"mobile-align-left","12":"first","13":"instock","14":"shipping-taxable","15":"purchasable","16":"product-type-simple"},"yoast_head":"<!-- This site is optimized with the Yoast SEO plugin v27.4 - https:\/\/yoast.com\/product\/yoast-seo-wordpress\/ -->\n<title>Tejiendo con el Maestro \u2013 365 d\u00edas - Devocional - tzionlibreria.com<\/title>\n<meta name=\"description\" content=\"365 d\u00edas es un devocional dise\u00f1ado para toda la familia. A lo largo de un a\u00f1o, invita a recorrer la Biblia con ense\u00f1anzas espirituales, ejercicios mentales\" \/>\n<meta name=\"robots\" content=\"index, follow, max-snippet:-1, max-image-preview:large, max-video-preview:-1\" \/>\n<link rel=\"canonical\" href=\"https:\/\/tzionlibreria.com\/index.php\/product\/tejiendo-con-el-maestro-365-dias-devocional\/\" \/>\n<meta property=\"og:locale\" content=\"es_ES\" \/>\n<meta property=\"og:type\" content=\"article\" \/>\n<meta property=\"og:title\" content=\"Tejiendo con el Maestro \u2013 365 d\u00edas - Devocional - tzionlibreria.com\" \/>\n<meta property=\"og:description\" content=\"365 d\u00edas es un devocional dise\u00f1ado para toda la familia. A lo largo de un a\u00f1o, invita a recorrer la Biblia con ense\u00f1anzas espirituales, ejercicios mentales\" \/>\n<meta property=\"og:url\" content=\"https:\/\/tzionlibreria.com\/index.php\/product\/tejiendo-con-el-maestro-365-dias-devocional\/\" \/>\n<meta property=\"og:site_name\" content=\"tzionlibreria.com\" \/>\n<meta property=\"article:modified_time\" content=\"2025-08-26T00:51:27+00:00\" \/>\n<meta property=\"og:image\" content=\"http:\/\/tzionlibreria.com\/wp-content\/uploads\/2025\/08\/16.png\" \/>\n\t<meta property=\"og:image:width\" content=\"1080\" \/>\n\t<meta property=\"og:image:height\" content=\"1080\" \/>\n\t<meta property=\"og:image:type\" content=\"image\/png\" \/>\n<meta name=\"twitter:card\" content=\"summary_large_image\" \/>\n<meta name=\"twitter:label1\" content=\"Tiempo de lectura\" \/>\n\t<meta name=\"twitter:data1\" content=\"2 minutos\" \/>\n<script type=\"application\/ld+json\" class=\"yoast-schema-graph\">{\"@context\":\"https:\\\/\\\/schema.org\",\"@graph\":[{\"@type\":\"WebPage\",\"@id\":\"https:\\\/\\\/tzionlibreria.com\\\/index.php\\\/product\\\/tejiendo-con-el-maestro-365-dias-devocional\\\/\",\"url\":\"https:\\\/\\\/tzionlibreria.com\\\/index.php\\\/product\\\/tejiendo-con-el-maestro-365-dias-devocional\\\/\",\"name\":\"Tejiendo con el Maestro \u2013 365 d\u00edas - Devocional - tzionlibreria.com\",\"isPartOf\":{\"@id\":\"https:\\\/\\\/tzionlibreria.com\\\/#website\"},\"primaryImageOfPage\":{\"@id\":\"https:\\\/\\\/tzionlibreria.com\\\/index.php\\\/product\\\/tejiendo-con-el-maestro-365-dias-devocional\\\/#primaryimage\"},\"image\":{\"@id\":\"https:\\\/\\\/tzionlibreria.com\\\/index.php\\\/product\\\/tejiendo-con-el-maestro-365-dias-devocional\\\/#primaryimage\"},\"thumbnailUrl\":\"https:\\\/\\\/tzionlibreria.com\\\/wp-content\\\/uploads\\\/2025\\\/08\\\/16.png\",\"datePublished\":\"2025-08-26T00:48:19+00:00\",\"dateModified\":\"2025-08-26T00:51:27+00:00\",\"description\":\"365 d\u00edas es un devocional dise\u00f1ado para toda la familia. A lo largo de un a\u00f1o, invita a recorrer la Biblia con ense\u00f1anzas espirituales, ejercicios mentales\",\"breadcrumb\":{\"@id\":\"https:\\\/\\\/tzionlibreria.com\\\/index.php\\\/product\\\/tejiendo-con-el-maestro-365-dias-devocional\\\/#breadcrumb\"},\"inLanguage\":\"es-CO\",\"potentialAction\":[{\"@type\":\"ReadAction\",\"target\":[\"https:\\\/\\\/tzionlibreria.com\\\/index.php\\\/product\\\/tejiendo-con-el-maestro-365-dias-devocional\\\/\"]}]},{\"@type\":\"ImageObject\",\"inLanguage\":\"es-CO\",\"@id\":\"https:\\\/\\\/tzionlibreria.com\\\/index.php\\\/product\\\/tejiendo-con-el-maestro-365-dias-devocional\\\/#primaryimage\",\"url\":\"https:\\\/\\\/tzionlibreria.com\\\/wp-content\\\/uploads\\\/2025\\\/08\\\/16.png\",\"contentUrl\":\"https:\\\/\\\/tzionlibreria.com\\\/wp-content\\\/uploads\\\/2025\\\/08\\\/16.png\",\"width\":1080,\"height\":1080},{\"@type\":\"BreadcrumbList\",\"@id\":\"https:\\\/\\\/tzionlibreria.com\\\/index.php\\\/product\\\/tejiendo-con-el-maestro-365-dias-devocional\\\/#breadcrumb\",\"itemListElement\":[{\"@type\":\"ListItem\",\"position\":1,\"name\":\"Inicio\",\"item\":\"https:\\\/\\\/tzionlibreria.com\\\/\"},{\"@type\":\"ListItem\",\"position\":2,\"name\":\"Shop\",\"item\":\"https:\\\/\\\/tzionlibreria.com\\\/index.php\\\/shop\\\/\"},{\"@type\":\"ListItem\",\"position\":3,\"name\":\"Tejiendo con el Maestro \u2013 365 d\u00edas &#8211; Devocional\"}]},{\"@type\":\"WebSite\",\"@id\":\"https:\\\/\\\/tzionlibreria.com\\\/#website\",\"url\":\"https:\\\/\\\/tzionlibreria.com\\\/\",\"name\":\"tzionlibreria.com\",\"description\":\"Libreria Cristiana Venezuela\",\"publisher\":{\"@id\":\"https:\\\/\\\/tzionlibreria.com\\\/#organization\"},\"potentialAction\":[{\"@type\":\"SearchAction\",\"target\":{\"@type\":\"EntryPoint\",\"urlTemplate\":\"https:\\\/\\\/tzionlibreria.com\\\/?s={search_term_string}\"},\"query-input\":{\"@type\":\"PropertyValueSpecification\",\"valueRequired\":true,\"valueName\":\"search_term_string\"}}],\"inLanguage\":\"es-CO\"},{\"@type\":\"Organization\",\"@id\":\"https:\\\/\\\/tzionlibreria.com\\\/#organization\",\"name\":\"tzionlibreria.com\",\"url\":\"https:\\\/\\\/tzionlibreria.com\\\/\",\"logo\":{\"@type\":\"ImageObject\",\"inLanguage\":\"es-CO\",\"@id\":\"https:\\\/\\\/tzionlibreria.com\\\/#\\\/schema\\\/logo\\\/image\\\/\",\"url\":\"https:\\\/\\\/tzionlibreria.com\\\/wp-content\\\/uploads\\\/2023\\\/10\\\/cropped-Cuadricula-scaled-1.jpg\",\"contentUrl\":\"https:\\\/\\\/tzionlibreria.com\\\/wp-content\\\/uploads\\\/2023\\\/10\\\/cropped-Cuadricula-scaled-1.jpg\",\"width\":2560,\"height\":2560,\"caption\":\"tzionlibreria.com\"},\"image\":{\"@id\":\"https:\\\/\\\/tzionlibreria.com\\\/#\\\/schema\\\/logo\\\/image\\\/\"}}]}<\/script>\n<!-- \/ Yoast SEO plugin. -->","yoast_head_json":{"title":"Tejiendo con el Maestro \u2013 365 d\u00edas - Devocional - tzionlibreria.com","description":"365 d\u00edas es un devocional dise\u00f1ado para toda la familia. A lo largo de un a\u00f1o, invita a recorrer la Biblia con ense\u00f1anzas espirituales, ejercicios mentales","robots":{"index":"index","follow":"follow","max-snippet":"max-snippet:-1","max-image-preview":"max-image-preview:large","max-video-preview":"max-video-preview:-1"},"canonical":"https:\/\/tzionlibreria.com\/index.php\/product\/tejiendo-con-el-maestro-365-dias-devocional\/","og_locale":"es_ES","og_type":"article","og_title":"Tejiendo con el Maestro \u2013 365 d\u00edas - Devocional - tzionlibreria.com","og_description":"365 d\u00edas es un devocional dise\u00f1ado para toda la familia. A lo largo de un a\u00f1o, invita a recorrer la Biblia con ense\u00f1anzas espirituales, ejercicios mentales","og_url":"https:\/\/tzionlibreria.com\/index.php\/product\/tejiendo-con-el-maestro-365-dias-devocional\/","og_site_name":"tzionlibreria.com","article_modified_time":"2025-08-26T00:51:27+00:00","og_image":[{"width":1080,"height":1080,"url":"http:\/\/tzionlibreria.com\/wp-content\/uploads\/2025\/08\/16.png","type":"image\/png"}],"twitter_card":"summary_large_image","twitter_misc":{"Tiempo de lectura":"2 minutos"},"schema":{"@context":"https:\/\/schema.org","@graph":[{"@type":"WebPage","@id":"https:\/\/tzionlibreria.com\/index.php\/product\/tejiendo-con-el-maestro-365-dias-devocional\/","url":"https:\/\/tzionlibreria.com\/index.php\/product\/tejiendo-con-el-maestro-365-dias-devocional\/","name":"Tejiendo con el Maestro \u2013 365 d\u00edas - Devocional - tzionlibreria.com","isPartOf":{"@id":"https:\/\/tzionlibreria.com\/#website"},"primaryImageOfPage":{"@id":"https:\/\/tzionlibreria.com\/index.php\/product\/tejiendo-con-el-maestro-365-dias-devocional\/#primaryimage"},"image":{"@id":"https:\/\/tzionlibreria.com\/index.php\/product\/tejiendo-con-el-maestro-365-dias-devocional\/#primaryimage"},"thumbnailUrl":"https:\/\/tzionlibreria.com\/wp-content\/uploads\/2025\/08\/16.png","datePublished":"2025-08-26T00:48:19+00:00","dateModified":"2025-08-26T00:51:27+00:00","description":"365 d\u00edas es un devocional dise\u00f1ado para toda la familia. A lo largo de un a\u00f1o, invita a recorrer la Biblia con ense\u00f1anzas espirituales, ejercicios mentales","breadcrumb":{"@id":"https:\/\/tzionlibreria.com\/index.php\/product\/tejiendo-con-el-maestro-365-dias-devocional\/#breadcrumb"},"inLanguage":"es-CO","potentialAction":[{"@type":"ReadAction","target":["https:\/\/tzionlibreria.com\/index.php\/product\/tejiendo-con-el-maestro-365-dias-devocional\/"]}]},{"@type":"ImageObject","inLanguage":"es-CO","@id":"https:\/\/tzionlibreria.com\/index.php\/product\/tejiendo-con-el-maestro-365-dias-devocional\/#primaryimage","url":"https:\/\/tzionlibreria.com\/wp-content\/uploads\/2025\/08\/16.png","contentUrl":"https:\/\/tzionlibreria.com\/wp-content\/uploads\/2025\/08\/16.png","width":1080,"height":1080},{"@type":"BreadcrumbList","@id":"https:\/\/tzionlibreria.com\/index.php\/product\/tejiendo-con-el-maestro-365-dias-devocional\/#breadcrumb","itemListElement":[{"@type":"ListItem","position":1,"name":"Inicio","item":"https:\/\/tzionlibreria.com\/"},{"@type":"ListItem","position":2,"name":"Shop","item":"https:\/\/tzionlibreria.com\/index.php\/shop\/"},{"@type":"ListItem","position":3,"name":"Tejiendo con el Maestro \u2013 365 d\u00edas &#8211; Devocional"}]},{"@type":"WebSite","@id":"https:\/\/tzionlibreria.com\/#website","url":"https:\/\/tzionlibreria.com\/","name":"tzionlibreria.com","description":"Libreria Cristiana Venezuela","publisher":{"@id":"https:\/\/tzionlibreria.com\/#organization"},"potentialAction":[{"@type":"SearchAction","target":{"@type":"EntryPoint","urlTemplate":"https:\/\/tzionlibreria.com\/?s={search_term_string}"},"query-input":{"@type":"PropertyValueSpecification","valueRequired":true,"valueName":"search_term_string"}}],"inLanguage":"es-CO"},{"@type":"Organization","@id":"https:\/\/tzionlibreria.com\/#organization","name":"tzionlibreria.com","url":"https:\/\/tzionlibreria.com\/","logo":{"@type":"ImageObject","inLanguage":"es-CO","@id":"https:\/\/tzionlibreria.com\/#\/schema\/logo\/image\/","url":"https:\/\/tzionlibreria.com\/wp-content\/uploads\/2023\/10\/cropped-Cuadricula-scaled-1.jpg","contentUrl":"https:\/\/tzionlibreria.com\/wp-content\/uploads\/2023\/10\/cropped-Cuadricula-scaled-1.jpg","width":2560,"height":2560,"caption":"tzionlibreria.com"},"image":{"@id":"https:\/\/tzionlibreria.com\/#\/schema\/logo\/image\/"}}]}},"jetpack_sharing_enabled":true,"_links":{"self":[{"href":"https:\/\/tzionlibreria.com\/index.php\/wp-json\/wp\/v2\/product\/5820","targetHints":{"allow":["GET"]}}],"collection":[{"href":"https:\/\/tzionlibreria.com\/index.php\/wp-json\/wp\/v2\/product"}],"about":[{"href":"https:\/\/tzionlibreria.com\/index.php\/wp-json\/wp\/v2\/types\/product"}],"replies":[{"embeddable":true,"href":"https:\/\/tzionlibreria.com\/index.php\/wp-json\/wp\/v2\/comments?post=5820"}],"wp:featuredmedia":[{"embeddable":true,"href":"https:\/\/tzionlibreria.com\/index.php\/wp-json\/wp\/v2\/media\/5821"}],"wp:attachment":[{"href":"https:\/\/tzionlibreria.com\/index.php\/wp-json\/wp\/v2\/media?parent=5820"}],"wp:term":[{"taxonomy":"product_brand","embeddable":true,"href":"https:\/\/tzionlibreria.com\/index.php\/wp-json\/wp\/v2\/product_brand?post=5820"},{"taxonomy":"product_cat","embeddable":true,"href":"https:\/\/tzionlibreria.com\/index.php\/wp-json\/wp\/v2\/product_cat?post=5820"},{"taxonomy":"product_tag","embeddable":true,"href":"https:\/\/tzionlibreria.com\/index.php\/wp-json\/wp\/v2\/product_tag?post=5820"}],"curies":[{"name":"wp","href":"https:\/\/api.w.org\/{rel}","templated":true}]}}