{"id":5875,"date":"2025-08-26T02:37:16","date_gmt":"2025-08-26T02:37:16","guid":{"rendered":"https:\/\/tzionlibreria.com\/?post_type=product&#038;p=5875"},"modified":"2025-08-26T02:37:23","modified_gmt":"2025-08-26T02:37:23","slug":"biblia-rvc-letra-gigante-14-gamer-tapa-semiflexible-colores","status":"publish","type":"product","link":"https:\/\/tzionlibreria.com\/index.php\/product\/biblia-rvc-letra-gigante-14-gamer-tapa-semiflexible-colores\/","title":{"rendered":"Biblia RVC Letra Gigante 14 Gamer Tapa Semiflexible Colores"},"content":{"rendered":"<p data-start=\"201\" data-end=\"478\"><strong data-start=\"204\" data-end=\"244\">Biblia Reina Valera Contempor\u00e1nea \u2013 Letra Gigante<\/strong> \u00a0<strong data-start=\"334\" data-end=\"347\">tapa flexible, <\/strong>la convierte en una excelente opci\u00f3n tanto para el <strong data-start=\"419\" data-end=\"442\">uso personal diario<\/strong> como para un <strong data-start=\"456\" data-end=\"475\">regalo especial<\/strong>.<\/p>\n<p data-start=\"480\" data-end=\"769\">Con <strong data-start=\"484\" data-end=\"513\">letra gigante de 14 puntos<\/strong> y las <strong data-start=\"520\" data-end=\"550\">palabras de Cristo en rojo<\/strong>, es ideal para quienes desean una lectura c\u00f3moda y clara. Adem\u00e1s, incluye una <strong data-start=\"629\" data-end=\"672\">gu\u00eda para leer toda la Biblia en un a\u00f1o<\/strong>, lo que la convierte en un recurso perfecto para profundizar en la Palabra y fortalecer la fe.<\/p>\n<hr data-start=\"771\" data-end=\"774\" \/>\n<h2 data-start=\"776\" data-end=\"802\">\ud83d\udccc Detalles:<\/h2>\n<p data-start=\"803\" data-end=\"1075\">\ud83d\udcda <strong data-start=\"806\" data-end=\"818\">Versi\u00f3n:<\/strong> <strong data-start=\"204\" data-end=\"244\">Reina Valera Contempor\u00e1nea <\/strong><br data-start=\"869\" data-end=\"872\" \/>\ud83c\udff7\ufe0f <strong data-start=\"876\" data-end=\"890\">Editorial:<\/strong> SBC<br data-start=\"895\" data-end=\"898\" \/>\ud83d\udcd6 <strong data-start=\"901\" data-end=\"911\">Letra:<\/strong> Gigante \u2013 14 puntos<br data-start=\"930\" data-end=\"933\" \/>\ud83d\udcd0 <strong data-start=\"936\" data-end=\"952\">Dimensiones:<\/strong> 14 x 20.5 cm<br data-start=\"965\" data-end=\"968\" \/>\u2696\ufe0f <strong data-start=\"971\" data-end=\"980\">Peso:<\/strong> 0.460 kg<br data-start=\"989\" data-end=\"992\" \/>\ud83d\udce6 <strong data-start=\"995\" data-end=\"1014\">Encuadernaci\u00f3n:<\/strong>\u00a0 \u00a0semi flexible<br data-start=\"1048\" data-end=\"1051\" \/>\ud83c\udf0e <strong data-start=\"1054\" data-end=\"1065\">Idioma:<\/strong> Espa\u00f1ol<\/p>\n<hr data-start=\"1077\" data-end=\"1080\" \/>\n<h2 data-start=\"1082\" data-end=\"1117\">\ud83c\udf1f Caracter\u00edsticas principales<\/h2>\n<ul data-start=\"1118\" data-end=\"1539\">\n<li data-start=\"1118\" data-end=\"1176\">\n<p data-start=\"1120\" data-end=\"1176\">\u2705 <strong data-start=\"1122\" data-end=\"1147\">Letra gigante (14 pts)<\/strong> para facilitar la lectura.<\/p>\n<\/li>\n<li data-start=\"1177\" data-end=\"1214\">\n<p data-start=\"1179\" data-end=\"1214\">\u2705 <strong data-start=\"1181\" data-end=\"1211\">Palabras de Cristo en rojo<\/strong>.<\/p>\n<\/li>\n<li data-start=\"1215\" data-end=\"1246\">\n<p data-start=\"1217\" data-end=\"1246\">\u2705 <strong data-start=\"1219\" data-end=\"1243\">Concordancia b\u00edblica<\/strong>.<\/p>\n<\/li>\n<li data-start=\"1247\" data-end=\"1292\">\n<p data-start=\"1249\" data-end=\"1292\">\u2705 <strong data-start=\"1251\" data-end=\"1289\">M\u00e1s de 10,000 referencias cruzadas<\/strong>.<\/p>\n<\/li>\n<li data-start=\"1293\" data-end=\"1362\">\n<p data-start=\"1295\" data-end=\"1362\">\u2705 <strong data-start=\"1297\" data-end=\"1321\">Encabezados visibles<\/strong> para encontrar f\u00e1cilmente los pasajes.<\/p>\n<\/li>\n<li data-start=\"1363\" data-end=\"1391\">\n<p data-start=\"1365\" data-end=\"1391\">\u2705 <strong data-start=\"1367\" data-end=\"1388\">Plan de salvaci\u00f3n<\/strong>.<\/p>\n<\/li>\n<li data-start=\"1392\" data-end=\"1437\">\n<p data-start=\"1394\" data-end=\"1437\">\u2705 <strong data-start=\"1396\" data-end=\"1434\">Gu\u00eda para leer la Biblia en un a\u00f1o<\/strong>.<\/p>\n<\/li>\n<li data-start=\"1438\" data-end=\"1495\">\n<p data-start=\"1440\" data-end=\"1495\">\u2705 <strong data-start=\"1442\" data-end=\"1470\">Encuadernaci\u00f3n tapa flexible.<\/strong><\/p>\n<\/li>\n<li data-start=\"1496\" data-end=\"1539\">\n<p data-start=\"1498\" data-end=\"1539\">\u2705 <strong data-start=\"1500\" data-end=\"1536\">P\u00e1gina especial para dedicatoria<\/strong>.<\/p>\n<\/li>\n<\/ul>\n<hr data-start=\"1541\" data-end=\"1544\" \/>\n<h2 data-start=\"1546\" data-end=\"1570\">\ud83c\udfaf Recomendado para<\/h2>\n<p data-start=\"1571\" data-end=\"1879\">\ud83d\udcd6 Creyentes que buscan una <strong data-start=\"1599\" data-end=\"1626\">Biblia clara y pr\u00e1ctica<\/strong> para el d\u00eda a d\u00eda.<br data-start=\"1645\" data-end=\"1648\" \/>\ud83d\ude4c Personas que desean estudiar la Palabra con <strong data-start=\"1695\" data-end=\"1725\">referencias y concordancia<\/strong>.<br data-start=\"1726\" data-end=\"1729\" \/>\ud83c\udf81 Ideal como <strong data-start=\"1743\" data-end=\"1753\">regalo<\/strong> por su dise\u00f1o cl\u00e1sico y resistente.<br data-start=\"1789\" data-end=\"1792\" \/>\ud83d\udc68\u200d\ud83d\udc69\u200d\ud83d\udc67 Perfecta para la lectura en casa, el estudio b\u00edblico y el uso en la iglesia.<\/p>\n","protected":false},"excerpt":{"rendered":"<p>Biblia Reina Valera Contempor\u00e1nea \u2013 Letra Gigante \u00a0tapa flexible, la convierte en una excelente opci\u00f3n tanto para el uso personal diario como para un regalo especial. Con letra gigante de 14 puntos y las palabras de Cristo en rojo, es ideal para quienes desean una lectura c\u00f3moda y clara. Adem\u00e1s, incluye una gu\u00eda para leer [&hellip;]<\/p>\n","protected":false},"featured_media":5876,"comment_status":"open","ping_status":"closed","template":"","meta":{"om_disable_all_campaigns":false,"_monsterinsights_skip_tracking":false,"_monsterinsights_sitenote_active":false,"_monsterinsights_sitenote_note":"","_monsterinsights_sitenote_category":0,"site-sidebar-layout":"default","site-content-layout":"","ast-site-content-layout":"default","site-content-style":"default","site-sidebar-style":"default","ast-global-header-display":"","ast-banner-title-visibility":"","ast-main-header-display":"","ast-hfb-above-header-display":"","ast-hfb-below-header-display":"","ast-hfb-mobile-header-display":"","site-post-title":"","ast-breadcrumbs-content":"","ast-featured-img":"","footer-sml-layout":"","ast-disable-related-posts":"","theme-transparent-header-meta":"default","adv-header-id-meta":"","stick-header-meta":"","header-above-stick-meta":"","header-main-stick-meta":"","header-below-stick-meta":"","astra-migrate-meta-layouts":"set","ast-page-background-enabled":"default","ast-page-background-meta":{"desktop":{"background-color":"var(--ast-global-color-4)","background-image":"","background-repeat":"repeat","background-position":"center center","background-size":"auto","background-attachment":"scroll","background-type":"","background-media":"","overlay-type":"","overlay-color":"","overlay-opacity":"","overlay-gradient":""},"tablet":{"background-color":"","background-image":"","background-repeat":"repeat","background-position":"center center","background-size":"auto","background-attachment":"scroll","background-type":"","background-media":"","overlay-type":"","overlay-color":"","overlay-opacity":"","overlay-gradient":""},"mobile":{"background-color":"","background-image":"","background-repeat":"repeat","background-position":"center center","background-size":"auto","background-attachment":"scroll","background-type":"","background-media":"","overlay-type":"","overlay-color":"","overlay-opacity":"","overlay-gradient":""}},"ast-content-background-meta":{"desktop":{"background-color":"var(--ast-global-color-5)","background-image":"","background-repeat":"repeat","background-position":"center center","background-size":"auto","background-attachment":"scroll","background-type":"","background-media":"","overlay-type":"","overlay-color":"","overlay-opacity":"","overlay-gradient":""},"tablet":{"background-color":"var(--ast-global-color-5)","background-image":"","background-repeat":"repeat","background-position":"center center","background-size":"auto","background-attachment":"scroll","background-type":"","background-media":"","overlay-type":"","overlay-color":"","overlay-opacity":"","overlay-gradient":""},"mobile":{"background-color":"var(--ast-global-color-5)","background-image":"","background-repeat":"repeat","background-position":"center center","background-size":"auto","background-attachment":"scroll","background-type":"","background-media":"","overlay-type":"","overlay-color":"","overlay-opacity":"","overlay-gradient":""}}},"product_brand":[],"product_cat":[22,298],"product_tag":[],"class_list":{"0":"post-5875","1":"product","2":"type-product","3":"status-publish","4":"has-post-thumbnail","6":"product_cat-biblias","7":"product_cat-rvc","8":"desktop-align-left","9":"tablet-align-left","10":"mobile-align-left","12":"first","13":"instock","14":"shipping-taxable","15":"purchasable","16":"product-type-simple"},"yoast_head":"<!-- This site is optimized with the Yoast SEO plugin v27.4 - https:\/\/yoast.com\/product\/yoast-seo-wordpress\/ -->\n<title>Biblia RVC Letra Gigante 14 Gamer Tapa Semiflexible Colores - tzionlibreria.com<\/title>\n<meta name=\"description\" content=\"Biblia Reina Valera Contempor\u00e1nea \u2013 Letra Gigante la convierte en una excelente opci\u00f3n tanto para el uso personal diario como para un regalo especial.\" \/>\n<meta name=\"robots\" content=\"index, follow, max-snippet:-1, max-image-preview:large, max-video-preview:-1\" \/>\n<link rel=\"canonical\" href=\"https:\/\/tzionlibreria.com\/index.php\/product\/biblia-rvc-letra-gigante-14-gamer-tapa-semiflexible-colores\/\" \/>\n<meta property=\"og:locale\" content=\"es_ES\" \/>\n<meta property=\"og:type\" content=\"article\" \/>\n<meta property=\"og:title\" content=\"Biblia RVC Letra Gigante 14 Gamer Tapa Semiflexible Colores - tzionlibreria.com\" \/>\n<meta property=\"og:description\" content=\"Biblia Reina Valera Contempor\u00e1nea \u2013 Letra Gigante la convierte en una excelente opci\u00f3n tanto para el uso personal diario como para un regalo especial.\" \/>\n<meta property=\"og:url\" content=\"https:\/\/tzionlibreria.com\/index.php\/product\/biblia-rvc-letra-gigante-14-gamer-tapa-semiflexible-colores\/\" \/>\n<meta property=\"og:site_name\" content=\"tzionlibreria.com\" \/>\n<meta property=\"article:modified_time\" content=\"2025-08-26T02:37:23+00:00\" \/>\n<meta property=\"og:image\" content=\"http:\/\/tzionlibreria.com\/wp-content\/uploads\/2025\/08\/24.png\" \/>\n\t<meta property=\"og:image:width\" content=\"1080\" \/>\n\t<meta property=\"og:image:height\" content=\"1080\" \/>\n\t<meta property=\"og:image:type\" content=\"image\/png\" \/>\n<meta name=\"twitter:card\" content=\"summary_large_image\" \/>\n<meta name=\"twitter:label1\" content=\"Tiempo de lectura\" \/>\n\t<meta name=\"twitter:data1\" content=\"2 minutos\" \/>\n<script type=\"application\/ld+json\" class=\"yoast-schema-graph\">{\"@context\":\"https:\\\/\\\/schema.org\",\"@graph\":[{\"@type\":\"WebPage\",\"@id\":\"https:\\\/\\\/tzionlibreria.com\\\/index.php\\\/product\\\/biblia-rvc-letra-gigante-14-gamer-tapa-semiflexible-colores\\\/\",\"url\":\"https:\\\/\\\/tzionlibreria.com\\\/index.php\\\/product\\\/biblia-rvc-letra-gigante-14-gamer-tapa-semiflexible-colores\\\/\",\"name\":\"Biblia RVC Letra Gigante 14 Gamer Tapa Semiflexible Colores - tzionlibreria.com\",\"isPartOf\":{\"@id\":\"https:\\\/\\\/tzionlibreria.com\\\/#website\"},\"primaryImageOfPage\":{\"@id\":\"https:\\\/\\\/tzionlibreria.com\\\/index.php\\\/product\\\/biblia-rvc-letra-gigante-14-gamer-tapa-semiflexible-colores\\\/#primaryimage\"},\"image\":{\"@id\":\"https:\\\/\\\/tzionlibreria.com\\\/index.php\\\/product\\\/biblia-rvc-letra-gigante-14-gamer-tapa-semiflexible-colores\\\/#primaryimage\"},\"thumbnailUrl\":\"https:\\\/\\\/tzionlibreria.com\\\/wp-content\\\/uploads\\\/2025\\\/08\\\/24.png\",\"datePublished\":\"2025-08-26T02:37:16+00:00\",\"dateModified\":\"2025-08-26T02:37:23+00:00\",\"description\":\"Biblia Reina Valera Contempor\u00e1nea \u2013 Letra Gigante la convierte en una excelente opci\u00f3n tanto para el uso personal diario como para un regalo especial.\",\"breadcrumb\":{\"@id\":\"https:\\\/\\\/tzionlibreria.com\\\/index.php\\\/product\\\/biblia-rvc-letra-gigante-14-gamer-tapa-semiflexible-colores\\\/#breadcrumb\"},\"inLanguage\":\"es-CO\",\"potentialAction\":[{\"@type\":\"ReadAction\",\"target\":[\"https:\\\/\\\/tzionlibreria.com\\\/index.php\\\/product\\\/biblia-rvc-letra-gigante-14-gamer-tapa-semiflexible-colores\\\/\"]}]},{\"@type\":\"ImageObject\",\"inLanguage\":\"es-CO\",\"@id\":\"https:\\\/\\\/tzionlibreria.com\\\/index.php\\\/product\\\/biblia-rvc-letra-gigante-14-gamer-tapa-semiflexible-colores\\\/#primaryimage\",\"url\":\"https:\\\/\\\/tzionlibreria.com\\\/wp-content\\\/uploads\\\/2025\\\/08\\\/24.png\",\"contentUrl\":\"https:\\\/\\\/tzionlibreria.com\\\/wp-content\\\/uploads\\\/2025\\\/08\\\/24.png\",\"width\":1080,\"height\":1080},{\"@type\":\"BreadcrumbList\",\"@id\":\"https:\\\/\\\/tzionlibreria.com\\\/index.php\\\/product\\\/biblia-rvc-letra-gigante-14-gamer-tapa-semiflexible-colores\\\/#breadcrumb\",\"itemListElement\":[{\"@type\":\"ListItem\",\"position\":1,\"name\":\"Inicio\",\"item\":\"https:\\\/\\\/tzionlibreria.com\\\/\"},{\"@type\":\"ListItem\",\"position\":2,\"name\":\"Shop\",\"item\":\"https:\\\/\\\/tzionlibreria.com\\\/index.php\\\/shop\\\/\"},{\"@type\":\"ListItem\",\"position\":3,\"name\":\"Biblia RVC Letra Gigante 14 Gamer Tapa Semiflexible Colores\"}]},{\"@type\":\"WebSite\",\"@id\":\"https:\\\/\\\/tzionlibreria.com\\\/#website\",\"url\":\"https:\\\/\\\/tzionlibreria.com\\\/\",\"name\":\"tzionlibreria.com\",\"description\":\"Libreria Cristiana Venezuela\",\"publisher\":{\"@id\":\"https:\\\/\\\/tzionlibreria.com\\\/#organization\"},\"potentialAction\":[{\"@type\":\"SearchAction\",\"target\":{\"@type\":\"EntryPoint\",\"urlTemplate\":\"https:\\\/\\\/tzionlibreria.com\\\/?s={search_term_string}\"},\"query-input\":{\"@type\":\"PropertyValueSpecification\",\"valueRequired\":true,\"valueName\":\"search_term_string\"}}],\"inLanguage\":\"es-CO\"},{\"@type\":\"Organization\",\"@id\":\"https:\\\/\\\/tzionlibreria.com\\\/#organization\",\"name\":\"tzionlibreria.com\",\"url\":\"https:\\\/\\\/tzionlibreria.com\\\/\",\"logo\":{\"@type\":\"ImageObject\",\"inLanguage\":\"es-CO\",\"@id\":\"https:\\\/\\\/tzionlibreria.com\\\/#\\\/schema\\\/logo\\\/image\\\/\",\"url\":\"https:\\\/\\\/tzionlibreria.com\\\/wp-content\\\/uploads\\\/2023\\\/10\\\/cropped-Cuadricula-scaled-1.jpg\",\"contentUrl\":\"https:\\\/\\\/tzionlibreria.com\\\/wp-content\\\/uploads\\\/2023\\\/10\\\/cropped-Cuadricula-scaled-1.jpg\",\"width\":2560,\"height\":2560,\"caption\":\"tzionlibreria.com\"},\"image\":{\"@id\":\"https:\\\/\\\/tzionlibreria.com\\\/#\\\/schema\\\/logo\\\/image\\\/\"}}]}<\/script>\n<!-- \/ Yoast SEO plugin. -->","yoast_head_json":{"title":"Biblia RVC Letra Gigante 14 Gamer Tapa Semiflexible Colores - tzionlibreria.com","description":"Biblia Reina Valera Contempor\u00e1nea \u2013 Letra Gigante la convierte en una excelente opci\u00f3n tanto para el uso personal diario como para un regalo especial.","robots":{"index":"index","follow":"follow","max-snippet":"max-snippet:-1","max-image-preview":"max-image-preview:large","max-video-preview":"max-video-preview:-1"},"canonical":"https:\/\/tzionlibreria.com\/index.php\/product\/biblia-rvc-letra-gigante-14-gamer-tapa-semiflexible-colores\/","og_locale":"es_ES","og_type":"article","og_title":"Biblia RVC Letra Gigante 14 Gamer Tapa Semiflexible Colores - tzionlibreria.com","og_description":"Biblia Reina Valera Contempor\u00e1nea \u2013 Letra Gigante la convierte en una excelente opci\u00f3n tanto para el uso personal diario como para un regalo especial.","og_url":"https:\/\/tzionlibreria.com\/index.php\/product\/biblia-rvc-letra-gigante-14-gamer-tapa-semiflexible-colores\/","og_site_name":"tzionlibreria.com","article_modified_time":"2025-08-26T02:37:23+00:00","og_image":[{"width":1080,"height":1080,"url":"http:\/\/tzionlibreria.com\/wp-content\/uploads\/2025\/08\/24.png","type":"image\/png"}],"twitter_card":"summary_large_image","twitter_misc":{"Tiempo de lectura":"2 minutos"},"schema":{"@context":"https:\/\/schema.org","@graph":[{"@type":"WebPage","@id":"https:\/\/tzionlibreria.com\/index.php\/product\/biblia-rvc-letra-gigante-14-gamer-tapa-semiflexible-colores\/","url":"https:\/\/tzionlibreria.com\/index.php\/product\/biblia-rvc-letra-gigante-14-gamer-tapa-semiflexible-colores\/","name":"Biblia RVC Letra Gigante 14 Gamer Tapa Semiflexible Colores - tzionlibreria.com","isPartOf":{"@id":"https:\/\/tzionlibreria.com\/#website"},"primaryImageOfPage":{"@id":"https:\/\/tzionlibreria.com\/index.php\/product\/biblia-rvc-letra-gigante-14-gamer-tapa-semiflexible-colores\/#primaryimage"},"image":{"@id":"https:\/\/tzionlibreria.com\/index.php\/product\/biblia-rvc-letra-gigante-14-gamer-tapa-semiflexible-colores\/#primaryimage"},"thumbnailUrl":"https:\/\/tzionlibreria.com\/wp-content\/uploads\/2025\/08\/24.png","datePublished":"2025-08-26T02:37:16+00:00","dateModified":"2025-08-26T02:37:23+00:00","description":"Biblia Reina Valera Contempor\u00e1nea \u2013 Letra Gigante la convierte en una excelente opci\u00f3n tanto para el uso personal diario como para un regalo especial.","breadcrumb":{"@id":"https:\/\/tzionlibreria.com\/index.php\/product\/biblia-rvc-letra-gigante-14-gamer-tapa-semiflexible-colores\/#breadcrumb"},"inLanguage":"es-CO","potentialAction":[{"@type":"ReadAction","target":["https:\/\/tzionlibreria.com\/index.php\/product\/biblia-rvc-letra-gigante-14-gamer-tapa-semiflexible-colores\/"]}]},{"@type":"ImageObject","inLanguage":"es-CO","@id":"https:\/\/tzionlibreria.com\/index.php\/product\/biblia-rvc-letra-gigante-14-gamer-tapa-semiflexible-colores\/#primaryimage","url":"https:\/\/tzionlibreria.com\/wp-content\/uploads\/2025\/08\/24.png","contentUrl":"https:\/\/tzionlibreria.com\/wp-content\/uploads\/2025\/08\/24.png","width":1080,"height":1080},{"@type":"BreadcrumbList","@id":"https:\/\/tzionlibreria.com\/index.php\/product\/biblia-rvc-letra-gigante-14-gamer-tapa-semiflexible-colores\/#breadcrumb","itemListElement":[{"@type":"ListItem","position":1,"name":"Inicio","item":"https:\/\/tzionlibreria.com\/"},{"@type":"ListItem","position":2,"name":"Shop","item":"https:\/\/tzionlibreria.com\/index.php\/shop\/"},{"@type":"ListItem","position":3,"name":"Biblia RVC Letra Gigante 14 Gamer Tapa Semiflexible Colores"}]},{"@type":"WebSite","@id":"https:\/\/tzionlibreria.com\/#website","url":"https:\/\/tzionlibreria.com\/","name":"tzionlibreria.com","description":"Libreria Cristiana Venezuela","publisher":{"@id":"https:\/\/tzionlibreria.com\/#organization"},"potentialAction":[{"@type":"SearchAction","target":{"@type":"EntryPoint","urlTemplate":"https:\/\/tzionlibreria.com\/?s={search_term_string}"},"query-input":{"@type":"PropertyValueSpecification","valueRequired":true,"valueName":"search_term_string"}}],"inLanguage":"es-CO"},{"@type":"Organization","@id":"https:\/\/tzionlibreria.com\/#organization","name":"tzionlibreria.com","url":"https:\/\/tzionlibreria.com\/","logo":{"@type":"ImageObject","inLanguage":"es-CO","@id":"https:\/\/tzionlibreria.com\/#\/schema\/logo\/image\/","url":"https:\/\/tzionlibreria.com\/wp-content\/uploads\/2023\/10\/cropped-Cuadricula-scaled-1.jpg","contentUrl":"https:\/\/tzionlibreria.com\/wp-content\/uploads\/2023\/10\/cropped-Cuadricula-scaled-1.jpg","width":2560,"height":2560,"caption":"tzionlibreria.com"},"image":{"@id":"https:\/\/tzionlibreria.com\/#\/schema\/logo\/image\/"}}]}},"jetpack_sharing_enabled":true,"_links":{"self":[{"href":"https:\/\/tzionlibreria.com\/index.php\/wp-json\/wp\/v2\/product\/5875","targetHints":{"allow":["GET"]}}],"collection":[{"href":"https:\/\/tzionlibreria.com\/index.php\/wp-json\/wp\/v2\/product"}],"about":[{"href":"https:\/\/tzionlibreria.com\/index.php\/wp-json\/wp\/v2\/types\/product"}],"replies":[{"embeddable":true,"href":"https:\/\/tzionlibreria.com\/index.php\/wp-json\/wp\/v2\/comments?post=5875"}],"wp:featuredmedia":[{"embeddable":true,"href":"https:\/\/tzionlibreria.com\/index.php\/wp-json\/wp\/v2\/media\/5876"}],"wp:attachment":[{"href":"https:\/\/tzionlibreria.com\/index.php\/wp-json\/wp\/v2\/media?parent=5875"}],"wp:term":[{"taxonomy":"product_brand","embeddable":true,"href":"https:\/\/tzionlibreria.com\/index.php\/wp-json\/wp\/v2\/product_brand?post=5875"},{"taxonomy":"product_cat","embeddable":true,"href":"https:\/\/tzionlibreria.com\/index.php\/wp-json\/wp\/v2\/product_cat?post=5875"},{"taxonomy":"product_tag","embeddable":true,"href":"https:\/\/tzionlibreria.com\/index.php\/wp-json\/wp\/v2\/product_tag?post=5875"}],"curies":[{"name":"wp","href":"https:\/\/api.w.org\/{rel}","templated":true}]}}