{"id":6059,"date":"2025-09-18T00:00:05","date_gmt":"2025-09-18T00:00:05","guid":{"rendered":"https:\/\/tzionlibreria.com\/?post_type=product&#038;p=6059"},"modified":"2025-09-18T00:00:11","modified_gmt":"2025-09-18T00:00:11","slug":"echaran-fuera-demonios-derek-prince","status":"publish","type":"product","link":"https:\/\/tzionlibreria.com\/index.php\/product\/echaran-fuera-demonios-derek-prince\/","title":{"rendered":"Echar\u00e1n Fuera Demonios \u2013 Derek Prince"},"content":{"rendered":"<p data-start=\"186\" data-end=\"312\"><strong data-start=\"233\" data-end=\"312\">\u201cY lo que necesitas saber acerca de los demonios, tus enemigos invisibles.\u201d<\/strong><\/p>\n<p data-start=\"314\" data-end=\"701\">Prep\u00e1rate para una gu\u00eda\u00a0<strong data-start=\"338\" data-end=\"367\">poderosa y transformadora<\/strong>\u00a0sobre la liberaci\u00f3n espiritual. En este libro, el reconocido autor y maestro\u00a0<strong data-start=\"445\" data-end=\"461\">Derek Prince<\/strong>, con m\u00e1s de 30 a\u00f1os de experiencia en el ministerio, te lleva paso a paso por el mundo de la guerra espiritual, disipando temores, desmontando mitos y revelando la verdad sobre los demonios y la autoridad que tiene cada creyente en Cristo.<\/p>\n<p data-start=\"703\" data-end=\"998\">\ud83d\udd0d \u00bfQu\u00e9 encontrar\u00e1s en sus p\u00e1ginas?<br data-start=\"738\" data-end=\"741\" \/>\u2714\ufe0f Testimonio personal de liberaci\u00f3n del autor<br data-start=\"787\" data-end=\"790\" \/>\u2714\ufe0f 9 actividades caracter\u00edsticas de los demonios<br data-start=\"838\" data-end=\"841\" \/>\u2714\ufe0f 7 formas de entrada de los demonios en la vida de una persona<br data-start=\"905\" data-end=\"908\" \/>\u2714\ufe0f 9 pasos pr\u00e1cticos para recibir y ministrar liberaci\u00f3n<br data-start=\"964\" data-end=\"967\" \/>\u2714\ufe0f Claves para mantenerse libre<\/p>\n<p data-start=\"1000\" data-end=\"1177\">Este es m\u00e1s que un libro: es\u00a0<strong data-start=\"1029\" data-end=\"1069\">una herramienta de guerra espiritual<\/strong>, ideal para quienes desean\u00a0<strong data-start=\"1097\" data-end=\"1176\">vivir en libertad, ayudar a otros y ejercer autoridad con sabidur\u00eda b\u00edblica<\/strong>.<\/p>\n<p data-start=\"1000\" data-end=\"1177\">\n<p data-start=\"1184\" data-end=\"1207\">\ud83d\udcd8\u00a0<strong data-start=\"1187\" data-end=\"1205\">Ficha t\u00e9cnica:<\/strong><\/p>\n<ul data-start=\"1208\" data-end=\"1418\">\n<li data-start=\"1208\" data-end=\"1237\">\n<p data-start=\"1210\" data-end=\"1237\">\ud83d\udcda N\u00famero de p\u00e1ginas: 256<\/p>\n<\/li>\n<li data-start=\"1238\" data-end=\"1275\">\n<p data-start=\"1240\" data-end=\"1275\">\ud83d\udccf Dimensiones: 135 x 209 x 16 mm<\/p>\n<\/li>\n<li data-start=\"1276\" data-end=\"1297\">\n<p data-start=\"1278\" data-end=\"1297\">\ud83d\udce6 Peso: 0,293 kg<\/p>\n<\/li>\n<li data-start=\"1298\" data-end=\"1328\">\n<p data-start=\"1300\" data-end=\"1328\">\ud83d\udcd5 Encuadernaci\u00f3n: R\u00fastica<\/p>\n<\/li>\n<li data-start=\"1329\" data-end=\"1351\">\n<p data-start=\"1331\" data-end=\"1351\">\ud83c\udf0d Idioma: Espa\u00f1ol<\/p>\n<\/li>\n<li data-start=\"1352\" data-end=\"1378\">\n<p data-start=\"1354\" data-end=\"1378\">\ud83c\udd94 ISBN: 9789588285627<\/p>\n<\/li>\n<li data-start=\"1379\" data-end=\"1418\">\n<p data-start=\"1381\" data-end=\"1418\">\ud83d\uddd3\ufe0f Publicaci\u00f3n: 31 de mayo de 2014<\/p>\n<\/li>\n<\/ul>\n","protected":false},"excerpt":{"rendered":"<p>\u201cY lo que necesitas saber acerca de los demonios, tus enemigos invisibles.\u201d Prep\u00e1rate para una gu\u00eda\u00a0poderosa y transformadora\u00a0sobre la liberaci\u00f3n espiritual. En este libro, el reconocido autor y maestro\u00a0Derek Prince, con m\u00e1s de 30 a\u00f1os de experiencia en el ministerio, te lleva paso a paso por el mundo de la guerra espiritual, disipando temores, desmontando [&hellip;]<\/p>\n","protected":false},"featured_media":6060,"comment_status":"open","ping_status":"closed","template":"","meta":{"om_disable_all_campaigns":false,"_monsterinsights_skip_tracking":false,"_monsterinsights_sitenote_active":false,"_monsterinsights_sitenote_note":"","_monsterinsights_sitenote_category":0,"site-sidebar-layout":"default","site-content-layout":"","ast-site-content-layout":"default","site-content-style":"default","site-sidebar-style":"default","ast-global-header-display":"","ast-banner-title-visibility":"","ast-main-header-display":"","ast-hfb-above-header-display":"","ast-hfb-below-header-display":"","ast-hfb-mobile-header-display":"","site-post-title":"","ast-breadcrumbs-content":"","ast-featured-img":"","footer-sml-layout":"","ast-disable-related-posts":"","theme-transparent-header-meta":"default","adv-header-id-meta":"","stick-header-meta":"","header-above-stick-meta":"","header-main-stick-meta":"","header-below-stick-meta":"","astra-migrate-meta-layouts":"set","ast-page-background-enabled":"default","ast-page-background-meta":{"desktop":{"background-color":"var(--ast-global-color-4)","background-image":"","background-repeat":"repeat","background-position":"center center","background-size":"auto","background-attachment":"scroll","background-type":"","background-media":"","overlay-type":"","overlay-color":"","overlay-opacity":"","overlay-gradient":""},"tablet":{"background-color":"","background-image":"","background-repeat":"repeat","background-position":"center center","background-size":"auto","background-attachment":"scroll","background-type":"","background-media":"","overlay-type":"","overlay-color":"","overlay-opacity":"","overlay-gradient":""},"mobile":{"background-color":"","background-image":"","background-repeat":"repeat","background-position":"center center","background-size":"auto","background-attachment":"scroll","background-type":"","background-media":"","overlay-type":"","overlay-color":"","overlay-opacity":"","overlay-gradient":""}},"ast-content-background-meta":{"desktop":{"background-color":"var(--ast-global-color-5)","background-image":"","background-repeat":"repeat","background-position":"center center","background-size":"auto","background-attachment":"scroll","background-type":"","background-media":"","overlay-type":"","overlay-color":"","overlay-opacity":"","overlay-gradient":""},"tablet":{"background-color":"var(--ast-global-color-5)","background-image":"","background-repeat":"repeat","background-position":"center center","background-size":"auto","background-attachment":"scroll","background-type":"","background-media":"","overlay-type":"","overlay-color":"","overlay-opacity":"","overlay-gradient":""},"mobile":{"background-color":"var(--ast-global-color-5)","background-image":"","background-repeat":"repeat","background-position":"center center","background-size":"auto","background-attachment":"scroll","background-type":"","background-media":"","overlay-type":"","overlay-color":"","overlay-opacity":"","overlay-gradient":""}}},"product_brand":[],"product_cat":[168],"product_tag":[],"class_list":{"0":"post-6059","1":"product","2":"type-product","3":"status-publish","4":"has-post-thumbnail","6":"product_cat-guerra-espiritual","7":"desktop-align-left","8":"tablet-align-left","9":"mobile-align-left","11":"first","12":"instock","13":"shipping-taxable","14":"purchasable","15":"product-type-simple"},"yoast_head":"<!-- This site is optimized with the Yoast SEO plugin v27.4 - https:\/\/yoast.com\/product\/yoast-seo-wordpress\/ -->\n<title>Echar\u00e1n Fuera Demonios \u2013 Derek Prince - tzionlibreria.com<\/title>\n<meta name=\"description\" content=\"Es una herramienta de guerra espiritual, ideal para quienes desean\u00a0vivir en libertad, ayudar a otros y ejercer autoridad con sabidur\u00eda b\u00edblica.\" \/>\n<meta name=\"robots\" content=\"index, follow, max-snippet:-1, max-image-preview:large, max-video-preview:-1\" \/>\n<link rel=\"canonical\" href=\"https:\/\/tzionlibreria.com\/index.php\/product\/echaran-fuera-demonios-derek-prince\/\" \/>\n<meta property=\"og:locale\" content=\"es_ES\" \/>\n<meta property=\"og:type\" content=\"article\" \/>\n<meta property=\"og:title\" content=\"Echar\u00e1n Fuera Demonios \u2013 Derek Prince - tzionlibreria.com\" \/>\n<meta property=\"og:description\" content=\"Es una herramienta de guerra espiritual, ideal para quienes desean\u00a0vivir en libertad, ayudar a otros y ejercer autoridad con sabidur\u00eda b\u00edblica.\" \/>\n<meta property=\"og:url\" content=\"https:\/\/tzionlibreria.com\/index.php\/product\/echaran-fuera-demonios-derek-prince\/\" \/>\n<meta property=\"og:site_name\" content=\"tzionlibreria.com\" \/>\n<meta property=\"article:modified_time\" content=\"2025-09-18T00:00:11+00:00\" \/>\n<meta property=\"og:image\" content=\"http:\/\/tzionlibreria.com\/wp-content\/uploads\/2025\/09\/257.png\" \/>\n\t<meta property=\"og:image:width\" content=\"1080\" \/>\n\t<meta property=\"og:image:height\" content=\"1080\" \/>\n\t<meta property=\"og:image:type\" content=\"image\/png\" \/>\n<meta name=\"twitter:card\" content=\"summary_large_image\" \/>\n<meta name=\"twitter:label1\" content=\"Tiempo de lectura\" \/>\n\t<meta name=\"twitter:data1\" content=\"2 minutos\" \/>\n<script type=\"application\/ld+json\" class=\"yoast-schema-graph\">{\"@context\":\"https:\\\/\\\/schema.org\",\"@graph\":[{\"@type\":\"WebPage\",\"@id\":\"https:\\\/\\\/tzionlibreria.com\\\/index.php\\\/product\\\/echaran-fuera-demonios-derek-prince\\\/\",\"url\":\"https:\\\/\\\/tzionlibreria.com\\\/index.php\\\/product\\\/echaran-fuera-demonios-derek-prince\\\/\",\"name\":\"Echar\u00e1n Fuera Demonios \u2013 Derek Prince - tzionlibreria.com\",\"isPartOf\":{\"@id\":\"https:\\\/\\\/tzionlibreria.com\\\/#website\"},\"primaryImageOfPage\":{\"@id\":\"https:\\\/\\\/tzionlibreria.com\\\/index.php\\\/product\\\/echaran-fuera-demonios-derek-prince\\\/#primaryimage\"},\"image\":{\"@id\":\"https:\\\/\\\/tzionlibreria.com\\\/index.php\\\/product\\\/echaran-fuera-demonios-derek-prince\\\/#primaryimage\"},\"thumbnailUrl\":\"https:\\\/\\\/tzionlibreria.com\\\/wp-content\\\/uploads\\\/2025\\\/09\\\/257.png\",\"datePublished\":\"2025-09-18T00:00:05+00:00\",\"dateModified\":\"2025-09-18T00:00:11+00:00\",\"description\":\"Es una herramienta de guerra espiritual, ideal para quienes desean\u00a0vivir en libertad, ayudar a otros y ejercer autoridad con sabidur\u00eda b\u00edblica.\",\"breadcrumb\":{\"@id\":\"https:\\\/\\\/tzionlibreria.com\\\/index.php\\\/product\\\/echaran-fuera-demonios-derek-prince\\\/#breadcrumb\"},\"inLanguage\":\"es-CO\",\"potentialAction\":[{\"@type\":\"ReadAction\",\"target\":[\"https:\\\/\\\/tzionlibreria.com\\\/index.php\\\/product\\\/echaran-fuera-demonios-derek-prince\\\/\"]}]},{\"@type\":\"ImageObject\",\"inLanguage\":\"es-CO\",\"@id\":\"https:\\\/\\\/tzionlibreria.com\\\/index.php\\\/product\\\/echaran-fuera-demonios-derek-prince\\\/#primaryimage\",\"url\":\"https:\\\/\\\/tzionlibreria.com\\\/wp-content\\\/uploads\\\/2025\\\/09\\\/257.png\",\"contentUrl\":\"https:\\\/\\\/tzionlibreria.com\\\/wp-content\\\/uploads\\\/2025\\\/09\\\/257.png\",\"width\":1080,\"height\":1080},{\"@type\":\"BreadcrumbList\",\"@id\":\"https:\\\/\\\/tzionlibreria.com\\\/index.php\\\/product\\\/echaran-fuera-demonios-derek-prince\\\/#breadcrumb\",\"itemListElement\":[{\"@type\":\"ListItem\",\"position\":1,\"name\":\"Inicio\",\"item\":\"https:\\\/\\\/tzionlibreria.com\\\/\"},{\"@type\":\"ListItem\",\"position\":2,\"name\":\"Shop\",\"item\":\"https:\\\/\\\/tzionlibreria.com\\\/index.php\\\/shop\\\/\"},{\"@type\":\"ListItem\",\"position\":3,\"name\":\"Echar\u00e1n Fuera Demonios \u2013 Derek Prince\"}]},{\"@type\":\"WebSite\",\"@id\":\"https:\\\/\\\/tzionlibreria.com\\\/#website\",\"url\":\"https:\\\/\\\/tzionlibreria.com\\\/\",\"name\":\"tzionlibreria.com\",\"description\":\"Libreria Cristiana Venezuela\",\"publisher\":{\"@id\":\"https:\\\/\\\/tzionlibreria.com\\\/#organization\"},\"potentialAction\":[{\"@type\":\"SearchAction\",\"target\":{\"@type\":\"EntryPoint\",\"urlTemplate\":\"https:\\\/\\\/tzionlibreria.com\\\/?s={search_term_string}\"},\"query-input\":{\"@type\":\"PropertyValueSpecification\",\"valueRequired\":true,\"valueName\":\"search_term_string\"}}],\"inLanguage\":\"es-CO\"},{\"@type\":\"Organization\",\"@id\":\"https:\\\/\\\/tzionlibreria.com\\\/#organization\",\"name\":\"tzionlibreria.com\",\"url\":\"https:\\\/\\\/tzionlibreria.com\\\/\",\"logo\":{\"@type\":\"ImageObject\",\"inLanguage\":\"es-CO\",\"@id\":\"https:\\\/\\\/tzionlibreria.com\\\/#\\\/schema\\\/logo\\\/image\\\/\",\"url\":\"https:\\\/\\\/tzionlibreria.com\\\/wp-content\\\/uploads\\\/2023\\\/10\\\/cropped-Cuadricula-scaled-1.jpg\",\"contentUrl\":\"https:\\\/\\\/tzionlibreria.com\\\/wp-content\\\/uploads\\\/2023\\\/10\\\/cropped-Cuadricula-scaled-1.jpg\",\"width\":2560,\"height\":2560,\"caption\":\"tzionlibreria.com\"},\"image\":{\"@id\":\"https:\\\/\\\/tzionlibreria.com\\\/#\\\/schema\\\/logo\\\/image\\\/\"}}]}<\/script>\n<!-- \/ Yoast SEO plugin. -->","yoast_head_json":{"title":"Echar\u00e1n Fuera Demonios \u2013 Derek Prince - tzionlibreria.com","description":"Es una herramienta de guerra espiritual, ideal para quienes desean\u00a0vivir en libertad, ayudar a otros y ejercer autoridad con sabidur\u00eda b\u00edblica.","robots":{"index":"index","follow":"follow","max-snippet":"max-snippet:-1","max-image-preview":"max-image-preview:large","max-video-preview":"max-video-preview:-1"},"canonical":"https:\/\/tzionlibreria.com\/index.php\/product\/echaran-fuera-demonios-derek-prince\/","og_locale":"es_ES","og_type":"article","og_title":"Echar\u00e1n Fuera Demonios \u2013 Derek Prince - tzionlibreria.com","og_description":"Es una herramienta de guerra espiritual, ideal para quienes desean\u00a0vivir en libertad, ayudar a otros y ejercer autoridad con sabidur\u00eda b\u00edblica.","og_url":"https:\/\/tzionlibreria.com\/index.php\/product\/echaran-fuera-demonios-derek-prince\/","og_site_name":"tzionlibreria.com","article_modified_time":"2025-09-18T00:00:11+00:00","og_image":[{"width":1080,"height":1080,"url":"http:\/\/tzionlibreria.com\/wp-content\/uploads\/2025\/09\/257.png","type":"image\/png"}],"twitter_card":"summary_large_image","twitter_misc":{"Tiempo de lectura":"2 minutos"},"schema":{"@context":"https:\/\/schema.org","@graph":[{"@type":"WebPage","@id":"https:\/\/tzionlibreria.com\/index.php\/product\/echaran-fuera-demonios-derek-prince\/","url":"https:\/\/tzionlibreria.com\/index.php\/product\/echaran-fuera-demonios-derek-prince\/","name":"Echar\u00e1n Fuera Demonios \u2013 Derek Prince - tzionlibreria.com","isPartOf":{"@id":"https:\/\/tzionlibreria.com\/#website"},"primaryImageOfPage":{"@id":"https:\/\/tzionlibreria.com\/index.php\/product\/echaran-fuera-demonios-derek-prince\/#primaryimage"},"image":{"@id":"https:\/\/tzionlibreria.com\/index.php\/product\/echaran-fuera-demonios-derek-prince\/#primaryimage"},"thumbnailUrl":"https:\/\/tzionlibreria.com\/wp-content\/uploads\/2025\/09\/257.png","datePublished":"2025-09-18T00:00:05+00:00","dateModified":"2025-09-18T00:00:11+00:00","description":"Es una herramienta de guerra espiritual, ideal para quienes desean\u00a0vivir en libertad, ayudar a otros y ejercer autoridad con sabidur\u00eda b\u00edblica.","breadcrumb":{"@id":"https:\/\/tzionlibreria.com\/index.php\/product\/echaran-fuera-demonios-derek-prince\/#breadcrumb"},"inLanguage":"es-CO","potentialAction":[{"@type":"ReadAction","target":["https:\/\/tzionlibreria.com\/index.php\/product\/echaran-fuera-demonios-derek-prince\/"]}]},{"@type":"ImageObject","inLanguage":"es-CO","@id":"https:\/\/tzionlibreria.com\/index.php\/product\/echaran-fuera-demonios-derek-prince\/#primaryimage","url":"https:\/\/tzionlibreria.com\/wp-content\/uploads\/2025\/09\/257.png","contentUrl":"https:\/\/tzionlibreria.com\/wp-content\/uploads\/2025\/09\/257.png","width":1080,"height":1080},{"@type":"BreadcrumbList","@id":"https:\/\/tzionlibreria.com\/index.php\/product\/echaran-fuera-demonios-derek-prince\/#breadcrumb","itemListElement":[{"@type":"ListItem","position":1,"name":"Inicio","item":"https:\/\/tzionlibreria.com\/"},{"@type":"ListItem","position":2,"name":"Shop","item":"https:\/\/tzionlibreria.com\/index.php\/shop\/"},{"@type":"ListItem","position":3,"name":"Echar\u00e1n Fuera Demonios \u2013 Derek Prince"}]},{"@type":"WebSite","@id":"https:\/\/tzionlibreria.com\/#website","url":"https:\/\/tzionlibreria.com\/","name":"tzionlibreria.com","description":"Libreria Cristiana Venezuela","publisher":{"@id":"https:\/\/tzionlibreria.com\/#organization"},"potentialAction":[{"@type":"SearchAction","target":{"@type":"EntryPoint","urlTemplate":"https:\/\/tzionlibreria.com\/?s={search_term_string}"},"query-input":{"@type":"PropertyValueSpecification","valueRequired":true,"valueName":"search_term_string"}}],"inLanguage":"es-CO"},{"@type":"Organization","@id":"https:\/\/tzionlibreria.com\/#organization","name":"tzionlibreria.com","url":"https:\/\/tzionlibreria.com\/","logo":{"@type":"ImageObject","inLanguage":"es-CO","@id":"https:\/\/tzionlibreria.com\/#\/schema\/logo\/image\/","url":"https:\/\/tzionlibreria.com\/wp-content\/uploads\/2023\/10\/cropped-Cuadricula-scaled-1.jpg","contentUrl":"https:\/\/tzionlibreria.com\/wp-content\/uploads\/2023\/10\/cropped-Cuadricula-scaled-1.jpg","width":2560,"height":2560,"caption":"tzionlibreria.com"},"image":{"@id":"https:\/\/tzionlibreria.com\/#\/schema\/logo\/image\/"}}]}},"jetpack_sharing_enabled":true,"_links":{"self":[{"href":"https:\/\/tzionlibreria.com\/index.php\/wp-json\/wp\/v2\/product\/6059","targetHints":{"allow":["GET"]}}],"collection":[{"href":"https:\/\/tzionlibreria.com\/index.php\/wp-json\/wp\/v2\/product"}],"about":[{"href":"https:\/\/tzionlibreria.com\/index.php\/wp-json\/wp\/v2\/types\/product"}],"replies":[{"embeddable":true,"href":"https:\/\/tzionlibreria.com\/index.php\/wp-json\/wp\/v2\/comments?post=6059"}],"wp:featuredmedia":[{"embeddable":true,"href":"https:\/\/tzionlibreria.com\/index.php\/wp-json\/wp\/v2\/media\/6060"}],"wp:attachment":[{"href":"https:\/\/tzionlibreria.com\/index.php\/wp-json\/wp\/v2\/media?parent=6059"}],"wp:term":[{"taxonomy":"product_brand","embeddable":true,"href":"https:\/\/tzionlibreria.com\/index.php\/wp-json\/wp\/v2\/product_brand?post=6059"},{"taxonomy":"product_cat","embeddable":true,"href":"https:\/\/tzionlibreria.com\/index.php\/wp-json\/wp\/v2\/product_cat?post=6059"},{"taxonomy":"product_tag","embeddable":true,"href":"https:\/\/tzionlibreria.com\/index.php\/wp-json\/wp\/v2\/product_tag?post=6059"}],"curies":[{"name":"wp","href":"https:\/\/api.w.org\/{rel}","templated":true}]}}