{"id":6161,"date":"2025-10-29T00:49:19","date_gmt":"2025-10-29T00:49:19","guid":{"rendered":"https:\/\/tzionlibreria.com\/?post_type=product&#038;p=6161"},"modified":"2025-10-29T00:50:36","modified_gmt":"2025-10-29T00:50:36","slug":"biblia-se-un-heroe-nino-letra-grande-tla-azul-cierre","status":"publish","type":"product","link":"https:\/\/tzionlibreria.com\/index.php\/product\/biblia-se-un-heroe-nino-letra-grande-tla-azul-cierre\/","title":{"rendered":"Biblia S\u00e9 un H\u00e9roe ni\u00f1o Letra Grande TLA Azul Cierre"},"content":{"rendered":"<div class=\"ast-oembed-container \" style=\"height: 100%;\"><iframe title=\"Biblia S\u00e9 Un H\u00e9roe Ni\u00f1o Azul Tla Cierre Letra Grande\" width=\"500\" height=\"281\" src=\"https:\/\/www.youtube.com\/embed\/D04QePWfHDs?feature=oembed\" frameborder=\"0\" allow=\"accelerometer; autoplay; clipboard-write; encrypted-media; gyroscope; picture-in-picture; web-share\" referrerpolicy=\"strict-origin-when-cross-origin\" allowfullscreen><\/iframe><\/div>\n<p data-start=\"0\" data-end=\"67\">\ud83d\udcd6 <strong data-start=\"3\" data-end=\"65\">Biblia S\u00e9 un H\u00e9roe TLA Azul \u2013 Peque\u00f1os H\u00e9roes (para ni\u00f1os)<\/strong><\/p>\n<p data-start=\"0\" data-end=\"67\"><strong>Edad de Lectura: 8 a 12 a\u00f1os<\/strong><\/p>\n<p data-start=\"69\" data-end=\"320\">La <strong data-start=\"72\" data-end=\"94\">Biblia S\u00e9 un H\u00e9roe<\/strong> en versi\u00f3n <strong data-start=\"106\" data-end=\"145\">TLA (Traducci\u00f3n al Lenguaje Actual)<\/strong> est\u00e1 especialmente dise\u00f1ada para que los ni\u00f1os descubran el valor de la Palabra de Dios y aprendan a estudiarla por s\u00ed mismos de forma divertida, pr\u00e1ctica y transformadora.<\/p>\n<p data-start=\"322\" data-end=\"485\">A trav\u00e9s de herramientas din\u00e1micas y coloridas, esta Biblia ense\u00f1a que ser un h\u00e9roe no se trata de tener poderes, sino de vivir con fe, obediencia y amor a Dios.<\/p>\n<p data-start=\"487\" data-end=\"1082\">\u2728 <strong data-start=\"489\" data-end=\"501\">Incluye:<\/strong><br data-start=\"501\" data-end=\"504\" \/>\u2022 <strong data-start=\"506\" data-end=\"539\">Entrenamiento de 44 desaf\u00edos:<\/strong> Un recorrido de aprendizaje donde los ni\u00f1os comprenden que el estudio b\u00edblico no solo busca conocimiento, sino <strong data-start=\"651\" data-end=\"692\">obedecer y aplicar la Palabra de Dios<\/strong> en su vida diaria.<br data-start=\"711\" data-end=\"714\" \/>\u2022 <strong data-start=\"716\" data-end=\"803\">Acceso gratuito a la plataforma <a class=\"decorated-link\" href=\"https:\/\/bibliaseunheroe.com\" target=\"_new\" rel=\"noopener\" data-start=\"750\" data-end=\"800\">bibliaseunheroe.com<\/a>:<\/strong> All\u00ed podr\u00e1n registrar su avance, seguir su progreso y recibir un <strong data-start=\"869\" data-end=\"892\">certificado digital<\/strong> al completar los desaf\u00edos.<br data-start=\"919\" data-end=\"922\" \/>\u2022 <strong data-start=\"924\" data-end=\"951\">Plan de lectura diario:<\/strong> Lecturas breves para cada d\u00eda del a\u00f1o, pensadas para <strong data-start=\"1005\" data-end=\"1045\">fomentar el h\u00e1bito de leer la Biblia<\/strong> y fortalecer su relaci\u00f3n con Dios.<\/p>\n<p data-start=\"1084\" data-end=\"1231\">Los desaf\u00edos son una excelente herramienta para que los padres y maestros puedan <strong data-start=\"1165\" data-end=\"1191\">discipular a los ni\u00f1os<\/strong> y ayudarlos a crecer firmes en su fe.<\/p>\n<p data-start=\"1233\" data-end=\"1258\">\ud83d\udcda <strong data-start=\"1236\" data-end=\"1256\">Caracter\u00edsticas:<\/strong><\/p>\n<ul data-start=\"1259\" data-end=\"1521\">\n<li data-start=\"1259\" data-end=\"1307\">\n<p data-start=\"1261\" data-end=\"1307\">Versi\u00f3n: TLA (Traducci\u00f3n al Lenguaje Actual)<\/p>\n<\/li>\n<li data-start=\"1308\" data-end=\"1349\">\n<p data-start=\"1310\" data-end=\"1349\">Tama\u00f1o de letra: 9.5 puntos (mediana)<\/p>\n<\/li>\n<li data-start=\"1350\" data-end=\"1369\">\n<p data-start=\"1352\" data-end=\"1369\">Idioma: Espa\u00f1ol<\/p>\n<\/li>\n<li data-start=\"1370\" data-end=\"1412\">\n<p data-start=\"1372\" data-end=\"1412\">Editorial: Sociedad B\u00edblica Colombiana<\/p>\n<\/li>\n<li data-start=\"1413\" data-end=\"1486\">\n<p data-start=\"1415\" data-end=\"1486\">ISBN: 9789587459005 <em data-start=\"1435\" data-end=\"1484\">(ejemplo, se puede ajustar si lo tienes exacto)<\/em><\/p>\n<\/li>\n<li data-start=\"1487\" data-end=\"1521\">\n<p data-start=\"1489\" data-end=\"1521\">Dimensiones: 130 \u00d7 185 \u00d7 30 mm<\/p>\n<\/li>\n<\/ul>\n<p data-start=\"1523\" data-end=\"1623\">\ud83d\udcab Una Biblia que forma peque\u00f1os h\u00e9roes de la fe, valientes, obedientes y llenos del amor de Dios.<\/p>\n<hr data-start=\"1625\" data-end=\"1630\" \/>\n<p data-start=\"1631\" data-end=\"1768\" data-is-last-node=\"\" data-is-only-node=\"\">\n","protected":false},"excerpt":{"rendered":"<p>\ud83d\udcd6 Biblia S\u00e9 un H\u00e9roe TLA Azul \u2013 Peque\u00f1os H\u00e9roes (para ni\u00f1os) Edad de Lectura: 8 a 12 a\u00f1os La Biblia S\u00e9 un H\u00e9roe en versi\u00f3n TLA (Traducci\u00f3n al Lenguaje Actual) est\u00e1 especialmente dise\u00f1ada para que los ni\u00f1os descubran el valor de la Palabra de Dios y aprendan a estudiarla por s\u00ed mismos de forma [&hellip;]<\/p>\n","protected":false},"featured_media":6162,"comment_status":"open","ping_status":"closed","template":"","meta":{"om_disable_all_campaigns":false,"_monsterinsights_skip_tracking":false,"_monsterinsights_sitenote_active":false,"_monsterinsights_sitenote_note":"","_monsterinsights_sitenote_category":0,"site-sidebar-layout":"default","site-content-layout":"","ast-site-content-layout":"default","site-content-style":"default","site-sidebar-style":"default","ast-global-header-display":"","ast-banner-title-visibility":"","ast-main-header-display":"","ast-hfb-above-header-display":"","ast-hfb-below-header-display":"","ast-hfb-mobile-header-display":"","site-post-title":"","ast-breadcrumbs-content":"","ast-featured-img":"","footer-sml-layout":"","ast-disable-related-posts":"","theme-transparent-header-meta":"default","adv-header-id-meta":"","stick-header-meta":"","header-above-stick-meta":"","header-main-stick-meta":"","header-below-stick-meta":"","astra-migrate-meta-layouts":"set","ast-page-background-enabled":"default","ast-page-background-meta":{"desktop":{"background-color":"var(--ast-global-color-4)","background-image":"","background-repeat":"repeat","background-position":"center center","background-size":"auto","background-attachment":"scroll","background-type":"","background-media":"","overlay-type":"","overlay-color":"","overlay-opacity":"","overlay-gradient":""},"tablet":{"background-color":"","background-image":"","background-repeat":"repeat","background-position":"center center","background-size":"auto","background-attachment":"scroll","background-type":"","background-media":"","overlay-type":"","overlay-color":"","overlay-opacity":"","overlay-gradient":""},"mobile":{"background-color":"","background-image":"","background-repeat":"repeat","background-position":"center center","background-size":"auto","background-attachment":"scroll","background-type":"","background-media":"","overlay-type":"","overlay-color":"","overlay-opacity":"","overlay-gradient":""}},"ast-content-background-meta":{"desktop":{"background-color":"var(--ast-global-color-5)","background-image":"","background-repeat":"repeat","background-position":"center center","background-size":"auto","background-attachment":"scroll","background-type":"","background-media":"","overlay-type":"","overlay-color":"","overlay-opacity":"","overlay-gradient":""},"tablet":{"background-color":"var(--ast-global-color-5)","background-image":"","background-repeat":"repeat","background-position":"center center","background-size":"auto","background-attachment":"scroll","background-type":"","background-media":"","overlay-type":"","overlay-color":"","overlay-opacity":"","overlay-gradient":""},"mobile":{"background-color":"var(--ast-global-color-5)","background-image":"","background-repeat":"repeat","background-position":"center center","background-size":"auto","background-attachment":"scroll","background-type":"","background-media":"","overlay-type":"","overlay-color":"","overlay-opacity":"","overlay-gradient":""}}},"product_brand":[],"product_cat":[18],"product_tag":[],"class_list":{"0":"post-6161","1":"product","2":"type-product","3":"status-publish","4":"has-post-thumbnail","6":"product_cat-uncategorized","7":"desktop-align-left","8":"tablet-align-left","9":"mobile-align-left","11":"first","12":"instock","13":"shipping-taxable","14":"purchasable","15":"product-type-simple"},"yoast_head":"<!-- This site is optimized with the Yoast SEO plugin v27.3 - https:\/\/yoast.com\/product\/yoast-seo-wordpress\/ -->\n<title>Biblia S\u00e9 un H\u00e9roe ni\u00f1o Letra Grande TLA Azul Cierre - tzionlibreria.com<\/title>\n<meta name=\"description\" content=\"Biblia S\u00e9 un H\u00e9roe en Traducci\u00f3n al Lenguaje Actual est\u00e1 especialmente dise\u00f1ada para que los ni\u00f1os descubran el valor de la Palabra de Dios.\" \/>\n<meta name=\"robots\" content=\"index, follow, max-snippet:-1, max-image-preview:large, max-video-preview:-1\" \/>\n<link rel=\"canonical\" href=\"https:\/\/tzionlibreria.com\/index.php\/product\/biblia-se-un-heroe-nino-letra-grande-tla-azul-cierre\/\" \/>\n<meta property=\"og:locale\" content=\"es_ES\" \/>\n<meta property=\"og:type\" content=\"article\" \/>\n<meta property=\"og:title\" content=\"Biblia S\u00e9 un H\u00e9roe ni\u00f1o Letra Grande TLA Azul Cierre - tzionlibreria.com\" \/>\n<meta property=\"og:description\" content=\"Biblia S\u00e9 un H\u00e9roe en Traducci\u00f3n al Lenguaje Actual est\u00e1 especialmente dise\u00f1ada para que los ni\u00f1os descubran el valor de la Palabra de Dios.\" \/>\n<meta property=\"og:url\" content=\"https:\/\/tzionlibreria.com\/index.php\/product\/biblia-se-un-heroe-nino-letra-grande-tla-azul-cierre\/\" \/>\n<meta property=\"og:site_name\" content=\"tzionlibreria.com\" \/>\n<meta property=\"article:modified_time\" content=\"2025-10-29T00:50:36+00:00\" \/>\n<meta property=\"og:image\" content=\"http:\/\/tzionlibreria.com\/wp-content\/uploads\/2025\/10\/9.png\" \/>\n\t<meta property=\"og:image:width\" content=\"1080\" \/>\n\t<meta property=\"og:image:height\" content=\"1080\" \/>\n\t<meta property=\"og:image:type\" content=\"image\/png\" \/>\n<meta name=\"twitter:card\" content=\"summary_large_image\" \/>\n<meta name=\"twitter:label1\" content=\"Tiempo de lectura\" \/>\n\t<meta name=\"twitter:data1\" content=\"2 minutos\" \/>\n<script type=\"application\/ld+json\" class=\"yoast-schema-graph\">{\"@context\":\"https:\\\/\\\/schema.org\",\"@graph\":[{\"@type\":\"WebPage\",\"@id\":\"https:\\\/\\\/tzionlibreria.com\\\/index.php\\\/product\\\/biblia-se-un-heroe-nino-letra-grande-tla-azul-cierre\\\/\",\"url\":\"https:\\\/\\\/tzionlibreria.com\\\/index.php\\\/product\\\/biblia-se-un-heroe-nino-letra-grande-tla-azul-cierre\\\/\",\"name\":\"Biblia S\u00e9 un H\u00e9roe ni\u00f1o Letra Grande TLA Azul Cierre - tzionlibreria.com\",\"isPartOf\":{\"@id\":\"https:\\\/\\\/tzionlibreria.com\\\/#website\"},\"primaryImageOfPage\":{\"@id\":\"https:\\\/\\\/tzionlibreria.com\\\/index.php\\\/product\\\/biblia-se-un-heroe-nino-letra-grande-tla-azul-cierre\\\/#primaryimage\"},\"image\":{\"@id\":\"https:\\\/\\\/tzionlibreria.com\\\/index.php\\\/product\\\/biblia-se-un-heroe-nino-letra-grande-tla-azul-cierre\\\/#primaryimage\"},\"thumbnailUrl\":\"https:\\\/\\\/tzionlibreria.com\\\/wp-content\\\/uploads\\\/2025\\\/10\\\/9.png\",\"datePublished\":\"2025-10-29T00:49:19+00:00\",\"dateModified\":\"2025-10-29T00:50:36+00:00\",\"description\":\"Biblia S\u00e9 un H\u00e9roe en Traducci\u00f3n al Lenguaje Actual est\u00e1 especialmente dise\u00f1ada para que los ni\u00f1os descubran el valor de la Palabra de Dios.\",\"breadcrumb\":{\"@id\":\"https:\\\/\\\/tzionlibreria.com\\\/index.php\\\/product\\\/biblia-se-un-heroe-nino-letra-grande-tla-azul-cierre\\\/#breadcrumb\"},\"inLanguage\":\"es-CO\",\"potentialAction\":[{\"@type\":\"ReadAction\",\"target\":[\"https:\\\/\\\/tzionlibreria.com\\\/index.php\\\/product\\\/biblia-se-un-heroe-nino-letra-grande-tla-azul-cierre\\\/\"]}]},{\"@type\":\"ImageObject\",\"inLanguage\":\"es-CO\",\"@id\":\"https:\\\/\\\/tzionlibreria.com\\\/index.php\\\/product\\\/biblia-se-un-heroe-nino-letra-grande-tla-azul-cierre\\\/#primaryimage\",\"url\":\"https:\\\/\\\/tzionlibreria.com\\\/wp-content\\\/uploads\\\/2025\\\/10\\\/9.png\",\"contentUrl\":\"https:\\\/\\\/tzionlibreria.com\\\/wp-content\\\/uploads\\\/2025\\\/10\\\/9.png\",\"width\":1080,\"height\":1080},{\"@type\":\"BreadcrumbList\",\"@id\":\"https:\\\/\\\/tzionlibreria.com\\\/index.php\\\/product\\\/biblia-se-un-heroe-nino-letra-grande-tla-azul-cierre\\\/#breadcrumb\",\"itemListElement\":[{\"@type\":\"ListItem\",\"position\":1,\"name\":\"Inicio\",\"item\":\"https:\\\/\\\/tzionlibreria.com\\\/\"},{\"@type\":\"ListItem\",\"position\":2,\"name\":\"Shop\",\"item\":\"https:\\\/\\\/tzionlibreria.com\\\/index.php\\\/shop\\\/\"},{\"@type\":\"ListItem\",\"position\":3,\"name\":\"Biblia S\u00e9 un H\u00e9roe ni\u00f1o Letra Grande TLA Azul Cierre\"}]},{\"@type\":\"WebSite\",\"@id\":\"https:\\\/\\\/tzionlibreria.com\\\/#website\",\"url\":\"https:\\\/\\\/tzionlibreria.com\\\/\",\"name\":\"tzionlibreria.com\",\"description\":\"Libreria Cristiana Venezuela\",\"publisher\":{\"@id\":\"https:\\\/\\\/tzionlibreria.com\\\/#organization\"},\"potentialAction\":[{\"@type\":\"SearchAction\",\"target\":{\"@type\":\"EntryPoint\",\"urlTemplate\":\"https:\\\/\\\/tzionlibreria.com\\\/?s={search_term_string}\"},\"query-input\":{\"@type\":\"PropertyValueSpecification\",\"valueRequired\":true,\"valueName\":\"search_term_string\"}}],\"inLanguage\":\"es-CO\"},{\"@type\":\"Organization\",\"@id\":\"https:\\\/\\\/tzionlibreria.com\\\/#organization\",\"name\":\"tzionlibreria.com\",\"url\":\"https:\\\/\\\/tzionlibreria.com\\\/\",\"logo\":{\"@type\":\"ImageObject\",\"inLanguage\":\"es-CO\",\"@id\":\"https:\\\/\\\/tzionlibreria.com\\\/#\\\/schema\\\/logo\\\/image\\\/\",\"url\":\"https:\\\/\\\/tzionlibreria.com\\\/wp-content\\\/uploads\\\/2023\\\/10\\\/cropped-Cuadricula-scaled-1.jpg\",\"contentUrl\":\"https:\\\/\\\/tzionlibreria.com\\\/wp-content\\\/uploads\\\/2023\\\/10\\\/cropped-Cuadricula-scaled-1.jpg\",\"width\":2560,\"height\":2560,\"caption\":\"tzionlibreria.com\"},\"image\":{\"@id\":\"https:\\\/\\\/tzionlibreria.com\\\/#\\\/schema\\\/logo\\\/image\\\/\"}}]}<\/script>\n<!-- \/ Yoast SEO plugin. -->","yoast_head_json":{"title":"Biblia S\u00e9 un H\u00e9roe ni\u00f1o Letra Grande TLA Azul Cierre - tzionlibreria.com","description":"Biblia S\u00e9 un H\u00e9roe en Traducci\u00f3n al Lenguaje Actual est\u00e1 especialmente dise\u00f1ada para que los ni\u00f1os descubran el valor de la Palabra de Dios.","robots":{"index":"index","follow":"follow","max-snippet":"max-snippet:-1","max-image-preview":"max-image-preview:large","max-video-preview":"max-video-preview:-1"},"canonical":"https:\/\/tzionlibreria.com\/index.php\/product\/biblia-se-un-heroe-nino-letra-grande-tla-azul-cierre\/","og_locale":"es_ES","og_type":"article","og_title":"Biblia S\u00e9 un H\u00e9roe ni\u00f1o Letra Grande TLA Azul Cierre - tzionlibreria.com","og_description":"Biblia S\u00e9 un H\u00e9roe en Traducci\u00f3n al Lenguaje Actual est\u00e1 especialmente dise\u00f1ada para que los ni\u00f1os descubran el valor de la Palabra de Dios.","og_url":"https:\/\/tzionlibreria.com\/index.php\/product\/biblia-se-un-heroe-nino-letra-grande-tla-azul-cierre\/","og_site_name":"tzionlibreria.com","article_modified_time":"2025-10-29T00:50:36+00:00","og_image":[{"width":1080,"height":1080,"url":"http:\/\/tzionlibreria.com\/wp-content\/uploads\/2025\/10\/9.png","type":"image\/png"}],"twitter_card":"summary_large_image","twitter_misc":{"Tiempo de lectura":"2 minutos"},"schema":{"@context":"https:\/\/schema.org","@graph":[{"@type":"WebPage","@id":"https:\/\/tzionlibreria.com\/index.php\/product\/biblia-se-un-heroe-nino-letra-grande-tla-azul-cierre\/","url":"https:\/\/tzionlibreria.com\/index.php\/product\/biblia-se-un-heroe-nino-letra-grande-tla-azul-cierre\/","name":"Biblia S\u00e9 un H\u00e9roe ni\u00f1o Letra Grande TLA Azul Cierre - tzionlibreria.com","isPartOf":{"@id":"https:\/\/tzionlibreria.com\/#website"},"primaryImageOfPage":{"@id":"https:\/\/tzionlibreria.com\/index.php\/product\/biblia-se-un-heroe-nino-letra-grande-tla-azul-cierre\/#primaryimage"},"image":{"@id":"https:\/\/tzionlibreria.com\/index.php\/product\/biblia-se-un-heroe-nino-letra-grande-tla-azul-cierre\/#primaryimage"},"thumbnailUrl":"https:\/\/tzionlibreria.com\/wp-content\/uploads\/2025\/10\/9.png","datePublished":"2025-10-29T00:49:19+00:00","dateModified":"2025-10-29T00:50:36+00:00","description":"Biblia S\u00e9 un H\u00e9roe en Traducci\u00f3n al Lenguaje Actual est\u00e1 especialmente dise\u00f1ada para que los ni\u00f1os descubran el valor de la Palabra de Dios.","breadcrumb":{"@id":"https:\/\/tzionlibreria.com\/index.php\/product\/biblia-se-un-heroe-nino-letra-grande-tla-azul-cierre\/#breadcrumb"},"inLanguage":"es-CO","potentialAction":[{"@type":"ReadAction","target":["https:\/\/tzionlibreria.com\/index.php\/product\/biblia-se-un-heroe-nino-letra-grande-tla-azul-cierre\/"]}]},{"@type":"ImageObject","inLanguage":"es-CO","@id":"https:\/\/tzionlibreria.com\/index.php\/product\/biblia-se-un-heroe-nino-letra-grande-tla-azul-cierre\/#primaryimage","url":"https:\/\/tzionlibreria.com\/wp-content\/uploads\/2025\/10\/9.png","contentUrl":"https:\/\/tzionlibreria.com\/wp-content\/uploads\/2025\/10\/9.png","width":1080,"height":1080},{"@type":"BreadcrumbList","@id":"https:\/\/tzionlibreria.com\/index.php\/product\/biblia-se-un-heroe-nino-letra-grande-tla-azul-cierre\/#breadcrumb","itemListElement":[{"@type":"ListItem","position":1,"name":"Inicio","item":"https:\/\/tzionlibreria.com\/"},{"@type":"ListItem","position":2,"name":"Shop","item":"https:\/\/tzionlibreria.com\/index.php\/shop\/"},{"@type":"ListItem","position":3,"name":"Biblia S\u00e9 un H\u00e9roe ni\u00f1o Letra Grande TLA Azul Cierre"}]},{"@type":"WebSite","@id":"https:\/\/tzionlibreria.com\/#website","url":"https:\/\/tzionlibreria.com\/","name":"tzionlibreria.com","description":"Libreria Cristiana Venezuela","publisher":{"@id":"https:\/\/tzionlibreria.com\/#organization"},"potentialAction":[{"@type":"SearchAction","target":{"@type":"EntryPoint","urlTemplate":"https:\/\/tzionlibreria.com\/?s={search_term_string}"},"query-input":{"@type":"PropertyValueSpecification","valueRequired":true,"valueName":"search_term_string"}}],"inLanguage":"es-CO"},{"@type":"Organization","@id":"https:\/\/tzionlibreria.com\/#organization","name":"tzionlibreria.com","url":"https:\/\/tzionlibreria.com\/","logo":{"@type":"ImageObject","inLanguage":"es-CO","@id":"https:\/\/tzionlibreria.com\/#\/schema\/logo\/image\/","url":"https:\/\/tzionlibreria.com\/wp-content\/uploads\/2023\/10\/cropped-Cuadricula-scaled-1.jpg","contentUrl":"https:\/\/tzionlibreria.com\/wp-content\/uploads\/2023\/10\/cropped-Cuadricula-scaled-1.jpg","width":2560,"height":2560,"caption":"tzionlibreria.com"},"image":{"@id":"https:\/\/tzionlibreria.com\/#\/schema\/logo\/image\/"}}]}},"jetpack_sharing_enabled":true,"_links":{"self":[{"href":"https:\/\/tzionlibreria.com\/index.php\/wp-json\/wp\/v2\/product\/6161","targetHints":{"allow":["GET"]}}],"collection":[{"href":"https:\/\/tzionlibreria.com\/index.php\/wp-json\/wp\/v2\/product"}],"about":[{"href":"https:\/\/tzionlibreria.com\/index.php\/wp-json\/wp\/v2\/types\/product"}],"replies":[{"embeddable":true,"href":"https:\/\/tzionlibreria.com\/index.php\/wp-json\/wp\/v2\/comments?post=6161"}],"wp:featuredmedia":[{"embeddable":true,"href":"https:\/\/tzionlibreria.com\/index.php\/wp-json\/wp\/v2\/media\/6162"}],"wp:attachment":[{"href":"https:\/\/tzionlibreria.com\/index.php\/wp-json\/wp\/v2\/media?parent=6161"}],"wp:term":[{"taxonomy":"product_brand","embeddable":true,"href":"https:\/\/tzionlibreria.com\/index.php\/wp-json\/wp\/v2\/product_brand?post=6161"},{"taxonomy":"product_cat","embeddable":true,"href":"https:\/\/tzionlibreria.com\/index.php\/wp-json\/wp\/v2\/product_cat?post=6161"},{"taxonomy":"product_tag","embeddable":true,"href":"https:\/\/tzionlibreria.com\/index.php\/wp-json\/wp\/v2\/product_tag?post=6161"}],"curies":[{"name":"wp","href":"https:\/\/api.w.org\/{rel}","templated":true}]}}