{"id":6315,"date":"2025-11-18T00:57:32","date_gmt":"2025-11-18T00:57:32","guid":{"rendered":"https:\/\/tzionlibreria.com\/?post_type=product&#038;p=6315"},"modified":"2025-11-18T00:57:32","modified_gmt":"2025-11-18T00:57:32","slug":"florece-deja-que-la-verdad-de-cristo-te-libere-de-la-mentira-de-una-vida-centrada-en-ti-misma","status":"publish","type":"product","link":"https:\/\/tzionlibreria.com\/index.php\/product\/florece-deja-que-la-verdad-de-cristo-te-libere-de-la-mentira-de-una-vida-centrada-en-ti-misma\/","title":{"rendered":"Florece Deja que la Verdad de Cristo te Libere de la Mentira de una Vida Centrada en ti misma"},"content":{"rendered":"<div id=\"description\" class=\"tabs-panel\" role=\"tabpanel\" aria-hidden=\"false\" aria-labelledby=\"description-label\">\n<div class=\"row\">\n<div class=\"small-12 medium-8 large-8 columns\">\n<div id=\"ctl00_ucPDTabs_ctl00_fs\" class=\"ProductDetailGroup\">\n<div class=\"product attribute claim\">\n<div class=\"value\">Florece en tu fe. Florece en tu gozo. Florece en Cristo.<\/div>\n<\/div>\n<div class=\"product attribute overview\">\n<div class=\"value\">\n<p>\u00bfEst\u00e1s lista para dejar atr\u00e1s lo ordinario y abrazar la vida extraordinaria que Cristo ofrece?<\/p>\n<p>En un mundo cautivado por tendencias y valores cambiantes, la palabra florecer ha ganado atenci\u00f3n por las mejores razones. Habla de una vida llena de gozo, prop\u00f3sito y vitalidad: la vida que Dios, desde el principio, dise\u00f1\u00f3 para ti.<\/p>\n<p>Pero \u00bfqu\u00e9 nos impide experimentar esta vida floreciente? Muchas veces, no son los grandes y dram\u00e1ticos momentos, sino las presiones diarias, las prioridades equivocadas y las influencias sutiles pero peligrosas, incluso dentro de los c\u00edrculos cristianos.<\/p>\n<p>En \u00abFlorece\u00bb, descubrir\u00e1s c\u00f3mo:<\/p>\n<ul>\n<li>Identificar y protegerte contra falsas ense\u00f1anzas que distorsionan<br \/>\ntu fe.<\/li>\n<li>Pasar de una mentalidad centrada en ti misma a una vida centrada<br \/>\nen Cristo.<\/li>\n<li>Navegar con sabidur\u00eda y claridad las presiones y distracciones de<br \/>\n\u201clos \u00faltimos d\u00edas\u201d.<\/li>\n<li>Anclar tu coraz\u00f3n en la verdad b\u00edblica y disfrutar de la vida<br \/>\nabundante que Jes\u00fas prometi\u00f3.<\/li>\n<\/ul>\n<p>A trav\u00e9s de ideas pr\u00e1cticas y una profunda exploraci\u00f3n de las Escrituras,Florece te ayudar\u00e1 a redescubrir el gozo de servir con alegr\u00eda, no con pesadez. Te inspirar\u00e1 a fijar tu mirada en Cristo, la verdadera fuente de paz y satisfacci\u00f3n, dejando atr\u00e1s las falsas promesas del amor propio y las tendencias culturales.<\/p>\n<p>INCLUYE GU\u00cdA DE ESTUDIO<\/p>\n<\/div>\n<\/div>\n<\/div>\n<div id=\"ctl00_ucPDTabs_ctl01_fs\" class=\"ProductDetailGroup\">\n<h4>Categor\u00edas<\/h4>\n<p><a title=\"Productos\" href=\"https:\/\/www.clccolombia.com\/libros\/todos-los-productos\">Productos<\/a> \u00bb <a title=\"Libros Cristianos\" href=\"https:\/\/www.clccolombia.com\/libros\/libros-cristianos\">Libros Cristianos<\/a> \u00bb <a title=\"Vida Cristiana\" href=\"https:\/\/www.clccolombia.com\/libros\/vida-cristiana\">Vida Cristiana<\/a><\/div>\n<\/div>\n<div class=\"small-12 medium-4 large-4 columns\">\n<div id=\"ctl00_ucPDTabs_ctl02_fs\" class=\"ProductDetailGroup system-properties\"><strong>Idioma<\/strong>: Espa\u00f1ol<br \/>\n<strong>ISBN<\/strong>: 9780825450563<br \/>\n<strong>Referencia de producto<\/strong>: 02502563<br \/>\n<strong>Dimensiones<\/strong>: 140 x 210 x 10 mm<br \/>\n<strong>Peso<\/strong>: 0,200kg<br \/>\n<strong>Cubierta<\/strong>: R\u00fastica<br \/>\n<strong>N\u00famero de p\u00e1ginas<\/strong>: 160<br \/>\n<strong>Fecha de lanzamiento<\/strong>: 05.09.2025<\/div>\n<\/div>\n<\/div>\n<\/div>\n","protected":false},"excerpt":{"rendered":"<p>Florece en tu fe. Florece en tu gozo. Florece en Cristo. \u00bfEst\u00e1s lista para dejar atr\u00e1s lo ordinario y abrazar la vida extraordinaria que Cristo ofrece? En un mundo cautivado por tendencias y valores cambiantes, la palabra florecer ha ganado atenci\u00f3n por las mejores razones. Habla de una vida llena de gozo, prop\u00f3sito y vitalidad: [&hellip;]<\/p>\n","protected":false},"featured_media":6316,"comment_status":"open","ping_status":"closed","template":"","meta":{"om_disable_all_campaigns":false,"_monsterinsights_skip_tracking":false,"_monsterinsights_sitenote_active":false,"_monsterinsights_sitenote_note":"","_monsterinsights_sitenote_category":0,"site-sidebar-layout":"default","site-content-layout":"","ast-site-content-layout":"default","site-content-style":"default","site-sidebar-style":"default","ast-global-header-display":"","ast-banner-title-visibility":"","ast-main-header-display":"","ast-hfb-above-header-display":"","ast-hfb-below-header-display":"","ast-hfb-mobile-header-display":"","site-post-title":"","ast-breadcrumbs-content":"","ast-featured-img":"","footer-sml-layout":"","ast-disable-related-posts":"","theme-transparent-header-meta":"default","adv-header-id-meta":"","stick-header-meta":"","header-above-stick-meta":"","header-main-stick-meta":"","header-below-stick-meta":"","astra-migrate-meta-layouts":"set","ast-page-background-enabled":"default","ast-page-background-meta":{"desktop":{"background-color":"var(--ast-global-color-4)","background-image":"","background-repeat":"repeat","background-position":"center center","background-size":"auto","background-attachment":"scroll","background-type":"","background-media":"","overlay-type":"","overlay-color":"","overlay-opacity":"","overlay-gradient":""},"tablet":{"background-color":"","background-image":"","background-repeat":"repeat","background-position":"center center","background-size":"auto","background-attachment":"scroll","background-type":"","background-media":"","overlay-type":"","overlay-color":"","overlay-opacity":"","overlay-gradient":""},"mobile":{"background-color":"","background-image":"","background-repeat":"repeat","background-position":"center center","background-size":"auto","background-attachment":"scroll","background-type":"","background-media":"","overlay-type":"","overlay-color":"","overlay-opacity":"","overlay-gradient":""}},"ast-content-background-meta":{"desktop":{"background-color":"var(--ast-global-color-5)","background-image":"","background-repeat":"repeat","background-position":"center center","background-size":"auto","background-attachment":"scroll","background-type":"","background-media":"","overlay-type":"","overlay-color":"","overlay-opacity":"","overlay-gradient":""},"tablet":{"background-color":"var(--ast-global-color-5)","background-image":"","background-repeat":"repeat","background-position":"center center","background-size":"auto","background-attachment":"scroll","background-type":"","background-media":"","overlay-type":"","overlay-color":"","overlay-opacity":"","overlay-gradient":""},"mobile":{"background-color":"var(--ast-global-color-5)","background-image":"","background-repeat":"repeat","background-position":"center center","background-size":"auto","background-attachment":"scroll","background-type":"","background-media":"","overlay-type":"","overlay-color":"","overlay-opacity":"","overlay-gradient":""}}},"product_brand":[],"product_cat":[174,23,175],"product_tag":[],"class_list":{"0":"post-6315","1":"product","2":"type-product","3":"status-publish","4":"has-post-thumbnail","6":"product_cat-iglesia","7":"product_cat-libros","8":"product_cat-liderazgo","9":"desktop-align-left","10":"tablet-align-left","11":"mobile-align-left","13":"first","14":"instock","15":"shipping-taxable","16":"purchasable","17":"product-type-simple"},"yoast_head":"<!-- This site is optimized with the Yoast SEO plugin v27.4 - https:\/\/yoast.com\/product\/yoast-seo-wordpress\/ -->\n<title>Florece Deja que la Verdad de Cristo te Libere de la Mentira de una Vida Centrada en ti misma - tzionlibreria.com<\/title>\n<meta name=\"robots\" content=\"index, follow, max-snippet:-1, max-image-preview:large, max-video-preview:-1\" \/>\n<link rel=\"canonical\" href=\"https:\/\/tzionlibreria.com\/index.php\/product\/florece-deja-que-la-verdad-de-cristo-te-libere-de-la-mentira-de-una-vida-centrada-en-ti-misma\/\" \/>\n<meta property=\"og:locale\" content=\"es_ES\" \/>\n<meta property=\"og:type\" content=\"article\" \/>\n<meta property=\"og:title\" content=\"Florece Deja que la Verdad de Cristo te Libere de la Mentira de una Vida Centrada en ti misma - tzionlibreria.com\" \/>\n<meta property=\"og:description\" content=\"Florece en tu fe. Florece en tu gozo. Florece en Cristo. \u00bfEst\u00e1s lista para dejar atr\u00e1s lo ordinario y abrazar la vida extraordinaria que Cristo ofrece? En un mundo cautivado por tendencias y valores cambiantes, la palabra florecer ha ganado atenci\u00f3n por las mejores razones. Habla de una vida llena de gozo, prop\u00f3sito y vitalidad: [&hellip;]\" \/>\n<meta property=\"og:url\" content=\"https:\/\/tzionlibreria.com\/index.php\/product\/florece-deja-que-la-verdad-de-cristo-te-libere-de-la-mentira-de-una-vida-centrada-en-ti-misma\/\" \/>\n<meta property=\"og:site_name\" content=\"tzionlibreria.com\" \/>\n<meta property=\"og:image\" content=\"http:\/\/tzionlibreria.com\/wp-content\/uploads\/2025\/11\/44197.jpg\" \/>\n\t<meta property=\"og:image:width\" content=\"258\" \/>\n\t<meta property=\"og:image:height\" content=\"400\" \/>\n\t<meta property=\"og:image:type\" content=\"image\/jpeg\" \/>\n<meta name=\"twitter:card\" content=\"summary_large_image\" \/>\n<meta name=\"twitter:label1\" content=\"Tiempo de lectura\" \/>\n\t<meta name=\"twitter:data1\" content=\"2 minutos\" \/>\n<script type=\"application\/ld+json\" class=\"yoast-schema-graph\">{\"@context\":\"https:\\\/\\\/schema.org\",\"@graph\":[{\"@type\":\"WebPage\",\"@id\":\"https:\\\/\\\/tzionlibreria.com\\\/index.php\\\/product\\\/florece-deja-que-la-verdad-de-cristo-te-libere-de-la-mentira-de-una-vida-centrada-en-ti-misma\\\/\",\"url\":\"https:\\\/\\\/tzionlibreria.com\\\/index.php\\\/product\\\/florece-deja-que-la-verdad-de-cristo-te-libere-de-la-mentira-de-una-vida-centrada-en-ti-misma\\\/\",\"name\":\"Florece Deja que la Verdad de Cristo te Libere de la Mentira de una Vida Centrada en ti misma - tzionlibreria.com\",\"isPartOf\":{\"@id\":\"https:\\\/\\\/tzionlibreria.com\\\/#website\"},\"primaryImageOfPage\":{\"@id\":\"https:\\\/\\\/tzionlibreria.com\\\/index.php\\\/product\\\/florece-deja-que-la-verdad-de-cristo-te-libere-de-la-mentira-de-una-vida-centrada-en-ti-misma\\\/#primaryimage\"},\"image\":{\"@id\":\"https:\\\/\\\/tzionlibreria.com\\\/index.php\\\/product\\\/florece-deja-que-la-verdad-de-cristo-te-libere-de-la-mentira-de-una-vida-centrada-en-ti-misma\\\/#primaryimage\"},\"thumbnailUrl\":\"https:\\\/\\\/tzionlibreria.com\\\/wp-content\\\/uploads\\\/2025\\\/11\\\/44197.jpg\",\"datePublished\":\"2025-11-18T00:57:32+00:00\",\"breadcrumb\":{\"@id\":\"https:\\\/\\\/tzionlibreria.com\\\/index.php\\\/product\\\/florece-deja-que-la-verdad-de-cristo-te-libere-de-la-mentira-de-una-vida-centrada-en-ti-misma\\\/#breadcrumb\"},\"inLanguage\":\"es-CO\",\"potentialAction\":[{\"@type\":\"ReadAction\",\"target\":[\"https:\\\/\\\/tzionlibreria.com\\\/index.php\\\/product\\\/florece-deja-que-la-verdad-de-cristo-te-libere-de-la-mentira-de-una-vida-centrada-en-ti-misma\\\/\"]}]},{\"@type\":\"ImageObject\",\"inLanguage\":\"es-CO\",\"@id\":\"https:\\\/\\\/tzionlibreria.com\\\/index.php\\\/product\\\/florece-deja-que-la-verdad-de-cristo-te-libere-de-la-mentira-de-una-vida-centrada-en-ti-misma\\\/#primaryimage\",\"url\":\"https:\\\/\\\/tzionlibreria.com\\\/wp-content\\\/uploads\\\/2025\\\/11\\\/44197.jpg\",\"contentUrl\":\"https:\\\/\\\/tzionlibreria.com\\\/wp-content\\\/uploads\\\/2025\\\/11\\\/44197.jpg\",\"width\":258,\"height\":400},{\"@type\":\"BreadcrumbList\",\"@id\":\"https:\\\/\\\/tzionlibreria.com\\\/index.php\\\/product\\\/florece-deja-que-la-verdad-de-cristo-te-libere-de-la-mentira-de-una-vida-centrada-en-ti-misma\\\/#breadcrumb\",\"itemListElement\":[{\"@type\":\"ListItem\",\"position\":1,\"name\":\"Inicio\",\"item\":\"https:\\\/\\\/tzionlibreria.com\\\/\"},{\"@type\":\"ListItem\",\"position\":2,\"name\":\"Shop\",\"item\":\"https:\\\/\\\/tzionlibreria.com\\\/index.php\\\/shop\\\/\"},{\"@type\":\"ListItem\",\"position\":3,\"name\":\"Florece Deja que la Verdad de Cristo te Libere de la Mentira de una Vida Centrada en ti misma\"}]},{\"@type\":\"WebSite\",\"@id\":\"https:\\\/\\\/tzionlibreria.com\\\/#website\",\"url\":\"https:\\\/\\\/tzionlibreria.com\\\/\",\"name\":\"tzionlibreria.com\",\"description\":\"Libreria Cristiana Venezuela\",\"publisher\":{\"@id\":\"https:\\\/\\\/tzionlibreria.com\\\/#organization\"},\"potentialAction\":[{\"@type\":\"SearchAction\",\"target\":{\"@type\":\"EntryPoint\",\"urlTemplate\":\"https:\\\/\\\/tzionlibreria.com\\\/?s={search_term_string}\"},\"query-input\":{\"@type\":\"PropertyValueSpecification\",\"valueRequired\":true,\"valueName\":\"search_term_string\"}}],\"inLanguage\":\"es-CO\"},{\"@type\":\"Organization\",\"@id\":\"https:\\\/\\\/tzionlibreria.com\\\/#organization\",\"name\":\"tzionlibreria.com\",\"url\":\"https:\\\/\\\/tzionlibreria.com\\\/\",\"logo\":{\"@type\":\"ImageObject\",\"inLanguage\":\"es-CO\",\"@id\":\"https:\\\/\\\/tzionlibreria.com\\\/#\\\/schema\\\/logo\\\/image\\\/\",\"url\":\"https:\\\/\\\/tzionlibreria.com\\\/wp-content\\\/uploads\\\/2023\\\/10\\\/cropped-Cuadricula-scaled-1.jpg\",\"contentUrl\":\"https:\\\/\\\/tzionlibreria.com\\\/wp-content\\\/uploads\\\/2023\\\/10\\\/cropped-Cuadricula-scaled-1.jpg\",\"width\":2560,\"height\":2560,\"caption\":\"tzionlibreria.com\"},\"image\":{\"@id\":\"https:\\\/\\\/tzionlibreria.com\\\/#\\\/schema\\\/logo\\\/image\\\/\"}}]}<\/script>\n<!-- \/ Yoast SEO plugin. -->","yoast_head_json":{"title":"Florece Deja que la Verdad de Cristo te Libere de la Mentira de una Vida Centrada en ti misma - tzionlibreria.com","robots":{"index":"index","follow":"follow","max-snippet":"max-snippet:-1","max-image-preview":"max-image-preview:large","max-video-preview":"max-video-preview:-1"},"canonical":"https:\/\/tzionlibreria.com\/index.php\/product\/florece-deja-que-la-verdad-de-cristo-te-libere-de-la-mentira-de-una-vida-centrada-en-ti-misma\/","og_locale":"es_ES","og_type":"article","og_title":"Florece Deja que la Verdad de Cristo te Libere de la Mentira de una Vida Centrada en ti misma - tzionlibreria.com","og_description":"Florece en tu fe. Florece en tu gozo. Florece en Cristo. \u00bfEst\u00e1s lista para dejar atr\u00e1s lo ordinario y abrazar la vida extraordinaria que Cristo ofrece? En un mundo cautivado por tendencias y valores cambiantes, la palabra florecer ha ganado atenci\u00f3n por las mejores razones. Habla de una vida llena de gozo, prop\u00f3sito y vitalidad: [&hellip;]","og_url":"https:\/\/tzionlibreria.com\/index.php\/product\/florece-deja-que-la-verdad-de-cristo-te-libere-de-la-mentira-de-una-vida-centrada-en-ti-misma\/","og_site_name":"tzionlibreria.com","og_image":[{"width":258,"height":400,"url":"http:\/\/tzionlibreria.com\/wp-content\/uploads\/2025\/11\/44197.jpg","type":"image\/jpeg"}],"twitter_card":"summary_large_image","twitter_misc":{"Tiempo de lectura":"2 minutos"},"schema":{"@context":"https:\/\/schema.org","@graph":[{"@type":"WebPage","@id":"https:\/\/tzionlibreria.com\/index.php\/product\/florece-deja-que-la-verdad-de-cristo-te-libere-de-la-mentira-de-una-vida-centrada-en-ti-misma\/","url":"https:\/\/tzionlibreria.com\/index.php\/product\/florece-deja-que-la-verdad-de-cristo-te-libere-de-la-mentira-de-una-vida-centrada-en-ti-misma\/","name":"Florece Deja que la Verdad de Cristo te Libere de la Mentira de una Vida Centrada en ti misma - tzionlibreria.com","isPartOf":{"@id":"https:\/\/tzionlibreria.com\/#website"},"primaryImageOfPage":{"@id":"https:\/\/tzionlibreria.com\/index.php\/product\/florece-deja-que-la-verdad-de-cristo-te-libere-de-la-mentira-de-una-vida-centrada-en-ti-misma\/#primaryimage"},"image":{"@id":"https:\/\/tzionlibreria.com\/index.php\/product\/florece-deja-que-la-verdad-de-cristo-te-libere-de-la-mentira-de-una-vida-centrada-en-ti-misma\/#primaryimage"},"thumbnailUrl":"https:\/\/tzionlibreria.com\/wp-content\/uploads\/2025\/11\/44197.jpg","datePublished":"2025-11-18T00:57:32+00:00","breadcrumb":{"@id":"https:\/\/tzionlibreria.com\/index.php\/product\/florece-deja-que-la-verdad-de-cristo-te-libere-de-la-mentira-de-una-vida-centrada-en-ti-misma\/#breadcrumb"},"inLanguage":"es-CO","potentialAction":[{"@type":"ReadAction","target":["https:\/\/tzionlibreria.com\/index.php\/product\/florece-deja-que-la-verdad-de-cristo-te-libere-de-la-mentira-de-una-vida-centrada-en-ti-misma\/"]}]},{"@type":"ImageObject","inLanguage":"es-CO","@id":"https:\/\/tzionlibreria.com\/index.php\/product\/florece-deja-que-la-verdad-de-cristo-te-libere-de-la-mentira-de-una-vida-centrada-en-ti-misma\/#primaryimage","url":"https:\/\/tzionlibreria.com\/wp-content\/uploads\/2025\/11\/44197.jpg","contentUrl":"https:\/\/tzionlibreria.com\/wp-content\/uploads\/2025\/11\/44197.jpg","width":258,"height":400},{"@type":"BreadcrumbList","@id":"https:\/\/tzionlibreria.com\/index.php\/product\/florece-deja-que-la-verdad-de-cristo-te-libere-de-la-mentira-de-una-vida-centrada-en-ti-misma\/#breadcrumb","itemListElement":[{"@type":"ListItem","position":1,"name":"Inicio","item":"https:\/\/tzionlibreria.com\/"},{"@type":"ListItem","position":2,"name":"Shop","item":"https:\/\/tzionlibreria.com\/index.php\/shop\/"},{"@type":"ListItem","position":3,"name":"Florece Deja que la Verdad de Cristo te Libere de la Mentira de una Vida Centrada en ti misma"}]},{"@type":"WebSite","@id":"https:\/\/tzionlibreria.com\/#website","url":"https:\/\/tzionlibreria.com\/","name":"tzionlibreria.com","description":"Libreria Cristiana Venezuela","publisher":{"@id":"https:\/\/tzionlibreria.com\/#organization"},"potentialAction":[{"@type":"SearchAction","target":{"@type":"EntryPoint","urlTemplate":"https:\/\/tzionlibreria.com\/?s={search_term_string}"},"query-input":{"@type":"PropertyValueSpecification","valueRequired":true,"valueName":"search_term_string"}}],"inLanguage":"es-CO"},{"@type":"Organization","@id":"https:\/\/tzionlibreria.com\/#organization","name":"tzionlibreria.com","url":"https:\/\/tzionlibreria.com\/","logo":{"@type":"ImageObject","inLanguage":"es-CO","@id":"https:\/\/tzionlibreria.com\/#\/schema\/logo\/image\/","url":"https:\/\/tzionlibreria.com\/wp-content\/uploads\/2023\/10\/cropped-Cuadricula-scaled-1.jpg","contentUrl":"https:\/\/tzionlibreria.com\/wp-content\/uploads\/2023\/10\/cropped-Cuadricula-scaled-1.jpg","width":2560,"height":2560,"caption":"tzionlibreria.com"},"image":{"@id":"https:\/\/tzionlibreria.com\/#\/schema\/logo\/image\/"}}]}},"jetpack_sharing_enabled":true,"_links":{"self":[{"href":"https:\/\/tzionlibreria.com\/index.php\/wp-json\/wp\/v2\/product\/6315","targetHints":{"allow":["GET"]}}],"collection":[{"href":"https:\/\/tzionlibreria.com\/index.php\/wp-json\/wp\/v2\/product"}],"about":[{"href":"https:\/\/tzionlibreria.com\/index.php\/wp-json\/wp\/v2\/types\/product"}],"replies":[{"embeddable":true,"href":"https:\/\/tzionlibreria.com\/index.php\/wp-json\/wp\/v2\/comments?post=6315"}],"wp:featuredmedia":[{"embeddable":true,"href":"https:\/\/tzionlibreria.com\/index.php\/wp-json\/wp\/v2\/media\/6316"}],"wp:attachment":[{"href":"https:\/\/tzionlibreria.com\/index.php\/wp-json\/wp\/v2\/media?parent=6315"}],"wp:term":[{"taxonomy":"product_brand","embeddable":true,"href":"https:\/\/tzionlibreria.com\/index.php\/wp-json\/wp\/v2\/product_brand?post=6315"},{"taxonomy":"product_cat","embeddable":true,"href":"https:\/\/tzionlibreria.com\/index.php\/wp-json\/wp\/v2\/product_cat?post=6315"},{"taxonomy":"product_tag","embeddable":true,"href":"https:\/\/tzionlibreria.com\/index.php\/wp-json\/wp\/v2\/product_tag?post=6315"}],"curies":[{"name":"wp","href":"https:\/\/api.w.org\/{rel}","templated":true}]}}