{"id":6527,"date":"2025-11-21T00:28:10","date_gmt":"2025-11-21T00:28:10","guid":{"rendered":"https:\/\/tzionlibreria.com\/?post_type=product&#038;p=6527"},"modified":"2025-11-21T00:28:11","modified_gmt":"2025-11-21T00:28:11","slug":"reavivada-por-el-amor-un-peregrinaje-transformador-de-40-dias-con-el-amor-mismo","status":"publish","type":"product","link":"https:\/\/tzionlibreria.com\/index.php\/product\/reavivada-por-el-amor-un-peregrinaje-transformador-de-40-dias-con-el-amor-mismo\/","title":{"rendered":"Reavivada por el Amor: Un peregrinaje transformador de 40 d\u00edas con el Amor mismo"},"content":{"rendered":"<p><span class=\"a-text-bold\">Una jornada de 40 d\u00edas para llevarte de apenas sobrevivir . . . a vivir con pasi\u00f3n la vida m\u00e1s plena.<\/span><br \/>\nNo est\u00e1s sola. Dios sabe a qu\u00e9 se siente estar donde est\u00e1s y donde has estado. Dios mismo sabe lo dif\u00edcil que es este planeta quebrantado. \u00c9l ha caminado donde t\u00fa has caminado. Pero entre esas sendas duras y polvorosas . . . aparece un camino hacia la vida apasionante que has anhelado experimentar en su plenitud. Esta es la historia m\u00e1s verdadera del universo: Dios es el \u00fanico que te ha amado hasta la muerte y el que vino a resucitarte para que vivas la vida plena que siempre has deseado. Acompa\u00f1a a Ann Voskamp, autora superventas del New York Times, en un peregrinaje de 40 d\u00edas que sigue la vida entera de Jes\u00fas en el Evangelio de Juan. Reavivada por el Amor es una invitaci\u00f3n a:<\/p>\n<ul class=\"a-unordered-list a-vertical\">\n<li><span class=\"a-list-item\">40 devocionales llenos de inspiraci\u00f3n, gracia y esperanza<\/span><\/li>\n<li><span class=\"a-list-item\">40 pasajes b\u00edblicos que viajan con Jes\u00fas desde el principio hasta el final del Evangelio de Juan para encontrarte con \u00e9l y tener una experiencia fresca y transformadora de \u00e9l<\/span><\/li>\n<li><span class=\"a-list-item\">40 ilustraciones en madera que marcan cada d\u00eda del peregrinaje<\/span><\/li>\n<\/ul>\n<p>Jes\u00fas tuvo el vaso que contiene la historia que nunca quisiste; el dolor que quisieras que t\u00fa y aquellos que amas jam\u00e1s hubieran conocido; las cicatrices que han desfigurado por siempre tu \u00fanico coraz\u00f3n. Por amor a ti . . . Jes\u00fas bebi\u00f3 esta copa de sufrimiento para que t\u00fa seas reavivada por el amor. Date la vuelta y contempla a Aquel que te dio su vida entera . . . y encontrar\u00e1s el amor que has estado buscando toda tu vida.<\/p>\n","protected":false},"excerpt":{"rendered":"<p>Una jornada de 40 d\u00edas para llevarte de apenas sobrevivir . . . a vivir con pasi\u00f3n la vida m\u00e1s plena. No est\u00e1s sola. Dios sabe a qu\u00e9 se siente estar donde est\u00e1s y donde has estado. Dios mismo sabe lo dif\u00edcil que es este planeta quebrantado. \u00c9l ha caminado donde t\u00fa has caminado. Pero [&hellip;]<\/p>\n","protected":false},"featured_media":6528,"comment_status":"open","ping_status":"closed","template":"","meta":{"om_disable_all_campaigns":false,"_monsterinsights_skip_tracking":false,"_monsterinsights_sitenote_active":false,"_monsterinsights_sitenote_note":"","_monsterinsights_sitenote_category":0,"site-sidebar-layout":"default","site-content-layout":"","ast-site-content-layout":"default","site-content-style":"default","site-sidebar-style":"default","ast-global-header-display":"","ast-banner-title-visibility":"","ast-main-header-display":"","ast-hfb-above-header-display":"","ast-hfb-below-header-display":"","ast-hfb-mobile-header-display":"","site-post-title":"","ast-breadcrumbs-content":"","ast-featured-img":"","footer-sml-layout":"","ast-disable-related-posts":"","theme-transparent-header-meta":"default","adv-header-id-meta":"","stick-header-meta":"","header-above-stick-meta":"","header-main-stick-meta":"","header-below-stick-meta":"","astra-migrate-meta-layouts":"set","ast-page-background-enabled":"default","ast-page-background-meta":{"desktop":{"background-color":"var(--ast-global-color-4)","background-image":"","background-repeat":"repeat","background-position":"center center","background-size":"auto","background-attachment":"scroll","background-type":"","background-media":"","overlay-type":"","overlay-color":"","overlay-opacity":"","overlay-gradient":""},"tablet":{"background-color":"","background-image":"","background-repeat":"repeat","background-position":"center center","background-size":"auto","background-attachment":"scroll","background-type":"","background-media":"","overlay-type":"","overlay-color":"","overlay-opacity":"","overlay-gradient":""},"mobile":{"background-color":"","background-image":"","background-repeat":"repeat","background-position":"center center","background-size":"auto","background-attachment":"scroll","background-type":"","background-media":"","overlay-type":"","overlay-color":"","overlay-opacity":"","overlay-gradient":""}},"ast-content-background-meta":{"desktop":{"background-color":"var(--ast-global-color-5)","background-image":"","background-repeat":"repeat","background-position":"center center","background-size":"auto","background-attachment":"scroll","background-type":"","background-media":"","overlay-type":"","overlay-color":"","overlay-opacity":"","overlay-gradient":""},"tablet":{"background-color":"var(--ast-global-color-5)","background-image":"","background-repeat":"repeat","background-position":"center center","background-size":"auto","background-attachment":"scroll","background-type":"","background-media":"","overlay-type":"","overlay-color":"","overlay-opacity":"","overlay-gradient":""},"mobile":{"background-color":"var(--ast-global-color-5)","background-image":"","background-repeat":"repeat","background-position":"center center","background-size":"auto","background-attachment":"scroll","background-type":"","background-media":"","overlay-type":"","overlay-color":"","overlay-opacity":"","overlay-gradient":""}}},"product_brand":[],"product_cat":[24,23],"product_tag":[],"class_list":{"0":"post-6527","1":"product","2":"type-product","3":"status-publish","4":"has-post-thumbnail","6":"product_cat-devocionales","7":"product_cat-libros","8":"desktop-align-left","9":"tablet-align-left","10":"mobile-align-left","12":"first","13":"instock","14":"shipping-taxable","15":"purchasable","16":"product-type-simple"},"yoast_head":"<!-- This site is optimized with the Yoast SEO plugin v27.4 - https:\/\/yoast.com\/product\/yoast-seo-wordpress\/ -->\n<title>Reavivada por el Amor: Un peregrinaje transformador de 40 d\u00edas con el Amor mismo - tzionlibreria.com<\/title>\n<meta name=\"robots\" content=\"index, follow, max-snippet:-1, max-image-preview:large, max-video-preview:-1\" \/>\n<link rel=\"canonical\" href=\"https:\/\/tzionlibreria.com\/index.php\/product\/reavivada-por-el-amor-un-peregrinaje-transformador-de-40-dias-con-el-amor-mismo\/\" \/>\n<meta property=\"og:locale\" content=\"es_ES\" \/>\n<meta property=\"og:type\" content=\"article\" \/>\n<meta property=\"og:title\" content=\"Reavivada por el Amor: Un peregrinaje transformador de 40 d\u00edas con el Amor mismo - tzionlibreria.com\" \/>\n<meta property=\"og:description\" content=\"Una jornada de 40 d\u00edas para llevarte de apenas sobrevivir . . . a vivir con pasi\u00f3n la vida m\u00e1s plena. No est\u00e1s sola. Dios sabe a qu\u00e9 se siente estar donde est\u00e1s y donde has estado. Dios mismo sabe lo dif\u00edcil que es este planeta quebrantado. \u00c9l ha caminado donde t\u00fa has caminado. Pero [&hellip;]\" \/>\n<meta property=\"og:url\" content=\"https:\/\/tzionlibreria.com\/index.php\/product\/reavivada-por-el-amor-un-peregrinaje-transformador-de-40-dias-con-el-amor-mismo\/\" \/>\n<meta property=\"og:site_name\" content=\"tzionlibreria.com\" \/>\n<meta property=\"article:modified_time\" content=\"2025-11-21T00:28:11+00:00\" \/>\n<meta property=\"og:image\" content=\"http:\/\/tzionlibreria.com\/wp-content\/uploads\/2025\/11\/81ksJWMV8zL._SL1500_.jpg\" \/>\n\t<meta property=\"og:image:width\" content=\"1039\" \/>\n\t<meta property=\"og:image:height\" content=\"1500\" \/>\n\t<meta property=\"og:image:type\" content=\"image\/jpeg\" \/>\n<meta name=\"twitter:card\" content=\"summary_large_image\" \/>\n<meta name=\"twitter:label1\" content=\"Tiempo de lectura\" \/>\n\t<meta name=\"twitter:data1\" content=\"2 minutos\" \/>\n<script type=\"application\/ld+json\" class=\"yoast-schema-graph\">{\"@context\":\"https:\\\/\\\/schema.org\",\"@graph\":[{\"@type\":\"WebPage\",\"@id\":\"https:\\\/\\\/tzionlibreria.com\\\/index.php\\\/product\\\/reavivada-por-el-amor-un-peregrinaje-transformador-de-40-dias-con-el-amor-mismo\\\/\",\"url\":\"https:\\\/\\\/tzionlibreria.com\\\/index.php\\\/product\\\/reavivada-por-el-amor-un-peregrinaje-transformador-de-40-dias-con-el-amor-mismo\\\/\",\"name\":\"Reavivada por el Amor: Un peregrinaje transformador de 40 d\u00edas con el Amor mismo - tzionlibreria.com\",\"isPartOf\":{\"@id\":\"https:\\\/\\\/tzionlibreria.com\\\/#website\"},\"primaryImageOfPage\":{\"@id\":\"https:\\\/\\\/tzionlibreria.com\\\/index.php\\\/product\\\/reavivada-por-el-amor-un-peregrinaje-transformador-de-40-dias-con-el-amor-mismo\\\/#primaryimage\"},\"image\":{\"@id\":\"https:\\\/\\\/tzionlibreria.com\\\/index.php\\\/product\\\/reavivada-por-el-amor-un-peregrinaje-transformador-de-40-dias-con-el-amor-mismo\\\/#primaryimage\"},\"thumbnailUrl\":\"https:\\\/\\\/tzionlibreria.com\\\/wp-content\\\/uploads\\\/2025\\\/11\\\/81ksJWMV8zL._SL1500_.jpg\",\"datePublished\":\"2025-11-21T00:28:10+00:00\",\"dateModified\":\"2025-11-21T00:28:11+00:00\",\"breadcrumb\":{\"@id\":\"https:\\\/\\\/tzionlibreria.com\\\/index.php\\\/product\\\/reavivada-por-el-amor-un-peregrinaje-transformador-de-40-dias-con-el-amor-mismo\\\/#breadcrumb\"},\"inLanguage\":\"es-CO\",\"potentialAction\":[{\"@type\":\"ReadAction\",\"target\":[\"https:\\\/\\\/tzionlibreria.com\\\/index.php\\\/product\\\/reavivada-por-el-amor-un-peregrinaje-transformador-de-40-dias-con-el-amor-mismo\\\/\"]}]},{\"@type\":\"ImageObject\",\"inLanguage\":\"es-CO\",\"@id\":\"https:\\\/\\\/tzionlibreria.com\\\/index.php\\\/product\\\/reavivada-por-el-amor-un-peregrinaje-transformador-de-40-dias-con-el-amor-mismo\\\/#primaryimage\",\"url\":\"https:\\\/\\\/tzionlibreria.com\\\/wp-content\\\/uploads\\\/2025\\\/11\\\/81ksJWMV8zL._SL1500_.jpg\",\"contentUrl\":\"https:\\\/\\\/tzionlibreria.com\\\/wp-content\\\/uploads\\\/2025\\\/11\\\/81ksJWMV8zL._SL1500_.jpg\",\"width\":1039,\"height\":1500},{\"@type\":\"BreadcrumbList\",\"@id\":\"https:\\\/\\\/tzionlibreria.com\\\/index.php\\\/product\\\/reavivada-por-el-amor-un-peregrinaje-transformador-de-40-dias-con-el-amor-mismo\\\/#breadcrumb\",\"itemListElement\":[{\"@type\":\"ListItem\",\"position\":1,\"name\":\"Inicio\",\"item\":\"https:\\\/\\\/tzionlibreria.com\\\/\"},{\"@type\":\"ListItem\",\"position\":2,\"name\":\"Shop\",\"item\":\"https:\\\/\\\/tzionlibreria.com\\\/index.php\\\/shop\\\/\"},{\"@type\":\"ListItem\",\"position\":3,\"name\":\"Reavivada por el Amor: Un peregrinaje transformador de 40 d\u00edas con el Amor mismo\"}]},{\"@type\":\"WebSite\",\"@id\":\"https:\\\/\\\/tzionlibreria.com\\\/#website\",\"url\":\"https:\\\/\\\/tzionlibreria.com\\\/\",\"name\":\"tzionlibreria.com\",\"description\":\"Libreria Cristiana Venezuela\",\"publisher\":{\"@id\":\"https:\\\/\\\/tzionlibreria.com\\\/#organization\"},\"potentialAction\":[{\"@type\":\"SearchAction\",\"target\":{\"@type\":\"EntryPoint\",\"urlTemplate\":\"https:\\\/\\\/tzionlibreria.com\\\/?s={search_term_string}\"},\"query-input\":{\"@type\":\"PropertyValueSpecification\",\"valueRequired\":true,\"valueName\":\"search_term_string\"}}],\"inLanguage\":\"es-CO\"},{\"@type\":\"Organization\",\"@id\":\"https:\\\/\\\/tzionlibreria.com\\\/#organization\",\"name\":\"tzionlibreria.com\",\"url\":\"https:\\\/\\\/tzionlibreria.com\\\/\",\"logo\":{\"@type\":\"ImageObject\",\"inLanguage\":\"es-CO\",\"@id\":\"https:\\\/\\\/tzionlibreria.com\\\/#\\\/schema\\\/logo\\\/image\\\/\",\"url\":\"https:\\\/\\\/tzionlibreria.com\\\/wp-content\\\/uploads\\\/2023\\\/10\\\/cropped-Cuadricula-scaled-1.jpg\",\"contentUrl\":\"https:\\\/\\\/tzionlibreria.com\\\/wp-content\\\/uploads\\\/2023\\\/10\\\/cropped-Cuadricula-scaled-1.jpg\",\"width\":2560,\"height\":2560,\"caption\":\"tzionlibreria.com\"},\"image\":{\"@id\":\"https:\\\/\\\/tzionlibreria.com\\\/#\\\/schema\\\/logo\\\/image\\\/\"}}]}<\/script>\n<!-- \/ Yoast SEO plugin. -->","yoast_head_json":{"title":"Reavivada por el Amor: Un peregrinaje transformador de 40 d\u00edas con el Amor mismo - tzionlibreria.com","robots":{"index":"index","follow":"follow","max-snippet":"max-snippet:-1","max-image-preview":"max-image-preview:large","max-video-preview":"max-video-preview:-1"},"canonical":"https:\/\/tzionlibreria.com\/index.php\/product\/reavivada-por-el-amor-un-peregrinaje-transformador-de-40-dias-con-el-amor-mismo\/","og_locale":"es_ES","og_type":"article","og_title":"Reavivada por el Amor: Un peregrinaje transformador de 40 d\u00edas con el Amor mismo - tzionlibreria.com","og_description":"Una jornada de 40 d\u00edas para llevarte de apenas sobrevivir . . . a vivir con pasi\u00f3n la vida m\u00e1s plena. No est\u00e1s sola. Dios sabe a qu\u00e9 se siente estar donde est\u00e1s y donde has estado. Dios mismo sabe lo dif\u00edcil que es este planeta quebrantado. \u00c9l ha caminado donde t\u00fa has caminado. Pero [&hellip;]","og_url":"https:\/\/tzionlibreria.com\/index.php\/product\/reavivada-por-el-amor-un-peregrinaje-transformador-de-40-dias-con-el-amor-mismo\/","og_site_name":"tzionlibreria.com","article_modified_time":"2025-11-21T00:28:11+00:00","og_image":[{"width":1039,"height":1500,"url":"http:\/\/tzionlibreria.com\/wp-content\/uploads\/2025\/11\/81ksJWMV8zL._SL1500_.jpg","type":"image\/jpeg"}],"twitter_card":"summary_large_image","twitter_misc":{"Tiempo de lectura":"2 minutos"},"schema":{"@context":"https:\/\/schema.org","@graph":[{"@type":"WebPage","@id":"https:\/\/tzionlibreria.com\/index.php\/product\/reavivada-por-el-amor-un-peregrinaje-transformador-de-40-dias-con-el-amor-mismo\/","url":"https:\/\/tzionlibreria.com\/index.php\/product\/reavivada-por-el-amor-un-peregrinaje-transformador-de-40-dias-con-el-amor-mismo\/","name":"Reavivada por el Amor: Un peregrinaje transformador de 40 d\u00edas con el Amor mismo - tzionlibreria.com","isPartOf":{"@id":"https:\/\/tzionlibreria.com\/#website"},"primaryImageOfPage":{"@id":"https:\/\/tzionlibreria.com\/index.php\/product\/reavivada-por-el-amor-un-peregrinaje-transformador-de-40-dias-con-el-amor-mismo\/#primaryimage"},"image":{"@id":"https:\/\/tzionlibreria.com\/index.php\/product\/reavivada-por-el-amor-un-peregrinaje-transformador-de-40-dias-con-el-amor-mismo\/#primaryimage"},"thumbnailUrl":"https:\/\/tzionlibreria.com\/wp-content\/uploads\/2025\/11\/81ksJWMV8zL._SL1500_.jpg","datePublished":"2025-11-21T00:28:10+00:00","dateModified":"2025-11-21T00:28:11+00:00","breadcrumb":{"@id":"https:\/\/tzionlibreria.com\/index.php\/product\/reavivada-por-el-amor-un-peregrinaje-transformador-de-40-dias-con-el-amor-mismo\/#breadcrumb"},"inLanguage":"es-CO","potentialAction":[{"@type":"ReadAction","target":["https:\/\/tzionlibreria.com\/index.php\/product\/reavivada-por-el-amor-un-peregrinaje-transformador-de-40-dias-con-el-amor-mismo\/"]}]},{"@type":"ImageObject","inLanguage":"es-CO","@id":"https:\/\/tzionlibreria.com\/index.php\/product\/reavivada-por-el-amor-un-peregrinaje-transformador-de-40-dias-con-el-amor-mismo\/#primaryimage","url":"https:\/\/tzionlibreria.com\/wp-content\/uploads\/2025\/11\/81ksJWMV8zL._SL1500_.jpg","contentUrl":"https:\/\/tzionlibreria.com\/wp-content\/uploads\/2025\/11\/81ksJWMV8zL._SL1500_.jpg","width":1039,"height":1500},{"@type":"BreadcrumbList","@id":"https:\/\/tzionlibreria.com\/index.php\/product\/reavivada-por-el-amor-un-peregrinaje-transformador-de-40-dias-con-el-amor-mismo\/#breadcrumb","itemListElement":[{"@type":"ListItem","position":1,"name":"Inicio","item":"https:\/\/tzionlibreria.com\/"},{"@type":"ListItem","position":2,"name":"Shop","item":"https:\/\/tzionlibreria.com\/index.php\/shop\/"},{"@type":"ListItem","position":3,"name":"Reavivada por el Amor: Un peregrinaje transformador de 40 d\u00edas con el Amor mismo"}]},{"@type":"WebSite","@id":"https:\/\/tzionlibreria.com\/#website","url":"https:\/\/tzionlibreria.com\/","name":"tzionlibreria.com","description":"Libreria Cristiana Venezuela","publisher":{"@id":"https:\/\/tzionlibreria.com\/#organization"},"potentialAction":[{"@type":"SearchAction","target":{"@type":"EntryPoint","urlTemplate":"https:\/\/tzionlibreria.com\/?s={search_term_string}"},"query-input":{"@type":"PropertyValueSpecification","valueRequired":true,"valueName":"search_term_string"}}],"inLanguage":"es-CO"},{"@type":"Organization","@id":"https:\/\/tzionlibreria.com\/#organization","name":"tzionlibreria.com","url":"https:\/\/tzionlibreria.com\/","logo":{"@type":"ImageObject","inLanguage":"es-CO","@id":"https:\/\/tzionlibreria.com\/#\/schema\/logo\/image\/","url":"https:\/\/tzionlibreria.com\/wp-content\/uploads\/2023\/10\/cropped-Cuadricula-scaled-1.jpg","contentUrl":"https:\/\/tzionlibreria.com\/wp-content\/uploads\/2023\/10\/cropped-Cuadricula-scaled-1.jpg","width":2560,"height":2560,"caption":"tzionlibreria.com"},"image":{"@id":"https:\/\/tzionlibreria.com\/#\/schema\/logo\/image\/"}}]}},"jetpack_sharing_enabled":true,"_links":{"self":[{"href":"https:\/\/tzionlibreria.com\/index.php\/wp-json\/wp\/v2\/product\/6527","targetHints":{"allow":["GET"]}}],"collection":[{"href":"https:\/\/tzionlibreria.com\/index.php\/wp-json\/wp\/v2\/product"}],"about":[{"href":"https:\/\/tzionlibreria.com\/index.php\/wp-json\/wp\/v2\/types\/product"}],"replies":[{"embeddable":true,"href":"https:\/\/tzionlibreria.com\/index.php\/wp-json\/wp\/v2\/comments?post=6527"}],"wp:featuredmedia":[{"embeddable":true,"href":"https:\/\/tzionlibreria.com\/index.php\/wp-json\/wp\/v2\/media\/6528"}],"wp:attachment":[{"href":"https:\/\/tzionlibreria.com\/index.php\/wp-json\/wp\/v2\/media?parent=6527"}],"wp:term":[{"taxonomy":"product_brand","embeddable":true,"href":"https:\/\/tzionlibreria.com\/index.php\/wp-json\/wp\/v2\/product_brand?post=6527"},{"taxonomy":"product_cat","embeddable":true,"href":"https:\/\/tzionlibreria.com\/index.php\/wp-json\/wp\/v2\/product_cat?post=6527"},{"taxonomy":"product_tag","embeddable":true,"href":"https:\/\/tzionlibreria.com\/index.php\/wp-json\/wp\/v2\/product_tag?post=6527"}],"curies":[{"name":"wp","href":"https:\/\/api.w.org\/{rel}","templated":true}]}}