{"id":6665,"date":"2025-11-26T16:06:44","date_gmt":"2025-11-26T16:06:44","guid":{"rendered":"https:\/\/tzionlibreria.com\/?post_type=product&#038;p=6665"},"modified":"2025-11-26T16:06:45","modified_gmt":"2025-11-26T16:06:45","slug":"tla-biblia-economica-traduccion-en-lenguaje-actual","status":"publish","type":"product","link":"https:\/\/tzionlibreria.com\/index.php\/product\/tla-biblia-economica-traduccion-en-lenguaje-actual\/","title":{"rendered":"TLA Biblia Econ\u00f3mica Traducci\u00f3n en lenguaje actual"},"content":{"rendered":"<div class=\"small-12 medium-8 large-8 columns\">\n<div id=\"ctl00_ucPDTabs_ctl00_fs\" class=\"ProductDetailGroup\">\n<p>Sum\u00e9rgete en las profundidades de la fe y encuentra un tesoro de bendiciones a trav\u00e9s de las p\u00e1ginas de esta Biblia. Ya sea que est\u00e9s buscando fortaleza espiritual, gu\u00eda en momentos de duda o simplemente un camino hacia la reflexi\u00f3n diaria, esta Biblia es una compa\u00f1era confiable en tu viaje espiritual. Su accesibilidad y resaltado de las palabras de Jes\u00fas la convierten en una herramienta valiosa para comprender su mensaje transformador.<\/p>\n<p>Caracter\u00edsticas:<\/p>\n<p>\u2022 Texto b\u00edblico: Traducci\u00f3n Lenguaje Actual<br \/>\n\u2022 Solo texto<br \/>\n\u2022 Letra mediana de 9 puntos<br \/>\n\u2022 Que dice la Biblia acerca del perd\u00f3n<br \/>\n\u2022 C\u00f3mo encontrar ayuda en la Biblia<\/p>\n<\/div>\n<div id=\"ctl00_ucPDTabs_ctl01_fs\" class=\"ProductDetailGroup\">\n<h4>Categor\u00edas<\/h4>\n<p><a title=\"Productos\" href=\"https:\/\/clclibros.com\/productos\/todos-los-productos\">Productos<\/a> \u00bb <a title=\"Biblias\" href=\"https:\/\/clclibros.com\/productos\/todas-las-biblias\">Biblias<\/a> \u00bb <a title=\"Biblias Nacionales\" href=\"https:\/\/clclibros.com\/biblias\/nacionales\">Biblias Nacionales<\/a><br \/>\n<a title=\"Productos\" href=\"https:\/\/clclibros.com\/productos\/todos-los-productos\">Productos<\/a> \u00bb <a title=\"Biblias\" href=\"https:\/\/clclibros.com\/productos\/todas-las-biblias\">Biblias<\/a> \u00bb <a title=\"Por Versi\u00f3n\" href=\"https:\/\/clclibros.com\/biblias\/por-version\">Por Versi\u00f3n<\/a> \u00bb <a title=\"Traducci\u00f3n Lenguaje Actual\" href=\"https:\/\/clclibros.com\/biblias\/tla\">Traducci\u00f3n Lenguaje Actual<\/a><\/div>\n<\/div>\n<div class=\"small-12 medium-4 large-4 columns\">\n<div id=\"ctl00_ucPDTabs_ctl02_fs\" class=\"ProductDetailGroup system-properties\"><strong>ISBN<\/strong>: 9781598779783<br \/>\n<strong>Editorial<\/strong>: <a title=\"Sociedad B\u00edblica de Panam\u00e1\" href=\"https:\/\/clclibros.com\/Products\/Producers\/ViewOne.aspx?ProducerId=212\">Sociedad B\u00edblica de Panam\u00e1<\/a><br \/>\n<strong>Referencia de producto<\/strong>: 9781598779783<br \/>\n<strong>Dimensiones<\/strong>: 138 x 100 x 10 mm<br \/>\n<strong>Peso<\/strong>: 0.035kg<br \/>\n<strong>Cubierta<\/strong>: R\u00fastica<br \/>\n<strong>N\u00famero de p\u00e1ginas<\/strong>: 874<br \/>\n<strong>Fecha de lanzamiento<\/strong>: 03.01.2024<br \/>\n<strong>Idioma<\/strong>: Espa\u00f1ol<\/div>\n<div id=\"ctl00_ucPDTabs_ctl03_fs\" class=\"ProductDetailGroup\"><strong>Cubierta de Biblia:<\/strong>\u00a0R\u00fastica<br \/>\n<strong>Tama\u00f1o de Letra:<\/strong>\u00a09 puntos<br \/>\n<strong>Versi\u00f3n:<\/strong>\u00a0Traducci\u00f3n Lenguaje Actual<br \/>\n<strong>Audiencia:<\/strong>\u00a0Mujeres<br \/>\n<strong>Audiencia:<\/strong>\u00a0J\u00f3venes<br \/>\n<strong>Canto:<\/strong>\u00a0Blanco<br \/>\n<strong>Tama\u00f1o de la Biblia:<\/strong>\u00a0Compacta<br \/>\n<strong>Tipo de Letra:<\/strong>\u00a0Letra Grande<br \/>\n<strong>Caracter\u00edsticas:<\/strong>\u00a0Mapas<\/div>\n<\/div>\n","protected":false},"excerpt":{"rendered":"<p>Sum\u00e9rgete en las profundidades de la fe y encuentra un tesoro de bendiciones a trav\u00e9s de las p\u00e1ginas de esta Biblia. Ya sea que est\u00e9s buscando fortaleza espiritual, gu\u00eda en momentos de duda o simplemente un camino hacia la reflexi\u00f3n diaria, esta Biblia es una compa\u00f1era confiable en tu viaje espiritual. Su accesibilidad y resaltado [&hellip;]<\/p>\n","protected":false},"featured_media":6666,"comment_status":"open","ping_status":"closed","template":"","meta":{"om_disable_all_campaigns":false,"_monsterinsights_skip_tracking":false,"_monsterinsights_sitenote_active":false,"_monsterinsights_sitenote_note":"","_monsterinsights_sitenote_category":0,"site-sidebar-layout":"default","site-content-layout":"","ast-site-content-layout":"default","site-content-style":"default","site-sidebar-style":"default","ast-global-header-display":"","ast-banner-title-visibility":"","ast-main-header-display":"","ast-hfb-above-header-display":"","ast-hfb-below-header-display":"","ast-hfb-mobile-header-display":"","site-post-title":"","ast-breadcrumbs-content":"","ast-featured-img":"","footer-sml-layout":"","ast-disable-related-posts":"","theme-transparent-header-meta":"default","adv-header-id-meta":"","stick-header-meta":"","header-above-stick-meta":"","header-main-stick-meta":"","header-below-stick-meta":"","astra-migrate-meta-layouts":"set","ast-page-background-enabled":"default","ast-page-background-meta":{"desktop":{"background-color":"var(--ast-global-color-4)","background-image":"","background-repeat":"repeat","background-position":"center center","background-size":"auto","background-attachment":"scroll","background-type":"","background-media":"","overlay-type":"","overlay-color":"","overlay-opacity":"","overlay-gradient":""},"tablet":{"background-color":"","background-image":"","background-repeat":"repeat","background-position":"center center","background-size":"auto","background-attachment":"scroll","background-type":"","background-media":"","overlay-type":"","overlay-color":"","overlay-opacity":"","overlay-gradient":""},"mobile":{"background-color":"","background-image":"","background-repeat":"repeat","background-position":"center center","background-size":"auto","background-attachment":"scroll","background-type":"","background-media":"","overlay-type":"","overlay-color":"","overlay-opacity":"","overlay-gradient":""}},"ast-content-background-meta":{"desktop":{"background-color":"var(--ast-global-color-5)","background-image":"","background-repeat":"repeat","background-position":"center center","background-size":"auto","background-attachment":"scroll","background-type":"","background-media":"","overlay-type":"","overlay-color":"","overlay-opacity":"","overlay-gradient":""},"tablet":{"background-color":"var(--ast-global-color-5)","background-image":"","background-repeat":"repeat","background-position":"center center","background-size":"auto","background-attachment":"scroll","background-type":"","background-media":"","overlay-type":"","overlay-color":"","overlay-opacity":"","overlay-gradient":""},"mobile":{"background-color":"var(--ast-global-color-5)","background-image":"","background-repeat":"repeat","background-position":"center center","background-size":"auto","background-attachment":"scroll","background-type":"","background-media":"","overlay-type":"","overlay-color":"","overlay-opacity":"","overlay-gradient":""}}},"product_brand":[],"product_cat":[297,22],"product_tag":[],"class_list":{"0":"post-6665","1":"product","2":"type-product","3":"status-publish","4":"has-post-thumbnail","6":"product_cat-biblia-tla","7":"product_cat-biblias","8":"desktop-align-left","9":"tablet-align-left","10":"mobile-align-left","12":"first","13":"instock","14":"shipping-taxable","15":"purchasable","16":"product-type-simple"},"yoast_head":"<!-- This site is optimized with the Yoast SEO plugin v27.4 - https:\/\/yoast.com\/product\/yoast-seo-wordpress\/ -->\n<title>TLA Biblia Econ\u00f3mica Traducci\u00f3n en lenguaje actual - tzionlibreria.com<\/title>\n<meta name=\"robots\" content=\"index, follow, max-snippet:-1, max-image-preview:large, max-video-preview:-1\" \/>\n<link rel=\"canonical\" href=\"https:\/\/tzionlibreria.com\/index.php\/product\/tla-biblia-economica-traduccion-en-lenguaje-actual\/\" \/>\n<meta property=\"og:locale\" content=\"es_ES\" \/>\n<meta property=\"og:type\" content=\"article\" \/>\n<meta property=\"og:title\" content=\"TLA Biblia Econ\u00f3mica Traducci\u00f3n en lenguaje actual - tzionlibreria.com\" \/>\n<meta property=\"og:description\" content=\"Sum\u00e9rgete en las profundidades de la fe y encuentra un tesoro de bendiciones a trav\u00e9s de las p\u00e1ginas de esta Biblia. Ya sea que est\u00e9s buscando fortaleza espiritual, gu\u00eda en momentos de duda o simplemente un camino hacia la reflexi\u00f3n diaria, esta Biblia es una compa\u00f1era confiable en tu viaje espiritual. Su accesibilidad y resaltado [&hellip;]\" \/>\n<meta property=\"og:url\" content=\"https:\/\/tzionlibreria.com\/index.php\/product\/tla-biblia-economica-traduccion-en-lenguaje-actual\/\" \/>\n<meta property=\"og:site_name\" content=\"tzionlibreria.com\" \/>\n<meta property=\"article:modified_time\" content=\"2025-11-26T16:06:45+00:00\" \/>\n<meta property=\"og:image\" content=\"http:\/\/tzionlibreria.com\/wp-content\/uploads\/2025\/11\/23526.jpg\" \/>\n\t<meta property=\"og:image:width\" content=\"300\" \/>\n\t<meta property=\"og:image:height\" content=\"400\" \/>\n\t<meta property=\"og:image:type\" content=\"image\/jpeg\" \/>\n<meta name=\"twitter:card\" content=\"summary_large_image\" \/>\n<meta name=\"twitter:label1\" content=\"Tiempo de lectura\" \/>\n\t<meta name=\"twitter:data1\" content=\"2 minutos\" \/>\n<script type=\"application\/ld+json\" class=\"yoast-schema-graph\">{\"@context\":\"https:\\\/\\\/schema.org\",\"@graph\":[{\"@type\":\"WebPage\",\"@id\":\"https:\\\/\\\/tzionlibreria.com\\\/index.php\\\/product\\\/tla-biblia-economica-traduccion-en-lenguaje-actual\\\/\",\"url\":\"https:\\\/\\\/tzionlibreria.com\\\/index.php\\\/product\\\/tla-biblia-economica-traduccion-en-lenguaje-actual\\\/\",\"name\":\"TLA Biblia Econ\u00f3mica Traducci\u00f3n en lenguaje actual - tzionlibreria.com\",\"isPartOf\":{\"@id\":\"https:\\\/\\\/tzionlibreria.com\\\/#website\"},\"primaryImageOfPage\":{\"@id\":\"https:\\\/\\\/tzionlibreria.com\\\/index.php\\\/product\\\/tla-biblia-economica-traduccion-en-lenguaje-actual\\\/#primaryimage\"},\"image\":{\"@id\":\"https:\\\/\\\/tzionlibreria.com\\\/index.php\\\/product\\\/tla-biblia-economica-traduccion-en-lenguaje-actual\\\/#primaryimage\"},\"thumbnailUrl\":\"https:\\\/\\\/tzionlibreria.com\\\/wp-content\\\/uploads\\\/2025\\\/11\\\/23526.jpg\",\"datePublished\":\"2025-11-26T16:06:44+00:00\",\"dateModified\":\"2025-11-26T16:06:45+00:00\",\"breadcrumb\":{\"@id\":\"https:\\\/\\\/tzionlibreria.com\\\/index.php\\\/product\\\/tla-biblia-economica-traduccion-en-lenguaje-actual\\\/#breadcrumb\"},\"inLanguage\":\"es-CO\",\"potentialAction\":[{\"@type\":\"ReadAction\",\"target\":[\"https:\\\/\\\/tzionlibreria.com\\\/index.php\\\/product\\\/tla-biblia-economica-traduccion-en-lenguaje-actual\\\/\"]}]},{\"@type\":\"ImageObject\",\"inLanguage\":\"es-CO\",\"@id\":\"https:\\\/\\\/tzionlibreria.com\\\/index.php\\\/product\\\/tla-biblia-economica-traduccion-en-lenguaje-actual\\\/#primaryimage\",\"url\":\"https:\\\/\\\/tzionlibreria.com\\\/wp-content\\\/uploads\\\/2025\\\/11\\\/23526.jpg\",\"contentUrl\":\"https:\\\/\\\/tzionlibreria.com\\\/wp-content\\\/uploads\\\/2025\\\/11\\\/23526.jpg\",\"width\":300,\"height\":400},{\"@type\":\"BreadcrumbList\",\"@id\":\"https:\\\/\\\/tzionlibreria.com\\\/index.php\\\/product\\\/tla-biblia-economica-traduccion-en-lenguaje-actual\\\/#breadcrumb\",\"itemListElement\":[{\"@type\":\"ListItem\",\"position\":1,\"name\":\"Inicio\",\"item\":\"https:\\\/\\\/tzionlibreria.com\\\/\"},{\"@type\":\"ListItem\",\"position\":2,\"name\":\"Shop\",\"item\":\"https:\\\/\\\/tzionlibreria.com\\\/index.php\\\/shop\\\/\"},{\"@type\":\"ListItem\",\"position\":3,\"name\":\"TLA Biblia Econ\u00f3mica Traducci\u00f3n en lenguaje actual\"}]},{\"@type\":\"WebSite\",\"@id\":\"https:\\\/\\\/tzionlibreria.com\\\/#website\",\"url\":\"https:\\\/\\\/tzionlibreria.com\\\/\",\"name\":\"tzionlibreria.com\",\"description\":\"Libreria Cristiana Venezuela\",\"publisher\":{\"@id\":\"https:\\\/\\\/tzionlibreria.com\\\/#organization\"},\"potentialAction\":[{\"@type\":\"SearchAction\",\"target\":{\"@type\":\"EntryPoint\",\"urlTemplate\":\"https:\\\/\\\/tzionlibreria.com\\\/?s={search_term_string}\"},\"query-input\":{\"@type\":\"PropertyValueSpecification\",\"valueRequired\":true,\"valueName\":\"search_term_string\"}}],\"inLanguage\":\"es-CO\"},{\"@type\":\"Organization\",\"@id\":\"https:\\\/\\\/tzionlibreria.com\\\/#organization\",\"name\":\"tzionlibreria.com\",\"url\":\"https:\\\/\\\/tzionlibreria.com\\\/\",\"logo\":{\"@type\":\"ImageObject\",\"inLanguage\":\"es-CO\",\"@id\":\"https:\\\/\\\/tzionlibreria.com\\\/#\\\/schema\\\/logo\\\/image\\\/\",\"url\":\"https:\\\/\\\/tzionlibreria.com\\\/wp-content\\\/uploads\\\/2023\\\/10\\\/cropped-Cuadricula-scaled-1.jpg\",\"contentUrl\":\"https:\\\/\\\/tzionlibreria.com\\\/wp-content\\\/uploads\\\/2023\\\/10\\\/cropped-Cuadricula-scaled-1.jpg\",\"width\":2560,\"height\":2560,\"caption\":\"tzionlibreria.com\"},\"image\":{\"@id\":\"https:\\\/\\\/tzionlibreria.com\\\/#\\\/schema\\\/logo\\\/image\\\/\"}}]}<\/script>\n<!-- \/ Yoast SEO plugin. -->","yoast_head_json":{"title":"TLA Biblia Econ\u00f3mica Traducci\u00f3n en lenguaje actual - tzionlibreria.com","robots":{"index":"index","follow":"follow","max-snippet":"max-snippet:-1","max-image-preview":"max-image-preview:large","max-video-preview":"max-video-preview:-1"},"canonical":"https:\/\/tzionlibreria.com\/index.php\/product\/tla-biblia-economica-traduccion-en-lenguaje-actual\/","og_locale":"es_ES","og_type":"article","og_title":"TLA Biblia Econ\u00f3mica Traducci\u00f3n en lenguaje actual - tzionlibreria.com","og_description":"Sum\u00e9rgete en las profundidades de la fe y encuentra un tesoro de bendiciones a trav\u00e9s de las p\u00e1ginas de esta Biblia. Ya sea que est\u00e9s buscando fortaleza espiritual, gu\u00eda en momentos de duda o simplemente un camino hacia la reflexi\u00f3n diaria, esta Biblia es una compa\u00f1era confiable en tu viaje espiritual. Su accesibilidad y resaltado [&hellip;]","og_url":"https:\/\/tzionlibreria.com\/index.php\/product\/tla-biblia-economica-traduccion-en-lenguaje-actual\/","og_site_name":"tzionlibreria.com","article_modified_time":"2025-11-26T16:06:45+00:00","og_image":[{"width":300,"height":400,"url":"http:\/\/tzionlibreria.com\/wp-content\/uploads\/2025\/11\/23526.jpg","type":"image\/jpeg"}],"twitter_card":"summary_large_image","twitter_misc":{"Tiempo de lectura":"2 minutos"},"schema":{"@context":"https:\/\/schema.org","@graph":[{"@type":"WebPage","@id":"https:\/\/tzionlibreria.com\/index.php\/product\/tla-biblia-economica-traduccion-en-lenguaje-actual\/","url":"https:\/\/tzionlibreria.com\/index.php\/product\/tla-biblia-economica-traduccion-en-lenguaje-actual\/","name":"TLA Biblia Econ\u00f3mica Traducci\u00f3n en lenguaje actual - tzionlibreria.com","isPartOf":{"@id":"https:\/\/tzionlibreria.com\/#website"},"primaryImageOfPage":{"@id":"https:\/\/tzionlibreria.com\/index.php\/product\/tla-biblia-economica-traduccion-en-lenguaje-actual\/#primaryimage"},"image":{"@id":"https:\/\/tzionlibreria.com\/index.php\/product\/tla-biblia-economica-traduccion-en-lenguaje-actual\/#primaryimage"},"thumbnailUrl":"https:\/\/tzionlibreria.com\/wp-content\/uploads\/2025\/11\/23526.jpg","datePublished":"2025-11-26T16:06:44+00:00","dateModified":"2025-11-26T16:06:45+00:00","breadcrumb":{"@id":"https:\/\/tzionlibreria.com\/index.php\/product\/tla-biblia-economica-traduccion-en-lenguaje-actual\/#breadcrumb"},"inLanguage":"es-CO","potentialAction":[{"@type":"ReadAction","target":["https:\/\/tzionlibreria.com\/index.php\/product\/tla-biblia-economica-traduccion-en-lenguaje-actual\/"]}]},{"@type":"ImageObject","inLanguage":"es-CO","@id":"https:\/\/tzionlibreria.com\/index.php\/product\/tla-biblia-economica-traduccion-en-lenguaje-actual\/#primaryimage","url":"https:\/\/tzionlibreria.com\/wp-content\/uploads\/2025\/11\/23526.jpg","contentUrl":"https:\/\/tzionlibreria.com\/wp-content\/uploads\/2025\/11\/23526.jpg","width":300,"height":400},{"@type":"BreadcrumbList","@id":"https:\/\/tzionlibreria.com\/index.php\/product\/tla-biblia-economica-traduccion-en-lenguaje-actual\/#breadcrumb","itemListElement":[{"@type":"ListItem","position":1,"name":"Inicio","item":"https:\/\/tzionlibreria.com\/"},{"@type":"ListItem","position":2,"name":"Shop","item":"https:\/\/tzionlibreria.com\/index.php\/shop\/"},{"@type":"ListItem","position":3,"name":"TLA Biblia Econ\u00f3mica Traducci\u00f3n en lenguaje actual"}]},{"@type":"WebSite","@id":"https:\/\/tzionlibreria.com\/#website","url":"https:\/\/tzionlibreria.com\/","name":"tzionlibreria.com","description":"Libreria Cristiana Venezuela","publisher":{"@id":"https:\/\/tzionlibreria.com\/#organization"},"potentialAction":[{"@type":"SearchAction","target":{"@type":"EntryPoint","urlTemplate":"https:\/\/tzionlibreria.com\/?s={search_term_string}"},"query-input":{"@type":"PropertyValueSpecification","valueRequired":true,"valueName":"search_term_string"}}],"inLanguage":"es-CO"},{"@type":"Organization","@id":"https:\/\/tzionlibreria.com\/#organization","name":"tzionlibreria.com","url":"https:\/\/tzionlibreria.com\/","logo":{"@type":"ImageObject","inLanguage":"es-CO","@id":"https:\/\/tzionlibreria.com\/#\/schema\/logo\/image\/","url":"https:\/\/tzionlibreria.com\/wp-content\/uploads\/2023\/10\/cropped-Cuadricula-scaled-1.jpg","contentUrl":"https:\/\/tzionlibreria.com\/wp-content\/uploads\/2023\/10\/cropped-Cuadricula-scaled-1.jpg","width":2560,"height":2560,"caption":"tzionlibreria.com"},"image":{"@id":"https:\/\/tzionlibreria.com\/#\/schema\/logo\/image\/"}}]}},"jetpack_sharing_enabled":true,"_links":{"self":[{"href":"https:\/\/tzionlibreria.com\/index.php\/wp-json\/wp\/v2\/product\/6665","targetHints":{"allow":["GET"]}}],"collection":[{"href":"https:\/\/tzionlibreria.com\/index.php\/wp-json\/wp\/v2\/product"}],"about":[{"href":"https:\/\/tzionlibreria.com\/index.php\/wp-json\/wp\/v2\/types\/product"}],"replies":[{"embeddable":true,"href":"https:\/\/tzionlibreria.com\/index.php\/wp-json\/wp\/v2\/comments?post=6665"}],"wp:featuredmedia":[{"embeddable":true,"href":"https:\/\/tzionlibreria.com\/index.php\/wp-json\/wp\/v2\/media\/6666"}],"wp:attachment":[{"href":"https:\/\/tzionlibreria.com\/index.php\/wp-json\/wp\/v2\/media?parent=6665"}],"wp:term":[{"taxonomy":"product_brand","embeddable":true,"href":"https:\/\/tzionlibreria.com\/index.php\/wp-json\/wp\/v2\/product_brand?post=6665"},{"taxonomy":"product_cat","embeddable":true,"href":"https:\/\/tzionlibreria.com\/index.php\/wp-json\/wp\/v2\/product_cat?post=6665"},{"taxonomy":"product_tag","embeddable":true,"href":"https:\/\/tzionlibreria.com\/index.php\/wp-json\/wp\/v2\/product_tag?post=6665"}],"curies":[{"name":"wp","href":"https:\/\/api.w.org\/{rel}","templated":true}]}}