{"id":6840,"date":"2025-12-29T22:36:04","date_gmt":"2025-12-29T22:36:04","guid":{"rendered":"https:\/\/tzionlibreria.com\/?post_type=product&#038;p=6840"},"modified":"2026-01-30T17:35:38","modified_gmt":"2026-01-30T17:35:38","slug":"como-ser-amigo-del-espiritu-santo-yesenia-then","status":"publish","type":"product","link":"https:\/\/tzionlibreria.com\/index.php\/product\/como-ser-amigo-del-espiritu-santo-yesenia-then\/","title":{"rendered":"Como Ser Amigo del Esp\u00edritu Santo \u2013 Yesenia Then"},"content":{"rendered":"<ul class=\"tabs wc-tabs\" role=\"tablist\">\n<li id=\"tab-title-description\" class=\"description_tab active\" role=\"presentation\"><a tabindex=\"0\" role=\"tab\" href=\"https:\/\/libreria247.com\/producto\/como-ser-amigo-del-espiritu-santo-yesenia-then\/#tab-description\" aria-controls=\"tab-description\" aria-selected=\"true\"> Descripci\u00f3n <\/a><\/li>\n<li id=\"tab-title-reviews\" class=\"reviews_tab\" role=\"presentation\"><a tabindex=\"-1\" role=\"tab\" href=\"https:\/\/libreria247.com\/producto\/como-ser-amigo-del-espiritu-santo-yesenia-then\/#tab-reviews\" aria-controls=\"tab-reviews\" aria-selected=\"false\"> Valoraciones (0) <\/a><\/li>\n<\/ul>\n<div id=\"tab-description\" class=\"woocommerce-Tabs-panel woocommerce-Tabs-panel--description panel entry-content wc-tab\" role=\"tabpanel\" aria-labelledby=\"tab-title-description\">\n<h3 data-start=\"137\" data-end=\"197\"><img decoding=\"async\" class=\"emoji\" role=\"img\" draggable=\"false\" src=\"https:\/\/s.w.org\/images\/core\/emoji\/17.0.2\/svg\/1f54a.svg\" alt=\"\ud83d\udd4a\ufe0f\" \/> <strong data-start=\"145\" data-end=\"197\">C\u00f3mo ser amigo del Esp\u00edritu Santo \u2013 Yesenia Then<\/strong><\/h3>\n<p>&nbsp;<\/p>\n<p data-start=\"199\" data-end=\"526\"><strong data-start=\"199\" data-end=\"276\">El compa\u00f1ero m\u00e1s \u00edntimo que tienes no est\u00e1 a tu lado\u2026 \u00a1vive dentro de ti!<\/strong><br data-start=\"276\" data-end=\"279\" \/>En este libro profundamente revelador, <strong data-start=\"318\" data-end=\"334\">Yesenia Then<\/strong> te invita a conocer y desarrollar una amistad verdadera con el Esp\u00edritu Santo: no como una idea lejana, sino como una <strong data-start=\"453\" data-end=\"471\">presencia viva<\/strong> que habita en ti y desea guiar cada paso de tu camino.<\/p>\n<p data-start=\"528\" data-end=\"864\"><strong data-start=\"528\" data-end=\"567\">\u201cC\u00f3mo ser amigo del Esp\u00edritu Santo\u201d<\/strong> es un manual espiritual para aprender a valorar su compa\u00f1\u00eda, comprender su voz, y vivir siendo dirigidos por su poder. Dios conoce nuestras limitaciones, por eso ha puesto dentro de nosotros a su Esp\u00edritu para que podamos vivir vidas efectivas, guiadas por sabidur\u00eda, gracia y poder sobrenatural.<\/p>\n<p data-start=\"866\" data-end=\"886\"><img decoding=\"async\" class=\"emoji\" role=\"img\" draggable=\"false\" src=\"https:\/\/s.w.org\/images\/core\/emoji\/17.0.2\/svg\/1f4d6.svg\" alt=\"\ud83d\udcd6\" \/> <strong data-start=\"869\" data-end=\"886\">Aprender\u00e1s a:<\/strong><\/p>\n<ul data-start=\"887\" data-end=\"1118\">\n<li data-start=\"887\" data-end=\"943\">\n<p data-start=\"889\" data-end=\"943\">Desarrollar una relaci\u00f3n \u00edntima con el Esp\u00edritu Santo.<\/p>\n<\/li>\n<li data-start=\"944\" data-end=\"992\">\n<p data-start=\"946\" data-end=\"992\">Ser sensible a su voz, su gu\u00eda y su prop\u00f3sito.<\/p>\n<\/li>\n<li data-start=\"993\" data-end=\"1050\">\n<p data-start=\"995\" data-end=\"1050\">Enfrentar desaf\u00edos con autoridad espiritual y claridad.<\/p>\n<\/li>\n<li data-start=\"1051\" data-end=\"1118\">\n<p data-start=\"1053\" data-end=\"1118\">Caminar con certeza en cada decisi\u00f3n, sabiendo que no est\u00e1s solo.<\/p>\n<\/li>\n<\/ul>\n<p data-start=\"1120\" data-end=\"1156\"><img decoding=\"async\" class=\"emoji\" role=\"img\" draggable=\"false\" src=\"https:\/\/s.w.org\/images\/core\/emoji\/17.0.2\/svg\/1f4d0.svg\" alt=\"\ud83d\udcd0\" \/> <strong data-start=\"1123\" data-end=\"1156\">Caracter\u00edsticas del producto:<\/strong><\/p>\n<ul data-start=\"1157\" data-end=\"1377\">\n<li data-start=\"1157\" data-end=\"1181\">\n<p data-start=\"1159\" data-end=\"1181\">Autora: Yesenia Then<\/p>\n<\/li>\n<li data-start=\"1182\" data-end=\"1218\">\n<p data-start=\"1184\" data-end=\"1218\">Editorial: Renacer<\/p>\n<\/li>\n<li data-start=\"1219\" data-end=\"1246\">\n<p data-start=\"1221\" data-end=\"1246\">ISBN: 9798989655267<\/p>\n<\/li>\n<li data-start=\"1247\" data-end=\"1266\">\n<p data-start=\"1249\" data-end=\"1266\">Idioma: Espa\u00f1ol<\/p>\n<\/li>\n<li data-start=\"1267\" data-end=\"1293\">\n<p data-start=\"1269\" data-end=\"1293\">N\u00famero de p\u00e1ginas: 173<\/p>\n<\/li>\n<li data-start=\"1294\" data-end=\"1336\">\n<p data-start=\"1296\" data-end=\"1336\">Dimensiones: 14 x 21 x 1 cm<\/p>\n<\/li>\n<li data-start=\"1337\" data-end=\"1377\">\n<p data-start=\"1339\" data-end=\"1377\">Publicado el: 8 de diciembre de 2024<\/p>\n<\/li>\n<\/ul>\n<hr data-start=\"1379\" data-end=\"1382\" \/>\n<h3 data-start=\"1384\" data-end=\"1416\"><img decoding=\"async\" class=\"emoji\" role=\"img\" draggable=\"false\" src=\"https:\/\/s.w.org\/images\/core\/emoji\/17.0.2\/svg\/1f3af.svg\" alt=\"\ud83c\udfaf\" \/> <strong data-start=\"1391\" data-end=\"1416\">\u00bfA qui\u00e9n va dirigido?<\/strong><\/h3>\n<ul data-start=\"1417\" data-end=\"1761\">\n<li data-start=\"1417\" data-end=\"1491\">\n<p data-start=\"1419\" data-end=\"1491\">A creyentes que desean profundizar en su comuni\u00f3n con el Esp\u00edritu Santo.<\/p>\n<\/li>\n<li data-start=\"1492\" data-end=\"1559\">\n<p data-start=\"1494\" data-end=\"1559\">A personas que anhelan direcci\u00f3n clara de Dios en su vida diaria.<\/p>\n<\/li>\n<li data-start=\"1560\" data-end=\"1657\">\n<p data-start=\"1562\" data-end=\"1657\">A l\u00edderes, intercesores y disc\u00edpulos que necesitan ser fortalecidos en la intimidad espiritual.<\/p>\n<\/li>\n<li data-start=\"1658\" data-end=\"1761\">\n<p data-start=\"1660\" data-end=\"1761\">A lectores de Yesenia Then que desean pasar del conocimiento a la <strong data-start=\"1726\" data-end=\"1760\">amistad activa con el Esp\u00edritu<\/strong>.<\/p>\n<\/li>\n<\/ul>\n<hr data-start=\"1763\" data-end=\"1766\" \/>\n<p data-start=\"1768\" data-end=\"1992\"><img decoding=\"async\" class=\"emoji\" role=\"img\" draggable=\"false\" src=\"https:\/\/s.w.org\/images\/core\/emoji\/17.0.2\/svg\/1f4ac.svg\" alt=\"\ud83d\udcac\" \/> <em data-start=\"1771\" data-end=\"1838\">\u201cCon su ayuda vencer\u00e1s lo que por ti mismo nunca podr\u00edas vencer.\u201d<\/em><br data-start=\"1838\" data-end=\"1841\" \/>Este libro es una invitaci\u00f3n a dejar de vivir desde el esfuerzo humano y comenzar a caminar con la <strong data-start=\"1940\" data-end=\"1971\">plenitud del Esp\u00edritu Santo<\/strong> como tu mejor amigo.<\/p>\n<\/div>\n","protected":false},"excerpt":{"rendered":"<p>Descripci\u00f3n Valoraciones (0) C\u00f3mo ser amigo del Esp\u00edritu Santo \u2013 Yesenia Then &nbsp; El compa\u00f1ero m\u00e1s \u00edntimo que tienes no est\u00e1 a tu lado\u2026 \u00a1vive dentro de ti!En este libro profundamente revelador, Yesenia Then te invita a conocer y desarrollar una amistad verdadera con el Esp\u00edritu Santo: no como una idea lejana, sino como una [&hellip;]<\/p>\n","protected":false},"featured_media":6841,"comment_status":"open","ping_status":"closed","template":"","meta":{"om_disable_all_campaigns":false,"_monsterinsights_skip_tracking":false,"_monsterinsights_sitenote_active":false,"_monsterinsights_sitenote_note":"","_monsterinsights_sitenote_category":0,"site-sidebar-layout":"default","site-content-layout":"","ast-site-content-layout":"default","site-content-style":"default","site-sidebar-style":"default","ast-global-header-display":"","ast-banner-title-visibility":"","ast-main-header-display":"","ast-hfb-above-header-display":"","ast-hfb-below-header-display":"","ast-hfb-mobile-header-display":"","site-post-title":"","ast-breadcrumbs-content":"","ast-featured-img":"","footer-sml-layout":"","ast-disable-related-posts":"","theme-transparent-header-meta":"default","adv-header-id-meta":"","stick-header-meta":"","header-above-stick-meta":"","header-main-stick-meta":"","header-below-stick-meta":"","astra-migrate-meta-layouts":"set","ast-page-background-enabled":"default","ast-page-background-meta":{"desktop":{"background-color":"var(--ast-global-color-4)","background-image":"","background-repeat":"repeat","background-position":"center center","background-size":"auto","background-attachment":"scroll","background-type":"","background-media":"","overlay-type":"","overlay-color":"","overlay-opacity":"","overlay-gradient":""},"tablet":{"background-color":"","background-image":"","background-repeat":"repeat","background-position":"center center","background-size":"auto","background-attachment":"scroll","background-type":"","background-media":"","overlay-type":"","overlay-color":"","overlay-opacity":"","overlay-gradient":""},"mobile":{"background-color":"","background-image":"","background-repeat":"repeat","background-position":"center center","background-size":"auto","background-attachment":"scroll","background-type":"","background-media":"","overlay-type":"","overlay-color":"","overlay-opacity":"","overlay-gradient":""}},"ast-content-background-meta":{"desktop":{"background-color":"var(--ast-global-color-5)","background-image":"","background-repeat":"repeat","background-position":"center center","background-size":"auto","background-attachment":"scroll","background-type":"","background-media":"","overlay-type":"","overlay-color":"","overlay-opacity":"","overlay-gradient":""},"tablet":{"background-color":"var(--ast-global-color-5)","background-image":"","background-repeat":"repeat","background-position":"center center","background-size":"auto","background-attachment":"scroll","background-type":"","background-media":"","overlay-type":"","overlay-color":"","overlay-opacity":"","overlay-gradient":""},"mobile":{"background-color":"var(--ast-global-color-5)","background-image":"","background-repeat":"repeat","background-position":"center center","background-size":"auto","background-attachment":"scroll","background-type":"","background-media":"","overlay-type":"","overlay-color":"","overlay-opacity":"","overlay-gradient":""}}},"product_brand":[],"product_cat":[23],"product_tag":[],"class_list":{"0":"post-6840","1":"product","2":"type-product","3":"status-publish","4":"has-post-thumbnail","6":"product_cat-libros","7":"desktop-align-left","8":"tablet-align-left","9":"mobile-align-left","11":"first","12":"instock","13":"shipping-taxable","14":"purchasable","15":"product-type-simple"},"yoast_head":"<!-- This site is optimized with the Yoast SEO plugin v27.4 - https:\/\/yoast.com\/product\/yoast-seo-wordpress\/ -->\n<title>Como Ser Amigo del Esp\u00edritu Santo \u2013 Yesenia Then - tzionlibreria.com<\/title>\n<meta name=\"robots\" content=\"index, follow, max-snippet:-1, max-image-preview:large, max-video-preview:-1\" \/>\n<link rel=\"canonical\" href=\"https:\/\/tzionlibreria.com\/index.php\/product\/como-ser-amigo-del-espiritu-santo-yesenia-then\/\" \/>\n<meta property=\"og:locale\" content=\"es_ES\" \/>\n<meta property=\"og:type\" content=\"article\" \/>\n<meta property=\"og:title\" content=\"Como Ser Amigo del Esp\u00edritu Santo \u2013 Yesenia Then - tzionlibreria.com\" \/>\n<meta property=\"og:description\" content=\"Descripci\u00f3n Valoraciones (0) C\u00f3mo ser amigo del Esp\u00edritu Santo \u2013 Yesenia Then &nbsp; El compa\u00f1ero m\u00e1s \u00edntimo que tienes no est\u00e1 a tu lado\u2026 \u00a1vive dentro de ti!En este libro profundamente revelador, Yesenia Then te invita a conocer y desarrollar una amistad verdadera con el Esp\u00edritu Santo: no como una idea lejana, sino como una [&hellip;]\" \/>\n<meta property=\"og:url\" content=\"https:\/\/tzionlibreria.com\/index.php\/product\/como-ser-amigo-del-espiritu-santo-yesenia-then\/\" \/>\n<meta property=\"og:site_name\" content=\"tzionlibreria.com\" \/>\n<meta property=\"article:modified_time\" content=\"2026-01-30T17:35:38+00:00\" \/>\n<meta property=\"og:image\" content=\"http:\/\/tzionlibreria.com\/wp-content\/uploads\/2025\/12\/9798989655267.jpg\" \/>\n\t<meta property=\"og:image:width\" content=\"1200\" \/>\n\t<meta property=\"og:image:height\" content=\"1200\" \/>\n\t<meta property=\"og:image:type\" content=\"image\/jpeg\" \/>\n<meta name=\"twitter:card\" content=\"summary_large_image\" \/>\n<meta name=\"twitter:label1\" content=\"Tiempo de lectura\" \/>\n\t<meta name=\"twitter:data1\" content=\"3 minutos\" \/>\n<script type=\"application\/ld+json\" class=\"yoast-schema-graph\">{\"@context\":\"https:\\\/\\\/schema.org\",\"@graph\":[{\"@type\":\"WebPage\",\"@id\":\"https:\\\/\\\/tzionlibreria.com\\\/index.php\\\/product\\\/como-ser-amigo-del-espiritu-santo-yesenia-then\\\/\",\"url\":\"https:\\\/\\\/tzionlibreria.com\\\/index.php\\\/product\\\/como-ser-amigo-del-espiritu-santo-yesenia-then\\\/\",\"name\":\"Como Ser Amigo del Esp\u00edritu Santo \u2013 Yesenia Then - tzionlibreria.com\",\"isPartOf\":{\"@id\":\"https:\\\/\\\/tzionlibreria.com\\\/#website\"},\"primaryImageOfPage\":{\"@id\":\"https:\\\/\\\/tzionlibreria.com\\\/index.php\\\/product\\\/como-ser-amigo-del-espiritu-santo-yesenia-then\\\/#primaryimage\"},\"image\":{\"@id\":\"https:\\\/\\\/tzionlibreria.com\\\/index.php\\\/product\\\/como-ser-amigo-del-espiritu-santo-yesenia-then\\\/#primaryimage\"},\"thumbnailUrl\":\"https:\\\/\\\/tzionlibreria.com\\\/wp-content\\\/uploads\\\/2025\\\/12\\\/9798989655267.jpg\",\"datePublished\":\"2025-12-29T22:36:04+00:00\",\"dateModified\":\"2026-01-30T17:35:38+00:00\",\"breadcrumb\":{\"@id\":\"https:\\\/\\\/tzionlibreria.com\\\/index.php\\\/product\\\/como-ser-amigo-del-espiritu-santo-yesenia-then\\\/#breadcrumb\"},\"inLanguage\":\"es-CO\",\"potentialAction\":[{\"@type\":\"ReadAction\",\"target\":[\"https:\\\/\\\/tzionlibreria.com\\\/index.php\\\/product\\\/como-ser-amigo-del-espiritu-santo-yesenia-then\\\/\"]}]},{\"@type\":\"ImageObject\",\"inLanguage\":\"es-CO\",\"@id\":\"https:\\\/\\\/tzionlibreria.com\\\/index.php\\\/product\\\/como-ser-amigo-del-espiritu-santo-yesenia-then\\\/#primaryimage\",\"url\":\"https:\\\/\\\/tzionlibreria.com\\\/wp-content\\\/uploads\\\/2025\\\/12\\\/9798989655267.jpg\",\"contentUrl\":\"https:\\\/\\\/tzionlibreria.com\\\/wp-content\\\/uploads\\\/2025\\\/12\\\/9798989655267.jpg\",\"width\":1200,\"height\":1200},{\"@type\":\"BreadcrumbList\",\"@id\":\"https:\\\/\\\/tzionlibreria.com\\\/index.php\\\/product\\\/como-ser-amigo-del-espiritu-santo-yesenia-then\\\/#breadcrumb\",\"itemListElement\":[{\"@type\":\"ListItem\",\"position\":1,\"name\":\"Inicio\",\"item\":\"https:\\\/\\\/tzionlibreria.com\\\/\"},{\"@type\":\"ListItem\",\"position\":2,\"name\":\"Shop\",\"item\":\"https:\\\/\\\/tzionlibreria.com\\\/index.php\\\/shop\\\/\"},{\"@type\":\"ListItem\",\"position\":3,\"name\":\"Como Ser Amigo del Esp\u00edritu Santo \u2013 Yesenia Then\"}]},{\"@type\":\"WebSite\",\"@id\":\"https:\\\/\\\/tzionlibreria.com\\\/#website\",\"url\":\"https:\\\/\\\/tzionlibreria.com\\\/\",\"name\":\"tzionlibreria.com\",\"description\":\"Libreria Cristiana Venezuela\",\"publisher\":{\"@id\":\"https:\\\/\\\/tzionlibreria.com\\\/#organization\"},\"potentialAction\":[{\"@type\":\"SearchAction\",\"target\":{\"@type\":\"EntryPoint\",\"urlTemplate\":\"https:\\\/\\\/tzionlibreria.com\\\/?s={search_term_string}\"},\"query-input\":{\"@type\":\"PropertyValueSpecification\",\"valueRequired\":true,\"valueName\":\"search_term_string\"}}],\"inLanguage\":\"es-CO\"},{\"@type\":\"Organization\",\"@id\":\"https:\\\/\\\/tzionlibreria.com\\\/#organization\",\"name\":\"tzionlibreria.com\",\"url\":\"https:\\\/\\\/tzionlibreria.com\\\/\",\"logo\":{\"@type\":\"ImageObject\",\"inLanguage\":\"es-CO\",\"@id\":\"https:\\\/\\\/tzionlibreria.com\\\/#\\\/schema\\\/logo\\\/image\\\/\",\"url\":\"https:\\\/\\\/tzionlibreria.com\\\/wp-content\\\/uploads\\\/2023\\\/10\\\/cropped-Cuadricula-scaled-1.jpg\",\"contentUrl\":\"https:\\\/\\\/tzionlibreria.com\\\/wp-content\\\/uploads\\\/2023\\\/10\\\/cropped-Cuadricula-scaled-1.jpg\",\"width\":2560,\"height\":2560,\"caption\":\"tzionlibreria.com\"},\"image\":{\"@id\":\"https:\\\/\\\/tzionlibreria.com\\\/#\\\/schema\\\/logo\\\/image\\\/\"}}]}<\/script>\n<!-- \/ Yoast SEO plugin. -->","yoast_head_json":{"title":"Como Ser Amigo del Esp\u00edritu Santo \u2013 Yesenia Then - tzionlibreria.com","robots":{"index":"index","follow":"follow","max-snippet":"max-snippet:-1","max-image-preview":"max-image-preview:large","max-video-preview":"max-video-preview:-1"},"canonical":"https:\/\/tzionlibreria.com\/index.php\/product\/como-ser-amigo-del-espiritu-santo-yesenia-then\/","og_locale":"es_ES","og_type":"article","og_title":"Como Ser Amigo del Esp\u00edritu Santo \u2013 Yesenia Then - tzionlibreria.com","og_description":"Descripci\u00f3n Valoraciones (0) C\u00f3mo ser amigo del Esp\u00edritu Santo \u2013 Yesenia Then &nbsp; El compa\u00f1ero m\u00e1s \u00edntimo que tienes no est\u00e1 a tu lado\u2026 \u00a1vive dentro de ti!En este libro profundamente revelador, Yesenia Then te invita a conocer y desarrollar una amistad verdadera con el Esp\u00edritu Santo: no como una idea lejana, sino como una [&hellip;]","og_url":"https:\/\/tzionlibreria.com\/index.php\/product\/como-ser-amigo-del-espiritu-santo-yesenia-then\/","og_site_name":"tzionlibreria.com","article_modified_time":"2026-01-30T17:35:38+00:00","og_image":[{"width":1200,"height":1200,"url":"http:\/\/tzionlibreria.com\/wp-content\/uploads\/2025\/12\/9798989655267.jpg","type":"image\/jpeg"}],"twitter_card":"summary_large_image","twitter_misc":{"Tiempo de lectura":"3 minutos"},"schema":{"@context":"https:\/\/schema.org","@graph":[{"@type":"WebPage","@id":"https:\/\/tzionlibreria.com\/index.php\/product\/como-ser-amigo-del-espiritu-santo-yesenia-then\/","url":"https:\/\/tzionlibreria.com\/index.php\/product\/como-ser-amigo-del-espiritu-santo-yesenia-then\/","name":"Como Ser Amigo del Esp\u00edritu Santo \u2013 Yesenia Then - tzionlibreria.com","isPartOf":{"@id":"https:\/\/tzionlibreria.com\/#website"},"primaryImageOfPage":{"@id":"https:\/\/tzionlibreria.com\/index.php\/product\/como-ser-amigo-del-espiritu-santo-yesenia-then\/#primaryimage"},"image":{"@id":"https:\/\/tzionlibreria.com\/index.php\/product\/como-ser-amigo-del-espiritu-santo-yesenia-then\/#primaryimage"},"thumbnailUrl":"https:\/\/tzionlibreria.com\/wp-content\/uploads\/2025\/12\/9798989655267.jpg","datePublished":"2025-12-29T22:36:04+00:00","dateModified":"2026-01-30T17:35:38+00:00","breadcrumb":{"@id":"https:\/\/tzionlibreria.com\/index.php\/product\/como-ser-amigo-del-espiritu-santo-yesenia-then\/#breadcrumb"},"inLanguage":"es-CO","potentialAction":[{"@type":"ReadAction","target":["https:\/\/tzionlibreria.com\/index.php\/product\/como-ser-amigo-del-espiritu-santo-yesenia-then\/"]}]},{"@type":"ImageObject","inLanguage":"es-CO","@id":"https:\/\/tzionlibreria.com\/index.php\/product\/como-ser-amigo-del-espiritu-santo-yesenia-then\/#primaryimage","url":"https:\/\/tzionlibreria.com\/wp-content\/uploads\/2025\/12\/9798989655267.jpg","contentUrl":"https:\/\/tzionlibreria.com\/wp-content\/uploads\/2025\/12\/9798989655267.jpg","width":1200,"height":1200},{"@type":"BreadcrumbList","@id":"https:\/\/tzionlibreria.com\/index.php\/product\/como-ser-amigo-del-espiritu-santo-yesenia-then\/#breadcrumb","itemListElement":[{"@type":"ListItem","position":1,"name":"Inicio","item":"https:\/\/tzionlibreria.com\/"},{"@type":"ListItem","position":2,"name":"Shop","item":"https:\/\/tzionlibreria.com\/index.php\/shop\/"},{"@type":"ListItem","position":3,"name":"Como Ser Amigo del Esp\u00edritu Santo \u2013 Yesenia Then"}]},{"@type":"WebSite","@id":"https:\/\/tzionlibreria.com\/#website","url":"https:\/\/tzionlibreria.com\/","name":"tzionlibreria.com","description":"Libreria Cristiana Venezuela","publisher":{"@id":"https:\/\/tzionlibreria.com\/#organization"},"potentialAction":[{"@type":"SearchAction","target":{"@type":"EntryPoint","urlTemplate":"https:\/\/tzionlibreria.com\/?s={search_term_string}"},"query-input":{"@type":"PropertyValueSpecification","valueRequired":true,"valueName":"search_term_string"}}],"inLanguage":"es-CO"},{"@type":"Organization","@id":"https:\/\/tzionlibreria.com\/#organization","name":"tzionlibreria.com","url":"https:\/\/tzionlibreria.com\/","logo":{"@type":"ImageObject","inLanguage":"es-CO","@id":"https:\/\/tzionlibreria.com\/#\/schema\/logo\/image\/","url":"https:\/\/tzionlibreria.com\/wp-content\/uploads\/2023\/10\/cropped-Cuadricula-scaled-1.jpg","contentUrl":"https:\/\/tzionlibreria.com\/wp-content\/uploads\/2023\/10\/cropped-Cuadricula-scaled-1.jpg","width":2560,"height":2560,"caption":"tzionlibreria.com"},"image":{"@id":"https:\/\/tzionlibreria.com\/#\/schema\/logo\/image\/"}}]}},"jetpack_sharing_enabled":true,"_links":{"self":[{"href":"https:\/\/tzionlibreria.com\/index.php\/wp-json\/wp\/v2\/product\/6840","targetHints":{"allow":["GET"]}}],"collection":[{"href":"https:\/\/tzionlibreria.com\/index.php\/wp-json\/wp\/v2\/product"}],"about":[{"href":"https:\/\/tzionlibreria.com\/index.php\/wp-json\/wp\/v2\/types\/product"}],"replies":[{"embeddable":true,"href":"https:\/\/tzionlibreria.com\/index.php\/wp-json\/wp\/v2\/comments?post=6840"}],"wp:featuredmedia":[{"embeddable":true,"href":"https:\/\/tzionlibreria.com\/index.php\/wp-json\/wp\/v2\/media\/6841"}],"wp:attachment":[{"href":"https:\/\/tzionlibreria.com\/index.php\/wp-json\/wp\/v2\/media?parent=6840"}],"wp:term":[{"taxonomy":"product_brand","embeddable":true,"href":"https:\/\/tzionlibreria.com\/index.php\/wp-json\/wp\/v2\/product_brand?post=6840"},{"taxonomy":"product_cat","embeddable":true,"href":"https:\/\/tzionlibreria.com\/index.php\/wp-json\/wp\/v2\/product_cat?post=6840"},{"taxonomy":"product_tag","embeddable":true,"href":"https:\/\/tzionlibreria.com\/index.php\/wp-json\/wp\/v2\/product_tag?post=6840"}],"curies":[{"name":"wp","href":"https:\/\/api.w.org\/{rel}","templated":true}]}}