{"id":6896,"date":"2026-02-12T17:28:32","date_gmt":"2026-02-12T17:28:32","guid":{"rendered":"https:\/\/tzionlibreria.com\/?post_type=product&#038;p=6896"},"modified":"2026-03-13T20:33:23","modified_gmt":"2026-03-13T20:33:23","slug":"biblia-devocional-mujer-verdadera-reina-valera-1960-tapa-dura","status":"publish","type":"product","link":"https:\/\/tzionlibreria.com\/index.php\/product\/biblia-devocional-mujer-verdadera-reina-valera-1960-tapa-dura\/","title":{"rendered":"Biblia Devocional Mujer Verdadera Reina Valera 1960 Tapa Dura"},"content":{"rendered":"<p>&nbsp;<\/p>\n<div>\n<p data-start=\"107\" data-end=\"216\"><img decoding=\"async\" class=\"emoji\" role=\"img\" draggable=\"false\" src=\"https:\/\/s.w.org\/images\/core\/emoji\/17.0.2\/svg\/1f4d6.svg\" alt=\"\ud83d\udcd6\" \/> <strong data-start=\"110\" data-end=\"156\">Biblia de Estudio para Mujeres \u2013 Tapa Dura<\/strong><br data-start=\"156\" data-end=\"159\" \/><img decoding=\"async\" class=\"emoji\" role=\"img\" draggable=\"false\" src=\"https:\/\/s.w.org\/images\/core\/emoji\/17.0.2\/svg\/2728.svg\" alt=\"\u2728\" \/> <em data-start=\"161\" data-end=\"214\">Conectando a la mujer de hoy con la Palabra de Dios<\/em><\/p>\n<p data-start=\"218\" data-end=\"463\">Esta Biblia est\u00e1 dise\u00f1ada para ayudar a las mujeres a profundizar en la Escritura y hacerla parte integral de su vida diaria. Con recursos pr\u00e1cticos, devocionales y espacios creativos, se convierte en una herramienta espiritual transformadora.<\/p>\n<p data-start=\"465\" data-end=\"502\"><img decoding=\"async\" class=\"emoji\" role=\"img\" draggable=\"false\" src=\"https:\/\/s.w.org\/images\/core\/emoji\/17.0.2\/svg\/1f50e.svg\" alt=\"\ud83d\udd0e\" \/> <strong data-start=\"468\" data-end=\"500\">Caracter\u00edsticas principales:<\/strong><\/p>\n<ul data-start=\"503\" data-end=\"844\">\n<li data-start=\"503\" data-end=\"598\">\n<p data-start=\"505\" data-end=\"598\"><strong data-start=\"505\" data-end=\"552\">66 introducciones a los libros de la Biblia<\/strong>, escritas por el pastor <strong data-start=\"577\" data-end=\"595\">Sugel Michel\u00e9n<\/strong>.<\/p>\n<\/li>\n<li data-start=\"599\" data-end=\"693\">\n<p data-start=\"601\" data-end=\"693\"><strong data-start=\"601\" data-end=\"621\">Amplios m\u00e1rgenes<\/strong> para tomar notas, escribir oraciones o ilustrar vers\u00edculos favoritos.<\/p>\n<\/li>\n<li data-start=\"694\" data-end=\"765\">\n<p data-start=\"696\" data-end=\"765\"><strong data-start=\"696\" data-end=\"728\">Art\u00edculos transformacionales<\/strong> enfocados en la feminidad b\u00edblica.<\/p>\n<\/li>\n<li data-start=\"766\" data-end=\"844\">\n<p data-start=\"768\" data-end=\"844\"><strong data-start=\"768\" data-end=\"797\">365 lecturas devocionales<\/strong> escritas especialmente para la mujer de hoy.<\/p>\n<\/li>\n<\/ul>\n<p data-start=\"846\" data-end=\"873\"><img decoding=\"async\" class=\"emoji\" role=\"img\" draggable=\"false\" src=\"https:\/\/s.w.org\/images\/core\/emoji\/17.0.2\/svg\/1f4cc.svg\" alt=\"\ud83d\udccc\" \/> <strong data-start=\"849\" data-end=\"871\">Detalles t\u00e9cnicos:<\/strong><\/p>\n<ul data-start=\"874\" data-end=\"1098\">\n<li data-start=\"874\" data-end=\"897\">\n<p data-start=\"876\" data-end=\"897\">Editorial: Portavoz<\/p>\n<\/li>\n<li data-start=\"898\" data-end=\"921\">\n<p data-start=\"900\" data-end=\"921\">ISBN: 9780825459160<\/p>\n<\/li>\n<li data-start=\"922\" data-end=\"941\">\n<p data-start=\"924\" data-end=\"941\">Idioma: Espa\u00f1ol<\/p>\n<\/li>\n<li data-start=\"942\" data-end=\"965\">\n<p data-start=\"944\" data-end=\"965\">Cubierta: Tapa dura<\/p>\n<\/li>\n<li data-start=\"966\" data-end=\"994\">\n<p data-start=\"968\" data-end=\"994\">N\u00famero de p\u00e1ginas: 1.880<\/p>\n<\/li>\n<li data-start=\"995\" data-end=\"1032\">\n<p data-start=\"997\" data-end=\"1032\">Dimensiones: 15.9 x 23.5 x 5.1 cm<\/p>\n<\/li>\n<li data-start=\"1033\" data-end=\"1051\">\n<p data-start=\"1035\" data-end=\"1051\">Peso: 1.542 kg<\/p>\n<\/li>\n<li data-start=\"1052\" data-end=\"1098\">\n<p data-start=\"1054\" data-end=\"1098\">Fecha de lanzamiento: 20 de agosto de 2019<\/p>\n<\/li>\n<\/ul>\n<p data-start=\"1100\" data-end=\"1258\"><img decoding=\"async\" class=\"emoji\" role=\"img\" draggable=\"false\" src=\"https:\/\/s.w.org\/images\/core\/emoji\/17.0.2\/svg\/1f4a1.svg\" alt=\"\ud83d\udca1\" \/> Una Biblia que combina estudio, devoci\u00f3n y creatividad, dise\u00f1ada para guiar a la mujer cristiana en su crecimiento espiritual y en su d\u00eda a d\u00eda con Dios.<\/p>\n<\/div>\n","protected":false},"excerpt":{"rendered":"<p>&nbsp; Biblia de Estudio para Mujeres \u2013 Tapa Dura Conectando a la mujer de hoy con la Palabra de Dios Esta Biblia est\u00e1 dise\u00f1ada para ayudar a las mujeres a profundizar en la Escritura y hacerla parte integral de su vida diaria. Con recursos pr\u00e1cticos, devocionales y espacios creativos, se convierte en una herramienta espiritual [&hellip;]<\/p>\n","protected":false},"featured_media":6897,"comment_status":"open","ping_status":"closed","template":"","meta":{"om_disable_all_campaigns":false,"_monsterinsights_skip_tracking":false,"_monsterinsights_sitenote_active":false,"_monsterinsights_sitenote_note":"","_monsterinsights_sitenote_category":0,"site-sidebar-layout":"default","site-content-layout":"","ast-site-content-layout":"default","site-content-style":"default","site-sidebar-style":"default","ast-global-header-display":"","ast-banner-title-visibility":"","ast-main-header-display":"","ast-hfb-above-header-display":"","ast-hfb-below-header-display":"","ast-hfb-mobile-header-display":"","site-post-title":"","ast-breadcrumbs-content":"","ast-featured-img":"","footer-sml-layout":"","ast-disable-related-posts":"","theme-transparent-header-meta":"default","adv-header-id-meta":"","stick-header-meta":"","header-above-stick-meta":"","header-main-stick-meta":"","header-below-stick-meta":"","astra-migrate-meta-layouts":"set","ast-page-background-enabled":"default","ast-page-background-meta":{"desktop":{"background-color":"var(--ast-global-color-4)","background-image":"","background-repeat":"repeat","background-position":"center center","background-size":"auto","background-attachment":"scroll","background-type":"","background-media":"","overlay-type":"","overlay-color":"","overlay-opacity":"","overlay-gradient":""},"tablet":{"background-color":"","background-image":"","background-repeat":"repeat","background-position":"center center","background-size":"auto","background-attachment":"scroll","background-type":"","background-media":"","overlay-type":"","overlay-color":"","overlay-opacity":"","overlay-gradient":""},"mobile":{"background-color":"","background-image":"","background-repeat":"repeat","background-position":"center center","background-size":"auto","background-attachment":"scroll","background-type":"","background-media":"","overlay-type":"","overlay-color":"","overlay-opacity":"","overlay-gradient":""}},"ast-content-background-meta":{"desktop":{"background-color":"var(--ast-global-color-5)","background-image":"","background-repeat":"repeat","background-position":"center center","background-size":"auto","background-attachment":"scroll","background-type":"","background-media":"","overlay-type":"","overlay-color":"","overlay-opacity":"","overlay-gradient":""},"tablet":{"background-color":"var(--ast-global-color-5)","background-image":"","background-repeat":"repeat","background-position":"center center","background-size":"auto","background-attachment":"scroll","background-type":"","background-media":"","overlay-type":"","overlay-color":"","overlay-opacity":"","overlay-gradient":""},"mobile":{"background-color":"var(--ast-global-color-5)","background-image":"","background-repeat":"repeat","background-position":"center center","background-size":"auto","background-attachment":"scroll","background-type":"","background-media":"","overlay-type":"","overlay-color":"","overlay-opacity":"","overlay-gradient":""}}},"product_brand":[],"product_cat":[22,34,42],"product_tag":[],"class_list":{"0":"post-6896","1":"product","2":"type-product","3":"status-publish","4":"has-post-thumbnail","6":"product_cat-biblias","7":"product_cat-biblias-devocionales","8":"product_cat-biblias-reina-valera","9":"desktop-align-left","10":"tablet-align-left","11":"mobile-align-left","13":"first","14":"instock","15":"shipping-taxable","16":"purchasable","17":"product-type-simple"},"yoast_head":"<!-- This site is optimized with the Yoast SEO plugin v27.4 - https:\/\/yoast.com\/product\/yoast-seo-wordpress\/ -->\n<title>Biblia Devocional Mujer Verdadera Reina Valera 1960 Tapa Dura - tzionlibreria.com<\/title>\n<meta name=\"robots\" content=\"index, follow, max-snippet:-1, max-image-preview:large, max-video-preview:-1\" \/>\n<link rel=\"canonical\" href=\"https:\/\/tzionlibreria.com\/index.php\/product\/biblia-devocional-mujer-verdadera-reina-valera-1960-tapa-dura\/\" \/>\n<meta property=\"og:locale\" content=\"es_ES\" \/>\n<meta property=\"og:type\" content=\"article\" \/>\n<meta property=\"og:title\" content=\"Biblia Devocional Mujer Verdadera Reina Valera 1960 Tapa Dura - tzionlibreria.com\" \/>\n<meta property=\"og:description\" content=\"&nbsp; Biblia de Estudio para Mujeres \u2013 Tapa Dura Conectando a la mujer de hoy con la Palabra de Dios Esta Biblia est\u00e1 dise\u00f1ada para ayudar a las mujeres a profundizar en la Escritura y hacerla parte integral de su vida diaria. Con recursos pr\u00e1cticos, devocionales y espacios creativos, se convierte en una herramienta espiritual [&hellip;]\" \/>\n<meta property=\"og:url\" content=\"https:\/\/tzionlibreria.com\/index.php\/product\/biblia-devocional-mujer-verdadera-reina-valera-1960-tapa-dura\/\" \/>\n<meta property=\"og:site_name\" content=\"tzionlibreria.com\" \/>\n<meta property=\"article:modified_time\" content=\"2026-03-13T20:33:23+00:00\" \/>\n<meta property=\"og:image\" content=\"http:\/\/tzionlibreria.com\/wp-content\/uploads\/2026\/02\/Mujer-veradera.jpg\" \/>\n\t<meta property=\"og:image:width\" content=\"1200\" \/>\n\t<meta property=\"og:image:height\" content=\"1200\" \/>\n\t<meta property=\"og:image:type\" content=\"image\/jpeg\" \/>\n<meta name=\"twitter:card\" content=\"summary_large_image\" \/>\n<meta name=\"twitter:label1\" content=\"Tiempo de lectura\" \/>\n\t<meta name=\"twitter:data1\" content=\"2 minutos\" \/>\n<script type=\"application\/ld+json\" class=\"yoast-schema-graph\">{\"@context\":\"https:\\\/\\\/schema.org\",\"@graph\":[{\"@type\":\"WebPage\",\"@id\":\"https:\\\/\\\/tzionlibreria.com\\\/index.php\\\/product\\\/biblia-devocional-mujer-verdadera-reina-valera-1960-tapa-dura\\\/\",\"url\":\"https:\\\/\\\/tzionlibreria.com\\\/index.php\\\/product\\\/biblia-devocional-mujer-verdadera-reina-valera-1960-tapa-dura\\\/\",\"name\":\"Biblia Devocional Mujer Verdadera Reina Valera 1960 Tapa Dura - tzionlibreria.com\",\"isPartOf\":{\"@id\":\"https:\\\/\\\/tzionlibreria.com\\\/#website\"},\"primaryImageOfPage\":{\"@id\":\"https:\\\/\\\/tzionlibreria.com\\\/index.php\\\/product\\\/biblia-devocional-mujer-verdadera-reina-valera-1960-tapa-dura\\\/#primaryimage\"},\"image\":{\"@id\":\"https:\\\/\\\/tzionlibreria.com\\\/index.php\\\/product\\\/biblia-devocional-mujer-verdadera-reina-valera-1960-tapa-dura\\\/#primaryimage\"},\"thumbnailUrl\":\"https:\\\/\\\/tzionlibreria.com\\\/wp-content\\\/uploads\\\/2026\\\/02\\\/Mujer-veradera.jpg\",\"datePublished\":\"2026-02-12T17:28:32+00:00\",\"dateModified\":\"2026-03-13T20:33:23+00:00\",\"breadcrumb\":{\"@id\":\"https:\\\/\\\/tzionlibreria.com\\\/index.php\\\/product\\\/biblia-devocional-mujer-verdadera-reina-valera-1960-tapa-dura\\\/#breadcrumb\"},\"inLanguage\":\"es-CO\",\"potentialAction\":[{\"@type\":\"ReadAction\",\"target\":[\"https:\\\/\\\/tzionlibreria.com\\\/index.php\\\/product\\\/biblia-devocional-mujer-verdadera-reina-valera-1960-tapa-dura\\\/\"]}]},{\"@type\":\"ImageObject\",\"inLanguage\":\"es-CO\",\"@id\":\"https:\\\/\\\/tzionlibreria.com\\\/index.php\\\/product\\\/biblia-devocional-mujer-verdadera-reina-valera-1960-tapa-dura\\\/#primaryimage\",\"url\":\"https:\\\/\\\/tzionlibreria.com\\\/wp-content\\\/uploads\\\/2026\\\/02\\\/Mujer-veradera.jpg\",\"contentUrl\":\"https:\\\/\\\/tzionlibreria.com\\\/wp-content\\\/uploads\\\/2026\\\/02\\\/Mujer-veradera.jpg\",\"width\":1200,\"height\":1200},{\"@type\":\"BreadcrumbList\",\"@id\":\"https:\\\/\\\/tzionlibreria.com\\\/index.php\\\/product\\\/biblia-devocional-mujer-verdadera-reina-valera-1960-tapa-dura\\\/#breadcrumb\",\"itemListElement\":[{\"@type\":\"ListItem\",\"position\":1,\"name\":\"Inicio\",\"item\":\"https:\\\/\\\/tzionlibreria.com\\\/\"},{\"@type\":\"ListItem\",\"position\":2,\"name\":\"Shop\",\"item\":\"https:\\\/\\\/tzionlibreria.com\\\/index.php\\\/shop\\\/\"},{\"@type\":\"ListItem\",\"position\":3,\"name\":\"Biblia Devocional Mujer Verdadera Reina Valera 1960 Tapa Dura\"}]},{\"@type\":\"WebSite\",\"@id\":\"https:\\\/\\\/tzionlibreria.com\\\/#website\",\"url\":\"https:\\\/\\\/tzionlibreria.com\\\/\",\"name\":\"tzionlibreria.com\",\"description\":\"Libreria Cristiana Venezuela\",\"publisher\":{\"@id\":\"https:\\\/\\\/tzionlibreria.com\\\/#organization\"},\"potentialAction\":[{\"@type\":\"SearchAction\",\"target\":{\"@type\":\"EntryPoint\",\"urlTemplate\":\"https:\\\/\\\/tzionlibreria.com\\\/?s={search_term_string}\"},\"query-input\":{\"@type\":\"PropertyValueSpecification\",\"valueRequired\":true,\"valueName\":\"search_term_string\"}}],\"inLanguage\":\"es-CO\"},{\"@type\":\"Organization\",\"@id\":\"https:\\\/\\\/tzionlibreria.com\\\/#organization\",\"name\":\"tzionlibreria.com\",\"url\":\"https:\\\/\\\/tzionlibreria.com\\\/\",\"logo\":{\"@type\":\"ImageObject\",\"inLanguage\":\"es-CO\",\"@id\":\"https:\\\/\\\/tzionlibreria.com\\\/#\\\/schema\\\/logo\\\/image\\\/\",\"url\":\"https:\\\/\\\/tzionlibreria.com\\\/wp-content\\\/uploads\\\/2023\\\/10\\\/cropped-Cuadricula-scaled-1.jpg\",\"contentUrl\":\"https:\\\/\\\/tzionlibreria.com\\\/wp-content\\\/uploads\\\/2023\\\/10\\\/cropped-Cuadricula-scaled-1.jpg\",\"width\":2560,\"height\":2560,\"caption\":\"tzionlibreria.com\"},\"image\":{\"@id\":\"https:\\\/\\\/tzionlibreria.com\\\/#\\\/schema\\\/logo\\\/image\\\/\"}}]}<\/script>\n<!-- \/ Yoast SEO plugin. -->","yoast_head_json":{"title":"Biblia Devocional Mujer Verdadera Reina Valera 1960 Tapa Dura - tzionlibreria.com","robots":{"index":"index","follow":"follow","max-snippet":"max-snippet:-1","max-image-preview":"max-image-preview:large","max-video-preview":"max-video-preview:-1"},"canonical":"https:\/\/tzionlibreria.com\/index.php\/product\/biblia-devocional-mujer-verdadera-reina-valera-1960-tapa-dura\/","og_locale":"es_ES","og_type":"article","og_title":"Biblia Devocional Mujer Verdadera Reina Valera 1960 Tapa Dura - tzionlibreria.com","og_description":"&nbsp; Biblia de Estudio para Mujeres \u2013 Tapa Dura Conectando a la mujer de hoy con la Palabra de Dios Esta Biblia est\u00e1 dise\u00f1ada para ayudar a las mujeres a profundizar en la Escritura y hacerla parte integral de su vida diaria. Con recursos pr\u00e1cticos, devocionales y espacios creativos, se convierte en una herramienta espiritual [&hellip;]","og_url":"https:\/\/tzionlibreria.com\/index.php\/product\/biblia-devocional-mujer-verdadera-reina-valera-1960-tapa-dura\/","og_site_name":"tzionlibreria.com","article_modified_time":"2026-03-13T20:33:23+00:00","og_image":[{"width":1200,"height":1200,"url":"http:\/\/tzionlibreria.com\/wp-content\/uploads\/2026\/02\/Mujer-veradera.jpg","type":"image\/jpeg"}],"twitter_card":"summary_large_image","twitter_misc":{"Tiempo de lectura":"2 minutos"},"schema":{"@context":"https:\/\/schema.org","@graph":[{"@type":"WebPage","@id":"https:\/\/tzionlibreria.com\/index.php\/product\/biblia-devocional-mujer-verdadera-reina-valera-1960-tapa-dura\/","url":"https:\/\/tzionlibreria.com\/index.php\/product\/biblia-devocional-mujer-verdadera-reina-valera-1960-tapa-dura\/","name":"Biblia Devocional Mujer Verdadera Reina Valera 1960 Tapa Dura - tzionlibreria.com","isPartOf":{"@id":"https:\/\/tzionlibreria.com\/#website"},"primaryImageOfPage":{"@id":"https:\/\/tzionlibreria.com\/index.php\/product\/biblia-devocional-mujer-verdadera-reina-valera-1960-tapa-dura\/#primaryimage"},"image":{"@id":"https:\/\/tzionlibreria.com\/index.php\/product\/biblia-devocional-mujer-verdadera-reina-valera-1960-tapa-dura\/#primaryimage"},"thumbnailUrl":"https:\/\/tzionlibreria.com\/wp-content\/uploads\/2026\/02\/Mujer-veradera.jpg","datePublished":"2026-02-12T17:28:32+00:00","dateModified":"2026-03-13T20:33:23+00:00","breadcrumb":{"@id":"https:\/\/tzionlibreria.com\/index.php\/product\/biblia-devocional-mujer-verdadera-reina-valera-1960-tapa-dura\/#breadcrumb"},"inLanguage":"es-CO","potentialAction":[{"@type":"ReadAction","target":["https:\/\/tzionlibreria.com\/index.php\/product\/biblia-devocional-mujer-verdadera-reina-valera-1960-tapa-dura\/"]}]},{"@type":"ImageObject","inLanguage":"es-CO","@id":"https:\/\/tzionlibreria.com\/index.php\/product\/biblia-devocional-mujer-verdadera-reina-valera-1960-tapa-dura\/#primaryimage","url":"https:\/\/tzionlibreria.com\/wp-content\/uploads\/2026\/02\/Mujer-veradera.jpg","contentUrl":"https:\/\/tzionlibreria.com\/wp-content\/uploads\/2026\/02\/Mujer-veradera.jpg","width":1200,"height":1200},{"@type":"BreadcrumbList","@id":"https:\/\/tzionlibreria.com\/index.php\/product\/biblia-devocional-mujer-verdadera-reina-valera-1960-tapa-dura\/#breadcrumb","itemListElement":[{"@type":"ListItem","position":1,"name":"Inicio","item":"https:\/\/tzionlibreria.com\/"},{"@type":"ListItem","position":2,"name":"Shop","item":"https:\/\/tzionlibreria.com\/index.php\/shop\/"},{"@type":"ListItem","position":3,"name":"Biblia Devocional Mujer Verdadera Reina Valera 1960 Tapa Dura"}]},{"@type":"WebSite","@id":"https:\/\/tzionlibreria.com\/#website","url":"https:\/\/tzionlibreria.com\/","name":"tzionlibreria.com","description":"Libreria Cristiana Venezuela","publisher":{"@id":"https:\/\/tzionlibreria.com\/#organization"},"potentialAction":[{"@type":"SearchAction","target":{"@type":"EntryPoint","urlTemplate":"https:\/\/tzionlibreria.com\/?s={search_term_string}"},"query-input":{"@type":"PropertyValueSpecification","valueRequired":true,"valueName":"search_term_string"}}],"inLanguage":"es-CO"},{"@type":"Organization","@id":"https:\/\/tzionlibreria.com\/#organization","name":"tzionlibreria.com","url":"https:\/\/tzionlibreria.com\/","logo":{"@type":"ImageObject","inLanguage":"es-CO","@id":"https:\/\/tzionlibreria.com\/#\/schema\/logo\/image\/","url":"https:\/\/tzionlibreria.com\/wp-content\/uploads\/2023\/10\/cropped-Cuadricula-scaled-1.jpg","contentUrl":"https:\/\/tzionlibreria.com\/wp-content\/uploads\/2023\/10\/cropped-Cuadricula-scaled-1.jpg","width":2560,"height":2560,"caption":"tzionlibreria.com"},"image":{"@id":"https:\/\/tzionlibreria.com\/#\/schema\/logo\/image\/"}}]}},"jetpack_sharing_enabled":true,"_links":{"self":[{"href":"https:\/\/tzionlibreria.com\/index.php\/wp-json\/wp\/v2\/product\/6896","targetHints":{"allow":["GET"]}}],"collection":[{"href":"https:\/\/tzionlibreria.com\/index.php\/wp-json\/wp\/v2\/product"}],"about":[{"href":"https:\/\/tzionlibreria.com\/index.php\/wp-json\/wp\/v2\/types\/product"}],"replies":[{"embeddable":true,"href":"https:\/\/tzionlibreria.com\/index.php\/wp-json\/wp\/v2\/comments?post=6896"}],"wp:featuredmedia":[{"embeddable":true,"href":"https:\/\/tzionlibreria.com\/index.php\/wp-json\/wp\/v2\/media\/6897"}],"wp:attachment":[{"href":"https:\/\/tzionlibreria.com\/index.php\/wp-json\/wp\/v2\/media?parent=6896"}],"wp:term":[{"taxonomy":"product_brand","embeddable":true,"href":"https:\/\/tzionlibreria.com\/index.php\/wp-json\/wp\/v2\/product_brand?post=6896"},{"taxonomy":"product_cat","embeddable":true,"href":"https:\/\/tzionlibreria.com\/index.php\/wp-json\/wp\/v2\/product_cat?post=6896"},{"taxonomy":"product_tag","embeddable":true,"href":"https:\/\/tzionlibreria.com\/index.php\/wp-json\/wp\/v2\/product_tag?post=6896"}],"curies":[{"name":"wp","href":"https:\/\/api.w.org\/{rel}","templated":true}]}}