{"id":703,"date":"2023-10-07T12:50:20","date_gmt":"2023-10-07T12:50:20","guid":{"rendered":"https:\/\/tzionlibreria.com\/?post_type=product&#038;p=703"},"modified":"2024-11-22T03:19:02","modified_gmt":"2024-11-22T03:19:02","slug":"ante-el-trono-de-la-gracia-john-macarthur","status":"publish","type":"product","link":"https:\/\/tzionlibreria.com\/index.php\/product\/ante-el-trono-de-la-gracia-john-macarthur\/","title":{"rendered":"Ante El Trono De La Gracia &#8211; John Macarthur"},"content":{"rendered":"<p>Ante El Trono De La Gracia<br \/>\nUn libro de oraciones<\/p>\n<p>La oraci\u00f3n es esencial para cada creyente.Nuestro Padre Celestial, el Se\u00f1or Todopoderoso, amorosamente nos llama a venir a \u00c9l con nuestras alabanzas, acciones de gracias y peticiones. \u00c9l nos invita atener una comuni\u00f3n \u00edntima con \u00c9l, y cuando nos acercamos, all\u00ed est\u00e1 \u00c9l.(Santiago 4; 8). La oraci\u00f3n tambi\u00e9n es un privilegio.Debido al amor que Dios demostr\u00f3 en la cruz de Jesucristo, nosotros somos invitados a entrar en la presencia de Dios como sus hijos. \u00bfPuede imaginar ese gozo?<\/p>\n<p>Como una parte esencial del servicio de adoraci\u00f3n durante m\u00e1s de cuatro d\u00e9cadas, John MacArthur ha liderado a la congregaci\u00f3n de Grace Community Church en oraci\u00f3n. Sus palabras le recuerdan alas personas que al orar est\u00e1n entrando en la santa presencia de Dios, y deben presentarse humildemente ante el trono de la gracia. Esta es una colecci\u00f3n de muchas de esas oraciones.<\/p>\n<p>&#8220;Necesitamos orar m\u00e1s; tenemos que pensar con m\u00e1s detenimiento en el contenido de nuestras oraciones, y necesitamos pasar m\u00e1s tiempo preparando nuestros corazones y lenguas para la oraci\u00f3n. Con esto en mente es que presento este libro&#8221;. JohnMacArthur.<br \/>\nEste es un libro basado en la oraci\u00f3n,recomendado para todos aquellos que desean tener una gu\u00eda de c\u00f3mo debemos acercarnos ante nuestro Padre eterno. El autor ha incluido algunos pies de p\u00e1gina que dan referencias cruzadas a los vers\u00edculos claves que se mencionan en las oraciones.<\/p>\n<p>&nbsp;<\/p>\n<p>ISBN: 9789588867410<br \/>\nEditorial: Editorial CLC<br \/>\nDimensiones: 104 x 20 x 210 mm<br \/>\nPeso: 0,348kg<br \/>\nCubierta: R\u00fastica<br \/>\nN\u00famero de p\u00e1ginas: 301<br \/>\nIdioma: Espa\u00f1ol<\/p>\n","protected":false},"excerpt":{"rendered":"<p>Ante El Trono De La Gracia Un libro de oraciones La oraci\u00f3n es esencial para cada creyente.Nuestro Padre Celestial, el Se\u00f1or Todopoderoso, amorosamente nos llama a venir a \u00c9l con nuestras alabanzas, acciones de gracias y peticiones. \u00c9l nos invita atener una comuni\u00f3n \u00edntima con \u00c9l, y cuando nos acercamos, all\u00ed est\u00e1 \u00c9l.(Santiago 4; 8). [&hellip;]<\/p>\n","protected":false},"featured_media":705,"comment_status":"open","ping_status":"closed","template":"","meta":{"om_disable_all_campaigns":false,"_monsterinsights_skip_tracking":false,"_monsterinsights_sitenote_active":false,"_monsterinsights_sitenote_note":"","_monsterinsights_sitenote_category":0,"site-sidebar-layout":"default","site-content-layout":"","ast-site-content-layout":"default","site-content-style":"default","site-sidebar-style":"default","ast-global-header-display":"","ast-banner-title-visibility":"","ast-main-header-display":"","ast-hfb-above-header-display":"","ast-hfb-below-header-display":"","ast-hfb-mobile-header-display":"","site-post-title":"","ast-breadcrumbs-content":"","ast-featured-img":"","footer-sml-layout":"","ast-disable-related-posts":"","theme-transparent-header-meta":"default","adv-header-id-meta":"","stick-header-meta":"","header-above-stick-meta":"","header-main-stick-meta":"","header-below-stick-meta":"","astra-migrate-meta-layouts":"set","ast-page-background-enabled":"default","ast-page-background-meta":{"desktop":{"background-color":"var(--ast-global-color-4)","background-image":"","background-repeat":"repeat","background-position":"center center","background-size":"auto","background-attachment":"scroll","background-type":"","background-media":"","overlay-type":"","overlay-color":"","overlay-opacity":"","overlay-gradient":""},"tablet":{"background-color":"","background-image":"","background-repeat":"repeat","background-position":"center center","background-size":"auto","background-attachment":"scroll","background-type":"","background-media":"","overlay-type":"","overlay-color":"","overlay-opacity":"","overlay-gradient":""},"mobile":{"background-color":"","background-image":"","background-repeat":"repeat","background-position":"center center","background-size":"auto","background-attachment":"scroll","background-type":"","background-media":"","overlay-type":"","overlay-color":"","overlay-opacity":"","overlay-gradient":""}},"ast-content-background-meta":{"desktop":{"background-color":"var(--ast-global-color-5)","background-image":"","background-repeat":"repeat","background-position":"center center","background-size":"auto","background-attachment":"scroll","background-type":"","background-media":"","overlay-type":"","overlay-color":"","overlay-opacity":"","overlay-gradient":""},"tablet":{"background-color":"var(--ast-global-color-5)","background-image":"","background-repeat":"repeat","background-position":"center center","background-size":"auto","background-attachment":"scroll","background-type":"","background-media":"","overlay-type":"","overlay-color":"","overlay-opacity":"","overlay-gradient":""},"mobile":{"background-color":"var(--ast-global-color-5)","background-image":"","background-repeat":"repeat","background-position":"center center","background-size":"auto","background-attachment":"scroll","background-type":"","background-media":"","overlay-type":"","overlay-color":"","overlay-opacity":"","overlay-gradient":""}}},"product_brand":[],"product_cat":[174,23],"product_tag":[69],"class_list":{"0":"post-703","1":"product","2":"type-product","3":"status-publish","4":"has-post-thumbnail","6":"product_cat-iglesia","7":"product_cat-libros","8":"product_tag-john-macarthur","9":"desktop-align-left","10":"tablet-align-left","11":"mobile-align-left","13":"first","14":"outofstock","15":"shipping-taxable","16":"purchasable","17":"product-type-simple"},"yoast_head":"<!-- This site is optimized with the Yoast SEO plugin v27.4 - https:\/\/yoast.com\/product\/yoast-seo-wordpress\/ -->\n<title>Ante El Trono De La Gracia - John Macarthur - tzionlibreria.com<\/title>\n<meta name=\"robots\" content=\"index, follow, max-snippet:-1, max-image-preview:large, max-video-preview:-1\" \/>\n<link rel=\"canonical\" href=\"https:\/\/tzionlibreria.com\/index.php\/product\/ante-el-trono-de-la-gracia-john-macarthur\/\" \/>\n<meta property=\"og:locale\" content=\"es_ES\" \/>\n<meta property=\"og:type\" content=\"article\" \/>\n<meta property=\"og:title\" content=\"Ante El Trono De La Gracia - John Macarthur - tzionlibreria.com\" \/>\n<meta property=\"og:description\" content=\"Ante El Trono De La Gracia Un libro de oraciones La oraci\u00f3n es esencial para cada creyente.Nuestro Padre Celestial, el Se\u00f1or Todopoderoso, amorosamente nos llama a venir a \u00c9l con nuestras alabanzas, acciones de gracias y peticiones. \u00c9l nos invita atener una comuni\u00f3n \u00edntima con \u00c9l, y cuando nos acercamos, all\u00ed est\u00e1 \u00c9l.(Santiago 4; 8). [&hellip;]\" \/>\n<meta property=\"og:url\" content=\"https:\/\/tzionlibreria.com\/index.php\/product\/ante-el-trono-de-la-gracia-john-macarthur\/\" \/>\n<meta property=\"og:site_name\" content=\"tzionlibreria.com\" \/>\n<meta property=\"article:modified_time\" content=\"2024-11-22T03:19:02+00:00\" \/>\n<meta property=\"og:image\" content=\"http:\/\/tzionlibreria.com\/wp-content\/uploads\/2023\/10\/D_NQ_NP_2X_788205-MLV70535577672_072023-F.webp\" \/>\n\t<meta property=\"og:image:width\" content=\"1095\" \/>\n\t<meta property=\"og:image:height\" content=\"981\" \/>\n\t<meta property=\"og:image:type\" content=\"image\/webp\" \/>\n<meta name=\"twitter:card\" content=\"summary_large_image\" \/>\n<meta name=\"twitter:label1\" content=\"Tiempo de lectura\" \/>\n\t<meta name=\"twitter:data1\" content=\"2 minutos\" \/>\n<script type=\"application\/ld+json\" class=\"yoast-schema-graph\">{\"@context\":\"https:\\\/\\\/schema.org\",\"@graph\":[{\"@type\":\"WebPage\",\"@id\":\"https:\\\/\\\/tzionlibreria.com\\\/index.php\\\/product\\\/ante-el-trono-de-la-gracia-john-macarthur\\\/\",\"url\":\"https:\\\/\\\/tzionlibreria.com\\\/index.php\\\/product\\\/ante-el-trono-de-la-gracia-john-macarthur\\\/\",\"name\":\"Ante El Trono De La Gracia - John Macarthur - tzionlibreria.com\",\"isPartOf\":{\"@id\":\"https:\\\/\\\/tzionlibreria.com\\\/#website\"},\"primaryImageOfPage\":{\"@id\":\"https:\\\/\\\/tzionlibreria.com\\\/index.php\\\/product\\\/ante-el-trono-de-la-gracia-john-macarthur\\\/#primaryimage\"},\"image\":{\"@id\":\"https:\\\/\\\/tzionlibreria.com\\\/index.php\\\/product\\\/ante-el-trono-de-la-gracia-john-macarthur\\\/#primaryimage\"},\"thumbnailUrl\":\"https:\\\/\\\/tzionlibreria.com\\\/wp-content\\\/uploads\\\/2023\\\/10\\\/D_NQ_NP_2X_788205-MLV70535577672_072023-F.webp\",\"datePublished\":\"2023-10-07T12:50:20+00:00\",\"dateModified\":\"2024-11-22T03:19:02+00:00\",\"breadcrumb\":{\"@id\":\"https:\\\/\\\/tzionlibreria.com\\\/index.php\\\/product\\\/ante-el-trono-de-la-gracia-john-macarthur\\\/#breadcrumb\"},\"inLanguage\":\"es-CO\",\"potentialAction\":[{\"@type\":\"ReadAction\",\"target\":[\"https:\\\/\\\/tzionlibreria.com\\\/index.php\\\/product\\\/ante-el-trono-de-la-gracia-john-macarthur\\\/\"]}]},{\"@type\":\"ImageObject\",\"inLanguage\":\"es-CO\",\"@id\":\"https:\\\/\\\/tzionlibreria.com\\\/index.php\\\/product\\\/ante-el-trono-de-la-gracia-john-macarthur\\\/#primaryimage\",\"url\":\"https:\\\/\\\/tzionlibreria.com\\\/wp-content\\\/uploads\\\/2023\\\/10\\\/D_NQ_NP_2X_788205-MLV70535577672_072023-F.webp\",\"contentUrl\":\"https:\\\/\\\/tzionlibreria.com\\\/wp-content\\\/uploads\\\/2023\\\/10\\\/D_NQ_NP_2X_788205-MLV70535577672_072023-F.webp\",\"width\":1095,\"height\":981},{\"@type\":\"BreadcrumbList\",\"@id\":\"https:\\\/\\\/tzionlibreria.com\\\/index.php\\\/product\\\/ante-el-trono-de-la-gracia-john-macarthur\\\/#breadcrumb\",\"itemListElement\":[{\"@type\":\"ListItem\",\"position\":1,\"name\":\"Inicio\",\"item\":\"https:\\\/\\\/tzionlibreria.com\\\/\"},{\"@type\":\"ListItem\",\"position\":2,\"name\":\"Shop\",\"item\":\"https:\\\/\\\/tzionlibreria.com\\\/index.php\\\/shop\\\/\"},{\"@type\":\"ListItem\",\"position\":3,\"name\":\"Ante El Trono De La Gracia &#8211; John Macarthur\"}]},{\"@type\":\"WebSite\",\"@id\":\"https:\\\/\\\/tzionlibreria.com\\\/#website\",\"url\":\"https:\\\/\\\/tzionlibreria.com\\\/\",\"name\":\"tzionlibreria.com\",\"description\":\"Libreria Cristiana Venezuela\",\"publisher\":{\"@id\":\"https:\\\/\\\/tzionlibreria.com\\\/#organization\"},\"potentialAction\":[{\"@type\":\"SearchAction\",\"target\":{\"@type\":\"EntryPoint\",\"urlTemplate\":\"https:\\\/\\\/tzionlibreria.com\\\/?s={search_term_string}\"},\"query-input\":{\"@type\":\"PropertyValueSpecification\",\"valueRequired\":true,\"valueName\":\"search_term_string\"}}],\"inLanguage\":\"es-CO\"},{\"@type\":\"Organization\",\"@id\":\"https:\\\/\\\/tzionlibreria.com\\\/#organization\",\"name\":\"tzionlibreria.com\",\"url\":\"https:\\\/\\\/tzionlibreria.com\\\/\",\"logo\":{\"@type\":\"ImageObject\",\"inLanguage\":\"es-CO\",\"@id\":\"https:\\\/\\\/tzionlibreria.com\\\/#\\\/schema\\\/logo\\\/image\\\/\",\"url\":\"https:\\\/\\\/tzionlibreria.com\\\/wp-content\\\/uploads\\\/2023\\\/10\\\/cropped-Cuadricula-scaled-1.jpg\",\"contentUrl\":\"https:\\\/\\\/tzionlibreria.com\\\/wp-content\\\/uploads\\\/2023\\\/10\\\/cropped-Cuadricula-scaled-1.jpg\",\"width\":2560,\"height\":2560,\"caption\":\"tzionlibreria.com\"},\"image\":{\"@id\":\"https:\\\/\\\/tzionlibreria.com\\\/#\\\/schema\\\/logo\\\/image\\\/\"}}]}<\/script>\n<!-- \/ Yoast SEO plugin. -->","yoast_head_json":{"title":"Ante El Trono De La Gracia - John Macarthur - tzionlibreria.com","robots":{"index":"index","follow":"follow","max-snippet":"max-snippet:-1","max-image-preview":"max-image-preview:large","max-video-preview":"max-video-preview:-1"},"canonical":"https:\/\/tzionlibreria.com\/index.php\/product\/ante-el-trono-de-la-gracia-john-macarthur\/","og_locale":"es_ES","og_type":"article","og_title":"Ante El Trono De La Gracia - John Macarthur - tzionlibreria.com","og_description":"Ante El Trono De La Gracia Un libro de oraciones La oraci\u00f3n es esencial para cada creyente.Nuestro Padre Celestial, el Se\u00f1or Todopoderoso, amorosamente nos llama a venir a \u00c9l con nuestras alabanzas, acciones de gracias y peticiones. \u00c9l nos invita atener una comuni\u00f3n \u00edntima con \u00c9l, y cuando nos acercamos, all\u00ed est\u00e1 \u00c9l.(Santiago 4; 8). [&hellip;]","og_url":"https:\/\/tzionlibreria.com\/index.php\/product\/ante-el-trono-de-la-gracia-john-macarthur\/","og_site_name":"tzionlibreria.com","article_modified_time":"2024-11-22T03:19:02+00:00","og_image":[{"width":1095,"height":981,"url":"http:\/\/tzionlibreria.com\/wp-content\/uploads\/2023\/10\/D_NQ_NP_2X_788205-MLV70535577672_072023-F.webp","type":"image\/webp"}],"twitter_card":"summary_large_image","twitter_misc":{"Tiempo de lectura":"2 minutos"},"schema":{"@context":"https:\/\/schema.org","@graph":[{"@type":"WebPage","@id":"https:\/\/tzionlibreria.com\/index.php\/product\/ante-el-trono-de-la-gracia-john-macarthur\/","url":"https:\/\/tzionlibreria.com\/index.php\/product\/ante-el-trono-de-la-gracia-john-macarthur\/","name":"Ante El Trono De La Gracia - John Macarthur - tzionlibreria.com","isPartOf":{"@id":"https:\/\/tzionlibreria.com\/#website"},"primaryImageOfPage":{"@id":"https:\/\/tzionlibreria.com\/index.php\/product\/ante-el-trono-de-la-gracia-john-macarthur\/#primaryimage"},"image":{"@id":"https:\/\/tzionlibreria.com\/index.php\/product\/ante-el-trono-de-la-gracia-john-macarthur\/#primaryimage"},"thumbnailUrl":"https:\/\/tzionlibreria.com\/wp-content\/uploads\/2023\/10\/D_NQ_NP_2X_788205-MLV70535577672_072023-F.webp","datePublished":"2023-10-07T12:50:20+00:00","dateModified":"2024-11-22T03:19:02+00:00","breadcrumb":{"@id":"https:\/\/tzionlibreria.com\/index.php\/product\/ante-el-trono-de-la-gracia-john-macarthur\/#breadcrumb"},"inLanguage":"es-CO","potentialAction":[{"@type":"ReadAction","target":["https:\/\/tzionlibreria.com\/index.php\/product\/ante-el-trono-de-la-gracia-john-macarthur\/"]}]},{"@type":"ImageObject","inLanguage":"es-CO","@id":"https:\/\/tzionlibreria.com\/index.php\/product\/ante-el-trono-de-la-gracia-john-macarthur\/#primaryimage","url":"https:\/\/tzionlibreria.com\/wp-content\/uploads\/2023\/10\/D_NQ_NP_2X_788205-MLV70535577672_072023-F.webp","contentUrl":"https:\/\/tzionlibreria.com\/wp-content\/uploads\/2023\/10\/D_NQ_NP_2X_788205-MLV70535577672_072023-F.webp","width":1095,"height":981},{"@type":"BreadcrumbList","@id":"https:\/\/tzionlibreria.com\/index.php\/product\/ante-el-trono-de-la-gracia-john-macarthur\/#breadcrumb","itemListElement":[{"@type":"ListItem","position":1,"name":"Inicio","item":"https:\/\/tzionlibreria.com\/"},{"@type":"ListItem","position":2,"name":"Shop","item":"https:\/\/tzionlibreria.com\/index.php\/shop\/"},{"@type":"ListItem","position":3,"name":"Ante El Trono De La Gracia &#8211; John Macarthur"}]},{"@type":"WebSite","@id":"https:\/\/tzionlibreria.com\/#website","url":"https:\/\/tzionlibreria.com\/","name":"tzionlibreria.com","description":"Libreria Cristiana Venezuela","publisher":{"@id":"https:\/\/tzionlibreria.com\/#organization"},"potentialAction":[{"@type":"SearchAction","target":{"@type":"EntryPoint","urlTemplate":"https:\/\/tzionlibreria.com\/?s={search_term_string}"},"query-input":{"@type":"PropertyValueSpecification","valueRequired":true,"valueName":"search_term_string"}}],"inLanguage":"es-CO"},{"@type":"Organization","@id":"https:\/\/tzionlibreria.com\/#organization","name":"tzionlibreria.com","url":"https:\/\/tzionlibreria.com\/","logo":{"@type":"ImageObject","inLanguage":"es-CO","@id":"https:\/\/tzionlibreria.com\/#\/schema\/logo\/image\/","url":"https:\/\/tzionlibreria.com\/wp-content\/uploads\/2023\/10\/cropped-Cuadricula-scaled-1.jpg","contentUrl":"https:\/\/tzionlibreria.com\/wp-content\/uploads\/2023\/10\/cropped-Cuadricula-scaled-1.jpg","width":2560,"height":2560,"caption":"tzionlibreria.com"},"image":{"@id":"https:\/\/tzionlibreria.com\/#\/schema\/logo\/image\/"}}]}},"jetpack_sharing_enabled":true,"_links":{"self":[{"href":"https:\/\/tzionlibreria.com\/index.php\/wp-json\/wp\/v2\/product\/703","targetHints":{"allow":["GET"]}}],"collection":[{"href":"https:\/\/tzionlibreria.com\/index.php\/wp-json\/wp\/v2\/product"}],"about":[{"href":"https:\/\/tzionlibreria.com\/index.php\/wp-json\/wp\/v2\/types\/product"}],"replies":[{"embeddable":true,"href":"https:\/\/tzionlibreria.com\/index.php\/wp-json\/wp\/v2\/comments?post=703"}],"wp:featuredmedia":[{"embeddable":true,"href":"https:\/\/tzionlibreria.com\/index.php\/wp-json\/wp\/v2\/media\/705"}],"wp:attachment":[{"href":"https:\/\/tzionlibreria.com\/index.php\/wp-json\/wp\/v2\/media?parent=703"}],"wp:term":[{"taxonomy":"product_brand","embeddable":true,"href":"https:\/\/tzionlibreria.com\/index.php\/wp-json\/wp\/v2\/product_brand?post=703"},{"taxonomy":"product_cat","embeddable":true,"href":"https:\/\/tzionlibreria.com\/index.php\/wp-json\/wp\/v2\/product_cat?post=703"},{"taxonomy":"product_tag","embeddable":true,"href":"https:\/\/tzionlibreria.com\/index.php\/wp-json\/wp\/v2\/product_tag?post=703"}],"curies":[{"name":"wp","href":"https:\/\/api.w.org\/{rel}","templated":true}]}}