{"id":7091,"date":"2026-03-04T15:20:46","date_gmt":"2026-03-04T15:20:46","guid":{"rendered":"https:\/\/tzionlibreria.com\/?post_type=product&#038;p=7091"},"modified":"2026-03-27T15:29:47","modified_gmt":"2026-03-27T15:29:47","slug":"biblia-de-promesas-ntv-para-ninos-tapa-dura","status":"publish","type":"product","link":"https:\/\/tzionlibreria.com\/index.php\/product\/biblia-de-promesas-ntv-para-ninos-tapa-dura\/","title":{"rendered":"Biblia de Promesas NTV Para ni\u00f1os Tapa dura"},"content":{"rendered":"<ul class=\"tabs wc-tabs\" role=\"tablist\">\n<li id=\"tab-title-description\" class=\"description_tab active\" role=\"presentation\"><a tabindex=\"0\" role=\"tab\" href=\"https:\/\/libreria247.com\/producto\/biblia-de-promesas-ntv-para-ninos-tapa-dura\/#tab-description\" aria-controls=\"tab-description\" aria-selected=\"true\"> Descripci\u00f3n <\/a><\/li>\n<li id=\"tab-title-reviews\" class=\"reviews_tab\" role=\"presentation\"><a tabindex=\"-1\" role=\"tab\" href=\"https:\/\/libreria247.com\/producto\/biblia-de-promesas-ntv-para-ninos-tapa-dura\/#tab-reviews\" aria-controls=\"tab-reviews\" aria-selected=\"false\"> Valoraciones (0) <\/a><\/li>\n<\/ul>\n<div id=\"tab-description\" class=\"woocommerce-Tabs-panel woocommerce-Tabs-panel--description panel entry-content wc-tab\" role=\"tabpanel\" aria-labelledby=\"tab-title-description\">\n<p class=\"a-text-bold\"><span class=\"a-text-bold\">Letra: 12.5 puntos<\/span><\/p>\n<p class=\"a-text-bold\"><span class=\"a-text-bold\">Lanzamiento DICIEMBRE 2025<\/span><\/p>\n<p>Ense\u00f1anzas s\u00f3lidas para los desaf\u00edos que enfrentan los ni\u00f1os hoy<\/p>\n<p>Presentamos la nueva\u00a0<span class=\"a-text-bold\">Biblia de Promesas para ni\u00f1os<\/span>\u00a0dise\u00f1ada especialmente para los preadolescentes de 9 a 12 a\u00f1os. 16 p\u00e1ginas con ilustraciones representativas de hombres admirablesde la Biblia, en el estilo y con los colores favoritos de esta edad.16 p\u00e1ginas de ense\u00f1anzas acerca de temas relevantes, escritas en un lenguaje claro y dise\u00f1adas tipo \u00abbloques\u00bb, lo que hace que la lectura sea m\u00e1s \u00e1gil.<\/p>\n<p>Cada ense\u00f1anza est\u00e1 relacionada a 16 hombres de la Biblia y ofrece respuestas b\u00edblicas claras y pr\u00e1cticas para los desaf\u00edos que enfrentan los ni\u00f1os en su d\u00eda a d\u00eda.<\/p>\n<p>Los temas presentados en las ense\u00f1anzas son:<\/p>\n<ul class=\"a-unordered-list a-vertical\">\n<li><span class=\"a-list-item\">Ad\u00e1n: Identidad de g\u00e9nero<\/span><\/li>\n<li><span class=\"a-list-item\">Abraham: Obediencia<\/span><\/li>\n<li><span class=\"a-list-item\">Jos\u00e9: Tentaciones<\/span><\/li>\n<li><span class=\"a-list-item\">Josu\u00e9: Liderazgo<\/span><\/li>\n<li><span class=\"a-list-item\">Gede\u00f3n: Autoestima y machismo<\/span><\/li>\n<li><span class=\"a-list-item\">David: \u00abBullying\u00bb<\/span><\/li>\n<li><span class=\"a-list-item\">Rey Jos\u00edas: Palabra de Dios como verdad absoluta<\/span><\/li>\n<li><span class=\"a-list-item\">Esdras: Disciplinas espirituales<\/span><\/li>\n<li><span class=\"a-list-item\">Nehem\u00edas: Mayordom\u00eda<\/span><\/li>\n<li><span class=\"a-list-item\">Daniel: Presi\u00f3n cultural<\/span><\/li>\n<li><span class=\"a-list-item\">Pedro: Dominio propio<\/span><\/li>\n<li><span class=\"a-list-item\">Nicodemo: Jes\u00fas el \u00fanico camino a salvaci\u00f3n<\/span><\/li>\n<li><span class=\"a-list-item\">Jes\u00fas: La soledad y las amistades<\/span><\/li>\n<li><span class=\"a-list-item\">Esteban: Temor<\/span><\/li>\n<li><span class=\"a-list-item\">Pablo: Prop\u00f3sito de vida<\/span><\/li>\n<li><span class=\"a-list-item\">Timoteo: Honra a los padres y mayores<\/span><\/li>\n<\/ul>\n<p>Esta Biblia de Promesas para ni\u00f1os incluye:<\/p>\n<ul class=\"a-unordered-list a-vertical\">\n<li><span class=\"a-list-item\">Vers\u00edculos clave para cada tema<\/span><\/li>\n<li><span class=\"a-list-item\">Preguntas y ejercicios pr\u00e1cticos al final de cada tema para una reflexi\u00f3n m\u00e1s profunda<\/span><\/li>\n<li><span class=\"a-list-item\">40 historias b\u00edblicas favoritas explicadas y con un vers\u00edculo para memorizar<\/span><\/li>\n<li><span class=\"a-list-item\">Plan de salvaci\u00f3n para los ni\u00f1os: \u00abJes\u00fas te quiere salvar\u00bb<\/span><\/li>\n<li><span class=\"a-list-item\">\u00abOtra manera de presentar el evangelio a los ni\u00f1os\u00bb<\/span><\/li>\n<\/ul>\n<p>Adem\u00e1s, en todas nuestras Biblias de Promesas, encontrar\u00e1s:<\/p>\n<ul class=\"a-unordered-list a-vertical\">\n<li><span class=\"a-list-item\">M\u00e1s de 1800 promesas y palabras de afirmaci\u00f3n marcadas en tono gris<\/span><\/li>\n<li><span class=\"a-list-item\">Secci\u00f3n de promesas por temas<\/span><\/li>\n<\/ul>\n<p>En una cultura llena de enga\u00f1os, \u00a1protejamos el coraz\u00f3n de nuestros ni\u00f1os preadolescentes con la verdad de la Palabra de Dios!<\/p>\n<\/div>\n","protected":false},"excerpt":{"rendered":"<p>Descripci\u00f3n Valoraciones (0) Letra: 12.5 puntos Lanzamiento DICIEMBRE 2025 Ense\u00f1anzas s\u00f3lidas para los desaf\u00edos que enfrentan los ni\u00f1os hoy Presentamos la nueva\u00a0Biblia de Promesas para ni\u00f1os\u00a0dise\u00f1ada especialmente para los preadolescentes de 9 a 12 a\u00f1os. 16 p\u00e1ginas con ilustraciones representativas de hombres admirablesde la Biblia, en el estilo y con los colores favoritos de esta [&hellip;]<\/p>\n","protected":false},"featured_media":7092,"comment_status":"open","ping_status":"closed","template":"","meta":{"om_disable_all_campaigns":false,"_monsterinsights_skip_tracking":false,"_monsterinsights_sitenote_active":false,"_monsterinsights_sitenote_note":"","_monsterinsights_sitenote_category":0,"site-sidebar-layout":"default","site-content-layout":"","ast-site-content-layout":"default","site-content-style":"default","site-sidebar-style":"default","ast-global-header-display":"","ast-banner-title-visibility":"","ast-main-header-display":"","ast-hfb-above-header-display":"","ast-hfb-below-header-display":"","ast-hfb-mobile-header-display":"","site-post-title":"","ast-breadcrumbs-content":"","ast-featured-img":"","footer-sml-layout":"","ast-disable-related-posts":"","theme-transparent-header-meta":"default","adv-header-id-meta":"","stick-header-meta":"","header-above-stick-meta":"","header-main-stick-meta":"","header-below-stick-meta":"","astra-migrate-meta-layouts":"set","ast-page-background-enabled":"default","ast-page-background-meta":{"desktop":{"background-color":"var(--ast-global-color-4)","background-image":"","background-repeat":"repeat","background-position":"center center","background-size":"auto","background-attachment":"scroll","background-type":"","background-media":"","overlay-type":"","overlay-color":"","overlay-opacity":"","overlay-gradient":""},"tablet":{"background-color":"","background-image":"","background-repeat":"repeat","background-position":"center center","background-size":"auto","background-attachment":"scroll","background-type":"","background-media":"","overlay-type":"","overlay-color":"","overlay-opacity":"","overlay-gradient":""},"mobile":{"background-color":"","background-image":"","background-repeat":"repeat","background-position":"center center","background-size":"auto","background-attachment":"scroll","background-type":"","background-media":"","overlay-type":"","overlay-color":"","overlay-opacity":"","overlay-gradient":""}},"ast-content-background-meta":{"desktop":{"background-color":"var(--ast-global-color-5)","background-image":"","background-repeat":"repeat","background-position":"center center","background-size":"auto","background-attachment":"scroll","background-type":"","background-media":"","overlay-type":"","overlay-color":"","overlay-opacity":"","overlay-gradient":""},"tablet":{"background-color":"var(--ast-global-color-5)","background-image":"","background-repeat":"repeat","background-position":"center center","background-size":"auto","background-attachment":"scroll","background-type":"","background-media":"","overlay-type":"","overlay-color":"","overlay-opacity":"","overlay-gradient":""},"mobile":{"background-color":"var(--ast-global-color-5)","background-image":"","background-repeat":"repeat","background-position":"center center","background-size":"auto","background-attachment":"scroll","background-type":"","background-media":"","overlay-type":"","overlay-color":"","overlay-opacity":"","overlay-gradient":""}}},"product_brand":[],"product_cat":[312,22,38,31],"product_tag":[],"class_list":{"0":"post-7091","1":"product","2":"type-product","3":"status-publish","4":"has-post-thumbnail","6":"product_cat-biblia-de-promesas","7":"product_cat-biblias","8":"product_cat-biblias-de-ninos","9":"product_cat-biblias-ntv","10":"desktop-align-left","11":"tablet-align-left","12":"mobile-align-left","14":"first","15":"instock","16":"shipping-taxable","17":"purchasable","18":"product-type-simple"},"yoast_head":"<!-- This site is optimized with the Yoast SEO plugin v27.4 - https:\/\/yoast.com\/product\/yoast-seo-wordpress\/ -->\n<title>Biblia de Promesas NTV Para ni\u00f1os Tapa dura - tzionlibreria.com<\/title>\n<meta name=\"robots\" content=\"index, follow, max-snippet:-1, max-image-preview:large, max-video-preview:-1\" \/>\n<link rel=\"canonical\" href=\"https:\/\/tzionlibreria.com\/index.php\/product\/biblia-de-promesas-ntv-para-ninos-tapa-dura\/\" \/>\n<meta property=\"og:locale\" content=\"es_ES\" \/>\n<meta property=\"og:type\" content=\"article\" \/>\n<meta property=\"og:title\" content=\"Biblia de Promesas NTV Para ni\u00f1os Tapa dura - tzionlibreria.com\" \/>\n<meta property=\"og:description\" content=\"Descripci\u00f3n Valoraciones (0) Letra: 12.5 puntos Lanzamiento DICIEMBRE 2025 Ense\u00f1anzas s\u00f3lidas para los desaf\u00edos que enfrentan los ni\u00f1os hoy Presentamos la nueva\u00a0Biblia de Promesas para ni\u00f1os\u00a0dise\u00f1ada especialmente para los preadolescentes de 9 a 12 a\u00f1os. 16 p\u00e1ginas con ilustraciones representativas de hombres admirablesde la Biblia, en el estilo y con los colores favoritos de esta [&hellip;]\" \/>\n<meta property=\"og:url\" content=\"https:\/\/tzionlibreria.com\/index.php\/product\/biblia-de-promesas-ntv-para-ninos-tapa-dura\/\" \/>\n<meta property=\"og:site_name\" content=\"tzionlibreria.com\" \/>\n<meta property=\"article:modified_time\" content=\"2026-03-27T15:29:47+00:00\" \/>\n<meta property=\"og:image\" content=\"http:\/\/tzionlibreria.com\/wp-content\/uploads\/2026\/03\/9780789928757.jpg\" \/>\n\t<meta property=\"og:image:width\" content=\"1200\" \/>\n\t<meta property=\"og:image:height\" content=\"1200\" \/>\n\t<meta property=\"og:image:type\" content=\"image\/jpeg\" \/>\n<meta name=\"twitter:card\" content=\"summary_large_image\" \/>\n<meta name=\"twitter:label1\" content=\"Tiempo de lectura\" \/>\n\t<meta name=\"twitter:data1\" content=\"2 minutos\" \/>\n<script type=\"application\/ld+json\" class=\"yoast-schema-graph\">{\"@context\":\"https:\\\/\\\/schema.org\",\"@graph\":[{\"@type\":\"WebPage\",\"@id\":\"https:\\\/\\\/tzionlibreria.com\\\/index.php\\\/product\\\/biblia-de-promesas-ntv-para-ninos-tapa-dura\\\/\",\"url\":\"https:\\\/\\\/tzionlibreria.com\\\/index.php\\\/product\\\/biblia-de-promesas-ntv-para-ninos-tapa-dura\\\/\",\"name\":\"Biblia de Promesas NTV Para ni\u00f1os Tapa dura - tzionlibreria.com\",\"isPartOf\":{\"@id\":\"https:\\\/\\\/tzionlibreria.com\\\/#website\"},\"primaryImageOfPage\":{\"@id\":\"https:\\\/\\\/tzionlibreria.com\\\/index.php\\\/product\\\/biblia-de-promesas-ntv-para-ninos-tapa-dura\\\/#primaryimage\"},\"image\":{\"@id\":\"https:\\\/\\\/tzionlibreria.com\\\/index.php\\\/product\\\/biblia-de-promesas-ntv-para-ninos-tapa-dura\\\/#primaryimage\"},\"thumbnailUrl\":\"https:\\\/\\\/tzionlibreria.com\\\/wp-content\\\/uploads\\\/2026\\\/03\\\/9780789928757.jpg\",\"datePublished\":\"2026-03-04T15:20:46+00:00\",\"dateModified\":\"2026-03-27T15:29:47+00:00\",\"breadcrumb\":{\"@id\":\"https:\\\/\\\/tzionlibreria.com\\\/index.php\\\/product\\\/biblia-de-promesas-ntv-para-ninos-tapa-dura\\\/#breadcrumb\"},\"inLanguage\":\"es-CO\",\"potentialAction\":[{\"@type\":\"ReadAction\",\"target\":[\"https:\\\/\\\/tzionlibreria.com\\\/index.php\\\/product\\\/biblia-de-promesas-ntv-para-ninos-tapa-dura\\\/\"]}]},{\"@type\":\"ImageObject\",\"inLanguage\":\"es-CO\",\"@id\":\"https:\\\/\\\/tzionlibreria.com\\\/index.php\\\/product\\\/biblia-de-promesas-ntv-para-ninos-tapa-dura\\\/#primaryimage\",\"url\":\"https:\\\/\\\/tzionlibreria.com\\\/wp-content\\\/uploads\\\/2026\\\/03\\\/9780789928757.jpg\",\"contentUrl\":\"https:\\\/\\\/tzionlibreria.com\\\/wp-content\\\/uploads\\\/2026\\\/03\\\/9780789928757.jpg\",\"width\":1200,\"height\":1200},{\"@type\":\"BreadcrumbList\",\"@id\":\"https:\\\/\\\/tzionlibreria.com\\\/index.php\\\/product\\\/biblia-de-promesas-ntv-para-ninos-tapa-dura\\\/#breadcrumb\",\"itemListElement\":[{\"@type\":\"ListItem\",\"position\":1,\"name\":\"Inicio\",\"item\":\"https:\\\/\\\/tzionlibreria.com\\\/\"},{\"@type\":\"ListItem\",\"position\":2,\"name\":\"Shop\",\"item\":\"https:\\\/\\\/tzionlibreria.com\\\/index.php\\\/shop\\\/\"},{\"@type\":\"ListItem\",\"position\":3,\"name\":\"Biblia de Promesas NTV Para ni\u00f1os Tapa dura\"}]},{\"@type\":\"WebSite\",\"@id\":\"https:\\\/\\\/tzionlibreria.com\\\/#website\",\"url\":\"https:\\\/\\\/tzionlibreria.com\\\/\",\"name\":\"tzionlibreria.com\",\"description\":\"Libreria Cristiana Venezuela\",\"publisher\":{\"@id\":\"https:\\\/\\\/tzionlibreria.com\\\/#organization\"},\"potentialAction\":[{\"@type\":\"SearchAction\",\"target\":{\"@type\":\"EntryPoint\",\"urlTemplate\":\"https:\\\/\\\/tzionlibreria.com\\\/?s={search_term_string}\"},\"query-input\":{\"@type\":\"PropertyValueSpecification\",\"valueRequired\":true,\"valueName\":\"search_term_string\"}}],\"inLanguage\":\"es-CO\"},{\"@type\":\"Organization\",\"@id\":\"https:\\\/\\\/tzionlibreria.com\\\/#organization\",\"name\":\"tzionlibreria.com\",\"url\":\"https:\\\/\\\/tzionlibreria.com\\\/\",\"logo\":{\"@type\":\"ImageObject\",\"inLanguage\":\"es-CO\",\"@id\":\"https:\\\/\\\/tzionlibreria.com\\\/#\\\/schema\\\/logo\\\/image\\\/\",\"url\":\"https:\\\/\\\/tzionlibreria.com\\\/wp-content\\\/uploads\\\/2023\\\/10\\\/cropped-Cuadricula-scaled-1.jpg\",\"contentUrl\":\"https:\\\/\\\/tzionlibreria.com\\\/wp-content\\\/uploads\\\/2023\\\/10\\\/cropped-Cuadricula-scaled-1.jpg\",\"width\":2560,\"height\":2560,\"caption\":\"tzionlibreria.com\"},\"image\":{\"@id\":\"https:\\\/\\\/tzionlibreria.com\\\/#\\\/schema\\\/logo\\\/image\\\/\"}}]}<\/script>\n<!-- \/ Yoast SEO plugin. -->","yoast_head_json":{"title":"Biblia de Promesas NTV Para ni\u00f1os Tapa dura - tzionlibreria.com","robots":{"index":"index","follow":"follow","max-snippet":"max-snippet:-1","max-image-preview":"max-image-preview:large","max-video-preview":"max-video-preview:-1"},"canonical":"https:\/\/tzionlibreria.com\/index.php\/product\/biblia-de-promesas-ntv-para-ninos-tapa-dura\/","og_locale":"es_ES","og_type":"article","og_title":"Biblia de Promesas NTV Para ni\u00f1os Tapa dura - tzionlibreria.com","og_description":"Descripci\u00f3n Valoraciones (0) Letra: 12.5 puntos Lanzamiento DICIEMBRE 2025 Ense\u00f1anzas s\u00f3lidas para los desaf\u00edos que enfrentan los ni\u00f1os hoy Presentamos la nueva\u00a0Biblia de Promesas para ni\u00f1os\u00a0dise\u00f1ada especialmente para los preadolescentes de 9 a 12 a\u00f1os. 16 p\u00e1ginas con ilustraciones representativas de hombres admirablesde la Biblia, en el estilo y con los colores favoritos de esta [&hellip;]","og_url":"https:\/\/tzionlibreria.com\/index.php\/product\/biblia-de-promesas-ntv-para-ninos-tapa-dura\/","og_site_name":"tzionlibreria.com","article_modified_time":"2026-03-27T15:29:47+00:00","og_image":[{"width":1200,"height":1200,"url":"http:\/\/tzionlibreria.com\/wp-content\/uploads\/2026\/03\/9780789928757.jpg","type":"image\/jpeg"}],"twitter_card":"summary_large_image","twitter_misc":{"Tiempo de lectura":"2 minutos"},"schema":{"@context":"https:\/\/schema.org","@graph":[{"@type":"WebPage","@id":"https:\/\/tzionlibreria.com\/index.php\/product\/biblia-de-promesas-ntv-para-ninos-tapa-dura\/","url":"https:\/\/tzionlibreria.com\/index.php\/product\/biblia-de-promesas-ntv-para-ninos-tapa-dura\/","name":"Biblia de Promesas NTV Para ni\u00f1os Tapa dura - tzionlibreria.com","isPartOf":{"@id":"https:\/\/tzionlibreria.com\/#website"},"primaryImageOfPage":{"@id":"https:\/\/tzionlibreria.com\/index.php\/product\/biblia-de-promesas-ntv-para-ninos-tapa-dura\/#primaryimage"},"image":{"@id":"https:\/\/tzionlibreria.com\/index.php\/product\/biblia-de-promesas-ntv-para-ninos-tapa-dura\/#primaryimage"},"thumbnailUrl":"https:\/\/tzionlibreria.com\/wp-content\/uploads\/2026\/03\/9780789928757.jpg","datePublished":"2026-03-04T15:20:46+00:00","dateModified":"2026-03-27T15:29:47+00:00","breadcrumb":{"@id":"https:\/\/tzionlibreria.com\/index.php\/product\/biblia-de-promesas-ntv-para-ninos-tapa-dura\/#breadcrumb"},"inLanguage":"es-CO","potentialAction":[{"@type":"ReadAction","target":["https:\/\/tzionlibreria.com\/index.php\/product\/biblia-de-promesas-ntv-para-ninos-tapa-dura\/"]}]},{"@type":"ImageObject","inLanguage":"es-CO","@id":"https:\/\/tzionlibreria.com\/index.php\/product\/biblia-de-promesas-ntv-para-ninos-tapa-dura\/#primaryimage","url":"https:\/\/tzionlibreria.com\/wp-content\/uploads\/2026\/03\/9780789928757.jpg","contentUrl":"https:\/\/tzionlibreria.com\/wp-content\/uploads\/2026\/03\/9780789928757.jpg","width":1200,"height":1200},{"@type":"BreadcrumbList","@id":"https:\/\/tzionlibreria.com\/index.php\/product\/biblia-de-promesas-ntv-para-ninos-tapa-dura\/#breadcrumb","itemListElement":[{"@type":"ListItem","position":1,"name":"Inicio","item":"https:\/\/tzionlibreria.com\/"},{"@type":"ListItem","position":2,"name":"Shop","item":"https:\/\/tzionlibreria.com\/index.php\/shop\/"},{"@type":"ListItem","position":3,"name":"Biblia de Promesas NTV Para ni\u00f1os Tapa dura"}]},{"@type":"WebSite","@id":"https:\/\/tzionlibreria.com\/#website","url":"https:\/\/tzionlibreria.com\/","name":"tzionlibreria.com","description":"Libreria Cristiana Venezuela","publisher":{"@id":"https:\/\/tzionlibreria.com\/#organization"},"potentialAction":[{"@type":"SearchAction","target":{"@type":"EntryPoint","urlTemplate":"https:\/\/tzionlibreria.com\/?s={search_term_string}"},"query-input":{"@type":"PropertyValueSpecification","valueRequired":true,"valueName":"search_term_string"}}],"inLanguage":"es-CO"},{"@type":"Organization","@id":"https:\/\/tzionlibreria.com\/#organization","name":"tzionlibreria.com","url":"https:\/\/tzionlibreria.com\/","logo":{"@type":"ImageObject","inLanguage":"es-CO","@id":"https:\/\/tzionlibreria.com\/#\/schema\/logo\/image\/","url":"https:\/\/tzionlibreria.com\/wp-content\/uploads\/2023\/10\/cropped-Cuadricula-scaled-1.jpg","contentUrl":"https:\/\/tzionlibreria.com\/wp-content\/uploads\/2023\/10\/cropped-Cuadricula-scaled-1.jpg","width":2560,"height":2560,"caption":"tzionlibreria.com"},"image":{"@id":"https:\/\/tzionlibreria.com\/#\/schema\/logo\/image\/"}}]}},"jetpack_sharing_enabled":true,"_links":{"self":[{"href":"https:\/\/tzionlibreria.com\/index.php\/wp-json\/wp\/v2\/product\/7091","targetHints":{"allow":["GET"]}}],"collection":[{"href":"https:\/\/tzionlibreria.com\/index.php\/wp-json\/wp\/v2\/product"}],"about":[{"href":"https:\/\/tzionlibreria.com\/index.php\/wp-json\/wp\/v2\/types\/product"}],"replies":[{"embeddable":true,"href":"https:\/\/tzionlibreria.com\/index.php\/wp-json\/wp\/v2\/comments?post=7091"}],"wp:featuredmedia":[{"embeddable":true,"href":"https:\/\/tzionlibreria.com\/index.php\/wp-json\/wp\/v2\/media\/7092"}],"wp:attachment":[{"href":"https:\/\/tzionlibreria.com\/index.php\/wp-json\/wp\/v2\/media?parent=7091"}],"wp:term":[{"taxonomy":"product_brand","embeddable":true,"href":"https:\/\/tzionlibreria.com\/index.php\/wp-json\/wp\/v2\/product_brand?post=7091"},{"taxonomy":"product_cat","embeddable":true,"href":"https:\/\/tzionlibreria.com\/index.php\/wp-json\/wp\/v2\/product_cat?post=7091"},{"taxonomy":"product_tag","embeddable":true,"href":"https:\/\/tzionlibreria.com\/index.php\/wp-json\/wp\/v2\/product_tag?post=7091"}],"curies":[{"name":"wp","href":"https:\/\/api.w.org\/{rel}","templated":true}]}}