{"id":7186,"date":"2026-03-09T18:47:31","date_gmt":"2026-03-09T18:47:31","guid":{"rendered":"https:\/\/tzionlibreria.com\/?post_type=product&#038;p=7186"},"modified":"2026-03-09T18:59:28","modified_gmt":"2026-03-09T18:59:28","slug":"no-temas-yo-te-ayudo-capitulo-4-0-yo-te-ayudo","status":"publish","type":"product","link":"https:\/\/tzionlibreria.com\/index.php\/product\/no-temas-yo-te-ayudo-capitulo-4-0-yo-te-ayudo\/","title":{"rendered":"No temas: Yo te ayudo Cap\u00edtulo 4.0 \u2013 Yo te ayudo"},"content":{"rendered":"<ul class=\"tabs wc-tabs\" role=\"tablist\">\n<li id=\"tab-title-description\" class=\"description_tab active\" role=\"presentation\"><a tabindex=\"0\" role=\"tab\" href=\"https:\/\/libreria247.com\/producto\/cartilla-comic-yo-te-ayudo-vol-4-serie-no-temas-tla780p\/#tab-description\" aria-controls=\"tab-description\" aria-selected=\"true\"> Descripci\u00f3n <\/a><\/li>\n<\/ul>\n<div id=\"tab-description\" class=\"woocommerce-Tabs-panel woocommerce-Tabs-panel--description panel entry-content wc-tab\" role=\"tabpanel\" aria-labelledby=\"tab-title-description\">\n<h2 data-start=\"78\" data-end=\"127\"><img decoding=\"async\" class=\"emoji\" role=\"img\" draggable=\"false\" src=\"https:\/\/s.w.org\/images\/core\/emoji\/17.0.2\/svg\/1f4d5.svg\" alt=\"\ud83d\udcd5\" \/> <strong data-start=\"84\" data-end=\"125\"><span class=\"hover:entity-accent entity-underline inline cursor-pointer align-baseline\"><span class=\"whitespace-normal\">No temas 4.0: Yo te ayudo<\/span><\/span><\/strong><\/h2>\n<p data-start=\"128\" data-end=\"158\"><strong data-start=\"128\" data-end=\"158\">Cap\u00edtulo 4.0 \u2013 Yo te ayudo<\/strong><\/p>\n<h3 data-start=\"160\" data-end=\"187\"><img decoding=\"async\" class=\"emoji\" role=\"img\" draggable=\"false\" src=\"https:\/\/s.w.org\/images\/core\/emoji\/17.0.2\/svg\/1f526.svg\" alt=\"\ud83d\udd26\" \/> Cuando el camino parece oscuro y las mentiras intentan confundir, <strong data-start=\"255\" data-end=\"299\">la luz de la Palabra de Dios se enciende<\/strong>.<\/h3>\n<p>&nbsp;<\/p>\n<p data-start=\"302\" data-end=\"561\">En <strong data-start=\"305\" data-end=\"334\">No temas 4.0: Yo te ayudo<\/strong>, Sama descubre que no tiene que luchar solo. En este cap\u00edtulo, conoce el <strong data-start=\"408\" data-end=\"449\">poder de la Luz de la Palabra de Dios<\/strong>, una verdad viva que desenmascara las mentiras del enemigo y se convierte en <strong data-start=\"527\" data-end=\"560\">l\u00e1mpara que alumbra su camino<\/strong>.<\/p>\n<p data-start=\"563\" data-end=\"865\">A trav\u00e9s de una narrativa visual intensa y simb\u00f3lica, este c\u00f3mic ense\u00f1a a ni\u00f1os y j\u00f3venes que Dios no solo da fuerzas, sino que <strong data-start=\"691\" data-end=\"717\">acompa\u00f1a, gu\u00eda y ayuda<\/strong> en cada paso. La historia invita al lector a confiar en que, aun en medio de la confusi\u00f3n, la verdad de Dios siempre muestra la direcci\u00f3n correcta.<\/p>\n<hr data-start=\"867\" data-end=\"870\" \/>\n<h3 data-start=\"872\" data-end=\"898\"><img decoding=\"async\" class=\"emoji\" role=\"img\" draggable=\"false\" src=\"https:\/\/s.w.org\/images\/core\/emoji\/17.0.2\/svg\/2b50.svg\" alt=\"\u2b50\" \/> Beneficios del c\u00f3mic<\/h3>\n<ul data-start=\"900\" data-end=\"1253\">\n<li data-start=\"900\" data-end=\"961\">\n<p data-start=\"902\" data-end=\"961\">Ense\u00f1a el poder de la <strong data-start=\"924\" data-end=\"959\">Palabra de Dios como luz y gu\u00eda<\/strong><\/p>\n<\/li>\n<li data-start=\"962\" data-end=\"1037\">\n<p data-start=\"964\" data-end=\"1037\">Ayuda a identificar y vencer <strong data-start=\"993\" data-end=\"1035\">mentiras, dudas y confusi\u00f3n espiritual<\/strong><\/p>\n<\/li>\n<li data-start=\"1038\" data-end=\"1107\">\n<p data-start=\"1040\" data-end=\"1107\">Refuerza la idea de que <strong data-start=\"1064\" data-end=\"1105\">Dios ayuda y acompa\u00f1a en todo momento<\/strong><\/p>\n<\/li>\n<li data-start=\"1108\" data-end=\"1182\">\n<p data-start=\"1110\" data-end=\"1182\">Ideal para <strong data-start=\"1121\" data-end=\"1180\">discipulado juvenil, ense\u00f1anza b\u00edblica y lectura guiada<\/strong><\/p>\n<\/li>\n<li data-start=\"1183\" data-end=\"1253\">\n<p data-start=\"1185\" data-end=\"1253\">Contin\u00faa el desarrollo espiritual progresivo de la saga <em data-start=\"1241\" data-end=\"1251\">No temas<\/em><\/p>\n<\/li>\n<\/ul>\n<hr data-start=\"1255\" data-end=\"1258\" \/>\n<h3 data-start=\"1260\" data-end=\"1285\"><img decoding=\"async\" class=\"emoji\" role=\"img\" draggable=\"false\" src=\"https:\/\/s.w.org\/images\/core\/emoji\/17.0.2\/svg\/1f466.svg\" alt=\"\ud83d\udc66\" \/><img decoding=\"async\" class=\"emoji\" role=\"img\" draggable=\"false\" src=\"https:\/\/s.w.org\/images\/core\/emoji\/17.0.2\/svg\/1f467.svg\" alt=\"\ud83d\udc67\" \/> Edad recomendada<\/h3>\n<p data-start=\"1287\" data-end=\"1419\"><strong data-start=\"1287\" data-end=\"1305\">De 9 a 15 a\u00f1os<\/strong><br data-start=\"1305\" data-end=\"1308\" \/>Recomendado para lectura individual o acompa\u00f1ada por padres, l\u00edderes juveniles y maestros de escuela dominical.<\/p>\n<hr data-start=\"1421\" data-end=\"1424\" \/>\n<h3 data-start=\"1426\" data-end=\"1446\"><\/h3>\n<ul data-start=\"1448\" data-end=\"1609\">\n<li data-start=\"1448\" data-end=\"1475\">\n<p data-start=\"1450\" data-end=\"1475\"><strong data-start=\"1450\" data-end=\"1459\">ISBN:<\/strong> 9789587457018<\/p>\n<\/li>\n<li data-start=\"1476\" data-end=\"1513\">\n<p data-start=\"1478\" data-end=\"1513\"><strong data-start=\"1478\" data-end=\"1500\">N\u00famero de p\u00e1ginas:<\/strong> 28 p\u00e1ginas<\/p>\n<\/li>\n<li data-start=\"1514\" data-end=\"1545\">\n<p data-start=\"1516\" data-end=\"1545\"><strong data-start=\"1516\" data-end=\"1526\">Papel:<\/strong> Propalcote 15 gr<\/p>\n<\/li>\n<li data-start=\"1546\" data-end=\"1571\">\n<p data-start=\"1548\" data-end=\"1571\"><strong data-start=\"1548\" data-end=\"1561\">Cubierta:<\/strong> R\u00fastica<\/p>\n<\/li>\n<li data-start=\"1572\" data-end=\"1609\">\n<p data-start=\"1574\" data-end=\"1609\"><strong data-start=\"1574\" data-end=\"1590\">Dimensiones:<\/strong> 17 x 26 x 0.5 cm<\/p>\n<\/li>\n<\/ul>\n<\/div>\n","protected":false},"excerpt":{"rendered":"<p>Descripci\u00f3n No temas 4.0: Yo te ayudo Cap\u00edtulo 4.0 \u2013 Yo te ayudo Cuando el camino parece oscuro y las mentiras intentan confundir, la luz de la Palabra de Dios se enciende. &nbsp; En No temas 4.0: Yo te ayudo, Sama descubre que no tiene que luchar solo. En este cap\u00edtulo, conoce el poder de [&hellip;]<\/p>\n","protected":false},"featured_media":7187,"comment_status":"open","ping_status":"closed","template":"","meta":{"om_disable_all_campaigns":false,"_monsterinsights_skip_tracking":false,"_monsterinsights_sitenote_active":false,"_monsterinsights_sitenote_note":"","_monsterinsights_sitenote_category":0,"site-sidebar-layout":"default","site-content-layout":"","ast-site-content-layout":"default","site-content-style":"default","site-sidebar-style":"default","ast-global-header-display":"","ast-banner-title-visibility":"","ast-main-header-display":"","ast-hfb-above-header-display":"","ast-hfb-below-header-display":"","ast-hfb-mobile-header-display":"","site-post-title":"","ast-breadcrumbs-content":"","ast-featured-img":"","footer-sml-layout":"","ast-disable-related-posts":"","theme-transparent-header-meta":"default","adv-header-id-meta":"","stick-header-meta":"","header-above-stick-meta":"","header-main-stick-meta":"","header-below-stick-meta":"","astra-migrate-meta-layouts":"set","ast-page-background-enabled":"default","ast-page-background-meta":{"desktop":{"background-color":"var(--ast-global-color-4)","background-image":"","background-repeat":"repeat","background-position":"center center","background-size":"auto","background-attachment":"scroll","background-type":"","background-media":"","overlay-type":"","overlay-color":"","overlay-opacity":"","overlay-gradient":""},"tablet":{"background-color":"","background-image":"","background-repeat":"repeat","background-position":"center center","background-size":"auto","background-attachment":"scroll","background-type":"","background-media":"","overlay-type":"","overlay-color":"","overlay-opacity":"","overlay-gradient":""},"mobile":{"background-color":"","background-image":"","background-repeat":"repeat","background-position":"center center","background-size":"auto","background-attachment":"scroll","background-type":"","background-media":"","overlay-type":"","overlay-color":"","overlay-opacity":"","overlay-gradient":""}},"ast-content-background-meta":{"desktop":{"background-color":"var(--ast-global-color-5)","background-image":"","background-repeat":"repeat","background-position":"center center","background-size":"auto","background-attachment":"scroll","background-type":"","background-media":"","overlay-type":"","overlay-color":"","overlay-opacity":"","overlay-gradient":""},"tablet":{"background-color":"var(--ast-global-color-5)","background-image":"","background-repeat":"repeat","background-position":"center center","background-size":"auto","background-attachment":"scroll","background-type":"","background-media":"","overlay-type":"","overlay-color":"","overlay-opacity":"","overlay-gradient":""},"mobile":{"background-color":"var(--ast-global-color-5)","background-image":"","background-repeat":"repeat","background-position":"center center","background-size":"auto","background-attachment":"scroll","background-type":"","background-media":"","overlay-type":"","overlay-color":"","overlay-opacity":"","overlay-gradient":""}}},"product_brand":[],"product_cat":[25,23,209],"product_tag":[],"class_list":{"0":"post-7186","1":"product","2":"type-product","3":"status-publish","4":"has-post-thumbnail","6":"product_cat-kids","7":"product_cat-libros","8":"product_cat-libros-kids","9":"desktop-align-left","10":"tablet-align-left","11":"mobile-align-left","13":"first","14":"instock","15":"shipping-taxable","16":"purchasable","17":"product-type-simple"},"yoast_head":"<!-- This site is optimized with the Yoast SEO plugin v27.4 - https:\/\/yoast.com\/product\/yoast-seo-wordpress\/ -->\n<title>No temas: Yo te ayudo Cap\u00edtulo 4.0 \u2013 Yo te ayudo - tzionlibreria.com<\/title>\n<meta name=\"robots\" content=\"index, follow, max-snippet:-1, max-image-preview:large, max-video-preview:-1\" \/>\n<link rel=\"canonical\" href=\"https:\/\/tzionlibreria.com\/index.php\/product\/no-temas-yo-te-ayudo-capitulo-4-0-yo-te-ayudo\/\" \/>\n<meta property=\"og:locale\" content=\"es_ES\" \/>\n<meta property=\"og:type\" content=\"article\" \/>\n<meta property=\"og:title\" content=\"No temas: Yo te ayudo Cap\u00edtulo 4.0 \u2013 Yo te ayudo - tzionlibreria.com\" \/>\n<meta property=\"og:description\" content=\"Descripci\u00f3n No temas 4.0: Yo te ayudo Cap\u00edtulo 4.0 \u2013 Yo te ayudo Cuando el camino parece oscuro y las mentiras intentan confundir, la luz de la Palabra de Dios se enciende. &nbsp; En No temas 4.0: Yo te ayudo, Sama descubre que no tiene que luchar solo. En este cap\u00edtulo, conoce el poder de [&hellip;]\" \/>\n<meta property=\"og:url\" content=\"https:\/\/tzionlibreria.com\/index.php\/product\/no-temas-yo-te-ayudo-capitulo-4-0-yo-te-ayudo\/\" \/>\n<meta property=\"og:site_name\" content=\"tzionlibreria.com\" \/>\n<meta property=\"article:modified_time\" content=\"2026-03-09T18:59:28+00:00\" \/>\n<meta property=\"og:image\" content=\"http:\/\/tzionlibreria.com\/wp-content\/uploads\/2026\/03\/4.png\" \/>\n\t<meta property=\"og:image:width\" content=\"1080\" \/>\n\t<meta property=\"og:image:height\" content=\"1080\" \/>\n\t<meta property=\"og:image:type\" content=\"image\/png\" \/>\n<meta name=\"twitter:card\" content=\"summary_large_image\" \/>\n<meta name=\"twitter:label1\" content=\"Tiempo de lectura\" \/>\n\t<meta name=\"twitter:data1\" content=\"3 minutos\" \/>\n<script type=\"application\/ld+json\" class=\"yoast-schema-graph\">{\"@context\":\"https:\\\/\\\/schema.org\",\"@graph\":[{\"@type\":\"WebPage\",\"@id\":\"https:\\\/\\\/tzionlibreria.com\\\/index.php\\\/product\\\/no-temas-yo-te-ayudo-capitulo-4-0-yo-te-ayudo\\\/\",\"url\":\"https:\\\/\\\/tzionlibreria.com\\\/index.php\\\/product\\\/no-temas-yo-te-ayudo-capitulo-4-0-yo-te-ayudo\\\/\",\"name\":\"No temas: Yo te ayudo Cap\u00edtulo 4.0 \u2013 Yo te ayudo - tzionlibreria.com\",\"isPartOf\":{\"@id\":\"https:\\\/\\\/tzionlibreria.com\\\/#website\"},\"primaryImageOfPage\":{\"@id\":\"https:\\\/\\\/tzionlibreria.com\\\/index.php\\\/product\\\/no-temas-yo-te-ayudo-capitulo-4-0-yo-te-ayudo\\\/#primaryimage\"},\"image\":{\"@id\":\"https:\\\/\\\/tzionlibreria.com\\\/index.php\\\/product\\\/no-temas-yo-te-ayudo-capitulo-4-0-yo-te-ayudo\\\/#primaryimage\"},\"thumbnailUrl\":\"https:\\\/\\\/tzionlibreria.com\\\/wp-content\\\/uploads\\\/2026\\\/03\\\/4.png\",\"datePublished\":\"2026-03-09T18:47:31+00:00\",\"dateModified\":\"2026-03-09T18:59:28+00:00\",\"breadcrumb\":{\"@id\":\"https:\\\/\\\/tzionlibreria.com\\\/index.php\\\/product\\\/no-temas-yo-te-ayudo-capitulo-4-0-yo-te-ayudo\\\/#breadcrumb\"},\"inLanguage\":\"es-CO\",\"potentialAction\":[{\"@type\":\"ReadAction\",\"target\":[\"https:\\\/\\\/tzionlibreria.com\\\/index.php\\\/product\\\/no-temas-yo-te-ayudo-capitulo-4-0-yo-te-ayudo\\\/\"]}]},{\"@type\":\"ImageObject\",\"inLanguage\":\"es-CO\",\"@id\":\"https:\\\/\\\/tzionlibreria.com\\\/index.php\\\/product\\\/no-temas-yo-te-ayudo-capitulo-4-0-yo-te-ayudo\\\/#primaryimage\",\"url\":\"https:\\\/\\\/tzionlibreria.com\\\/wp-content\\\/uploads\\\/2026\\\/03\\\/4.png\",\"contentUrl\":\"https:\\\/\\\/tzionlibreria.com\\\/wp-content\\\/uploads\\\/2026\\\/03\\\/4.png\",\"width\":1080,\"height\":1080},{\"@type\":\"BreadcrumbList\",\"@id\":\"https:\\\/\\\/tzionlibreria.com\\\/index.php\\\/product\\\/no-temas-yo-te-ayudo-capitulo-4-0-yo-te-ayudo\\\/#breadcrumb\",\"itemListElement\":[{\"@type\":\"ListItem\",\"position\":1,\"name\":\"Inicio\",\"item\":\"https:\\\/\\\/tzionlibreria.com\\\/\"},{\"@type\":\"ListItem\",\"position\":2,\"name\":\"Shop\",\"item\":\"https:\\\/\\\/tzionlibreria.com\\\/index.php\\\/shop\\\/\"},{\"@type\":\"ListItem\",\"position\":3,\"name\":\"No temas: Yo te ayudo Cap\u00edtulo 4.0 \u2013 Yo te ayudo\"}]},{\"@type\":\"WebSite\",\"@id\":\"https:\\\/\\\/tzionlibreria.com\\\/#website\",\"url\":\"https:\\\/\\\/tzionlibreria.com\\\/\",\"name\":\"tzionlibreria.com\",\"description\":\"Libreria Cristiana Venezuela\",\"publisher\":{\"@id\":\"https:\\\/\\\/tzionlibreria.com\\\/#organization\"},\"potentialAction\":[{\"@type\":\"SearchAction\",\"target\":{\"@type\":\"EntryPoint\",\"urlTemplate\":\"https:\\\/\\\/tzionlibreria.com\\\/?s={search_term_string}\"},\"query-input\":{\"@type\":\"PropertyValueSpecification\",\"valueRequired\":true,\"valueName\":\"search_term_string\"}}],\"inLanguage\":\"es-CO\"},{\"@type\":\"Organization\",\"@id\":\"https:\\\/\\\/tzionlibreria.com\\\/#organization\",\"name\":\"tzionlibreria.com\",\"url\":\"https:\\\/\\\/tzionlibreria.com\\\/\",\"logo\":{\"@type\":\"ImageObject\",\"inLanguage\":\"es-CO\",\"@id\":\"https:\\\/\\\/tzionlibreria.com\\\/#\\\/schema\\\/logo\\\/image\\\/\",\"url\":\"https:\\\/\\\/tzionlibreria.com\\\/wp-content\\\/uploads\\\/2023\\\/10\\\/cropped-Cuadricula-scaled-1.jpg\",\"contentUrl\":\"https:\\\/\\\/tzionlibreria.com\\\/wp-content\\\/uploads\\\/2023\\\/10\\\/cropped-Cuadricula-scaled-1.jpg\",\"width\":2560,\"height\":2560,\"caption\":\"tzionlibreria.com\"},\"image\":{\"@id\":\"https:\\\/\\\/tzionlibreria.com\\\/#\\\/schema\\\/logo\\\/image\\\/\"}}]}<\/script>\n<!-- \/ Yoast SEO plugin. -->","yoast_head_json":{"title":"No temas: Yo te ayudo Cap\u00edtulo 4.0 \u2013 Yo te ayudo - tzionlibreria.com","robots":{"index":"index","follow":"follow","max-snippet":"max-snippet:-1","max-image-preview":"max-image-preview:large","max-video-preview":"max-video-preview:-1"},"canonical":"https:\/\/tzionlibreria.com\/index.php\/product\/no-temas-yo-te-ayudo-capitulo-4-0-yo-te-ayudo\/","og_locale":"es_ES","og_type":"article","og_title":"No temas: Yo te ayudo Cap\u00edtulo 4.0 \u2013 Yo te ayudo - tzionlibreria.com","og_description":"Descripci\u00f3n No temas 4.0: Yo te ayudo Cap\u00edtulo 4.0 \u2013 Yo te ayudo Cuando el camino parece oscuro y las mentiras intentan confundir, la luz de la Palabra de Dios se enciende. &nbsp; En No temas 4.0: Yo te ayudo, Sama descubre que no tiene que luchar solo. En este cap\u00edtulo, conoce el poder de [&hellip;]","og_url":"https:\/\/tzionlibreria.com\/index.php\/product\/no-temas-yo-te-ayudo-capitulo-4-0-yo-te-ayudo\/","og_site_name":"tzionlibreria.com","article_modified_time":"2026-03-09T18:59:28+00:00","og_image":[{"width":1080,"height":1080,"url":"http:\/\/tzionlibreria.com\/wp-content\/uploads\/2026\/03\/4.png","type":"image\/png"}],"twitter_card":"summary_large_image","twitter_misc":{"Tiempo de lectura":"3 minutos"},"schema":{"@context":"https:\/\/schema.org","@graph":[{"@type":"WebPage","@id":"https:\/\/tzionlibreria.com\/index.php\/product\/no-temas-yo-te-ayudo-capitulo-4-0-yo-te-ayudo\/","url":"https:\/\/tzionlibreria.com\/index.php\/product\/no-temas-yo-te-ayudo-capitulo-4-0-yo-te-ayudo\/","name":"No temas: Yo te ayudo Cap\u00edtulo 4.0 \u2013 Yo te ayudo - tzionlibreria.com","isPartOf":{"@id":"https:\/\/tzionlibreria.com\/#website"},"primaryImageOfPage":{"@id":"https:\/\/tzionlibreria.com\/index.php\/product\/no-temas-yo-te-ayudo-capitulo-4-0-yo-te-ayudo\/#primaryimage"},"image":{"@id":"https:\/\/tzionlibreria.com\/index.php\/product\/no-temas-yo-te-ayudo-capitulo-4-0-yo-te-ayudo\/#primaryimage"},"thumbnailUrl":"https:\/\/tzionlibreria.com\/wp-content\/uploads\/2026\/03\/4.png","datePublished":"2026-03-09T18:47:31+00:00","dateModified":"2026-03-09T18:59:28+00:00","breadcrumb":{"@id":"https:\/\/tzionlibreria.com\/index.php\/product\/no-temas-yo-te-ayudo-capitulo-4-0-yo-te-ayudo\/#breadcrumb"},"inLanguage":"es-CO","potentialAction":[{"@type":"ReadAction","target":["https:\/\/tzionlibreria.com\/index.php\/product\/no-temas-yo-te-ayudo-capitulo-4-0-yo-te-ayudo\/"]}]},{"@type":"ImageObject","inLanguage":"es-CO","@id":"https:\/\/tzionlibreria.com\/index.php\/product\/no-temas-yo-te-ayudo-capitulo-4-0-yo-te-ayudo\/#primaryimage","url":"https:\/\/tzionlibreria.com\/wp-content\/uploads\/2026\/03\/4.png","contentUrl":"https:\/\/tzionlibreria.com\/wp-content\/uploads\/2026\/03\/4.png","width":1080,"height":1080},{"@type":"BreadcrumbList","@id":"https:\/\/tzionlibreria.com\/index.php\/product\/no-temas-yo-te-ayudo-capitulo-4-0-yo-te-ayudo\/#breadcrumb","itemListElement":[{"@type":"ListItem","position":1,"name":"Inicio","item":"https:\/\/tzionlibreria.com\/"},{"@type":"ListItem","position":2,"name":"Shop","item":"https:\/\/tzionlibreria.com\/index.php\/shop\/"},{"@type":"ListItem","position":3,"name":"No temas: Yo te ayudo Cap\u00edtulo 4.0 \u2013 Yo te ayudo"}]},{"@type":"WebSite","@id":"https:\/\/tzionlibreria.com\/#website","url":"https:\/\/tzionlibreria.com\/","name":"tzionlibreria.com","description":"Libreria Cristiana Venezuela","publisher":{"@id":"https:\/\/tzionlibreria.com\/#organization"},"potentialAction":[{"@type":"SearchAction","target":{"@type":"EntryPoint","urlTemplate":"https:\/\/tzionlibreria.com\/?s={search_term_string}"},"query-input":{"@type":"PropertyValueSpecification","valueRequired":true,"valueName":"search_term_string"}}],"inLanguage":"es-CO"},{"@type":"Organization","@id":"https:\/\/tzionlibreria.com\/#organization","name":"tzionlibreria.com","url":"https:\/\/tzionlibreria.com\/","logo":{"@type":"ImageObject","inLanguage":"es-CO","@id":"https:\/\/tzionlibreria.com\/#\/schema\/logo\/image\/","url":"https:\/\/tzionlibreria.com\/wp-content\/uploads\/2023\/10\/cropped-Cuadricula-scaled-1.jpg","contentUrl":"https:\/\/tzionlibreria.com\/wp-content\/uploads\/2023\/10\/cropped-Cuadricula-scaled-1.jpg","width":2560,"height":2560,"caption":"tzionlibreria.com"},"image":{"@id":"https:\/\/tzionlibreria.com\/#\/schema\/logo\/image\/"}}]}},"jetpack_sharing_enabled":true,"_links":{"self":[{"href":"https:\/\/tzionlibreria.com\/index.php\/wp-json\/wp\/v2\/product\/7186","targetHints":{"allow":["GET"]}}],"collection":[{"href":"https:\/\/tzionlibreria.com\/index.php\/wp-json\/wp\/v2\/product"}],"about":[{"href":"https:\/\/tzionlibreria.com\/index.php\/wp-json\/wp\/v2\/types\/product"}],"replies":[{"embeddable":true,"href":"https:\/\/tzionlibreria.com\/index.php\/wp-json\/wp\/v2\/comments?post=7186"}],"wp:featuredmedia":[{"embeddable":true,"href":"https:\/\/tzionlibreria.com\/index.php\/wp-json\/wp\/v2\/media\/7187"}],"wp:attachment":[{"href":"https:\/\/tzionlibreria.com\/index.php\/wp-json\/wp\/v2\/media?parent=7186"}],"wp:term":[{"taxonomy":"product_brand","embeddable":true,"href":"https:\/\/tzionlibreria.com\/index.php\/wp-json\/wp\/v2\/product_brand?post=7186"},{"taxonomy":"product_cat","embeddable":true,"href":"https:\/\/tzionlibreria.com\/index.php\/wp-json\/wp\/v2\/product_cat?post=7186"},{"taxonomy":"product_tag","embeddable":true,"href":"https:\/\/tzionlibreria.com\/index.php\/wp-json\/wp\/v2\/product_tag?post=7186"}],"curies":[{"name":"wp","href":"https:\/\/api.w.org\/{rel}","templated":true}]}}