{"id":7188,"date":"2026-03-09T18:50:56","date_gmt":"2026-03-09T18:50:56","guid":{"rendered":"https:\/\/tzionlibreria.com\/?post_type=product&#038;p=7188"},"modified":"2026-03-09T18:50:56","modified_gmt":"2026-03-09T18:50:56","slug":"no-temas-cree-capitulo-3-0-cree","status":"publish","type":"product","link":"https:\/\/tzionlibreria.com\/index.php\/product\/no-temas-cree-capitulo-3-0-cree\/","title":{"rendered":"No temas: Cree Cap\u00edtulo 3.0 \u2013 Cree"},"content":{"rendered":"<div class=\"elementor-element elementor-element-5034cf3 elementor-widget elementor-widget-wl-product-data-tabs\" data-id=\"5034cf3\" data-element_type=\"widget\" data-e-type=\"widget\" data-widget_type=\"wl-product-data-tabs.default\">\n<div class=\"elementor-widget-container\">\n<div class=\"woocommerce-tabs wc-tabs-wrapper\">\n<ul class=\"tabs wc-tabs\" role=\"tablist\">\n<li id=\"tab-title-description\" class=\"description_tab active\" role=\"presentation\"><a tabindex=\"0\" role=\"tab\" href=\"https:\/\/libreria247.com\/producto\/cartilla-comic-cree-serie-no-temas-tla780p\/#tab-description\" aria-controls=\"tab-description\" aria-selected=\"true\"> Descripci\u00f3n <\/a><\/li>\n<\/ul>\n<div id=\"tab-description\" class=\"woocommerce-Tabs-panel woocommerce-Tabs-panel--description panel entry-content wc-tab\" role=\"tabpanel\" aria-labelledby=\"tab-title-description\">\n<h2 data-start=\"145\" data-end=\"194\"><img decoding=\"async\" class=\"emoji\" role=\"img\" draggable=\"false\" src=\"https:\/\/s.w.org\/images\/core\/emoji\/17.0.2\/svg\/1f4d5.svg\" alt=\"\ud83d\udcd5\" \/> <strong data-start=\"151\" data-end=\"192\"><span class=\"hover:entity-accent entity-underline inline cursor-pointer align-baseline\"><span class=\"whitespace-normal\">No temas: Cree<\/span><\/span><\/strong><\/h2>\n<p data-start=\"195\" data-end=\"218\"><strong data-start=\"195\" data-end=\"218\">Cap\u00edtulo 3.0 \u2013 Cree<\/strong><\/p>\n<h3 data-start=\"220\" data-end=\"246\"><img decoding=\"async\" class=\"emoji\" role=\"img\" draggable=\"false\" src=\"https:\/\/s.w.org\/images\/core\/emoji\/17.0.2\/svg\/2728.svg\" alt=\"\u2728\" \/> En la batalla m\u00e1s dif\u00edcil, el enemigo no siempre est\u00e1 afuera\u2026 a veces vive en el <strong data-start=\"329\" data-end=\"339\">pasado<\/strong>.<\/h3>\n<p>&nbsp;<\/p>\n<p data-start=\"342\" data-end=\"593\">En <strong data-start=\"345\" data-end=\"367\">No temas 3.0: Cree<\/strong>, Sama enfrenta su desaf\u00edo m\u00e1s profundo. En medio de una batalla \u00e9pica, su pasado comienza a derrotarlo y todo parece perdido. Justo cuando est\u00e1 a punto de caer, Sama recuerda una verdad fundamental: <strong data-start=\"567\" data-end=\"592\">debe creer y tener fe<\/strong>.<\/p>\n<p data-start=\"595\" data-end=\"963\">Este cap\u00edtulo lleva al lector a comprender que la fe no es solo una idea, sino una <strong data-start=\"678\" data-end=\"699\">decisi\u00f3n poderosa<\/strong> que puede cambiar el rumbo de la historia. A trav\u00e9s de ilustraciones intensas y una narrativa cercana, el c\u00f3mic muestra que creer en Dios es el primer paso para levantarse, sanar y avanzar, incluso cuando las heridas del ayer parecen m\u00e1s fuertes que la esperanza.<\/p>\n<hr data-start=\"965\" data-end=\"968\" \/>\n<h3 data-start=\"970\" data-end=\"996\"><img decoding=\"async\" class=\"emoji\" role=\"img\" draggable=\"false\" src=\"https:\/\/s.w.org\/images\/core\/emoji\/17.0.2\/svg\/2b50.svg\" alt=\"\u2b50\" \/> Beneficios del c\u00f3mic<\/h3>\n<ul data-start=\"998\" data-end=\"1345\">\n<li data-start=\"998\" data-end=\"1063\">\n<p data-start=\"1000\" data-end=\"1063\">Ense\u00f1a el valor de la <strong data-start=\"1022\" data-end=\"1061\">fe como herramienta de restauraci\u00f3n<\/strong><\/p>\n<\/li>\n<li data-start=\"1064\" data-end=\"1143\">\n<p data-start=\"1066\" data-end=\"1143\">Ayuda a ni\u00f1os y j\u00f3venes a enfrentar <strong data-start=\"1102\" data-end=\"1141\">culpas, miedos y heridas del pasado<\/strong><\/p>\n<\/li>\n<li data-start=\"1144\" data-end=\"1218\">\n<p data-start=\"1146\" data-end=\"1218\">Contin\u00faa una historia progresiva que fortalece la identidad espiritual<\/p>\n<\/li>\n<li data-start=\"1219\" data-end=\"1284\">\n<p data-start=\"1221\" data-end=\"1284\">Ideal para <strong data-start=\"1232\" data-end=\"1282\">discipulado juvenil y conversaciones profundas<\/strong><\/p>\n<\/li>\n<li data-start=\"1285\" data-end=\"1345\">\n<p data-start=\"1287\" data-end=\"1345\">Formato c\u00f3mic din\u00e1mico que conecta con lectores actuales<\/p>\n<\/li>\n<\/ul>\n<hr data-start=\"1347\" data-end=\"1350\" \/>\n<h3 data-start=\"1352\" data-end=\"1377\"><img decoding=\"async\" class=\"emoji\" role=\"img\" draggable=\"false\" src=\"https:\/\/s.w.org\/images\/core\/emoji\/17.0.2\/svg\/1f466.svg\" alt=\"\ud83d\udc66\" \/><img decoding=\"async\" class=\"emoji\" role=\"img\" draggable=\"false\" src=\"https:\/\/s.w.org\/images\/core\/emoji\/17.0.2\/svg\/1f467.svg\" alt=\"\ud83d\udc67\" \/> Edad recomendada<\/h3>\n<p data-start=\"1379\" data-end=\"1506\"><strong data-start=\"1379\" data-end=\"1397\">De 9 a 15 a\u00f1os<\/strong><br data-start=\"1397\" data-end=\"1400\" \/>Recomendado tambi\u00e9n para lectura acompa\u00f1ada con padres, l\u00edderes juveniles y maestros de escuela dominical.<\/p>\n<hr data-start=\"1508\" data-end=\"1511\" \/>\n<h3 data-start=\"1513\" data-end=\"1533\"><\/h3>\n<ul data-start=\"1535\" data-end=\"1696\">\n<li data-start=\"1535\" data-end=\"1562\">\n<p data-start=\"1537\" data-end=\"1562\"><strong data-start=\"1537\" data-end=\"1546\">ISBN:<\/strong> 9789587457001<\/p>\n<\/li>\n<li data-start=\"1563\" data-end=\"1600\">\n<p data-start=\"1565\" data-end=\"1600\"><strong data-start=\"1565\" data-end=\"1587\">N\u00famero de p\u00e1ginas:<\/strong> 28 p\u00e1ginas<\/p>\n<\/li>\n<li data-start=\"1601\" data-end=\"1632\">\n<p data-start=\"1603\" data-end=\"1632\"><strong data-start=\"1603\" data-end=\"1613\">Papel:<\/strong> Propalcote 15 gr<\/p>\n<\/li>\n<li data-start=\"1633\" data-end=\"1658\">\n<p data-start=\"1635\" data-end=\"1658\"><strong data-start=\"1635\" data-end=\"1648\">Cubierta:<\/strong> R\u00fastica<\/p>\n<\/li>\n<li data-start=\"1659\" data-end=\"1696\">\n<p data-start=\"1661\" data-end=\"1696\"><strong data-start=\"1661\" data-end=\"1677\">Dimensiones:<\/strong> 17 x 26 x 0.5 cm<\/p>\n<\/li>\n<\/ul>\n<\/div>\n<\/div>\n<\/div>\n<\/div>\n","protected":false},"excerpt":{"rendered":"<p>Descripci\u00f3n No temas: Cree Cap\u00edtulo 3.0 \u2013 Cree En la batalla m\u00e1s dif\u00edcil, el enemigo no siempre est\u00e1 afuera\u2026 a veces vive en el pasado. &nbsp; En No temas 3.0: Cree, Sama enfrenta su desaf\u00edo m\u00e1s profundo. En medio de una batalla \u00e9pica, su pasado comienza a derrotarlo y todo parece perdido. Justo cuando est\u00e1 [&hellip;]<\/p>\n","protected":false},"featured_media":7189,"comment_status":"open","ping_status":"closed","template":"","meta":{"om_disable_all_campaigns":false,"_monsterinsights_skip_tracking":false,"_monsterinsights_sitenote_active":false,"_monsterinsights_sitenote_note":"","_monsterinsights_sitenote_category":0,"site-sidebar-layout":"default","site-content-layout":"","ast-site-content-layout":"default","site-content-style":"default","site-sidebar-style":"default","ast-global-header-display":"","ast-banner-title-visibility":"","ast-main-header-display":"","ast-hfb-above-header-display":"","ast-hfb-below-header-display":"","ast-hfb-mobile-header-display":"","site-post-title":"","ast-breadcrumbs-content":"","ast-featured-img":"","footer-sml-layout":"","ast-disable-related-posts":"","theme-transparent-header-meta":"default","adv-header-id-meta":"","stick-header-meta":"","header-above-stick-meta":"","header-main-stick-meta":"","header-below-stick-meta":"","astra-migrate-meta-layouts":"set","ast-page-background-enabled":"default","ast-page-background-meta":{"desktop":{"background-color":"var(--ast-global-color-4)","background-image":"","background-repeat":"repeat","background-position":"center center","background-size":"auto","background-attachment":"scroll","background-type":"","background-media":"","overlay-type":"","overlay-color":"","overlay-opacity":"","overlay-gradient":""},"tablet":{"background-color":"","background-image":"","background-repeat":"repeat","background-position":"center center","background-size":"auto","background-attachment":"scroll","background-type":"","background-media":"","overlay-type":"","overlay-color":"","overlay-opacity":"","overlay-gradient":""},"mobile":{"background-color":"","background-image":"","background-repeat":"repeat","background-position":"center center","background-size":"auto","background-attachment":"scroll","background-type":"","background-media":"","overlay-type":"","overlay-color":"","overlay-opacity":"","overlay-gradient":""}},"ast-content-background-meta":{"desktop":{"background-color":"var(--ast-global-color-5)","background-image":"","background-repeat":"repeat","background-position":"center center","background-size":"auto","background-attachment":"scroll","background-type":"","background-media":"","overlay-type":"","overlay-color":"","overlay-opacity":"","overlay-gradient":""},"tablet":{"background-color":"var(--ast-global-color-5)","background-image":"","background-repeat":"repeat","background-position":"center center","background-size":"auto","background-attachment":"scroll","background-type":"","background-media":"","overlay-type":"","overlay-color":"","overlay-opacity":"","overlay-gradient":""},"mobile":{"background-color":"var(--ast-global-color-5)","background-image":"","background-repeat":"repeat","background-position":"center center","background-size":"auto","background-attachment":"scroll","background-type":"","background-media":"","overlay-type":"","overlay-color":"","overlay-opacity":"","overlay-gradient":""}}},"product_brand":[],"product_cat":[18],"product_tag":[],"class_list":{"0":"post-7188","1":"product","2":"type-product","3":"status-publish","4":"has-post-thumbnail","6":"product_cat-uncategorized","7":"desktop-align-left","8":"tablet-align-left","9":"mobile-align-left","11":"first","12":"instock","13":"shipping-taxable","14":"purchasable","15":"product-type-simple"},"yoast_head":"<!-- This site is optimized with the Yoast SEO plugin v27.4 - https:\/\/yoast.com\/product\/yoast-seo-wordpress\/ -->\n<title>No temas: Cree Cap\u00edtulo 3.0 \u2013 Cree - tzionlibreria.com<\/title>\n<meta name=\"robots\" content=\"index, follow, max-snippet:-1, max-image-preview:large, max-video-preview:-1\" \/>\n<link rel=\"canonical\" href=\"https:\/\/tzionlibreria.com\/index.php\/product\/no-temas-cree-capitulo-3-0-cree\/\" \/>\n<meta property=\"og:locale\" content=\"es_ES\" \/>\n<meta property=\"og:type\" content=\"article\" \/>\n<meta property=\"og:title\" content=\"No temas: Cree Cap\u00edtulo 3.0 \u2013 Cree - tzionlibreria.com\" \/>\n<meta property=\"og:description\" content=\"Descripci\u00f3n No temas: Cree Cap\u00edtulo 3.0 \u2013 Cree En la batalla m\u00e1s dif\u00edcil, el enemigo no siempre est\u00e1 afuera\u2026 a veces vive en el pasado. &nbsp; En No temas 3.0: Cree, Sama enfrenta su desaf\u00edo m\u00e1s profundo. En medio de una batalla \u00e9pica, su pasado comienza a derrotarlo y todo parece perdido. Justo cuando est\u00e1 [&hellip;]\" \/>\n<meta property=\"og:url\" content=\"https:\/\/tzionlibreria.com\/index.php\/product\/no-temas-cree-capitulo-3-0-cree\/\" \/>\n<meta property=\"og:site_name\" content=\"tzionlibreria.com\" \/>\n<meta property=\"og:image\" content=\"http:\/\/tzionlibreria.com\/wp-content\/uploads\/2026\/03\/3.png\" \/>\n\t<meta property=\"og:image:width\" content=\"1080\" \/>\n\t<meta property=\"og:image:height\" content=\"1080\" \/>\n\t<meta property=\"og:image:type\" content=\"image\/png\" \/>\n<meta name=\"twitter:card\" content=\"summary_large_image\" \/>\n<meta name=\"twitter:label1\" content=\"Tiempo de lectura\" \/>\n\t<meta name=\"twitter:data1\" content=\"3 minutos\" \/>\n<script type=\"application\/ld+json\" class=\"yoast-schema-graph\">{\"@context\":\"https:\\\/\\\/schema.org\",\"@graph\":[{\"@type\":\"WebPage\",\"@id\":\"https:\\\/\\\/tzionlibreria.com\\\/index.php\\\/product\\\/no-temas-cree-capitulo-3-0-cree\\\/\",\"url\":\"https:\\\/\\\/tzionlibreria.com\\\/index.php\\\/product\\\/no-temas-cree-capitulo-3-0-cree\\\/\",\"name\":\"No temas: Cree Cap\u00edtulo 3.0 \u2013 Cree - tzionlibreria.com\",\"isPartOf\":{\"@id\":\"https:\\\/\\\/tzionlibreria.com\\\/#website\"},\"primaryImageOfPage\":{\"@id\":\"https:\\\/\\\/tzionlibreria.com\\\/index.php\\\/product\\\/no-temas-cree-capitulo-3-0-cree\\\/#primaryimage\"},\"image\":{\"@id\":\"https:\\\/\\\/tzionlibreria.com\\\/index.php\\\/product\\\/no-temas-cree-capitulo-3-0-cree\\\/#primaryimage\"},\"thumbnailUrl\":\"https:\\\/\\\/tzionlibreria.com\\\/wp-content\\\/uploads\\\/2026\\\/03\\\/3.png\",\"datePublished\":\"2026-03-09T18:50:56+00:00\",\"breadcrumb\":{\"@id\":\"https:\\\/\\\/tzionlibreria.com\\\/index.php\\\/product\\\/no-temas-cree-capitulo-3-0-cree\\\/#breadcrumb\"},\"inLanguage\":\"es-CO\",\"potentialAction\":[{\"@type\":\"ReadAction\",\"target\":[\"https:\\\/\\\/tzionlibreria.com\\\/index.php\\\/product\\\/no-temas-cree-capitulo-3-0-cree\\\/\"]}]},{\"@type\":\"ImageObject\",\"inLanguage\":\"es-CO\",\"@id\":\"https:\\\/\\\/tzionlibreria.com\\\/index.php\\\/product\\\/no-temas-cree-capitulo-3-0-cree\\\/#primaryimage\",\"url\":\"https:\\\/\\\/tzionlibreria.com\\\/wp-content\\\/uploads\\\/2026\\\/03\\\/3.png\",\"contentUrl\":\"https:\\\/\\\/tzionlibreria.com\\\/wp-content\\\/uploads\\\/2026\\\/03\\\/3.png\",\"width\":1080,\"height\":1080},{\"@type\":\"BreadcrumbList\",\"@id\":\"https:\\\/\\\/tzionlibreria.com\\\/index.php\\\/product\\\/no-temas-cree-capitulo-3-0-cree\\\/#breadcrumb\",\"itemListElement\":[{\"@type\":\"ListItem\",\"position\":1,\"name\":\"Inicio\",\"item\":\"https:\\\/\\\/tzionlibreria.com\\\/\"},{\"@type\":\"ListItem\",\"position\":2,\"name\":\"Shop\",\"item\":\"https:\\\/\\\/tzionlibreria.com\\\/index.php\\\/shop\\\/\"},{\"@type\":\"ListItem\",\"position\":3,\"name\":\"No temas: Cree Cap\u00edtulo 3.0 \u2013 Cree\"}]},{\"@type\":\"WebSite\",\"@id\":\"https:\\\/\\\/tzionlibreria.com\\\/#website\",\"url\":\"https:\\\/\\\/tzionlibreria.com\\\/\",\"name\":\"tzionlibreria.com\",\"description\":\"Libreria Cristiana Venezuela\",\"publisher\":{\"@id\":\"https:\\\/\\\/tzionlibreria.com\\\/#organization\"},\"potentialAction\":[{\"@type\":\"SearchAction\",\"target\":{\"@type\":\"EntryPoint\",\"urlTemplate\":\"https:\\\/\\\/tzionlibreria.com\\\/?s={search_term_string}\"},\"query-input\":{\"@type\":\"PropertyValueSpecification\",\"valueRequired\":true,\"valueName\":\"search_term_string\"}}],\"inLanguage\":\"es-CO\"},{\"@type\":\"Organization\",\"@id\":\"https:\\\/\\\/tzionlibreria.com\\\/#organization\",\"name\":\"tzionlibreria.com\",\"url\":\"https:\\\/\\\/tzionlibreria.com\\\/\",\"logo\":{\"@type\":\"ImageObject\",\"inLanguage\":\"es-CO\",\"@id\":\"https:\\\/\\\/tzionlibreria.com\\\/#\\\/schema\\\/logo\\\/image\\\/\",\"url\":\"https:\\\/\\\/tzionlibreria.com\\\/wp-content\\\/uploads\\\/2023\\\/10\\\/cropped-Cuadricula-scaled-1.jpg\",\"contentUrl\":\"https:\\\/\\\/tzionlibreria.com\\\/wp-content\\\/uploads\\\/2023\\\/10\\\/cropped-Cuadricula-scaled-1.jpg\",\"width\":2560,\"height\":2560,\"caption\":\"tzionlibreria.com\"},\"image\":{\"@id\":\"https:\\\/\\\/tzionlibreria.com\\\/#\\\/schema\\\/logo\\\/image\\\/\"}}]}<\/script>\n<!-- \/ Yoast SEO plugin. -->","yoast_head_json":{"title":"No temas: Cree Cap\u00edtulo 3.0 \u2013 Cree - tzionlibreria.com","robots":{"index":"index","follow":"follow","max-snippet":"max-snippet:-1","max-image-preview":"max-image-preview:large","max-video-preview":"max-video-preview:-1"},"canonical":"https:\/\/tzionlibreria.com\/index.php\/product\/no-temas-cree-capitulo-3-0-cree\/","og_locale":"es_ES","og_type":"article","og_title":"No temas: Cree Cap\u00edtulo 3.0 \u2013 Cree - tzionlibreria.com","og_description":"Descripci\u00f3n No temas: Cree Cap\u00edtulo 3.0 \u2013 Cree En la batalla m\u00e1s dif\u00edcil, el enemigo no siempre est\u00e1 afuera\u2026 a veces vive en el pasado. &nbsp; En No temas 3.0: Cree, Sama enfrenta su desaf\u00edo m\u00e1s profundo. En medio de una batalla \u00e9pica, su pasado comienza a derrotarlo y todo parece perdido. Justo cuando est\u00e1 [&hellip;]","og_url":"https:\/\/tzionlibreria.com\/index.php\/product\/no-temas-cree-capitulo-3-0-cree\/","og_site_name":"tzionlibreria.com","og_image":[{"width":1080,"height":1080,"url":"http:\/\/tzionlibreria.com\/wp-content\/uploads\/2026\/03\/3.png","type":"image\/png"}],"twitter_card":"summary_large_image","twitter_misc":{"Tiempo de lectura":"3 minutos"},"schema":{"@context":"https:\/\/schema.org","@graph":[{"@type":"WebPage","@id":"https:\/\/tzionlibreria.com\/index.php\/product\/no-temas-cree-capitulo-3-0-cree\/","url":"https:\/\/tzionlibreria.com\/index.php\/product\/no-temas-cree-capitulo-3-0-cree\/","name":"No temas: Cree Cap\u00edtulo 3.0 \u2013 Cree - tzionlibreria.com","isPartOf":{"@id":"https:\/\/tzionlibreria.com\/#website"},"primaryImageOfPage":{"@id":"https:\/\/tzionlibreria.com\/index.php\/product\/no-temas-cree-capitulo-3-0-cree\/#primaryimage"},"image":{"@id":"https:\/\/tzionlibreria.com\/index.php\/product\/no-temas-cree-capitulo-3-0-cree\/#primaryimage"},"thumbnailUrl":"https:\/\/tzionlibreria.com\/wp-content\/uploads\/2026\/03\/3.png","datePublished":"2026-03-09T18:50:56+00:00","breadcrumb":{"@id":"https:\/\/tzionlibreria.com\/index.php\/product\/no-temas-cree-capitulo-3-0-cree\/#breadcrumb"},"inLanguage":"es-CO","potentialAction":[{"@type":"ReadAction","target":["https:\/\/tzionlibreria.com\/index.php\/product\/no-temas-cree-capitulo-3-0-cree\/"]}]},{"@type":"ImageObject","inLanguage":"es-CO","@id":"https:\/\/tzionlibreria.com\/index.php\/product\/no-temas-cree-capitulo-3-0-cree\/#primaryimage","url":"https:\/\/tzionlibreria.com\/wp-content\/uploads\/2026\/03\/3.png","contentUrl":"https:\/\/tzionlibreria.com\/wp-content\/uploads\/2026\/03\/3.png","width":1080,"height":1080},{"@type":"BreadcrumbList","@id":"https:\/\/tzionlibreria.com\/index.php\/product\/no-temas-cree-capitulo-3-0-cree\/#breadcrumb","itemListElement":[{"@type":"ListItem","position":1,"name":"Inicio","item":"https:\/\/tzionlibreria.com\/"},{"@type":"ListItem","position":2,"name":"Shop","item":"https:\/\/tzionlibreria.com\/index.php\/shop\/"},{"@type":"ListItem","position":3,"name":"No temas: Cree Cap\u00edtulo 3.0 \u2013 Cree"}]},{"@type":"WebSite","@id":"https:\/\/tzionlibreria.com\/#website","url":"https:\/\/tzionlibreria.com\/","name":"tzionlibreria.com","description":"Libreria Cristiana Venezuela","publisher":{"@id":"https:\/\/tzionlibreria.com\/#organization"},"potentialAction":[{"@type":"SearchAction","target":{"@type":"EntryPoint","urlTemplate":"https:\/\/tzionlibreria.com\/?s={search_term_string}"},"query-input":{"@type":"PropertyValueSpecification","valueRequired":true,"valueName":"search_term_string"}}],"inLanguage":"es-CO"},{"@type":"Organization","@id":"https:\/\/tzionlibreria.com\/#organization","name":"tzionlibreria.com","url":"https:\/\/tzionlibreria.com\/","logo":{"@type":"ImageObject","inLanguage":"es-CO","@id":"https:\/\/tzionlibreria.com\/#\/schema\/logo\/image\/","url":"https:\/\/tzionlibreria.com\/wp-content\/uploads\/2023\/10\/cropped-Cuadricula-scaled-1.jpg","contentUrl":"https:\/\/tzionlibreria.com\/wp-content\/uploads\/2023\/10\/cropped-Cuadricula-scaled-1.jpg","width":2560,"height":2560,"caption":"tzionlibreria.com"},"image":{"@id":"https:\/\/tzionlibreria.com\/#\/schema\/logo\/image\/"}}]}},"jetpack_sharing_enabled":true,"_links":{"self":[{"href":"https:\/\/tzionlibreria.com\/index.php\/wp-json\/wp\/v2\/product\/7188","targetHints":{"allow":["GET"]}}],"collection":[{"href":"https:\/\/tzionlibreria.com\/index.php\/wp-json\/wp\/v2\/product"}],"about":[{"href":"https:\/\/tzionlibreria.com\/index.php\/wp-json\/wp\/v2\/types\/product"}],"replies":[{"embeddable":true,"href":"https:\/\/tzionlibreria.com\/index.php\/wp-json\/wp\/v2\/comments?post=7188"}],"wp:featuredmedia":[{"embeddable":true,"href":"https:\/\/tzionlibreria.com\/index.php\/wp-json\/wp\/v2\/media\/7189"}],"wp:attachment":[{"href":"https:\/\/tzionlibreria.com\/index.php\/wp-json\/wp\/v2\/media?parent=7188"}],"wp:term":[{"taxonomy":"product_brand","embeddable":true,"href":"https:\/\/tzionlibreria.com\/index.php\/wp-json\/wp\/v2\/product_brand?post=7188"},{"taxonomy":"product_cat","embeddable":true,"href":"https:\/\/tzionlibreria.com\/index.php\/wp-json\/wp\/v2\/product_cat?post=7188"},{"taxonomy":"product_tag","embeddable":true,"href":"https:\/\/tzionlibreria.com\/index.php\/wp-json\/wp\/v2\/product_tag?post=7188"}],"curies":[{"name":"wp","href":"https:\/\/api.w.org\/{rel}","templated":true}]}}