{"id":7202,"date":"2026-03-09T19:49:28","date_gmt":"2026-03-09T19:49:28","guid":{"rendered":"https:\/\/tzionlibreria.com\/?post_type=product&#038;p=7202"},"modified":"2026-03-09T20:28:26","modified_gmt":"2026-03-09T20:28:26","slug":"audio-player-dios-creo-el-trabajo-como-castigo-conversacion-sobre-vocacion-y-proposito-de-anderson-cala-dios-creo-el-trabajo-como-castigo-conversacion-sobre-vocacion-y-proposito-de-a","status":"publish","type":"product","link":"https:\/\/tzionlibreria.com\/index.php\/product\/audio-player-dios-creo-el-trabajo-como-castigo-conversacion-sobre-vocacion-y-proposito-de-anderson-cala-dios-creo-el-trabajo-como-castigo-conversacion-sobre-vocacion-y-proposito-de-a\/","title":{"rendered":"Pinto y Creo \u2013 Biling\u00fce \u2013 La creaci\u00f3n [Cartilla]"},"content":{"rendered":"<ul class=\"tabs wc-tabs\" role=\"tablist\">\n<li id=\"tab-title-description\" class=\"description_tab active\" role=\"presentation\"><a tabindex=\"0\" role=\"tab\" href=\"https:\/\/libreria247.com\/producto\/la-creacion-pinto-y-creo-bilingue-cartilla\/#tab-description\" aria-controls=\"tab-description\" aria-selected=\"true\"> Descripci\u00f3n <\/a><\/li>\n<li id=\"tab-title-reviews\" class=\"reviews_tab\" role=\"presentation\"><a tabindex=\"-1\" role=\"tab\" href=\"https:\/\/libreria247.com\/producto\/la-creacion-pinto-y-creo-bilingue-cartilla\/#tab-reviews\" aria-controls=\"tab-reviews\" aria-selected=\"false\"> Valoraciones (0) <\/a><\/li>\n<\/ul>\n<div id=\"tab-description\" class=\"woocommerce-Tabs-panel woocommerce-Tabs-panel--description panel entry-content wc-tab\" role=\"tabpanel\" aria-labelledby=\"tab-title-description\">\n<h2 data-start=\"123\" data-end=\"172\"><img decoding=\"async\" class=\"emoji\" role=\"img\" draggable=\"false\" src=\"https:\/\/s.w.org\/images\/core\/emoji\/17.0.2\/svg\/1f3a8.svg\" alt=\"\ud83c\udfa8\" \/><img decoding=\"async\" class=\"emoji\" role=\"img\" draggable=\"false\" src=\"https:\/\/s.w.org\/images\/core\/emoji\/17.0.2\/svg\/1f4d6.svg\" alt=\"\ud83d\udcd6\" \/> <strong data-start=\"131\" data-end=\"172\"><span class=\"hover:entity-accent entity-underline inline cursor-pointer align-baseline\"><span class=\"whitespace-normal\">Pinto y Creo<\/span><\/span><\/strong><\/h2>\n<h3 data-start=\"174\" data-end=\"197\">Mensaje para padres<\/h3>\n<p data-start=\"199\" data-end=\"505\"><strong data-start=\"199\" data-end=\"219\">Queridos padres:<\/strong><br data-start=\"219\" data-end=\"222\" \/>La serie <strong data-start=\"231\" data-end=\"247\">Pinto y Creo<\/strong> busca llevar el Evangelio a los ni\u00f1os a trav\u00e9s de historias b\u00edblicas sencillas que les muestran el regalo de la salvaci\u00f3n por medio de Cristo.<br data-start=\"390\" data-end=\"393\" \/>Mientras se divierten pintando, los ni\u00f1os descubren que el Dios de la Biblia tambi\u00e9n puede ser su Dios personal.<\/p>\n<p data-start=\"507\" data-end=\"758\"><strong data-start=\"507\" data-end=\"524\">Dear Parents:<\/strong><br data-start=\"524\" data-end=\"527\" \/>This <em data-start=\"532\" data-end=\"551\">Color and Believe<\/em> series seeks to bring the Gospel to children through Bible stories and the gift of salvation we have in Christ. As they enjoy coloring, they can also believe that the God of the Bible is their personal God.<\/p>\n<p data-start=\"760\" data-end=\"959\">El equipo de <strong data-start=\"773\" data-end=\"794\">Editorial Desaf\u00edo<\/strong> est\u00e1 comprometido no solo con la educaci\u00f3n espiritual, sino tambi\u00e9n con la estimulaci\u00f3n de la <strong data-start=\"889\" data-end=\"945\">motricidad, la creatividad y el aprendizaje integral<\/strong> de los ni\u00f1os.<\/p>\n<hr data-start=\"961\" data-end=\"964\" \/>\n<h3 data-start=\"966\" data-end=\"999\"><img decoding=\"async\" class=\"emoji\" role=\"img\" draggable=\"false\" src=\"https:\/\/s.w.org\/images\/core\/emoji\/17.0.2\/svg\/2b50.svg\" alt=\"\u2b50\" \/> Puntos esenciales del libro<\/h3>\n<ul data-start=\"1001\" data-end=\"1388\">\n<li data-start=\"1001\" data-end=\"1101\">\n<p data-start=\"1003\" data-end=\"1101\">Ayuda a los ni\u00f1os a reconocer la <strong data-start=\"1036\" data-end=\"1099\">presencia de Jesucristo en todas las historias de la Biblia<\/strong><\/p>\n<\/li>\n<li data-start=\"1102\" data-end=\"1169\">\n<p data-start=\"1104\" data-end=\"1169\">Ideal para <strong data-start=\"1115\" data-end=\"1144\">reforzar el idioma ingl\u00e9s<\/strong> desde edades tempranas<\/p>\n<\/li>\n<li data-start=\"1170\" data-end=\"1245\">\n<p data-start=\"1172\" data-end=\"1245\">Herramienta pr\u00e1ctica y did\u00e1ctica para <strong data-start=\"1210\" data-end=\"1243\">ense\u00f1ar la Biblia a los ni\u00f1os<\/strong><\/p>\n<\/li>\n<li data-start=\"1246\" data-end=\"1310\">\n<p data-start=\"1248\" data-end=\"1310\"><strong data-start=\"1248\" data-end=\"1278\">Formato grande y accesible<\/strong>, perfecto para manos peque\u00f1as<\/p>\n<\/li>\n<li data-start=\"1311\" data-end=\"1388\">\n<p data-start=\"1313\" data-end=\"1388\">Ilustraciones <strong data-start=\"1327\" data-end=\"1365\">divertidas, din\u00e1micas y atractivas<\/strong> que los ni\u00f1os amar\u00e1n<\/p>\n<\/li>\n<\/ul>\n<hr data-start=\"1390\" data-end=\"1393\" \/>\n<h3 data-start=\"1395\" data-end=\"1415\"><img decoding=\"async\" class=\"emoji\" role=\"img\" draggable=\"false\" src=\"https:\/\/s.w.org\/images\/core\/emoji\/17.0.2\/svg\/1f4d8.svg\" alt=\"\ud83d\udcd8\" \/> Ficha t\u00e9cnica<\/h3>\n<ul data-start=\"1417\" data-end=\"1676\">\n<li data-start=\"1417\" data-end=\"1448\">\n<p data-start=\"1419\" data-end=\"1448\"><strong data-start=\"1419\" data-end=\"1428\">ISBN:<\/strong> 978958737142-0<\/p>\n<\/li>\n<li data-start=\"1449\" data-end=\"1485\">\n<p data-start=\"1451\" data-end=\"1485\"><strong data-start=\"1451\" data-end=\"1465\">Editorial:<\/strong> Desaf\u00edo<\/p>\n<\/li>\n<li data-start=\"1486\" data-end=\"1509\">\n<p data-start=\"1488\" data-end=\"1509\"><strong data-start=\"1488\" data-end=\"1499\">Idioma:<\/strong> Espa\u00f1ol<\/p>\n<\/li>\n<li data-start=\"1510\" data-end=\"1539\">\n<p data-start=\"1512\" data-end=\"1539\"><strong data-start=\"1512\" data-end=\"1534\">N\u00famero de p\u00e1ginas:<\/strong> 16<\/p>\n<\/li>\n<li data-start=\"1540\" data-end=\"1565\">\n<p data-start=\"1542\" data-end=\"1565\"><strong data-start=\"1542\" data-end=\"1555\">Cubierta:<\/strong> R\u00fastica<\/p>\n<\/li>\n<li data-start=\"1566\" data-end=\"1603\">\n<p data-start=\"1568\" data-end=\"1603\"><strong data-start=\"1568\" data-end=\"1584\">Dimensiones:<\/strong> 215 \u00d7 279 \u00d7 2 mm<\/p>\n<\/li>\n<li data-start=\"1604\" data-end=\"1626\">\n<p data-start=\"1606\" data-end=\"1626\"><strong data-start=\"1606\" data-end=\"1615\">Peso:<\/strong> 0,069 kg<\/p>\n<\/li>\n<li data-start=\"1627\" data-end=\"1676\">\n<p data-start=\"1629\" data-end=\"1676\"><strong data-start=\"1629\" data-end=\"1654\">Fecha de lanzamiento:<\/strong> 17 de julio de 2017<\/p>\n<\/li>\n<\/ul>\n<\/div>\n","protected":false},"excerpt":{"rendered":"<p>Descripci\u00f3n Valoraciones (0) Pinto y Creo Mensaje para padres Queridos padres:La serie Pinto y Creo busca llevar el Evangelio a los ni\u00f1os a trav\u00e9s de historias b\u00edblicas sencillas que les muestran el regalo de la salvaci\u00f3n por medio de Cristo.Mientras se divierten pintando, los ni\u00f1os descubren que el Dios de la Biblia tambi\u00e9n puede ser [&hellip;]<\/p>\n","protected":false},"featured_media":7203,"comment_status":"open","ping_status":"closed","template":"","meta":{"om_disable_all_campaigns":false,"_monsterinsights_skip_tracking":false,"_monsterinsights_sitenote_active":false,"_monsterinsights_sitenote_note":"","_monsterinsights_sitenote_category":0,"site-sidebar-layout":"default","site-content-layout":"","ast-site-content-layout":"default","site-content-style":"default","site-sidebar-style":"default","ast-global-header-display":"","ast-banner-title-visibility":"","ast-main-header-display":"","ast-hfb-above-header-display":"","ast-hfb-below-header-display":"","ast-hfb-mobile-header-display":"","site-post-title":"","ast-breadcrumbs-content":"","ast-featured-img":"","footer-sml-layout":"","ast-disable-related-posts":"","theme-transparent-header-meta":"default","adv-header-id-meta":"","stick-header-meta":"","header-above-stick-meta":"","header-main-stick-meta":"","header-below-stick-meta":"","astra-migrate-meta-layouts":"set","ast-page-background-enabled":"default","ast-page-background-meta":{"desktop":{"background-color":"var(--ast-global-color-4)","background-image":"","background-repeat":"repeat","background-position":"center center","background-size":"auto","background-attachment":"scroll","background-type":"","background-media":"","overlay-type":"","overlay-color":"","overlay-opacity":"","overlay-gradient":""},"tablet":{"background-color":"","background-image":"","background-repeat":"repeat","background-position":"center center","background-size":"auto","background-attachment":"scroll","background-type":"","background-media":"","overlay-type":"","overlay-color":"","overlay-opacity":"","overlay-gradient":""},"mobile":{"background-color":"","background-image":"","background-repeat":"repeat","background-position":"center center","background-size":"auto","background-attachment":"scroll","background-type":"","background-media":"","overlay-type":"","overlay-color":"","overlay-opacity":"","overlay-gradient":""}},"ast-content-background-meta":{"desktop":{"background-color":"var(--ast-global-color-5)","background-image":"","background-repeat":"repeat","background-position":"center center","background-size":"auto","background-attachment":"scroll","background-type":"","background-media":"","overlay-type":"","overlay-color":"","overlay-opacity":"","overlay-gradient":""},"tablet":{"background-color":"var(--ast-global-color-5)","background-image":"","background-repeat":"repeat","background-position":"center center","background-size":"auto","background-attachment":"scroll","background-type":"","background-media":"","overlay-type":"","overlay-color":"","overlay-opacity":"","overlay-gradient":""},"mobile":{"background-color":"var(--ast-global-color-5)","background-image":"","background-repeat":"repeat","background-position":"center center","background-size":"auto","background-attachment":"scroll","background-type":"","background-media":"","overlay-type":"","overlay-color":"","overlay-opacity":"","overlay-gradient":""}}},"product_brand":[],"product_cat":[313,25,209],"product_tag":[],"class_list":{"0":"post-7202","1":"product","2":"type-product","3":"status-publish","4":"has-post-thumbnail","6":"product_cat-colorear","7":"product_cat-kids","8":"product_cat-libros-kids","9":"desktop-align-left","10":"tablet-align-left","11":"mobile-align-left","13":"first","14":"instock","15":"shipping-taxable","16":"purchasable","17":"product-type-simple"},"yoast_head":"<!-- This site is optimized with the Yoast SEO plugin v27.4 - https:\/\/yoast.com\/product\/yoast-seo-wordpress\/ -->\n<title>Pinto y Creo \u2013 Biling\u00fce \u2013 La creaci\u00f3n [Cartilla] - tzionlibreria.com<\/title>\n<meta name=\"robots\" content=\"index, follow, max-snippet:-1, max-image-preview:large, max-video-preview:-1\" \/>\n<link rel=\"canonical\" href=\"https:\/\/tzionlibreria.com\/index.php\/product\/audio-player-dios-creo-el-trabajo-como-castigo-conversacion-sobre-vocacion-y-proposito-de-anderson-cala-dios-creo-el-trabajo-como-castigo-conversacion-sobre-vocacion-y-proposito-de-a\/\" \/>\n<meta property=\"og:locale\" content=\"es_ES\" \/>\n<meta property=\"og:type\" content=\"article\" \/>\n<meta property=\"og:title\" content=\"Pinto y Creo \u2013 Biling\u00fce \u2013 La creaci\u00f3n [Cartilla] - tzionlibreria.com\" \/>\n<meta property=\"og:description\" content=\"Descripci\u00f3n Valoraciones (0) Pinto y Creo Mensaje para padres Queridos padres:La serie Pinto y Creo busca llevar el Evangelio a los ni\u00f1os a trav\u00e9s de historias b\u00edblicas sencillas que les muestran el regalo de la salvaci\u00f3n por medio de Cristo.Mientras se divierten pintando, los ni\u00f1os descubren que el Dios de la Biblia tambi\u00e9n puede ser [&hellip;]\" \/>\n<meta property=\"og:url\" content=\"https:\/\/tzionlibreria.com\/index.php\/product\/audio-player-dios-creo-el-trabajo-como-castigo-conversacion-sobre-vocacion-y-proposito-de-anderson-cala-dios-creo-el-trabajo-como-castigo-conversacion-sobre-vocacion-y-proposito-de-a\/\" \/>\n<meta property=\"og:site_name\" content=\"tzionlibreria.com\" \/>\n<meta property=\"article:modified_time\" content=\"2026-03-09T20:28:26+00:00\" \/>\n<meta property=\"og:image\" content=\"http:\/\/tzionlibreria.com\/wp-content\/uploads\/2026\/03\/creacion.jpg\" \/>\n\t<meta property=\"og:image:width\" content=\"1200\" \/>\n\t<meta property=\"og:image:height\" content=\"1200\" \/>\n\t<meta property=\"og:image:type\" content=\"image\/jpeg\" \/>\n<meta name=\"twitter:card\" content=\"summary_large_image\" \/>\n<meta name=\"twitter:label1\" content=\"Tiempo de lectura\" \/>\n\t<meta name=\"twitter:data1\" content=\"3 minutos\" \/>\n<script type=\"application\/ld+json\" class=\"yoast-schema-graph\">{\"@context\":\"https:\\\/\\\/schema.org\",\"@graph\":[{\"@type\":\"WebPage\",\"@id\":\"https:\\\/\\\/tzionlibreria.com\\\/index.php\\\/product\\\/audio-player-dios-creo-el-trabajo-como-castigo-conversacion-sobre-vocacion-y-proposito-de-anderson-cala-dios-creo-el-trabajo-como-castigo-conversacion-sobre-vocacion-y-proposito-de-a\\\/\",\"url\":\"https:\\\/\\\/tzionlibreria.com\\\/index.php\\\/product\\\/audio-player-dios-creo-el-trabajo-como-castigo-conversacion-sobre-vocacion-y-proposito-de-anderson-cala-dios-creo-el-trabajo-como-castigo-conversacion-sobre-vocacion-y-proposito-de-a\\\/\",\"name\":\"Pinto y Creo \u2013 Biling\u00fce \u2013 La creaci\u00f3n [Cartilla] - tzionlibreria.com\",\"isPartOf\":{\"@id\":\"https:\\\/\\\/tzionlibreria.com\\\/#website\"},\"primaryImageOfPage\":{\"@id\":\"https:\\\/\\\/tzionlibreria.com\\\/index.php\\\/product\\\/audio-player-dios-creo-el-trabajo-como-castigo-conversacion-sobre-vocacion-y-proposito-de-anderson-cala-dios-creo-el-trabajo-como-castigo-conversacion-sobre-vocacion-y-proposito-de-a\\\/#primaryimage\"},\"image\":{\"@id\":\"https:\\\/\\\/tzionlibreria.com\\\/index.php\\\/product\\\/audio-player-dios-creo-el-trabajo-como-castigo-conversacion-sobre-vocacion-y-proposito-de-anderson-cala-dios-creo-el-trabajo-como-castigo-conversacion-sobre-vocacion-y-proposito-de-a\\\/#primaryimage\"},\"thumbnailUrl\":\"https:\\\/\\\/tzionlibreria.com\\\/wp-content\\\/uploads\\\/2026\\\/03\\\/creacion.jpg\",\"datePublished\":\"2026-03-09T19:49:28+00:00\",\"dateModified\":\"2026-03-09T20:28:26+00:00\",\"breadcrumb\":{\"@id\":\"https:\\\/\\\/tzionlibreria.com\\\/index.php\\\/product\\\/audio-player-dios-creo-el-trabajo-como-castigo-conversacion-sobre-vocacion-y-proposito-de-anderson-cala-dios-creo-el-trabajo-como-castigo-conversacion-sobre-vocacion-y-proposito-de-a\\\/#breadcrumb\"},\"inLanguage\":\"es-CO\",\"potentialAction\":[{\"@type\":\"ReadAction\",\"target\":[\"https:\\\/\\\/tzionlibreria.com\\\/index.php\\\/product\\\/audio-player-dios-creo-el-trabajo-como-castigo-conversacion-sobre-vocacion-y-proposito-de-anderson-cala-dios-creo-el-trabajo-como-castigo-conversacion-sobre-vocacion-y-proposito-de-a\\\/\"]}]},{\"@type\":\"ImageObject\",\"inLanguage\":\"es-CO\",\"@id\":\"https:\\\/\\\/tzionlibreria.com\\\/index.php\\\/product\\\/audio-player-dios-creo-el-trabajo-como-castigo-conversacion-sobre-vocacion-y-proposito-de-anderson-cala-dios-creo-el-trabajo-como-castigo-conversacion-sobre-vocacion-y-proposito-de-a\\\/#primaryimage\",\"url\":\"https:\\\/\\\/tzionlibreria.com\\\/wp-content\\\/uploads\\\/2026\\\/03\\\/creacion.jpg\",\"contentUrl\":\"https:\\\/\\\/tzionlibreria.com\\\/wp-content\\\/uploads\\\/2026\\\/03\\\/creacion.jpg\",\"width\":1200,\"height\":1200},{\"@type\":\"BreadcrumbList\",\"@id\":\"https:\\\/\\\/tzionlibreria.com\\\/index.php\\\/product\\\/audio-player-dios-creo-el-trabajo-como-castigo-conversacion-sobre-vocacion-y-proposito-de-anderson-cala-dios-creo-el-trabajo-como-castigo-conversacion-sobre-vocacion-y-proposito-de-a\\\/#breadcrumb\",\"itemListElement\":[{\"@type\":\"ListItem\",\"position\":1,\"name\":\"Inicio\",\"item\":\"https:\\\/\\\/tzionlibreria.com\\\/\"},{\"@type\":\"ListItem\",\"position\":2,\"name\":\"Shop\",\"item\":\"https:\\\/\\\/tzionlibreria.com\\\/index.php\\\/shop\\\/\"},{\"@type\":\"ListItem\",\"position\":3,\"name\":\"Pinto y Creo \u2013 Biling\u00fce \u2013 La creaci\u00f3n [Cartilla]\"}]},{\"@type\":\"WebSite\",\"@id\":\"https:\\\/\\\/tzionlibreria.com\\\/#website\",\"url\":\"https:\\\/\\\/tzionlibreria.com\\\/\",\"name\":\"tzionlibreria.com\",\"description\":\"Libreria Cristiana Venezuela\",\"publisher\":{\"@id\":\"https:\\\/\\\/tzionlibreria.com\\\/#organization\"},\"potentialAction\":[{\"@type\":\"SearchAction\",\"target\":{\"@type\":\"EntryPoint\",\"urlTemplate\":\"https:\\\/\\\/tzionlibreria.com\\\/?s={search_term_string}\"},\"query-input\":{\"@type\":\"PropertyValueSpecification\",\"valueRequired\":true,\"valueName\":\"search_term_string\"}}],\"inLanguage\":\"es-CO\"},{\"@type\":\"Organization\",\"@id\":\"https:\\\/\\\/tzionlibreria.com\\\/#organization\",\"name\":\"tzionlibreria.com\",\"url\":\"https:\\\/\\\/tzionlibreria.com\\\/\",\"logo\":{\"@type\":\"ImageObject\",\"inLanguage\":\"es-CO\",\"@id\":\"https:\\\/\\\/tzionlibreria.com\\\/#\\\/schema\\\/logo\\\/image\\\/\",\"url\":\"https:\\\/\\\/tzionlibreria.com\\\/wp-content\\\/uploads\\\/2023\\\/10\\\/cropped-Cuadricula-scaled-1.jpg\",\"contentUrl\":\"https:\\\/\\\/tzionlibreria.com\\\/wp-content\\\/uploads\\\/2023\\\/10\\\/cropped-Cuadricula-scaled-1.jpg\",\"width\":2560,\"height\":2560,\"caption\":\"tzionlibreria.com\"},\"image\":{\"@id\":\"https:\\\/\\\/tzionlibreria.com\\\/#\\\/schema\\\/logo\\\/image\\\/\"}}]}<\/script>\n<!-- \/ Yoast SEO plugin. -->","yoast_head_json":{"title":"Pinto y Creo \u2013 Biling\u00fce \u2013 La creaci\u00f3n [Cartilla] - tzionlibreria.com","robots":{"index":"index","follow":"follow","max-snippet":"max-snippet:-1","max-image-preview":"max-image-preview:large","max-video-preview":"max-video-preview:-1"},"canonical":"https:\/\/tzionlibreria.com\/index.php\/product\/audio-player-dios-creo-el-trabajo-como-castigo-conversacion-sobre-vocacion-y-proposito-de-anderson-cala-dios-creo-el-trabajo-como-castigo-conversacion-sobre-vocacion-y-proposito-de-a\/","og_locale":"es_ES","og_type":"article","og_title":"Pinto y Creo \u2013 Biling\u00fce \u2013 La creaci\u00f3n [Cartilla] - tzionlibreria.com","og_description":"Descripci\u00f3n Valoraciones (0) Pinto y Creo Mensaje para padres Queridos padres:La serie Pinto y Creo busca llevar el Evangelio a los ni\u00f1os a trav\u00e9s de historias b\u00edblicas sencillas que les muestran el regalo de la salvaci\u00f3n por medio de Cristo.Mientras se divierten pintando, los ni\u00f1os descubren que el Dios de la Biblia tambi\u00e9n puede ser [&hellip;]","og_url":"https:\/\/tzionlibreria.com\/index.php\/product\/audio-player-dios-creo-el-trabajo-como-castigo-conversacion-sobre-vocacion-y-proposito-de-anderson-cala-dios-creo-el-trabajo-como-castigo-conversacion-sobre-vocacion-y-proposito-de-a\/","og_site_name":"tzionlibreria.com","article_modified_time":"2026-03-09T20:28:26+00:00","og_image":[{"width":1200,"height":1200,"url":"http:\/\/tzionlibreria.com\/wp-content\/uploads\/2026\/03\/creacion.jpg","type":"image\/jpeg"}],"twitter_card":"summary_large_image","twitter_misc":{"Tiempo de lectura":"3 minutos"},"schema":{"@context":"https:\/\/schema.org","@graph":[{"@type":"WebPage","@id":"https:\/\/tzionlibreria.com\/index.php\/product\/audio-player-dios-creo-el-trabajo-como-castigo-conversacion-sobre-vocacion-y-proposito-de-anderson-cala-dios-creo-el-trabajo-como-castigo-conversacion-sobre-vocacion-y-proposito-de-a\/","url":"https:\/\/tzionlibreria.com\/index.php\/product\/audio-player-dios-creo-el-trabajo-como-castigo-conversacion-sobre-vocacion-y-proposito-de-anderson-cala-dios-creo-el-trabajo-como-castigo-conversacion-sobre-vocacion-y-proposito-de-a\/","name":"Pinto y Creo \u2013 Biling\u00fce \u2013 La creaci\u00f3n [Cartilla] - tzionlibreria.com","isPartOf":{"@id":"https:\/\/tzionlibreria.com\/#website"},"primaryImageOfPage":{"@id":"https:\/\/tzionlibreria.com\/index.php\/product\/audio-player-dios-creo-el-trabajo-como-castigo-conversacion-sobre-vocacion-y-proposito-de-anderson-cala-dios-creo-el-trabajo-como-castigo-conversacion-sobre-vocacion-y-proposito-de-a\/#primaryimage"},"image":{"@id":"https:\/\/tzionlibreria.com\/index.php\/product\/audio-player-dios-creo-el-trabajo-como-castigo-conversacion-sobre-vocacion-y-proposito-de-anderson-cala-dios-creo-el-trabajo-como-castigo-conversacion-sobre-vocacion-y-proposito-de-a\/#primaryimage"},"thumbnailUrl":"https:\/\/tzionlibreria.com\/wp-content\/uploads\/2026\/03\/creacion.jpg","datePublished":"2026-03-09T19:49:28+00:00","dateModified":"2026-03-09T20:28:26+00:00","breadcrumb":{"@id":"https:\/\/tzionlibreria.com\/index.php\/product\/audio-player-dios-creo-el-trabajo-como-castigo-conversacion-sobre-vocacion-y-proposito-de-anderson-cala-dios-creo-el-trabajo-como-castigo-conversacion-sobre-vocacion-y-proposito-de-a\/#breadcrumb"},"inLanguage":"es-CO","potentialAction":[{"@type":"ReadAction","target":["https:\/\/tzionlibreria.com\/index.php\/product\/audio-player-dios-creo-el-trabajo-como-castigo-conversacion-sobre-vocacion-y-proposito-de-anderson-cala-dios-creo-el-trabajo-como-castigo-conversacion-sobre-vocacion-y-proposito-de-a\/"]}]},{"@type":"ImageObject","inLanguage":"es-CO","@id":"https:\/\/tzionlibreria.com\/index.php\/product\/audio-player-dios-creo-el-trabajo-como-castigo-conversacion-sobre-vocacion-y-proposito-de-anderson-cala-dios-creo-el-trabajo-como-castigo-conversacion-sobre-vocacion-y-proposito-de-a\/#primaryimage","url":"https:\/\/tzionlibreria.com\/wp-content\/uploads\/2026\/03\/creacion.jpg","contentUrl":"https:\/\/tzionlibreria.com\/wp-content\/uploads\/2026\/03\/creacion.jpg","width":1200,"height":1200},{"@type":"BreadcrumbList","@id":"https:\/\/tzionlibreria.com\/index.php\/product\/audio-player-dios-creo-el-trabajo-como-castigo-conversacion-sobre-vocacion-y-proposito-de-anderson-cala-dios-creo-el-trabajo-como-castigo-conversacion-sobre-vocacion-y-proposito-de-a\/#breadcrumb","itemListElement":[{"@type":"ListItem","position":1,"name":"Inicio","item":"https:\/\/tzionlibreria.com\/"},{"@type":"ListItem","position":2,"name":"Shop","item":"https:\/\/tzionlibreria.com\/index.php\/shop\/"},{"@type":"ListItem","position":3,"name":"Pinto y Creo \u2013 Biling\u00fce \u2013 La creaci\u00f3n [Cartilla]"}]},{"@type":"WebSite","@id":"https:\/\/tzionlibreria.com\/#website","url":"https:\/\/tzionlibreria.com\/","name":"tzionlibreria.com","description":"Libreria Cristiana Venezuela","publisher":{"@id":"https:\/\/tzionlibreria.com\/#organization"},"potentialAction":[{"@type":"SearchAction","target":{"@type":"EntryPoint","urlTemplate":"https:\/\/tzionlibreria.com\/?s={search_term_string}"},"query-input":{"@type":"PropertyValueSpecification","valueRequired":true,"valueName":"search_term_string"}}],"inLanguage":"es-CO"},{"@type":"Organization","@id":"https:\/\/tzionlibreria.com\/#organization","name":"tzionlibreria.com","url":"https:\/\/tzionlibreria.com\/","logo":{"@type":"ImageObject","inLanguage":"es-CO","@id":"https:\/\/tzionlibreria.com\/#\/schema\/logo\/image\/","url":"https:\/\/tzionlibreria.com\/wp-content\/uploads\/2023\/10\/cropped-Cuadricula-scaled-1.jpg","contentUrl":"https:\/\/tzionlibreria.com\/wp-content\/uploads\/2023\/10\/cropped-Cuadricula-scaled-1.jpg","width":2560,"height":2560,"caption":"tzionlibreria.com"},"image":{"@id":"https:\/\/tzionlibreria.com\/#\/schema\/logo\/image\/"}}]}},"jetpack_sharing_enabled":true,"_links":{"self":[{"href":"https:\/\/tzionlibreria.com\/index.php\/wp-json\/wp\/v2\/product\/7202","targetHints":{"allow":["GET"]}}],"collection":[{"href":"https:\/\/tzionlibreria.com\/index.php\/wp-json\/wp\/v2\/product"}],"about":[{"href":"https:\/\/tzionlibreria.com\/index.php\/wp-json\/wp\/v2\/types\/product"}],"replies":[{"embeddable":true,"href":"https:\/\/tzionlibreria.com\/index.php\/wp-json\/wp\/v2\/comments?post=7202"}],"wp:featuredmedia":[{"embeddable":true,"href":"https:\/\/tzionlibreria.com\/index.php\/wp-json\/wp\/v2\/media\/7203"}],"wp:attachment":[{"href":"https:\/\/tzionlibreria.com\/index.php\/wp-json\/wp\/v2\/media?parent=7202"}],"wp:term":[{"taxonomy":"product_brand","embeddable":true,"href":"https:\/\/tzionlibreria.com\/index.php\/wp-json\/wp\/v2\/product_brand?post=7202"},{"taxonomy":"product_cat","embeddable":true,"href":"https:\/\/tzionlibreria.com\/index.php\/wp-json\/wp\/v2\/product_cat?post=7202"},{"taxonomy":"product_tag","embeddable":true,"href":"https:\/\/tzionlibreria.com\/index.php\/wp-json\/wp\/v2\/product_tag?post=7202"}],"curies":[{"name":"wp","href":"https:\/\/api.w.org\/{rel}","templated":true}]}}