{"id":7287,"date":"2026-03-10T17:40:11","date_gmt":"2026-03-10T17:40:11","guid":{"rendered":"https:\/\/tzionlibreria.com\/?post_type=product&#038;p=7287"},"modified":"2026-03-10T17:40:16","modified_gmt":"2026-03-10T17:40:16","slug":"biblia-rvr-portatil-letra-grande-12-pts-leon-piel-indice-cierre","status":"publish","type":"product","link":"https:\/\/tzionlibreria.com\/index.php\/product\/biblia-rvr-portatil-letra-grande-12-pts-leon-piel-indice-cierre\/","title":{"rendered":"Biblia RVR Port\u00e0til Letra Grande 12 pts \u2013 Le\u00f3n piel \u00edndice cierre"},"content":{"rendered":"<ul class=\"tabs wc-tabs\" role=\"tablist\">\n<li id=\"tab-title-description\" class=\"description_tab active\" role=\"presentation\"><a tabindex=\"0\" role=\"tab\" href=\"https:\/\/libreria247.com\/producto\/biblia-rvr60-tamano-compacto-letra-grande-12-puntos-i-piel-tricolor-gris-gris-gris-leon-con-cierre-y-con-indice\/#tab-description\" aria-controls=\"tab-description\" aria-selected=\"true\"> Descripci\u00f3n <\/a><\/li>\n<li id=\"tab-title-reviews\" class=\"reviews_tab\" role=\"presentation\"><a tabindex=\"-1\" role=\"tab\" href=\"https:\/\/libreria247.com\/producto\/biblia-rvr60-tamano-compacto-letra-grande-12-puntos-i-piel-tricolor-gris-gris-gris-leon-con-cierre-y-con-indice\/#tab-reviews\" aria-controls=\"tab-reviews\" aria-selected=\"false\"> Valoraciones (0) <\/a><\/li>\n<\/ul>\n<div id=\"tab-description\" class=\"woocommerce-Tabs-panel woocommerce-Tabs-panel--description panel entry-content wc-tab\" role=\"tabpanel\" aria-labelledby=\"tab-title-description\">\n<h6 data-start=\"131\" data-end=\"212\"><img decoding=\"async\" class=\"emoji\" role=\"img\" draggable=\"false\" src=\"https:\/\/s.w.org\/images\/core\/emoji\/17.0.2\/svg\/1f4d6.svg\" alt=\"\ud83d\udcd6\" \/> Biblia Port\u00e0til Letra Grande 12 pts \u2013 Reina Valera 1960 con \u00cdndice y Cierre<\/h6>\n<p data-start=\"214\" data-end=\"403\">\u00bfBuscas una Biblia peque\u00f1a que realmente se pueda leer con comodidad? <img decoding=\"async\" class=\"emoji\" role=\"img\" draggable=\"false\" src=\"https:\/\/s.w.org\/images\/core\/emoji\/17.0.2\/svg\/2728.svg\" alt=\"\u2728\" \/><br data-start=\"285\" data-end=\"288\" \/>Esta <strong data-start=\"293\" data-end=\"342\">Biblia compacta con letra grande de 12 puntos<\/strong> es la combinaci\u00f3n perfecta entre portabilidad y legibilidad.<\/p>\n<p data-start=\"405\" data-end=\"590\">Dise\u00f1ada para acompa\u00f1arte a todas partes sin forzar tu vista, mantiene la fidelidad y claridad del texto <strong data-start=\"510\" data-end=\"531\">Reina-Valera 1960<\/strong>, una de las versiones m\u00e1s amadas por la iglesia cristiana.<\/p>\n<hr data-start=\"592\" data-end=\"595\" \/>\n<h6 data-start=\"597\" data-end=\"631\"><img decoding=\"async\" class=\"emoji\" role=\"img\" draggable=\"false\" src=\"https:\/\/s.w.org\/images\/core\/emoji\/17.0.2\/svg\/2728.svg\" alt=\"\u2728\" \/> Caracter\u00edsticas principales:<\/h6>\n<p data-start=\"633\" data-end=\"896\"><img decoding=\"async\" class=\"emoji\" role=\"img\" draggable=\"false\" src=\"https:\/\/s.w.org\/images\/core\/emoji\/17.0.2\/svg\/2714.svg\" alt=\"\u2714\" \/> Versi\u00f3n: <strong data-start=\"644\" data-end=\"665\">Reina-Valera 1960<\/strong><br data-start=\"665\" data-end=\"668\" \/><img decoding=\"async\" class=\"emoji\" role=\"img\" draggable=\"false\" src=\"https:\/\/s.w.org\/images\/core\/emoji\/17.0.2\/svg\/2714.svg\" alt=\"\u2714\" \/> Tama\u00f1o compacto: <strong data-start=\"687\" data-end=\"705\">11.4 x 16.2 cm<\/strong><br data-start=\"705\" data-end=\"708\" \/><img decoding=\"async\" class=\"emoji\" role=\"img\" draggable=\"false\" src=\"https:\/\/s.w.org\/images\/core\/emoji\/17.0.2\/svg\/2714.svg\" alt=\"\u2714\" \/> Letra grande: <strong data-start=\"724\" data-end=\"737\">12 puntos<\/strong><br data-start=\"737\" data-end=\"740\" \/><img decoding=\"async\" class=\"emoji\" role=\"img\" draggable=\"false\" src=\"https:\/\/s.w.org\/images\/core\/emoji\/17.0.2\/svg\/2714.svg\" alt=\"\u2714\" \/> Portada en imitaci\u00f3n piel elegante<br data-start=\"776\" data-end=\"779\" \/><img decoding=\"async\" class=\"emoji\" role=\"img\" draggable=\"false\" src=\"https:\/\/s.w.org\/images\/core\/emoji\/17.0.2\/svg\/2714.svg\" alt=\"\u2714\" \/> Con cierre<br data-start=\"791\" data-end=\"794\" \/><img decoding=\"async\" class=\"emoji\" role=\"img\" draggable=\"false\" src=\"https:\/\/s.w.org\/images\/core\/emoji\/17.0.2\/svg\/2714.svg\" alt=\"\u2714\" \/> Con \u00edndice lateral<br data-start=\"814\" data-end=\"817\" \/><img decoding=\"async\" class=\"emoji\" role=\"img\" draggable=\"false\" src=\"https:\/\/s.w.org\/images\/core\/emoji\/17.0.2\/svg\/2714.svg\" alt=\"\u2714\" \/> Canto dorado<br data-start=\"831\" data-end=\"834\" \/><img decoding=\"async\" class=\"emoji\" role=\"img\" draggable=\"false\" src=\"https:\/\/s.w.org\/images\/core\/emoji\/17.0.2\/svg\/2714.svg\" alt=\"\u2714\" \/> Palabras de Jes\u00fas en rojo<br data-start=\"861\" data-end=\"864\" \/><img decoding=\"async\" class=\"emoji\" role=\"img\" draggable=\"false\" src=\"https:\/\/s.w.org\/images\/core\/emoji\/17.0.2\/svg\/2714.svg\" alt=\"\u2714\" \/> Papel de alta calidad 30 gsm<\/p>\n<hr data-start=\"898\" data-end=\"901\" \/>\n<h6 data-start=\"903\" data-end=\"962\"><img decoding=\"async\" class=\"emoji\" role=\"img\" draggable=\"false\" src=\"https:\/\/s.w.org\/images\/core\/emoji\/17.0.2\/svg\/1f4da.svg\" alt=\"\ud83d\udcda\" \/> Incluye ayudas de estudio a todo color (32 p\u00e1ginas):<\/h6>\n<ul data-start=\"964\" data-end=\"1345\">\n<li data-start=\"964\" data-end=\"998\">\n<p data-start=\"966\" data-end=\"998\">Vers\u00edculos clave de cada libro<\/p>\n<\/li>\n<li data-start=\"999\" data-end=\"1022\">\n<p data-start=\"1001\" data-end=\"1022\">Genealog\u00eda de Jes\u00fas<\/p>\n<\/li>\n<li data-start=\"1023\" data-end=\"1043\">\n<p data-start=\"1025\" data-end=\"1043\">Fiestas b\u00edblicas<\/p>\n<\/li>\n<li data-start=\"1044\" data-end=\"1071\">\n<p data-start=\"1046\" data-end=\"1071\">Tipolog\u00eda de los Salmos<\/p>\n<\/li>\n<li data-start=\"1072\" data-end=\"1092\">\n<p data-start=\"1074\" data-end=\"1092\">Plano del Templo<\/p>\n<\/li>\n<li data-start=\"1093\" data-end=\"1127\">\n<p data-start=\"1095\" data-end=\"1127\">Cronolog\u00eda de Reyes y Profetas<\/p>\n<\/li>\n<li data-start=\"1128\" data-end=\"1161\">\n<p data-start=\"1130\" data-end=\"1161\">Par\u00e1bolas y milagros de Jes\u00fas<\/p>\n<\/li>\n<li data-start=\"1162\" data-end=\"1183\">\n<p data-start=\"1164\" data-end=\"1183\">Plan de Salvaci\u00f3n<\/p>\n<\/li>\n<li data-start=\"1184\" data-end=\"1204\">\n<p data-start=\"1186\" data-end=\"1204\">Promesas de Dios<\/p>\n<\/li>\n<li data-start=\"1205\" data-end=\"1234\">\n<p data-start=\"1207\" data-end=\"1234\">Plan de lectura en un a\u00f1o<\/p>\n<\/li>\n<li data-start=\"1235\" data-end=\"1269\">\n<p data-start=\"1237\" data-end=\"1269\">12 mapas b\u00edblicos a todo color<\/p>\n<\/li>\n<li data-start=\"1270\" data-end=\"1305\">\n<p data-start=\"1272\" data-end=\"1305\">Concordancia amplia de palabras<\/p>\n<\/li>\n<li data-start=\"1306\" data-end=\"1345\">\n<p data-start=\"1308\" data-end=\"1345\">Concordancia de personajes b\u00edblicos<\/p>\n<\/li>\n<\/ul>\n<hr data-start=\"1347\" data-end=\"1350\" \/>\n<h6 data-start=\"1352\" data-end=\"1389\"><img decoding=\"async\" class=\"emoji\" role=\"img\" draggable=\"false\" src=\"https:\/\/s.w.org\/images\/core\/emoji\/17.0.2\/svg\/1f64f.svg\" alt=\"\ud83d\ude4f\" \/> \u00bfPara qu\u00e9 es ideal esta Biblia?<\/h6>\n<p data-start=\"1563\" data-end=\"1642\">\n<h6 data-start=\"1644\" data-end=\"1677\"><img decoding=\"async\" class=\"emoji\" role=\"img\" draggable=\"false\" src=\"https:\/\/s.w.org\/images\/core\/emoji\/17.0.2\/svg\/1f392.svg\" alt=\"\ud83c\udf92\" \/> Para llevar a todas partes<\/h6>\n<p data-start=\"1678\" data-end=\"1716\">Cabe en bolsos y mochilas. Ideal para:<\/p>\n<ul data-start=\"1717\" data-end=\"1794\">\n<li data-start=\"1717\" data-end=\"1728\">\n<p data-start=\"1719\" data-end=\"1728\">Iglesia<\/p>\n<\/li>\n<li data-start=\"1729\" data-end=\"1739\">\n<p data-start=\"1731\" data-end=\"1739\">Viajes<\/p>\n<\/li>\n<li data-start=\"1740\" data-end=\"1762\">\n<p data-start=\"1742\" data-end=\"1762\">Transporte p\u00fablico<\/p>\n<\/li>\n<li data-start=\"1763\" data-end=\"1774\">\n<p data-start=\"1765\" data-end=\"1774\">Retiros<\/p>\n<\/li>\n<li data-start=\"1775\" data-end=\"1794\">\n<p data-start=\"1777\" data-end=\"1794\">Esperas m\u00e9dicas<\/p>\n<\/li>\n<\/ul>\n<p data-start=\"2014\" data-end=\"2037\">\n<h3 data-start=\"2039\" data-end=\"2066\"><img decoding=\"async\" class=\"emoji\" role=\"img\" draggable=\"false\" src=\"https:\/\/s.w.org\/images\/core\/emoji\/17.0.2\/svg\/1f381.svg\" alt=\"\ud83c\udf81\" \/> Regalo significativo<\/h3>\n<p data-start=\"2067\" data-end=\"2078\">Ideal para:<\/p>\n<ul data-start=\"2079\" data-end=\"2168\">\n<li data-start=\"2079\" data-end=\"2099\">\n<p data-start=\"2081\" data-end=\"2099\">Nuevos creyentes<\/p>\n<\/li>\n<li data-start=\"2100\" data-end=\"2111\">\n<p data-start=\"2102\" data-end=\"2111\">J\u00f3venes<\/p>\n<\/li>\n<li data-start=\"2112\" data-end=\"2123\">\n<p data-start=\"2114\" data-end=\"2123\">Adultos<\/p>\n<\/li>\n<li data-start=\"2124\" data-end=\"2144\">\n<p data-start=\"2126\" data-end=\"2144\">Personas mayores<\/p>\n<\/li>\n<li data-start=\"2145\" data-end=\"2168\">\n<p data-start=\"2147\" data-end=\"2168\">Momentos especiales<\/p>\n<\/li>\n<\/ul>\n<hr data-start=\"2267\" data-end=\"2270\" \/>\n<h6 data-start=\"2272\" data-end=\"2333\"><img decoding=\"async\" class=\"emoji\" role=\"img\" draggable=\"false\" src=\"https:\/\/s.w.org\/images\/core\/emoji\/17.0.2\/svg\/1f4cc.svg\" alt=\"\ud83d\udccc\" \/> Una Biblia peque\u00f1a en tama\u00f1o\u2026 pero grande en prop\u00f3sito.<\/h6>\n<p data-start=\"2335\" data-end=\"2399\">Ll\u00e9vala contigo y permite que la Palabra te acompa\u00f1e cada d\u00eda.<\/p>\n<p data-start=\"2401\" data-end=\"2442\">Disponible en tienda f\u00edsica y p\u00e1gina web.<\/p>\n<hr data-start=\"2444\" data-end=\"2447\" \/>\n<\/div>\n","protected":false},"excerpt":{"rendered":"<p>Descripci\u00f3n Valoraciones (0) Biblia Port\u00e0til Letra Grande 12 pts \u2013 Reina Valera 1960 con \u00cdndice y Cierre \u00bfBuscas una Biblia peque\u00f1a que realmente se pueda leer con comodidad? Esta Biblia compacta con letra grande de 12 puntos es la combinaci\u00f3n perfecta entre portabilidad y legibilidad. Dise\u00f1ada para acompa\u00f1arte a todas partes sin forzar tu vista, [&hellip;]<\/p>\n","protected":false},"featured_media":7294,"comment_status":"open","ping_status":"closed","template":"","meta":{"om_disable_all_campaigns":false,"_monsterinsights_skip_tracking":false,"_monsterinsights_sitenote_active":false,"_monsterinsights_sitenote_note":"","_monsterinsights_sitenote_category":0,"site-sidebar-layout":"default","site-content-layout":"","ast-site-content-layout":"default","site-content-style":"default","site-sidebar-style":"default","ast-global-header-display":"","ast-banner-title-visibility":"","ast-main-header-display":"","ast-hfb-above-header-display":"","ast-hfb-below-header-display":"","ast-hfb-mobile-header-display":"","site-post-title":"","ast-breadcrumbs-content":"","ast-featured-img":"","footer-sml-layout":"","ast-disable-related-posts":"","theme-transparent-header-meta":"default","adv-header-id-meta":"","stick-header-meta":"","header-above-stick-meta":"","header-main-stick-meta":"","header-below-stick-meta":"","astra-migrate-meta-layouts":"set","ast-page-background-enabled":"default","ast-page-background-meta":{"desktop":{"background-color":"var(--ast-global-color-4)","background-image":"","background-repeat":"repeat","background-position":"center center","background-size":"auto","background-attachment":"scroll","background-type":"","background-media":"","overlay-type":"","overlay-color":"","overlay-opacity":"","overlay-gradient":""},"tablet":{"background-color":"","background-image":"","background-repeat":"repeat","background-position":"center center","background-size":"auto","background-attachment":"scroll","background-type":"","background-media":"","overlay-type":"","overlay-color":"","overlay-opacity":"","overlay-gradient":""},"mobile":{"background-color":"","background-image":"","background-repeat":"repeat","background-position":"center center","background-size":"auto","background-attachment":"scroll","background-type":"","background-media":"","overlay-type":"","overlay-color":"","overlay-opacity":"","overlay-gradient":""}},"ast-content-background-meta":{"desktop":{"background-color":"var(--ast-global-color-5)","background-image":"","background-repeat":"repeat","background-position":"center center","background-size":"auto","background-attachment":"scroll","background-type":"","background-media":"","overlay-type":"","overlay-color":"","overlay-opacity":"","overlay-gradient":""},"tablet":{"background-color":"var(--ast-global-color-5)","background-image":"","background-repeat":"repeat","background-position":"center center","background-size":"auto","background-attachment":"scroll","background-type":"","background-media":"","overlay-type":"","overlay-color":"","overlay-opacity":"","overlay-gradient":""},"mobile":{"background-color":"var(--ast-global-color-5)","background-image":"","background-repeat":"repeat","background-position":"center center","background-size":"auto","background-attachment":"scroll","background-type":"","background-media":"","overlay-type":"","overlay-color":"","overlay-opacity":"","overlay-gradient":""}}},"product_brand":[],"product_cat":[22,42,177],"product_tag":[],"class_list":{"0":"post-7287","1":"product","2":"type-product","3":"status-publish","4":"has-post-thumbnail","6":"product_cat-biblias","7":"product_cat-biblias-reina-valera","8":"product_cat-letra-grande-rvr","9":"desktop-align-left","10":"tablet-align-left","11":"mobile-align-left","13":"first","14":"instock","15":"shipping-taxable","16":"purchasable","17":"product-type-simple"},"yoast_head":"<!-- This site is optimized with the Yoast SEO plugin v27.4 - https:\/\/yoast.com\/product\/yoast-seo-wordpress\/ -->\n<title>Biblia RVR Port\u00e0til Letra Grande 12 pts \u2013 Le\u00f3n piel \u00edndice cierre - tzionlibreria.com<\/title>\n<meta name=\"robots\" content=\"index, follow, max-snippet:-1, max-image-preview:large, max-video-preview:-1\" \/>\n<link rel=\"canonical\" href=\"https:\/\/tzionlibreria.com\/index.php\/product\/biblia-rvr-portatil-letra-grande-12-pts-leon-piel-indice-cierre\/\" \/>\n<meta property=\"og:locale\" content=\"es_ES\" \/>\n<meta property=\"og:type\" content=\"article\" \/>\n<meta property=\"og:title\" content=\"Biblia RVR Port\u00e0til Letra Grande 12 pts \u2013 Le\u00f3n piel \u00edndice cierre - tzionlibreria.com\" \/>\n<meta property=\"og:description\" content=\"Descripci\u00f3n Valoraciones (0) Biblia Port\u00e0til Letra Grande 12 pts \u2013 Reina Valera 1960 con \u00cdndice y Cierre \u00bfBuscas una Biblia peque\u00f1a que realmente se pueda leer con comodidad? Esta Biblia compacta con letra grande de 12 puntos es la combinaci\u00f3n perfecta entre portabilidad y legibilidad. Dise\u00f1ada para acompa\u00f1arte a todas partes sin forzar tu vista, [&hellip;]\" \/>\n<meta property=\"og:url\" content=\"https:\/\/tzionlibreria.com\/index.php\/product\/biblia-rvr-portatil-letra-grande-12-pts-leon-piel-indice-cierre\/\" \/>\n<meta property=\"og:site_name\" content=\"tzionlibreria.com\" \/>\n<meta property=\"article:modified_time\" content=\"2026-03-10T17:40:16+00:00\" \/>\n<meta property=\"og:image\" content=\"http:\/\/tzionlibreria.com\/wp-content\/uploads\/2026\/03\/9798885169530.jpg\" \/>\n\t<meta property=\"og:image:width\" content=\"1200\" \/>\n\t<meta property=\"og:image:height\" content=\"1200\" \/>\n\t<meta property=\"og:image:type\" content=\"image\/jpeg\" \/>\n<meta name=\"twitter:card\" content=\"summary_large_image\" \/>\n<meta name=\"twitter:label1\" content=\"Tiempo de lectura\" \/>\n\t<meta name=\"twitter:data1\" content=\"5 minutos\" \/>\n<script type=\"application\/ld+json\" class=\"yoast-schema-graph\">{\"@context\":\"https:\\\/\\\/schema.org\",\"@graph\":[{\"@type\":\"WebPage\",\"@id\":\"https:\\\/\\\/tzionlibreria.com\\\/index.php\\\/product\\\/biblia-rvr-portatil-letra-grande-12-pts-leon-piel-indice-cierre\\\/\",\"url\":\"https:\\\/\\\/tzionlibreria.com\\\/index.php\\\/product\\\/biblia-rvr-portatil-letra-grande-12-pts-leon-piel-indice-cierre\\\/\",\"name\":\"Biblia RVR Port\u00e0til Letra Grande 12 pts \u2013 Le\u00f3n piel \u00edndice cierre - tzionlibreria.com\",\"isPartOf\":{\"@id\":\"https:\\\/\\\/tzionlibreria.com\\\/#website\"},\"primaryImageOfPage\":{\"@id\":\"https:\\\/\\\/tzionlibreria.com\\\/index.php\\\/product\\\/biblia-rvr-portatil-letra-grande-12-pts-leon-piel-indice-cierre\\\/#primaryimage\"},\"image\":{\"@id\":\"https:\\\/\\\/tzionlibreria.com\\\/index.php\\\/product\\\/biblia-rvr-portatil-letra-grande-12-pts-leon-piel-indice-cierre\\\/#primaryimage\"},\"thumbnailUrl\":\"https:\\\/\\\/tzionlibreria.com\\\/wp-content\\\/uploads\\\/2026\\\/03\\\/9798885169530.jpg\",\"datePublished\":\"2026-03-10T17:40:11+00:00\",\"dateModified\":\"2026-03-10T17:40:16+00:00\",\"breadcrumb\":{\"@id\":\"https:\\\/\\\/tzionlibreria.com\\\/index.php\\\/product\\\/biblia-rvr-portatil-letra-grande-12-pts-leon-piel-indice-cierre\\\/#breadcrumb\"},\"inLanguage\":\"es-CO\",\"potentialAction\":[{\"@type\":\"ReadAction\",\"target\":[\"https:\\\/\\\/tzionlibreria.com\\\/index.php\\\/product\\\/biblia-rvr-portatil-letra-grande-12-pts-leon-piel-indice-cierre\\\/\"]}]},{\"@type\":\"ImageObject\",\"inLanguage\":\"es-CO\",\"@id\":\"https:\\\/\\\/tzionlibreria.com\\\/index.php\\\/product\\\/biblia-rvr-portatil-letra-grande-12-pts-leon-piel-indice-cierre\\\/#primaryimage\",\"url\":\"https:\\\/\\\/tzionlibreria.com\\\/wp-content\\\/uploads\\\/2026\\\/03\\\/9798885169530.jpg\",\"contentUrl\":\"https:\\\/\\\/tzionlibreria.com\\\/wp-content\\\/uploads\\\/2026\\\/03\\\/9798885169530.jpg\",\"width\":1200,\"height\":1200},{\"@type\":\"BreadcrumbList\",\"@id\":\"https:\\\/\\\/tzionlibreria.com\\\/index.php\\\/product\\\/biblia-rvr-portatil-letra-grande-12-pts-leon-piel-indice-cierre\\\/#breadcrumb\",\"itemListElement\":[{\"@type\":\"ListItem\",\"position\":1,\"name\":\"Inicio\",\"item\":\"https:\\\/\\\/tzionlibreria.com\\\/\"},{\"@type\":\"ListItem\",\"position\":2,\"name\":\"Shop\",\"item\":\"https:\\\/\\\/tzionlibreria.com\\\/index.php\\\/shop\\\/\"},{\"@type\":\"ListItem\",\"position\":3,\"name\":\"Biblia RVR Port\u00e0til Letra Grande 12 pts \u2013 Le\u00f3n piel \u00edndice cierre\"}]},{\"@type\":\"WebSite\",\"@id\":\"https:\\\/\\\/tzionlibreria.com\\\/#website\",\"url\":\"https:\\\/\\\/tzionlibreria.com\\\/\",\"name\":\"tzionlibreria.com\",\"description\":\"Libreria Cristiana Venezuela\",\"publisher\":{\"@id\":\"https:\\\/\\\/tzionlibreria.com\\\/#organization\"},\"potentialAction\":[{\"@type\":\"SearchAction\",\"target\":{\"@type\":\"EntryPoint\",\"urlTemplate\":\"https:\\\/\\\/tzionlibreria.com\\\/?s={search_term_string}\"},\"query-input\":{\"@type\":\"PropertyValueSpecification\",\"valueRequired\":true,\"valueName\":\"search_term_string\"}}],\"inLanguage\":\"es-CO\"},{\"@type\":\"Organization\",\"@id\":\"https:\\\/\\\/tzionlibreria.com\\\/#organization\",\"name\":\"tzionlibreria.com\",\"url\":\"https:\\\/\\\/tzionlibreria.com\\\/\",\"logo\":{\"@type\":\"ImageObject\",\"inLanguage\":\"es-CO\",\"@id\":\"https:\\\/\\\/tzionlibreria.com\\\/#\\\/schema\\\/logo\\\/image\\\/\",\"url\":\"https:\\\/\\\/tzionlibreria.com\\\/wp-content\\\/uploads\\\/2023\\\/10\\\/cropped-Cuadricula-scaled-1.jpg\",\"contentUrl\":\"https:\\\/\\\/tzionlibreria.com\\\/wp-content\\\/uploads\\\/2023\\\/10\\\/cropped-Cuadricula-scaled-1.jpg\",\"width\":2560,\"height\":2560,\"caption\":\"tzionlibreria.com\"},\"image\":{\"@id\":\"https:\\\/\\\/tzionlibreria.com\\\/#\\\/schema\\\/logo\\\/image\\\/\"}}]}<\/script>\n<!-- \/ Yoast SEO plugin. -->","yoast_head_json":{"title":"Biblia RVR Port\u00e0til Letra Grande 12 pts \u2013 Le\u00f3n piel \u00edndice cierre - tzionlibreria.com","robots":{"index":"index","follow":"follow","max-snippet":"max-snippet:-1","max-image-preview":"max-image-preview:large","max-video-preview":"max-video-preview:-1"},"canonical":"https:\/\/tzionlibreria.com\/index.php\/product\/biblia-rvr-portatil-letra-grande-12-pts-leon-piel-indice-cierre\/","og_locale":"es_ES","og_type":"article","og_title":"Biblia RVR Port\u00e0til Letra Grande 12 pts \u2013 Le\u00f3n piel \u00edndice cierre - tzionlibreria.com","og_description":"Descripci\u00f3n Valoraciones (0) Biblia Port\u00e0til Letra Grande 12 pts \u2013 Reina Valera 1960 con \u00cdndice y Cierre \u00bfBuscas una Biblia peque\u00f1a que realmente se pueda leer con comodidad? Esta Biblia compacta con letra grande de 12 puntos es la combinaci\u00f3n perfecta entre portabilidad y legibilidad. Dise\u00f1ada para acompa\u00f1arte a todas partes sin forzar tu vista, [&hellip;]","og_url":"https:\/\/tzionlibreria.com\/index.php\/product\/biblia-rvr-portatil-letra-grande-12-pts-leon-piel-indice-cierre\/","og_site_name":"tzionlibreria.com","article_modified_time":"2026-03-10T17:40:16+00:00","og_image":[{"width":1200,"height":1200,"url":"http:\/\/tzionlibreria.com\/wp-content\/uploads\/2026\/03\/9798885169530.jpg","type":"image\/jpeg"}],"twitter_card":"summary_large_image","twitter_misc":{"Tiempo de lectura":"5 minutos"},"schema":{"@context":"https:\/\/schema.org","@graph":[{"@type":"WebPage","@id":"https:\/\/tzionlibreria.com\/index.php\/product\/biblia-rvr-portatil-letra-grande-12-pts-leon-piel-indice-cierre\/","url":"https:\/\/tzionlibreria.com\/index.php\/product\/biblia-rvr-portatil-letra-grande-12-pts-leon-piel-indice-cierre\/","name":"Biblia RVR Port\u00e0til Letra Grande 12 pts \u2013 Le\u00f3n piel \u00edndice cierre - tzionlibreria.com","isPartOf":{"@id":"https:\/\/tzionlibreria.com\/#website"},"primaryImageOfPage":{"@id":"https:\/\/tzionlibreria.com\/index.php\/product\/biblia-rvr-portatil-letra-grande-12-pts-leon-piel-indice-cierre\/#primaryimage"},"image":{"@id":"https:\/\/tzionlibreria.com\/index.php\/product\/biblia-rvr-portatil-letra-grande-12-pts-leon-piel-indice-cierre\/#primaryimage"},"thumbnailUrl":"https:\/\/tzionlibreria.com\/wp-content\/uploads\/2026\/03\/9798885169530.jpg","datePublished":"2026-03-10T17:40:11+00:00","dateModified":"2026-03-10T17:40:16+00:00","breadcrumb":{"@id":"https:\/\/tzionlibreria.com\/index.php\/product\/biblia-rvr-portatil-letra-grande-12-pts-leon-piel-indice-cierre\/#breadcrumb"},"inLanguage":"es-CO","potentialAction":[{"@type":"ReadAction","target":["https:\/\/tzionlibreria.com\/index.php\/product\/biblia-rvr-portatil-letra-grande-12-pts-leon-piel-indice-cierre\/"]}]},{"@type":"ImageObject","inLanguage":"es-CO","@id":"https:\/\/tzionlibreria.com\/index.php\/product\/biblia-rvr-portatil-letra-grande-12-pts-leon-piel-indice-cierre\/#primaryimage","url":"https:\/\/tzionlibreria.com\/wp-content\/uploads\/2026\/03\/9798885169530.jpg","contentUrl":"https:\/\/tzionlibreria.com\/wp-content\/uploads\/2026\/03\/9798885169530.jpg","width":1200,"height":1200},{"@type":"BreadcrumbList","@id":"https:\/\/tzionlibreria.com\/index.php\/product\/biblia-rvr-portatil-letra-grande-12-pts-leon-piel-indice-cierre\/#breadcrumb","itemListElement":[{"@type":"ListItem","position":1,"name":"Inicio","item":"https:\/\/tzionlibreria.com\/"},{"@type":"ListItem","position":2,"name":"Shop","item":"https:\/\/tzionlibreria.com\/index.php\/shop\/"},{"@type":"ListItem","position":3,"name":"Biblia RVR Port\u00e0til Letra Grande 12 pts \u2013 Le\u00f3n piel \u00edndice cierre"}]},{"@type":"WebSite","@id":"https:\/\/tzionlibreria.com\/#website","url":"https:\/\/tzionlibreria.com\/","name":"tzionlibreria.com","description":"Libreria Cristiana Venezuela","publisher":{"@id":"https:\/\/tzionlibreria.com\/#organization"},"potentialAction":[{"@type":"SearchAction","target":{"@type":"EntryPoint","urlTemplate":"https:\/\/tzionlibreria.com\/?s={search_term_string}"},"query-input":{"@type":"PropertyValueSpecification","valueRequired":true,"valueName":"search_term_string"}}],"inLanguage":"es-CO"},{"@type":"Organization","@id":"https:\/\/tzionlibreria.com\/#organization","name":"tzionlibreria.com","url":"https:\/\/tzionlibreria.com\/","logo":{"@type":"ImageObject","inLanguage":"es-CO","@id":"https:\/\/tzionlibreria.com\/#\/schema\/logo\/image\/","url":"https:\/\/tzionlibreria.com\/wp-content\/uploads\/2023\/10\/cropped-Cuadricula-scaled-1.jpg","contentUrl":"https:\/\/tzionlibreria.com\/wp-content\/uploads\/2023\/10\/cropped-Cuadricula-scaled-1.jpg","width":2560,"height":2560,"caption":"tzionlibreria.com"},"image":{"@id":"https:\/\/tzionlibreria.com\/#\/schema\/logo\/image\/"}}]}},"jetpack_sharing_enabled":true,"_links":{"self":[{"href":"https:\/\/tzionlibreria.com\/index.php\/wp-json\/wp\/v2\/product\/7287","targetHints":{"allow":["GET"]}}],"collection":[{"href":"https:\/\/tzionlibreria.com\/index.php\/wp-json\/wp\/v2\/product"}],"about":[{"href":"https:\/\/tzionlibreria.com\/index.php\/wp-json\/wp\/v2\/types\/product"}],"replies":[{"embeddable":true,"href":"https:\/\/tzionlibreria.com\/index.php\/wp-json\/wp\/v2\/comments?post=7287"}],"wp:featuredmedia":[{"embeddable":true,"href":"https:\/\/tzionlibreria.com\/index.php\/wp-json\/wp\/v2\/media\/7294"}],"wp:attachment":[{"href":"https:\/\/tzionlibreria.com\/index.php\/wp-json\/wp\/v2\/media?parent=7287"}],"wp:term":[{"taxonomy":"product_brand","embeddable":true,"href":"https:\/\/tzionlibreria.com\/index.php\/wp-json\/wp\/v2\/product_brand?post=7287"},{"taxonomy":"product_cat","embeddable":true,"href":"https:\/\/tzionlibreria.com\/index.php\/wp-json\/wp\/v2\/product_cat?post=7287"},{"taxonomy":"product_tag","embeddable":true,"href":"https:\/\/tzionlibreria.com\/index.php\/wp-json\/wp\/v2\/product_tag?post=7287"}],"curies":[{"name":"wp","href":"https:\/\/api.w.org\/{rel}","templated":true}]}}