{"id":7396,"date":"2026-03-12T18:03:13","date_gmt":"2026-03-12T18:03:13","guid":{"rendered":"https:\/\/tzionlibreria.com\/?post_type=product&#038;p=7396"},"modified":"2026-03-22T21:34:25","modified_gmt":"2026-03-22T21:34:25","slug":"biblia-rvr-letra-grande-12-pts-rosas-rojo-indice-cierre-manija","status":"publish","type":"product","link":"https:\/\/tzionlibreria.com\/index.php\/product\/biblia-rvr-letra-grande-12-pts-rosas-rojo-indice-cierre-manija\/","title":{"rendered":"Biblia RVR Letra Grande 12 pts Rosas Rojo Indice Cierre Manija"},"content":{"rendered":"<ul class=\"tabs wc-tabs\" role=\"tablist\">\n<li id=\"tab-title-description\" class=\"description_tab active\" role=\"presentation\"><a tabindex=\"0\" role=\"tab\" href=\"https:\/\/libreria247.com\/producto\/biblia-letra-grande-12-puntos-ziper-pretty-rojo-mariposa-indice-cierre-manija\/#tab-description\" aria-controls=\"tab-description\" aria-selected=\"true\"> Descripci\u00f3n <\/a><\/li>\n<li id=\"tab-title-reviews\" class=\"reviews_tab\" role=\"presentation\"><a tabindex=\"-1\" role=\"tab\" href=\"https:\/\/libreria247.com\/producto\/biblia-letra-grande-12-puntos-ziper-pretty-rojo-mariposa-indice-cierre-manija\/#tab-reviews\" aria-controls=\"tab-reviews\" aria-selected=\"false\"> Valoraciones (0) <\/a><\/li>\n<\/ul>\n<div id=\"tab-description\" class=\"woocommerce-Tabs-panel woocommerce-Tabs-panel--description panel entry-content wc-tab\" role=\"tabpanel\" aria-labelledby=\"tab-title-description\">\n<h6 data-start=\"130\" data-end=\"185\"><img decoding=\"async\" class=\"emoji\" role=\"img\" draggable=\"false\" src=\"https:\/\/s.w.org\/images\/core\/emoji\/17.0.2\/svg\/1f4d6.svg\" alt=\"\ud83d\udcd6\" \/> Biblia de Z\u00edper Pretty Rosa \u2013 Reina-Valera 1960<\/h6>\n<h6 data-start=\"186\" data-end=\"212\">Letra Grande 12 Puntos<\/h6>\n<p data-start=\"214\" data-end=\"268\">Delicadeza que inspira. Palabra que transforma. <img decoding=\"async\" class=\"emoji\" role=\"img\" draggable=\"false\" src=\"https:\/\/s.w.org\/images\/core\/emoji\/17.0.2\/svg\/1f98b.svg\" alt=\"\ud83e\udd8b\" \/><img decoding=\"async\" class=\"emoji\" role=\"img\" draggable=\"false\" src=\"https:\/\/s.w.org\/images\/core\/emoji\/17.0.2\/svg\/1f497.svg\" alt=\"\ud83d\udc97\" \/><\/p>\n<p data-start=\"270\" data-end=\"444\">La <strong data-start=\"273\" data-end=\"301\">Biblia Reina-Valera 1960<\/strong> es la traducci\u00f3n cl\u00e1sica del pueblo evang\u00e9lico y una de las versiones m\u00e1s reconocidas en el mundo hispanohablante por su fidelidad y claridad.<\/p>\n<p data-start=\"446\" data-end=\"639\">Esta edici\u00f3n <strong data-start=\"459\" data-end=\"474\">Pretty Rosa<\/strong> combina dise\u00f1o femenino, practicidad y excelente legibilidad gracias a su <strong data-start=\"549\" data-end=\"578\">letra grande de 12 puntos<\/strong>, ideal para una lectura c\u00f3moda en cualquier momento del d\u00eda.<\/p>\n<hr data-start=\"641\" data-end=\"644\" \/>\n<h6 data-start=\"646\" data-end=\"677\"><img decoding=\"async\" class=\"emoji\" role=\"img\" draggable=\"false\" src=\"https:\/\/s.w.org\/images\/core\/emoji\/17.0.2\/svg\/2728.svg\" alt=\"\u2728\" \/> Caracter\u00edsticas destacadas<\/h6>\n<p data-start=\"679\" data-end=\"1009\"><img decoding=\"async\" class=\"emoji\" role=\"img\" draggable=\"false\" src=\"https:\/\/s.w.org\/images\/core\/emoji\/17.0.2\/svg\/2714.svg\" alt=\"\u2714\" \/> Versi\u00f3n: Reina-Valera 1960<br data-start=\"707\" data-end=\"710\" \/><img decoding=\"async\" class=\"emoji\" role=\"img\" draggable=\"false\" src=\"https:\/\/s.w.org\/images\/core\/emoji\/17.0.2\/svg\/2714.svg\" alt=\"\u2714\" \/> Letra grande: 12 puntos<br data-start=\"735\" data-end=\"738\" \/><img decoding=\"async\" class=\"emoji\" role=\"img\" draggable=\"false\" src=\"https:\/\/s.w.org\/images\/core\/emoji\/17.0.2\/svg\/2714.svg\" alt=\"\u2714\" \/> Cubierta en imitaci\u00f3n piel de alta calidad<br data-start=\"782\" data-end=\"785\" \/><img decoding=\"async\" class=\"emoji\" role=\"img\" draggable=\"false\" src=\"https:\/\/s.w.org\/images\/core\/emoji\/17.0.2\/svg\/2714.svg\" alt=\"\u2714\" \/> Dise\u00f1o original en color rosa<br data-start=\"816\" data-end=\"819\" \/><img decoding=\"async\" class=\"emoji\" role=\"img\" draggable=\"false\" src=\"https:\/\/s.w.org\/images\/core\/emoji\/17.0.2\/svg\/2714.svg\" alt=\"\u2714\" \/> Con cierre (z\u00edper)<br data-start=\"839\" data-end=\"842\" \/><img decoding=\"async\" class=\"emoji\" role=\"img\" draggable=\"false\" src=\"https:\/\/s.w.org\/images\/core\/emoji\/17.0.2\/svg\/2714.svg\" alt=\"\u2714\" \/> Con \u00edndice lateral<br data-start=\"862\" data-end=\"865\" \/><img decoding=\"async\" class=\"emoji\" role=\"img\" draggable=\"false\" src=\"https:\/\/s.w.org\/images\/core\/emoji\/17.0.2\/svg\/2714.svg\" alt=\"\u2714\" \/> Canto pintado<br data-start=\"880\" data-end=\"883\" \/><img decoding=\"async\" class=\"emoji\" role=\"img\" draggable=\"false\" src=\"https:\/\/s.w.org\/images\/core\/emoji\/17.0.2\/svg\/2714.svg\" alt=\"\u2714\" \/> Tipograf\u00eda clara<br data-start=\"901\" data-end=\"904\" \/><img decoding=\"async\" class=\"emoji\" role=\"img\" draggable=\"false\" src=\"https:\/\/s.w.org\/images\/core\/emoji\/17.0.2\/svg\/2714.svg\" alt=\"\u2714\" \/> Palabras de Jes\u00fas en rojo<br data-start=\"931\" data-end=\"934\" \/><img decoding=\"async\" class=\"emoji\" role=\"img\" draggable=\"false\" src=\"https:\/\/s.w.org\/images\/core\/emoji\/17.0.2\/svg\/2714.svg\" alt=\"\u2714\" \/> Notas y referencias cruzadas a pie de p\u00e1gina<br data-start=\"980\" data-end=\"983\" \/><img decoding=\"async\" class=\"emoji\" role=\"img\" draggable=\"false\" src=\"https:\/\/s.w.org\/images\/core\/emoji\/17.0.2\/svg\/2714.svg\" alt=\"\u2714\" \/> P\u00e1gina de presentaci\u00f3n<\/p>\n<hr data-start=\"1011\" data-end=\"1014\" \/>\n<h6 data-start=\"1016\" data-end=\"1055\"><img decoding=\"async\" class=\"emoji\" role=\"img\" draggable=\"false\" src=\"https:\/\/s.w.org\/images\/core\/emoji\/17.0.2\/svg\/1f4da.svg\" alt=\"\ud83d\udcda\" \/> Herramientas de estudio incluidas<\/h6>\n<p data-start=\"1057\" data-end=\"1210\"><img decoding=\"async\" class=\"emoji\" role=\"img\" draggable=\"false\" src=\"https:\/\/s.w.org\/images\/core\/emoji\/17.0.2\/svg\/2714.svg\" alt=\"\u2714\" \/> Concordancia amplia de 120 p\u00e1ginas<br data-start=\"1093\" data-end=\"1096\" \/><img decoding=\"async\" class=\"emoji\" role=\"img\" draggable=\"false\" src=\"https:\/\/s.w.org\/images\/core\/emoji\/17.0.2\/svg\/2714.svg\" alt=\"\u2714\" \/> Concordancia adicional de personajes b\u00edblicos<br data-start=\"1143\" data-end=\"1146\" \/><img decoding=\"async\" class=\"emoji\" role=\"img\" draggable=\"false\" src=\"https:\/\/s.w.org\/images\/core\/emoji\/17.0.2\/svg\/2714.svg\" alt=\"\u2714\" \/> 32 p\u00e1ginas a todo color con ayudas<br data-start=\"1182\" data-end=\"1185\" \/><img decoding=\"async\" class=\"emoji\" role=\"img\" draggable=\"false\" src=\"https:\/\/s.w.org\/images\/core\/emoji\/17.0.2\/svg\/2714.svg\" alt=\"\u2714\" \/> 12 mapas a todo color<\/p>\n<h6 data-start=\"1212\" data-end=\"1224\">Incluye:<\/h6>\n<ul data-start=\"1226\" data-end=\"1535\">\n<li data-start=\"1226\" data-end=\"1260\">\n<p data-start=\"1228\" data-end=\"1260\">Vers\u00edculos clave de cada libro<\/p>\n<\/li>\n<li data-start=\"1261\" data-end=\"1284\">\n<p data-start=\"1263\" data-end=\"1284\">Genealog\u00eda de Jes\u00fas<\/p>\n<\/li>\n<li data-start=\"1285\" data-end=\"1305\">\n<p data-start=\"1287\" data-end=\"1305\">Fiestas b\u00edblicas<\/p>\n<\/li>\n<li data-start=\"1306\" data-end=\"1333\">\n<p data-start=\"1308\" data-end=\"1333\">Tipolog\u00eda de los Salmos<\/p>\n<\/li>\n<li data-start=\"1334\" data-end=\"1354\">\n<p data-start=\"1336\" data-end=\"1354\">Plano del Templo<\/p>\n<\/li>\n<li data-start=\"1355\" data-end=\"1389\">\n<p data-start=\"1357\" data-end=\"1389\">Cronolog\u00eda de Reyes y Profetas<\/p>\n<\/li>\n<li data-start=\"1390\" data-end=\"1426\">\n<p data-start=\"1392\" data-end=\"1426\">Cuadro de las par\u00e1bolas de Jes\u00fas<\/p>\n<\/li>\n<li data-start=\"1427\" data-end=\"1462\">\n<p data-start=\"1429\" data-end=\"1462\">Cuadro de los milagros de Jes\u00fas<\/p>\n<\/li>\n<li data-start=\"1463\" data-end=\"1484\">\n<p data-start=\"1465\" data-end=\"1484\">Plan de salvaci\u00f3n<\/p>\n<\/li>\n<li data-start=\"1485\" data-end=\"1505\">\n<p data-start=\"1487\" data-end=\"1505\">Promesas de Dios<\/p>\n<\/li>\n<li data-start=\"1506\" data-end=\"1535\">\n<p data-start=\"1508\" data-end=\"1535\">Plan de lectura en un a\u00f1o<\/p>\n<\/li>\n<\/ul>\n<hr data-start=\"1537\" data-end=\"1540\" \/>\n<h6 data-start=\"1542\" data-end=\"1573\"><img decoding=\"async\" class=\"emoji\" role=\"img\" draggable=\"false\" src=\"https:\/\/s.w.org\/images\/core\/emoji\/17.0.2\/svg\/1f4cc.svg\" alt=\"\ud83d\udccc\" \/> Especificaciones t\u00e9cnicas<\/h6>\n<ul data-start=\"1575\" data-end=\"1830\">\n<li data-start=\"1575\" data-end=\"1598\">\n<p data-start=\"1577\" data-end=\"1598\">ISBN: 9798885168823<\/p>\n<\/li>\n<li data-start=\"1599\" data-end=\"1634\">\n<p data-start=\"1601\" data-end=\"1634\">Editorial: ABBA BIBLES USA INC.<\/p>\n<\/li>\n<li data-start=\"1635\" data-end=\"1664\">\n<p data-start=\"1637\" data-end=\"1664\">Referencia: 9798885168823<\/p>\n<\/li>\n<li data-start=\"1665\" data-end=\"1684\">\n<p data-start=\"1667\" data-end=\"1684\">Idioma: Espa\u00f1ol<\/p>\n<\/li>\n<li data-start=\"1685\" data-end=\"1720\">\n<p data-start=\"1687\" data-end=\"1720\">Dimensiones: 13.8 x 21.2 x 3 cm<\/p>\n<\/li>\n<li data-start=\"1721\" data-end=\"1748\">\n<p data-start=\"1723\" data-end=\"1748\">N\u00famero de p\u00e1ginas: 1648<\/p>\n<\/li>\n<li data-start=\"1749\" data-end=\"1793\">\n<p data-start=\"1751\" data-end=\"1793\">Cubierta: Imitaci\u00f3n piel rosa con \u00edndice<\/p>\n<\/li>\n<li data-start=\"1794\" data-end=\"1830\">\n<p data-start=\"1796\" data-end=\"1830\">Fecha de lanzamiento: 01.03.2024<\/p>\n<\/li>\n<\/ul>\n<hr data-start=\"1832\" data-end=\"1835\" \/>\n<h6 data-start=\"1837\" data-end=\"1854\"><img decoding=\"async\" class=\"emoji\" role=\"img\" draggable=\"false\" src=\"https:\/\/s.w.org\/images\/core\/emoji\/17.0.2\/svg\/1f338.svg\" alt=\"\ud83c\udf38\" \/> Ideal para:<\/h6>\n<ul data-start=\"1856\" data-end=\"2043\">\n<li data-start=\"1856\" data-end=\"1880\">\n<p data-start=\"1858\" data-end=\"1880\">Devocionales diarios<\/p>\n<\/li>\n<li data-start=\"1881\" data-end=\"1923\">\n<p data-start=\"1883\" data-end=\"1923\">Regalo especial para mujeres y j\u00f3venes<\/p>\n<\/li>\n<li data-start=\"1924\" data-end=\"1963\">\n<p data-start=\"1926\" data-end=\"1963\">Estudio b\u00edblico personal o en grupo<\/p>\n<\/li>\n<li data-start=\"1964\" data-end=\"2009\">\n<p data-start=\"1966\" data-end=\"2009\">Llevar a la iglesia, universidad o viajes<\/p>\n<\/li>\n<li data-start=\"2010\" data-end=\"2043\">\n<p data-start=\"2012\" data-end=\"2043\">Nuevos comienzos espirituales<\/p>\n<\/li>\n<\/ul>\n<hr data-start=\"2045\" data-end=\"2048\" \/>\n<h6 data-start=\"2050\" data-end=\"2095\"><img decoding=\"async\" class=\"emoji\" role=\"img\" draggable=\"false\" src=\"https:\/\/s.w.org\/images\/core\/emoji\/17.0.2\/svg\/1f497.svg\" alt=\"\ud83d\udc97\" \/> Hermosa por fuera, profunda por dentro.<\/h6>\n<p data-start=\"2097\" data-end=\"2188\">Una Biblia pr\u00e1ctica, completa y elegante que te acompa\u00f1ar\u00e1 cada d\u00eda en tu caminar con Dios.<\/p>\n<\/div>\n","protected":false},"excerpt":{"rendered":"<p>Descripci\u00f3n Valoraciones (0) Biblia de Z\u00edper Pretty Rosa \u2013 Reina-Valera 1960 Letra Grande 12 Puntos Delicadeza que inspira. Palabra que transforma. La Biblia Reina-Valera 1960 es la traducci\u00f3n cl\u00e1sica del pueblo evang\u00e9lico y una de las versiones m\u00e1s reconocidas en el mundo hispanohablante por su fidelidad y claridad. Esta edici\u00f3n Pretty Rosa combina dise\u00f1o femenino, [&hellip;]<\/p>\n","protected":false},"featured_media":7397,"comment_status":"open","ping_status":"closed","template":"","meta":{"om_disable_all_campaigns":false,"_monsterinsights_skip_tracking":false,"_monsterinsights_sitenote_active":false,"_monsterinsights_sitenote_note":"","_monsterinsights_sitenote_category":0,"site-sidebar-layout":"default","site-content-layout":"","ast-site-content-layout":"default","site-content-style":"default","site-sidebar-style":"default","ast-global-header-display":"","ast-banner-title-visibility":"","ast-main-header-display":"","ast-hfb-above-header-display":"","ast-hfb-below-header-display":"","ast-hfb-mobile-header-display":"","site-post-title":"","ast-breadcrumbs-content":"","ast-featured-img":"","footer-sml-layout":"","ast-disable-related-posts":"","theme-transparent-header-meta":"default","adv-header-id-meta":"","stick-header-meta":"","header-above-stick-meta":"","header-main-stick-meta":"","header-below-stick-meta":"","astra-migrate-meta-layouts":"set","ast-page-background-enabled":"default","ast-page-background-meta":{"desktop":{"background-color":"var(--ast-global-color-4)","background-image":"","background-repeat":"repeat","background-position":"center center","background-size":"auto","background-attachment":"scroll","background-type":"","background-media":"","overlay-type":"","overlay-color":"","overlay-opacity":"","overlay-gradient":""},"tablet":{"background-color":"","background-image":"","background-repeat":"repeat","background-position":"center center","background-size":"auto","background-attachment":"scroll","background-type":"","background-media":"","overlay-type":"","overlay-color":"","overlay-opacity":"","overlay-gradient":""},"mobile":{"background-color":"","background-image":"","background-repeat":"repeat","background-position":"center center","background-size":"auto","background-attachment":"scroll","background-type":"","background-media":"","overlay-type":"","overlay-color":"","overlay-opacity":"","overlay-gradient":""}},"ast-content-background-meta":{"desktop":{"background-color":"var(--ast-global-color-5)","background-image":"","background-repeat":"repeat","background-position":"center center","background-size":"auto","background-attachment":"scroll","background-type":"","background-media":"","overlay-type":"","overlay-color":"","overlay-opacity":"","overlay-gradient":""},"tablet":{"background-color":"var(--ast-global-color-5)","background-image":"","background-repeat":"repeat","background-position":"center center","background-size":"auto","background-attachment":"scroll","background-type":"","background-media":"","overlay-type":"","overlay-color":"","overlay-opacity":"","overlay-gradient":""},"mobile":{"background-color":"var(--ast-global-color-5)","background-image":"","background-repeat":"repeat","background-position":"center center","background-size":"auto","background-attachment":"scroll","background-type":"","background-media":"","overlay-type":"","overlay-color":"","overlay-opacity":"","overlay-gradient":""}}},"product_brand":[],"product_cat":[22,42,177],"product_tag":[],"class_list":{"0":"post-7396","1":"product","2":"type-product","3":"status-publish","4":"has-post-thumbnail","6":"product_cat-biblias","7":"product_cat-biblias-reina-valera","8":"product_cat-letra-grande-rvr","9":"desktop-align-left","10":"tablet-align-left","11":"mobile-align-left","13":"first","14":"instock","15":"shipping-taxable","16":"purchasable","17":"product-type-simple"},"yoast_head":"<!-- This site is optimized with the Yoast SEO plugin v27.4 - https:\/\/yoast.com\/product\/yoast-seo-wordpress\/ -->\n<title>Biblia RVR Letra Grande 12 pts Rosas Rojo Indice Cierre Manija - tzionlibreria.com<\/title>\n<meta name=\"robots\" content=\"index, follow, max-snippet:-1, max-image-preview:large, max-video-preview:-1\" \/>\n<link rel=\"canonical\" href=\"https:\/\/tzionlibreria.com\/index.php\/product\/biblia-rvr-letra-grande-12-pts-rosas-rojo-indice-cierre-manija\/\" \/>\n<meta property=\"og:locale\" content=\"es_ES\" \/>\n<meta property=\"og:type\" content=\"article\" \/>\n<meta property=\"og:title\" content=\"Biblia RVR Letra Grande 12 pts Rosas Rojo Indice Cierre Manija - tzionlibreria.com\" \/>\n<meta property=\"og:description\" content=\"Descripci\u00f3n Valoraciones (0) Biblia de Z\u00edper Pretty Rosa \u2013 Reina-Valera 1960 Letra Grande 12 Puntos Delicadeza que inspira. Palabra que transforma. La Biblia Reina-Valera 1960 es la traducci\u00f3n cl\u00e1sica del pueblo evang\u00e9lico y una de las versiones m\u00e1s reconocidas en el mundo hispanohablante por su fidelidad y claridad. Esta edici\u00f3n Pretty Rosa combina dise\u00f1o femenino, [&hellip;]\" \/>\n<meta property=\"og:url\" content=\"https:\/\/tzionlibreria.com\/index.php\/product\/biblia-rvr-letra-grande-12-pts-rosas-rojo-indice-cierre-manija\/\" \/>\n<meta property=\"og:site_name\" content=\"tzionlibreria.com\" \/>\n<meta property=\"article:modified_time\" content=\"2026-03-22T21:34:25+00:00\" \/>\n<meta property=\"og:image\" content=\"http:\/\/tzionlibreria.com\/wp-content\/uploads\/2026\/03\/9798885168823.jpg\" \/>\n\t<meta property=\"og:image:width\" content=\"1200\" \/>\n\t<meta property=\"og:image:height\" content=\"1200\" \/>\n\t<meta property=\"og:image:type\" content=\"image\/jpeg\" \/>\n<meta name=\"twitter:card\" content=\"summary_large_image\" \/>\n<meta name=\"twitter:label1\" content=\"Tiempo de lectura\" \/>\n\t<meta name=\"twitter:data1\" content=\"7 minutos\" \/>\n<script type=\"application\/ld+json\" class=\"yoast-schema-graph\">{\"@context\":\"https:\\\/\\\/schema.org\",\"@graph\":[{\"@type\":\"WebPage\",\"@id\":\"https:\\\/\\\/tzionlibreria.com\\\/index.php\\\/product\\\/biblia-rvr-letra-grande-12-pts-rosas-rojo-indice-cierre-manija\\\/\",\"url\":\"https:\\\/\\\/tzionlibreria.com\\\/index.php\\\/product\\\/biblia-rvr-letra-grande-12-pts-rosas-rojo-indice-cierre-manija\\\/\",\"name\":\"Biblia RVR Letra Grande 12 pts Rosas Rojo Indice Cierre Manija - tzionlibreria.com\",\"isPartOf\":{\"@id\":\"https:\\\/\\\/tzionlibreria.com\\\/#website\"},\"primaryImageOfPage\":{\"@id\":\"https:\\\/\\\/tzionlibreria.com\\\/index.php\\\/product\\\/biblia-rvr-letra-grande-12-pts-rosas-rojo-indice-cierre-manija\\\/#primaryimage\"},\"image\":{\"@id\":\"https:\\\/\\\/tzionlibreria.com\\\/index.php\\\/product\\\/biblia-rvr-letra-grande-12-pts-rosas-rojo-indice-cierre-manija\\\/#primaryimage\"},\"thumbnailUrl\":\"https:\\\/\\\/tzionlibreria.com\\\/wp-content\\\/uploads\\\/2026\\\/03\\\/9798885168823.jpg\",\"datePublished\":\"2026-03-12T18:03:13+00:00\",\"dateModified\":\"2026-03-22T21:34:25+00:00\",\"breadcrumb\":{\"@id\":\"https:\\\/\\\/tzionlibreria.com\\\/index.php\\\/product\\\/biblia-rvr-letra-grande-12-pts-rosas-rojo-indice-cierre-manija\\\/#breadcrumb\"},\"inLanguage\":\"es-CO\",\"potentialAction\":[{\"@type\":\"ReadAction\",\"target\":[\"https:\\\/\\\/tzionlibreria.com\\\/index.php\\\/product\\\/biblia-rvr-letra-grande-12-pts-rosas-rojo-indice-cierre-manija\\\/\"]}]},{\"@type\":\"ImageObject\",\"inLanguage\":\"es-CO\",\"@id\":\"https:\\\/\\\/tzionlibreria.com\\\/index.php\\\/product\\\/biblia-rvr-letra-grande-12-pts-rosas-rojo-indice-cierre-manija\\\/#primaryimage\",\"url\":\"https:\\\/\\\/tzionlibreria.com\\\/wp-content\\\/uploads\\\/2026\\\/03\\\/9798885168823.jpg\",\"contentUrl\":\"https:\\\/\\\/tzionlibreria.com\\\/wp-content\\\/uploads\\\/2026\\\/03\\\/9798885168823.jpg\",\"width\":1200,\"height\":1200},{\"@type\":\"BreadcrumbList\",\"@id\":\"https:\\\/\\\/tzionlibreria.com\\\/index.php\\\/product\\\/biblia-rvr-letra-grande-12-pts-rosas-rojo-indice-cierre-manija\\\/#breadcrumb\",\"itemListElement\":[{\"@type\":\"ListItem\",\"position\":1,\"name\":\"Inicio\",\"item\":\"https:\\\/\\\/tzionlibreria.com\\\/\"},{\"@type\":\"ListItem\",\"position\":2,\"name\":\"Shop\",\"item\":\"https:\\\/\\\/tzionlibreria.com\\\/index.php\\\/shop\\\/\"},{\"@type\":\"ListItem\",\"position\":3,\"name\":\"Biblia RVR Letra Grande 12 pts Rosas Rojo Indice Cierre Manija\"}]},{\"@type\":\"WebSite\",\"@id\":\"https:\\\/\\\/tzionlibreria.com\\\/#website\",\"url\":\"https:\\\/\\\/tzionlibreria.com\\\/\",\"name\":\"tzionlibreria.com\",\"description\":\"Libreria Cristiana Venezuela\",\"publisher\":{\"@id\":\"https:\\\/\\\/tzionlibreria.com\\\/#organization\"},\"potentialAction\":[{\"@type\":\"SearchAction\",\"target\":{\"@type\":\"EntryPoint\",\"urlTemplate\":\"https:\\\/\\\/tzionlibreria.com\\\/?s={search_term_string}\"},\"query-input\":{\"@type\":\"PropertyValueSpecification\",\"valueRequired\":true,\"valueName\":\"search_term_string\"}}],\"inLanguage\":\"es-CO\"},{\"@type\":\"Organization\",\"@id\":\"https:\\\/\\\/tzionlibreria.com\\\/#organization\",\"name\":\"tzionlibreria.com\",\"url\":\"https:\\\/\\\/tzionlibreria.com\\\/\",\"logo\":{\"@type\":\"ImageObject\",\"inLanguage\":\"es-CO\",\"@id\":\"https:\\\/\\\/tzionlibreria.com\\\/#\\\/schema\\\/logo\\\/image\\\/\",\"url\":\"https:\\\/\\\/tzionlibreria.com\\\/wp-content\\\/uploads\\\/2023\\\/10\\\/cropped-Cuadricula-scaled-1.jpg\",\"contentUrl\":\"https:\\\/\\\/tzionlibreria.com\\\/wp-content\\\/uploads\\\/2023\\\/10\\\/cropped-Cuadricula-scaled-1.jpg\",\"width\":2560,\"height\":2560,\"caption\":\"tzionlibreria.com\"},\"image\":{\"@id\":\"https:\\\/\\\/tzionlibreria.com\\\/#\\\/schema\\\/logo\\\/image\\\/\"}}]}<\/script>\n<!-- \/ Yoast SEO plugin. -->","yoast_head_json":{"title":"Biblia RVR Letra Grande 12 pts Rosas Rojo Indice Cierre Manija - tzionlibreria.com","robots":{"index":"index","follow":"follow","max-snippet":"max-snippet:-1","max-image-preview":"max-image-preview:large","max-video-preview":"max-video-preview:-1"},"canonical":"https:\/\/tzionlibreria.com\/index.php\/product\/biblia-rvr-letra-grande-12-pts-rosas-rojo-indice-cierre-manija\/","og_locale":"es_ES","og_type":"article","og_title":"Biblia RVR Letra Grande 12 pts Rosas Rojo Indice Cierre Manija - tzionlibreria.com","og_description":"Descripci\u00f3n Valoraciones (0) Biblia de Z\u00edper Pretty Rosa \u2013 Reina-Valera 1960 Letra Grande 12 Puntos Delicadeza que inspira. Palabra que transforma. La Biblia Reina-Valera 1960 es la traducci\u00f3n cl\u00e1sica del pueblo evang\u00e9lico y una de las versiones m\u00e1s reconocidas en el mundo hispanohablante por su fidelidad y claridad. Esta edici\u00f3n Pretty Rosa combina dise\u00f1o femenino, [&hellip;]","og_url":"https:\/\/tzionlibreria.com\/index.php\/product\/biblia-rvr-letra-grande-12-pts-rosas-rojo-indice-cierre-manija\/","og_site_name":"tzionlibreria.com","article_modified_time":"2026-03-22T21:34:25+00:00","og_image":[{"width":1200,"height":1200,"url":"http:\/\/tzionlibreria.com\/wp-content\/uploads\/2026\/03\/9798885168823.jpg","type":"image\/jpeg"}],"twitter_card":"summary_large_image","twitter_misc":{"Tiempo de lectura":"7 minutos"},"schema":{"@context":"https:\/\/schema.org","@graph":[{"@type":"WebPage","@id":"https:\/\/tzionlibreria.com\/index.php\/product\/biblia-rvr-letra-grande-12-pts-rosas-rojo-indice-cierre-manija\/","url":"https:\/\/tzionlibreria.com\/index.php\/product\/biblia-rvr-letra-grande-12-pts-rosas-rojo-indice-cierre-manija\/","name":"Biblia RVR Letra Grande 12 pts Rosas Rojo Indice Cierre Manija - tzionlibreria.com","isPartOf":{"@id":"https:\/\/tzionlibreria.com\/#website"},"primaryImageOfPage":{"@id":"https:\/\/tzionlibreria.com\/index.php\/product\/biblia-rvr-letra-grande-12-pts-rosas-rojo-indice-cierre-manija\/#primaryimage"},"image":{"@id":"https:\/\/tzionlibreria.com\/index.php\/product\/biblia-rvr-letra-grande-12-pts-rosas-rojo-indice-cierre-manija\/#primaryimage"},"thumbnailUrl":"https:\/\/tzionlibreria.com\/wp-content\/uploads\/2026\/03\/9798885168823.jpg","datePublished":"2026-03-12T18:03:13+00:00","dateModified":"2026-03-22T21:34:25+00:00","breadcrumb":{"@id":"https:\/\/tzionlibreria.com\/index.php\/product\/biblia-rvr-letra-grande-12-pts-rosas-rojo-indice-cierre-manija\/#breadcrumb"},"inLanguage":"es-CO","potentialAction":[{"@type":"ReadAction","target":["https:\/\/tzionlibreria.com\/index.php\/product\/biblia-rvr-letra-grande-12-pts-rosas-rojo-indice-cierre-manija\/"]}]},{"@type":"ImageObject","inLanguage":"es-CO","@id":"https:\/\/tzionlibreria.com\/index.php\/product\/biblia-rvr-letra-grande-12-pts-rosas-rojo-indice-cierre-manija\/#primaryimage","url":"https:\/\/tzionlibreria.com\/wp-content\/uploads\/2026\/03\/9798885168823.jpg","contentUrl":"https:\/\/tzionlibreria.com\/wp-content\/uploads\/2026\/03\/9798885168823.jpg","width":1200,"height":1200},{"@type":"BreadcrumbList","@id":"https:\/\/tzionlibreria.com\/index.php\/product\/biblia-rvr-letra-grande-12-pts-rosas-rojo-indice-cierre-manija\/#breadcrumb","itemListElement":[{"@type":"ListItem","position":1,"name":"Inicio","item":"https:\/\/tzionlibreria.com\/"},{"@type":"ListItem","position":2,"name":"Shop","item":"https:\/\/tzionlibreria.com\/index.php\/shop\/"},{"@type":"ListItem","position":3,"name":"Biblia RVR Letra Grande 12 pts Rosas Rojo Indice Cierre Manija"}]},{"@type":"WebSite","@id":"https:\/\/tzionlibreria.com\/#website","url":"https:\/\/tzionlibreria.com\/","name":"tzionlibreria.com","description":"Libreria Cristiana Venezuela","publisher":{"@id":"https:\/\/tzionlibreria.com\/#organization"},"potentialAction":[{"@type":"SearchAction","target":{"@type":"EntryPoint","urlTemplate":"https:\/\/tzionlibreria.com\/?s={search_term_string}"},"query-input":{"@type":"PropertyValueSpecification","valueRequired":true,"valueName":"search_term_string"}}],"inLanguage":"es-CO"},{"@type":"Organization","@id":"https:\/\/tzionlibreria.com\/#organization","name":"tzionlibreria.com","url":"https:\/\/tzionlibreria.com\/","logo":{"@type":"ImageObject","inLanguage":"es-CO","@id":"https:\/\/tzionlibreria.com\/#\/schema\/logo\/image\/","url":"https:\/\/tzionlibreria.com\/wp-content\/uploads\/2023\/10\/cropped-Cuadricula-scaled-1.jpg","contentUrl":"https:\/\/tzionlibreria.com\/wp-content\/uploads\/2023\/10\/cropped-Cuadricula-scaled-1.jpg","width":2560,"height":2560,"caption":"tzionlibreria.com"},"image":{"@id":"https:\/\/tzionlibreria.com\/#\/schema\/logo\/image\/"}}]}},"jetpack_sharing_enabled":true,"_links":{"self":[{"href":"https:\/\/tzionlibreria.com\/index.php\/wp-json\/wp\/v2\/product\/7396","targetHints":{"allow":["GET"]}}],"collection":[{"href":"https:\/\/tzionlibreria.com\/index.php\/wp-json\/wp\/v2\/product"}],"about":[{"href":"https:\/\/tzionlibreria.com\/index.php\/wp-json\/wp\/v2\/types\/product"}],"replies":[{"embeddable":true,"href":"https:\/\/tzionlibreria.com\/index.php\/wp-json\/wp\/v2\/comments?post=7396"}],"wp:featuredmedia":[{"embeddable":true,"href":"https:\/\/tzionlibreria.com\/index.php\/wp-json\/wp\/v2\/media\/7397"}],"wp:attachment":[{"href":"https:\/\/tzionlibreria.com\/index.php\/wp-json\/wp\/v2\/media?parent=7396"}],"wp:term":[{"taxonomy":"product_brand","embeddable":true,"href":"https:\/\/tzionlibreria.com\/index.php\/wp-json\/wp\/v2\/product_brand?post=7396"},{"taxonomy":"product_cat","embeddable":true,"href":"https:\/\/tzionlibreria.com\/index.php\/wp-json\/wp\/v2\/product_cat?post=7396"},{"taxonomy":"product_tag","embeddable":true,"href":"https:\/\/tzionlibreria.com\/index.php\/wp-json\/wp\/v2\/product_tag?post=7396"}],"curies":[{"name":"wp","href":"https:\/\/api.w.org\/{rel}","templated":true}]}}