{"id":768,"date":"2023-10-07T14:45:21","date_gmt":"2023-10-07T14:45:21","guid":{"rendered":"https:\/\/tzionlibreria.com\/?post_type=product&#038;p=768"},"modified":"2024-11-22T03:08:39","modified_gmt":"2024-11-22T03:08:39","slug":"diario-para-esposas-jovenes-lala-herrera","status":"publish","type":"product","link":"https:\/\/tzionlibreria.com\/index.php\/product\/diario-para-esposas-jovenes-lala-herrera\/","title":{"rendered":"Diario Para Esposas J\u00f3venes &#8211; Lala Herrera"},"content":{"rendered":"<div>Mi esposo y yo nos casamos sin estar enamorados y siendo dos completos extra\u00f1os.<\/div>\n<div><\/div>\n<div>Batallamos para creerle a Dios por lo que \u00c9l pod\u00eda hacer en nosotros, nos herimos, lastimamos a quienes nos rodeaban, perdimos las esperanzas, cre\u00edmos que era imposible seguir adelante&#8230; hasta que el Se\u00f1or restaur\u00f3 nuestro hogar y nos trajo un amor m\u00e1s intenso, m\u00e1s real y sobrenatural.<\/div>\n<div><\/div>\n<div>El cielo es #TEAMMARRIAGE \u00bfTe animas a creer junto a \u00c9l por tu hogar?<\/div>\n<div><\/div>\n<div>@DiarioParaEsposasJovenes inici\u00f3 como una comunidad digital que cuenta con cientos de testimonios de restauraci\u00f3n, gracias al mover de Dios en la practicidad e integridad de su mensaje.<\/div>\n<div><\/div>\n<div>Gracias a la interacci\u00f3n con matrimonios j\u00f3venes, noviazgos y mujeres solteras, decid\u00ed profundizar en las problem\u00e1ticas m\u00e1s recurrentes y mortales para una relaci\u00f3n tales como:<\/div>\n<div><\/div>\n<div>Noviazgo: Amor o sexo<\/div>\n<div>Celos o inseguridad<\/div>\n<div>Infidelidad<\/div>\n<div>Redes sociales en pareja<\/div>\n<div>Desamor<\/div>\n<div>Dependencia t\u00f3xica<\/div>\n<div>Convivencia<\/div>\n<div>Autocontrol<\/div>\n<div>Amor propio<\/div>\n<div>Roles en el hogar<\/div>\n<div>Diario para esposas j\u00f3venes llevar\u00e1 tu vida a moverse de una zona de guerra a una en la que &#8220;todos los d\u00edas pueden ser s\u00e1bados&#8221;.<\/div>\n<div><\/div>\n<div><strong>Editorial<\/strong>: Casa Creaci\u00f3n<br \/>\n<strong>ISBN<\/strong>: 9781629992976<br \/>\n<strong>Cubierta<\/strong>: R\u00fastica<br \/>\n<strong>Idioma<\/strong>: Espa\u00f1ol<\/div>\n","protected":false},"excerpt":{"rendered":"<p>Mi esposo y yo nos casamos sin estar enamorados y siendo dos completos extra\u00f1os. Batallamos para creerle a Dios por lo que \u00c9l pod\u00eda hacer en nosotros, nos herimos, lastimamos a quienes nos rodeaban, perdimos las esperanzas, cre\u00edmos que era imposible seguir adelante&#8230; hasta que el Se\u00f1or restaur\u00f3 nuestro hogar y nos trajo un amor [&hellip;]<\/p>\n","protected":false},"featured_media":770,"comment_status":"open","ping_status":"closed","template":"","meta":{"om_disable_all_campaigns":false,"_monsterinsights_skip_tracking":false,"_monsterinsights_sitenote_active":false,"_monsterinsights_sitenote_note":"","_monsterinsights_sitenote_category":0,"site-sidebar-layout":"default","site-content-layout":"","ast-site-content-layout":"default","site-content-style":"default","site-sidebar-style":"default","ast-global-header-display":"","ast-banner-title-visibility":"","ast-main-header-display":"","ast-hfb-above-header-display":"","ast-hfb-below-header-display":"","ast-hfb-mobile-header-display":"","site-post-title":"","ast-breadcrumbs-content":"","ast-featured-img":"","footer-sml-layout":"","ast-disable-related-posts":"","theme-transparent-header-meta":"default","adv-header-id-meta":"","stick-header-meta":"","header-above-stick-meta":"","header-main-stick-meta":"","header-below-stick-meta":"","astra-migrate-meta-layouts":"set","ast-page-background-enabled":"default","ast-page-background-meta":{"desktop":{"background-color":"var(--ast-global-color-4)","background-image":"","background-repeat":"repeat","background-position":"center center","background-size":"auto","background-attachment":"scroll","background-type":"","background-media":"","overlay-type":"","overlay-color":"","overlay-opacity":"","overlay-gradient":""},"tablet":{"background-color":"","background-image":"","background-repeat":"repeat","background-position":"center center","background-size":"auto","background-attachment":"scroll","background-type":"","background-media":"","overlay-type":"","overlay-color":"","overlay-opacity":"","overlay-gradient":""},"mobile":{"background-color":"","background-image":"","background-repeat":"repeat","background-position":"center center","background-size":"auto","background-attachment":"scroll","background-type":"","background-media":"","overlay-type":"","overlay-color":"","overlay-opacity":"","overlay-gradient":""}},"ast-content-background-meta":{"desktop":{"background-color":"var(--ast-global-color-5)","background-image":"","background-repeat":"repeat","background-position":"center center","background-size":"auto","background-attachment":"scroll","background-type":"","background-media":"","overlay-type":"","overlay-color":"","overlay-opacity":"","overlay-gradient":""},"tablet":{"background-color":"var(--ast-global-color-5)","background-image":"","background-repeat":"repeat","background-position":"center center","background-size":"auto","background-attachment":"scroll","background-type":"","background-media":"","overlay-type":"","overlay-color":"","overlay-opacity":"","overlay-gradient":""},"mobile":{"background-color":"var(--ast-global-color-5)","background-image":"","background-repeat":"repeat","background-position":"center center","background-size":"auto","background-attachment":"scroll","background-type":"","background-media":"","overlay-type":"","overlay-color":"","overlay-opacity":"","overlay-gradient":""}}},"product_brand":[],"product_cat":[173,23,172],"product_tag":[78],"class_list":{"0":"post-768","1":"product","2":"type-product","3":"status-publish","4":"has-post-thumbnail","6":"product_cat-jovenes","7":"product_cat-libros","8":"product_cat-matrimonio-y-relaciones","9":"product_tag-lala-herrera","10":"desktop-align-left","11":"tablet-align-left","12":"mobile-align-left","14":"first","15":"instock","16":"shipping-taxable","17":"purchasable","18":"product-type-simple"},"yoast_head":"<!-- This site is optimized with the Yoast SEO plugin v27.4 - https:\/\/yoast.com\/product\/yoast-seo-wordpress\/ -->\n<title>Diario Para Esposas J\u00f3venes - Lala Herrera - tzionlibreria.com<\/title>\n<meta name=\"description\" content=\"Temas c\u00f3mo el Noviazgo: Amor o sexo, Celos o inseguridad, Infidelidad, Redes sociales en pareja, Desamor, Dependencia t\u00f3xica, Convivencia, Autocontrol.\" \/>\n<meta name=\"robots\" content=\"index, follow, max-snippet:-1, max-image-preview:large, max-video-preview:-1\" \/>\n<link rel=\"canonical\" href=\"https:\/\/tzionlibreria.com\/index.php\/product\/diario-para-esposas-jovenes-lala-herrera\/\" \/>\n<meta property=\"og:locale\" content=\"es_ES\" \/>\n<meta property=\"og:type\" content=\"article\" \/>\n<meta property=\"og:title\" content=\"Diario Para Esposas J\u00f3venes - Lala Herrera - tzionlibreria.com\" \/>\n<meta property=\"og:description\" content=\"Temas c\u00f3mo el Noviazgo: Amor o sexo, Celos o inseguridad, Infidelidad, Redes sociales en pareja, Desamor, Dependencia t\u00f3xica, Convivencia, Autocontrol.\" \/>\n<meta property=\"og:url\" content=\"https:\/\/tzionlibreria.com\/index.php\/product\/diario-para-esposas-jovenes-lala-herrera\/\" \/>\n<meta property=\"og:site_name\" content=\"tzionlibreria.com\" \/>\n<meta property=\"article:modified_time\" content=\"2024-11-22T03:08:39+00:00\" \/>\n<meta property=\"og:image\" content=\"http:\/\/tzionlibreria.com\/wp-content\/uploads\/2023\/10\/D_NQ_NP_2X_978747-MLV69742899125_052023-F.webp\" \/>\n\t<meta property=\"og:image:width\" content=\"1053\" \/>\n\t<meta property=\"og:image:height\" content=\"959\" \/>\n\t<meta property=\"og:image:type\" content=\"image\/webp\" \/>\n<meta name=\"twitter:card\" content=\"summary_large_image\" \/>\n<meta name=\"twitter:label1\" content=\"Tiempo de lectura\" \/>\n\t<meta name=\"twitter:data1\" content=\"2 minutos\" \/>\n<script type=\"application\/ld+json\" class=\"yoast-schema-graph\">{\"@context\":\"https:\\\/\\\/schema.org\",\"@graph\":[{\"@type\":\"WebPage\",\"@id\":\"https:\\\/\\\/tzionlibreria.com\\\/index.php\\\/product\\\/diario-para-esposas-jovenes-lala-herrera\\\/\",\"url\":\"https:\\\/\\\/tzionlibreria.com\\\/index.php\\\/product\\\/diario-para-esposas-jovenes-lala-herrera\\\/\",\"name\":\"Diario Para Esposas J\u00f3venes - Lala Herrera - tzionlibreria.com\",\"isPartOf\":{\"@id\":\"https:\\\/\\\/tzionlibreria.com\\\/#website\"},\"primaryImageOfPage\":{\"@id\":\"https:\\\/\\\/tzionlibreria.com\\\/index.php\\\/product\\\/diario-para-esposas-jovenes-lala-herrera\\\/#primaryimage\"},\"image\":{\"@id\":\"https:\\\/\\\/tzionlibreria.com\\\/index.php\\\/product\\\/diario-para-esposas-jovenes-lala-herrera\\\/#primaryimage\"},\"thumbnailUrl\":\"https:\\\/\\\/tzionlibreria.com\\\/wp-content\\\/uploads\\\/2023\\\/10\\\/D_NQ_NP_2X_978747-MLV69742899125_052023-F.webp\",\"datePublished\":\"2023-10-07T14:45:21+00:00\",\"dateModified\":\"2024-11-22T03:08:39+00:00\",\"description\":\"Temas c\u00f3mo el Noviazgo: Amor o sexo, Celos o inseguridad, Infidelidad, Redes sociales en pareja, Desamor, Dependencia t\u00f3xica, Convivencia, Autocontrol.\",\"breadcrumb\":{\"@id\":\"https:\\\/\\\/tzionlibreria.com\\\/index.php\\\/product\\\/diario-para-esposas-jovenes-lala-herrera\\\/#breadcrumb\"},\"inLanguage\":\"es-CO\",\"potentialAction\":[{\"@type\":\"ReadAction\",\"target\":[\"https:\\\/\\\/tzionlibreria.com\\\/index.php\\\/product\\\/diario-para-esposas-jovenes-lala-herrera\\\/\"]}]},{\"@type\":\"ImageObject\",\"inLanguage\":\"es-CO\",\"@id\":\"https:\\\/\\\/tzionlibreria.com\\\/index.php\\\/product\\\/diario-para-esposas-jovenes-lala-herrera\\\/#primaryimage\",\"url\":\"https:\\\/\\\/tzionlibreria.com\\\/wp-content\\\/uploads\\\/2023\\\/10\\\/D_NQ_NP_2X_978747-MLV69742899125_052023-F.webp\",\"contentUrl\":\"https:\\\/\\\/tzionlibreria.com\\\/wp-content\\\/uploads\\\/2023\\\/10\\\/D_NQ_NP_2X_978747-MLV69742899125_052023-F.webp\",\"width\":1053,\"height\":959},{\"@type\":\"BreadcrumbList\",\"@id\":\"https:\\\/\\\/tzionlibreria.com\\\/index.php\\\/product\\\/diario-para-esposas-jovenes-lala-herrera\\\/#breadcrumb\",\"itemListElement\":[{\"@type\":\"ListItem\",\"position\":1,\"name\":\"Inicio\",\"item\":\"https:\\\/\\\/tzionlibreria.com\\\/\"},{\"@type\":\"ListItem\",\"position\":2,\"name\":\"Shop\",\"item\":\"https:\\\/\\\/tzionlibreria.com\\\/index.php\\\/shop\\\/\"},{\"@type\":\"ListItem\",\"position\":3,\"name\":\"Diario Para Esposas J\u00f3venes &#8211; Lala Herrera\"}]},{\"@type\":\"WebSite\",\"@id\":\"https:\\\/\\\/tzionlibreria.com\\\/#website\",\"url\":\"https:\\\/\\\/tzionlibreria.com\\\/\",\"name\":\"tzionlibreria.com\",\"description\":\"Libreria Cristiana Venezuela\",\"publisher\":{\"@id\":\"https:\\\/\\\/tzionlibreria.com\\\/#organization\"},\"potentialAction\":[{\"@type\":\"SearchAction\",\"target\":{\"@type\":\"EntryPoint\",\"urlTemplate\":\"https:\\\/\\\/tzionlibreria.com\\\/?s={search_term_string}\"},\"query-input\":{\"@type\":\"PropertyValueSpecification\",\"valueRequired\":true,\"valueName\":\"search_term_string\"}}],\"inLanguage\":\"es-CO\"},{\"@type\":\"Organization\",\"@id\":\"https:\\\/\\\/tzionlibreria.com\\\/#organization\",\"name\":\"tzionlibreria.com\",\"url\":\"https:\\\/\\\/tzionlibreria.com\\\/\",\"logo\":{\"@type\":\"ImageObject\",\"inLanguage\":\"es-CO\",\"@id\":\"https:\\\/\\\/tzionlibreria.com\\\/#\\\/schema\\\/logo\\\/image\\\/\",\"url\":\"https:\\\/\\\/tzionlibreria.com\\\/wp-content\\\/uploads\\\/2023\\\/10\\\/cropped-Cuadricula-scaled-1.jpg\",\"contentUrl\":\"https:\\\/\\\/tzionlibreria.com\\\/wp-content\\\/uploads\\\/2023\\\/10\\\/cropped-Cuadricula-scaled-1.jpg\",\"width\":2560,\"height\":2560,\"caption\":\"tzionlibreria.com\"},\"image\":{\"@id\":\"https:\\\/\\\/tzionlibreria.com\\\/#\\\/schema\\\/logo\\\/image\\\/\"}}]}<\/script>\n<!-- \/ Yoast SEO plugin. -->","yoast_head_json":{"title":"Diario Para Esposas J\u00f3venes - Lala Herrera - tzionlibreria.com","description":"Temas c\u00f3mo el Noviazgo: Amor o sexo, Celos o inseguridad, Infidelidad, Redes sociales en pareja, Desamor, Dependencia t\u00f3xica, Convivencia, Autocontrol.","robots":{"index":"index","follow":"follow","max-snippet":"max-snippet:-1","max-image-preview":"max-image-preview:large","max-video-preview":"max-video-preview:-1"},"canonical":"https:\/\/tzionlibreria.com\/index.php\/product\/diario-para-esposas-jovenes-lala-herrera\/","og_locale":"es_ES","og_type":"article","og_title":"Diario Para Esposas J\u00f3venes - Lala Herrera - tzionlibreria.com","og_description":"Temas c\u00f3mo el Noviazgo: Amor o sexo, Celos o inseguridad, Infidelidad, Redes sociales en pareja, Desamor, Dependencia t\u00f3xica, Convivencia, Autocontrol.","og_url":"https:\/\/tzionlibreria.com\/index.php\/product\/diario-para-esposas-jovenes-lala-herrera\/","og_site_name":"tzionlibreria.com","article_modified_time":"2024-11-22T03:08:39+00:00","og_image":[{"width":1053,"height":959,"url":"http:\/\/tzionlibreria.com\/wp-content\/uploads\/2023\/10\/D_NQ_NP_2X_978747-MLV69742899125_052023-F.webp","type":"image\/webp"}],"twitter_card":"summary_large_image","twitter_misc":{"Tiempo de lectura":"2 minutos"},"schema":{"@context":"https:\/\/schema.org","@graph":[{"@type":"WebPage","@id":"https:\/\/tzionlibreria.com\/index.php\/product\/diario-para-esposas-jovenes-lala-herrera\/","url":"https:\/\/tzionlibreria.com\/index.php\/product\/diario-para-esposas-jovenes-lala-herrera\/","name":"Diario Para Esposas J\u00f3venes - Lala Herrera - tzionlibreria.com","isPartOf":{"@id":"https:\/\/tzionlibreria.com\/#website"},"primaryImageOfPage":{"@id":"https:\/\/tzionlibreria.com\/index.php\/product\/diario-para-esposas-jovenes-lala-herrera\/#primaryimage"},"image":{"@id":"https:\/\/tzionlibreria.com\/index.php\/product\/diario-para-esposas-jovenes-lala-herrera\/#primaryimage"},"thumbnailUrl":"https:\/\/tzionlibreria.com\/wp-content\/uploads\/2023\/10\/D_NQ_NP_2X_978747-MLV69742899125_052023-F.webp","datePublished":"2023-10-07T14:45:21+00:00","dateModified":"2024-11-22T03:08:39+00:00","description":"Temas c\u00f3mo el Noviazgo: Amor o sexo, Celos o inseguridad, Infidelidad, Redes sociales en pareja, Desamor, Dependencia t\u00f3xica, Convivencia, Autocontrol.","breadcrumb":{"@id":"https:\/\/tzionlibreria.com\/index.php\/product\/diario-para-esposas-jovenes-lala-herrera\/#breadcrumb"},"inLanguage":"es-CO","potentialAction":[{"@type":"ReadAction","target":["https:\/\/tzionlibreria.com\/index.php\/product\/diario-para-esposas-jovenes-lala-herrera\/"]}]},{"@type":"ImageObject","inLanguage":"es-CO","@id":"https:\/\/tzionlibreria.com\/index.php\/product\/diario-para-esposas-jovenes-lala-herrera\/#primaryimage","url":"https:\/\/tzionlibreria.com\/wp-content\/uploads\/2023\/10\/D_NQ_NP_2X_978747-MLV69742899125_052023-F.webp","contentUrl":"https:\/\/tzionlibreria.com\/wp-content\/uploads\/2023\/10\/D_NQ_NP_2X_978747-MLV69742899125_052023-F.webp","width":1053,"height":959},{"@type":"BreadcrumbList","@id":"https:\/\/tzionlibreria.com\/index.php\/product\/diario-para-esposas-jovenes-lala-herrera\/#breadcrumb","itemListElement":[{"@type":"ListItem","position":1,"name":"Inicio","item":"https:\/\/tzionlibreria.com\/"},{"@type":"ListItem","position":2,"name":"Shop","item":"https:\/\/tzionlibreria.com\/index.php\/shop\/"},{"@type":"ListItem","position":3,"name":"Diario Para Esposas J\u00f3venes &#8211; Lala Herrera"}]},{"@type":"WebSite","@id":"https:\/\/tzionlibreria.com\/#website","url":"https:\/\/tzionlibreria.com\/","name":"tzionlibreria.com","description":"Libreria Cristiana Venezuela","publisher":{"@id":"https:\/\/tzionlibreria.com\/#organization"},"potentialAction":[{"@type":"SearchAction","target":{"@type":"EntryPoint","urlTemplate":"https:\/\/tzionlibreria.com\/?s={search_term_string}"},"query-input":{"@type":"PropertyValueSpecification","valueRequired":true,"valueName":"search_term_string"}}],"inLanguage":"es-CO"},{"@type":"Organization","@id":"https:\/\/tzionlibreria.com\/#organization","name":"tzionlibreria.com","url":"https:\/\/tzionlibreria.com\/","logo":{"@type":"ImageObject","inLanguage":"es-CO","@id":"https:\/\/tzionlibreria.com\/#\/schema\/logo\/image\/","url":"https:\/\/tzionlibreria.com\/wp-content\/uploads\/2023\/10\/cropped-Cuadricula-scaled-1.jpg","contentUrl":"https:\/\/tzionlibreria.com\/wp-content\/uploads\/2023\/10\/cropped-Cuadricula-scaled-1.jpg","width":2560,"height":2560,"caption":"tzionlibreria.com"},"image":{"@id":"https:\/\/tzionlibreria.com\/#\/schema\/logo\/image\/"}}]}},"jetpack_sharing_enabled":true,"_links":{"self":[{"href":"https:\/\/tzionlibreria.com\/index.php\/wp-json\/wp\/v2\/product\/768","targetHints":{"allow":["GET"]}}],"collection":[{"href":"https:\/\/tzionlibreria.com\/index.php\/wp-json\/wp\/v2\/product"}],"about":[{"href":"https:\/\/tzionlibreria.com\/index.php\/wp-json\/wp\/v2\/types\/product"}],"replies":[{"embeddable":true,"href":"https:\/\/tzionlibreria.com\/index.php\/wp-json\/wp\/v2\/comments?post=768"}],"wp:featuredmedia":[{"embeddable":true,"href":"https:\/\/tzionlibreria.com\/index.php\/wp-json\/wp\/v2\/media\/770"}],"wp:attachment":[{"href":"https:\/\/tzionlibreria.com\/index.php\/wp-json\/wp\/v2\/media?parent=768"}],"wp:term":[{"taxonomy":"product_brand","embeddable":true,"href":"https:\/\/tzionlibreria.com\/index.php\/wp-json\/wp\/v2\/product_brand?post=768"},{"taxonomy":"product_cat","embeddable":true,"href":"https:\/\/tzionlibreria.com\/index.php\/wp-json\/wp\/v2\/product_cat?post=768"},{"taxonomy":"product_tag","embeddable":true,"href":"https:\/\/tzionlibreria.com\/index.php\/wp-json\/wp\/v2\/product_tag?post=768"}],"curies":[{"name":"wp","href":"https:\/\/api.w.org\/{rel}","templated":true}]}}