{"id":814,"date":"2023-10-07T20:26:18","date_gmt":"2023-10-07T20:26:18","guid":{"rendered":"https:\/\/tzionlibreria.com\/?post_type=product&#038;p=814"},"modified":"2024-11-22T03:06:10","modified_gmt":"2024-11-22T03:06:10","slug":"el-silencio-de-adan-convertirse-en-hombres-de-valor","status":"publish","type":"product","link":"https:\/\/tzionlibreria.com\/index.php\/product\/el-silencio-de-adan-convertirse-en-hombres-de-valor\/","title":{"rendered":"El Silencio De Ad\u00e1n &#8211; Convertirse En Hombres De Valor"},"content":{"rendered":"<p><strong>C\u00f3mo convertirse en hombres de valor en un mundo de caos<\/strong><\/p>\n<p>Recupere la fortaleza y el riesgo de la hombr\u00eda. Los hombres de hoy libran una lucha con su problema m\u00e1s arduo: recuperar todo el potencial de su hombr\u00eda. Pero en medio de los afanes, reuniones, concentraciones, seminarios y congratulaciones, \u00bffaltar\u00e1 algo vital? \u00bfQu\u00e9 es lo que define y le da significado a la hombr\u00eda?<\/p>\n<p>En &#8220;El Silencio de Ad\u00e1n,&#8221; el Dr. Larry Crabb y sus colegas, el erudito b\u00edblico Don Hudson y el consejero Al Andrews, nos ofrecen una fresca mirada sobre la manera como Dios dise\u00f1o a los hombres, recurriendo a los datos b\u00edblicos olvidados y a su propia experiencia profesional para ayudarnos a explorar:<\/p>\n<p>-La visi\u00f3n perdida de la hombr\u00eda<br \/>\n-Los problemas de la comunidad varonil<br \/>\n-El valor de las relaciones de consejer\u00eda<\/p>\n<p>El Silencio de Ad\u00e1n expone en forma cuidadosa y honesta las luchas continuas de los hombres, y las dificultades que enfrentan en sus relaciones. Presenta el precioso llamado que ellos tienen de revelar a Dios en una forma exclusivamente varonil, y los desaf\u00eda a que superen el paralizante temor al fracaso y corran riesgos en forma resuelta, actuando con una profunda espiritualidad, y viviendo con plenitud.<\/p>\n<p>&#8220;&#8216;El Silencio de Ad\u00e1n&#8217; ofrece a los hombres un novedoso enfoque para definir su propia hombr\u00eda, avivando la pasi\u00f3n por Cristo en medio<br \/>\nde las dificultades actuales. Si usted est\u00e1 dispuesto a hablar de los misterios de su caos y oscuridad personal, &#8216;El Silencio de Ad\u00e1n&#8217; le abrir\u00e1 nuevos horizontes en la b\u00fasqueda de fortaleza e intimidad con Dios&#8221;, Dr Kennet W. Ogden, Primer director de consejer\u00eda de Enfoque a la familia.<\/p>\n<p>&nbsp;<\/p>\n<p>ISBN: 9789589149942<br \/>\nEditorial: CLC<br \/>\nDimensiones: 140 x 210 x 15 mm<br \/>\nPeso: 0,268kg<br \/>\nCubierta: R\u00fastica<br \/>\nN\u00famero de p\u00e1ginas: 240<br \/>\nIdioma: Espa\u00f1ol<\/p>\n","protected":false},"excerpt":{"rendered":"<p>C\u00f3mo convertirse en hombres de valor en un mundo de caos Recupere la fortaleza y el riesgo de la hombr\u00eda. Los hombres de hoy libran una lucha con su problema m\u00e1s arduo: recuperar todo el potencial de su hombr\u00eda. Pero en medio de los afanes, reuniones, concentraciones, seminarios y congratulaciones, \u00bffaltar\u00e1 algo vital? \u00bfQu\u00e9 es [&hellip;]<\/p>\n","protected":false},"featured_media":815,"comment_status":"open","ping_status":"closed","template":"","meta":{"om_disable_all_campaigns":false,"_monsterinsights_skip_tracking":false,"_monsterinsights_sitenote_active":false,"_monsterinsights_sitenote_note":"","_monsterinsights_sitenote_category":0,"site-sidebar-layout":"default","site-content-layout":"","ast-site-content-layout":"default","site-content-style":"default","site-sidebar-style":"default","ast-global-header-display":"","ast-banner-title-visibility":"","ast-main-header-display":"","ast-hfb-above-header-display":"","ast-hfb-below-header-display":"","ast-hfb-mobile-header-display":"","site-post-title":"","ast-breadcrumbs-content":"","ast-featured-img":"","footer-sml-layout":"","ast-disable-related-posts":"","theme-transparent-header-meta":"default","adv-header-id-meta":"","stick-header-meta":"","header-above-stick-meta":"","header-main-stick-meta":"","header-below-stick-meta":"","astra-migrate-meta-layouts":"set","ast-page-background-enabled":"default","ast-page-background-meta":{"desktop":{"background-color":"var(--ast-global-color-4)","background-image":"","background-repeat":"repeat","background-position":"center center","background-size":"auto","background-attachment":"scroll","background-type":"","background-media":"","overlay-type":"","overlay-color":"","overlay-opacity":"","overlay-gradient":""},"tablet":{"background-color":"","background-image":"","background-repeat":"repeat","background-position":"center center","background-size":"auto","background-attachment":"scroll","background-type":"","background-media":"","overlay-type":"","overlay-color":"","overlay-opacity":"","overlay-gradient":""},"mobile":{"background-color":"","background-image":"","background-repeat":"repeat","background-position":"center center","background-size":"auto","background-attachment":"scroll","background-type":"","background-media":"","overlay-type":"","overlay-color":"","overlay-opacity":"","overlay-gradient":""}},"ast-content-background-meta":{"desktop":{"background-color":"var(--ast-global-color-5)","background-image":"","background-repeat":"repeat","background-position":"center center","background-size":"auto","background-attachment":"scroll","background-type":"","background-media":"","overlay-type":"","overlay-color":"","overlay-opacity":"","overlay-gradient":""},"tablet":{"background-color":"var(--ast-global-color-5)","background-image":"","background-repeat":"repeat","background-position":"center center","background-size":"auto","background-attachment":"scroll","background-type":"","background-media":"","overlay-type":"","overlay-color":"","overlay-opacity":"","overlay-gradient":""},"mobile":{"background-color":"var(--ast-global-color-5)","background-image":"","background-repeat":"repeat","background-position":"center center","background-size":"auto","background-attachment":"scroll","background-type":"","background-media":"","overlay-type":"","overlay-color":"","overlay-opacity":"","overlay-gradient":""}}},"product_brand":[],"product_cat":[169,23],"product_tag":[200,198,199],"class_list":{"0":"post-814","1":"product","2":"type-product","3":"status-publish","4":"has-post-thumbnail","6":"product_cat-hombres","7":"product_cat-libros","8":"product_tag-clc","9":"product_tag-hombres","10":"product_tag-hombria","11":"desktop-align-left","12":"tablet-align-left","13":"mobile-align-left","15":"first","16":"instock","17":"shipping-taxable","18":"purchasable","19":"product-type-simple"},"yoast_head":"<!-- This site is optimized with the Yoast SEO plugin v27.4 - https:\/\/yoast.com\/product\/yoast-seo-wordpress\/ -->\n<title>El Silencio De Ad\u00e1n - Convertirse En Hombres De Valor - tzionlibreria.com<\/title>\n<meta name=\"robots\" content=\"index, follow, max-snippet:-1, max-image-preview:large, max-video-preview:-1\" \/>\n<link rel=\"canonical\" href=\"https:\/\/tzionlibreria.com\/index.php\/product\/el-silencio-de-adan-convertirse-en-hombres-de-valor\/\" \/>\n<meta property=\"og:locale\" content=\"es_ES\" \/>\n<meta property=\"og:type\" content=\"article\" \/>\n<meta property=\"og:title\" content=\"El Silencio De Ad\u00e1n - Convertirse En Hombres De Valor - tzionlibreria.com\" \/>\n<meta property=\"og:description\" content=\"C\u00f3mo convertirse en hombres de valor en un mundo de caos Recupere la fortaleza y el riesgo de la hombr\u00eda. Los hombres de hoy libran una lucha con su problema m\u00e1s arduo: recuperar todo el potencial de su hombr\u00eda. Pero en medio de los afanes, reuniones, concentraciones, seminarios y congratulaciones, \u00bffaltar\u00e1 algo vital? \u00bfQu\u00e9 es [&hellip;]\" \/>\n<meta property=\"og:url\" content=\"https:\/\/tzionlibreria.com\/index.php\/product\/el-silencio-de-adan-convertirse-en-hombres-de-valor\/\" \/>\n<meta property=\"og:site_name\" content=\"tzionlibreria.com\" \/>\n<meta property=\"article:modified_time\" content=\"2024-11-22T03:06:10+00:00\" \/>\n<meta property=\"og:image\" content=\"http:\/\/tzionlibreria.com\/wp-content\/uploads\/2023\/10\/D_NQ_NP_2X_730968-MLV70564513671_072023-F.webp\" \/>\n\t<meta property=\"og:image:width\" content=\"1072\" \/>\n\t<meta property=\"og:image:height\" content=\"955\" \/>\n\t<meta property=\"og:image:type\" content=\"image\/webp\" \/>\n<meta name=\"twitter:card\" content=\"summary_large_image\" \/>\n<meta name=\"twitter:label1\" content=\"Tiempo de lectura\" \/>\n\t<meta name=\"twitter:data1\" content=\"2 minutos\" \/>\n<script type=\"application\/ld+json\" class=\"yoast-schema-graph\">{\"@context\":\"https:\\\/\\\/schema.org\",\"@graph\":[{\"@type\":\"WebPage\",\"@id\":\"https:\\\/\\\/tzionlibreria.com\\\/index.php\\\/product\\\/el-silencio-de-adan-convertirse-en-hombres-de-valor\\\/\",\"url\":\"https:\\\/\\\/tzionlibreria.com\\\/index.php\\\/product\\\/el-silencio-de-adan-convertirse-en-hombres-de-valor\\\/\",\"name\":\"El Silencio De Ad\u00e1n - Convertirse En Hombres De Valor - tzionlibreria.com\",\"isPartOf\":{\"@id\":\"https:\\\/\\\/tzionlibreria.com\\\/#website\"},\"primaryImageOfPage\":{\"@id\":\"https:\\\/\\\/tzionlibreria.com\\\/index.php\\\/product\\\/el-silencio-de-adan-convertirse-en-hombres-de-valor\\\/#primaryimage\"},\"image\":{\"@id\":\"https:\\\/\\\/tzionlibreria.com\\\/index.php\\\/product\\\/el-silencio-de-adan-convertirse-en-hombres-de-valor\\\/#primaryimage\"},\"thumbnailUrl\":\"https:\\\/\\\/tzionlibreria.com\\\/wp-content\\\/uploads\\\/2023\\\/10\\\/D_NQ_NP_2X_730968-MLV70564513671_072023-F.webp\",\"datePublished\":\"2023-10-07T20:26:18+00:00\",\"dateModified\":\"2024-11-22T03:06:10+00:00\",\"breadcrumb\":{\"@id\":\"https:\\\/\\\/tzionlibreria.com\\\/index.php\\\/product\\\/el-silencio-de-adan-convertirse-en-hombres-de-valor\\\/#breadcrumb\"},\"inLanguage\":\"es-CO\",\"potentialAction\":[{\"@type\":\"ReadAction\",\"target\":[\"https:\\\/\\\/tzionlibreria.com\\\/index.php\\\/product\\\/el-silencio-de-adan-convertirse-en-hombres-de-valor\\\/\"]}]},{\"@type\":\"ImageObject\",\"inLanguage\":\"es-CO\",\"@id\":\"https:\\\/\\\/tzionlibreria.com\\\/index.php\\\/product\\\/el-silencio-de-adan-convertirse-en-hombres-de-valor\\\/#primaryimage\",\"url\":\"https:\\\/\\\/tzionlibreria.com\\\/wp-content\\\/uploads\\\/2023\\\/10\\\/D_NQ_NP_2X_730968-MLV70564513671_072023-F.webp\",\"contentUrl\":\"https:\\\/\\\/tzionlibreria.com\\\/wp-content\\\/uploads\\\/2023\\\/10\\\/D_NQ_NP_2X_730968-MLV70564513671_072023-F.webp\",\"width\":1072,\"height\":955},{\"@type\":\"BreadcrumbList\",\"@id\":\"https:\\\/\\\/tzionlibreria.com\\\/index.php\\\/product\\\/el-silencio-de-adan-convertirse-en-hombres-de-valor\\\/#breadcrumb\",\"itemListElement\":[{\"@type\":\"ListItem\",\"position\":1,\"name\":\"Inicio\",\"item\":\"https:\\\/\\\/tzionlibreria.com\\\/\"},{\"@type\":\"ListItem\",\"position\":2,\"name\":\"Shop\",\"item\":\"https:\\\/\\\/tzionlibreria.com\\\/index.php\\\/shop\\\/\"},{\"@type\":\"ListItem\",\"position\":3,\"name\":\"El Silencio De Ad\u00e1n &#8211; Convertirse En Hombres De Valor\"}]},{\"@type\":\"WebSite\",\"@id\":\"https:\\\/\\\/tzionlibreria.com\\\/#website\",\"url\":\"https:\\\/\\\/tzionlibreria.com\\\/\",\"name\":\"tzionlibreria.com\",\"description\":\"Libreria Cristiana Venezuela\",\"publisher\":{\"@id\":\"https:\\\/\\\/tzionlibreria.com\\\/#organization\"},\"potentialAction\":[{\"@type\":\"SearchAction\",\"target\":{\"@type\":\"EntryPoint\",\"urlTemplate\":\"https:\\\/\\\/tzionlibreria.com\\\/?s={search_term_string}\"},\"query-input\":{\"@type\":\"PropertyValueSpecification\",\"valueRequired\":true,\"valueName\":\"search_term_string\"}}],\"inLanguage\":\"es-CO\"},{\"@type\":\"Organization\",\"@id\":\"https:\\\/\\\/tzionlibreria.com\\\/#organization\",\"name\":\"tzionlibreria.com\",\"url\":\"https:\\\/\\\/tzionlibreria.com\\\/\",\"logo\":{\"@type\":\"ImageObject\",\"inLanguage\":\"es-CO\",\"@id\":\"https:\\\/\\\/tzionlibreria.com\\\/#\\\/schema\\\/logo\\\/image\\\/\",\"url\":\"https:\\\/\\\/tzionlibreria.com\\\/wp-content\\\/uploads\\\/2023\\\/10\\\/cropped-Cuadricula-scaled-1.jpg\",\"contentUrl\":\"https:\\\/\\\/tzionlibreria.com\\\/wp-content\\\/uploads\\\/2023\\\/10\\\/cropped-Cuadricula-scaled-1.jpg\",\"width\":2560,\"height\":2560,\"caption\":\"tzionlibreria.com\"},\"image\":{\"@id\":\"https:\\\/\\\/tzionlibreria.com\\\/#\\\/schema\\\/logo\\\/image\\\/\"}}]}<\/script>\n<!-- \/ Yoast SEO plugin. -->","yoast_head_json":{"title":"El Silencio De Ad\u00e1n - Convertirse En Hombres De Valor - tzionlibreria.com","robots":{"index":"index","follow":"follow","max-snippet":"max-snippet:-1","max-image-preview":"max-image-preview:large","max-video-preview":"max-video-preview:-1"},"canonical":"https:\/\/tzionlibreria.com\/index.php\/product\/el-silencio-de-adan-convertirse-en-hombres-de-valor\/","og_locale":"es_ES","og_type":"article","og_title":"El Silencio De Ad\u00e1n - Convertirse En Hombres De Valor - tzionlibreria.com","og_description":"C\u00f3mo convertirse en hombres de valor en un mundo de caos Recupere la fortaleza y el riesgo de la hombr\u00eda. Los hombres de hoy libran una lucha con su problema m\u00e1s arduo: recuperar todo el potencial de su hombr\u00eda. Pero en medio de los afanes, reuniones, concentraciones, seminarios y congratulaciones, \u00bffaltar\u00e1 algo vital? \u00bfQu\u00e9 es [&hellip;]","og_url":"https:\/\/tzionlibreria.com\/index.php\/product\/el-silencio-de-adan-convertirse-en-hombres-de-valor\/","og_site_name":"tzionlibreria.com","article_modified_time":"2024-11-22T03:06:10+00:00","og_image":[{"width":1072,"height":955,"url":"http:\/\/tzionlibreria.com\/wp-content\/uploads\/2023\/10\/D_NQ_NP_2X_730968-MLV70564513671_072023-F.webp","type":"image\/webp"}],"twitter_card":"summary_large_image","twitter_misc":{"Tiempo de lectura":"2 minutos"},"schema":{"@context":"https:\/\/schema.org","@graph":[{"@type":"WebPage","@id":"https:\/\/tzionlibreria.com\/index.php\/product\/el-silencio-de-adan-convertirse-en-hombres-de-valor\/","url":"https:\/\/tzionlibreria.com\/index.php\/product\/el-silencio-de-adan-convertirse-en-hombres-de-valor\/","name":"El Silencio De Ad\u00e1n - Convertirse En Hombres De Valor - tzionlibreria.com","isPartOf":{"@id":"https:\/\/tzionlibreria.com\/#website"},"primaryImageOfPage":{"@id":"https:\/\/tzionlibreria.com\/index.php\/product\/el-silencio-de-adan-convertirse-en-hombres-de-valor\/#primaryimage"},"image":{"@id":"https:\/\/tzionlibreria.com\/index.php\/product\/el-silencio-de-adan-convertirse-en-hombres-de-valor\/#primaryimage"},"thumbnailUrl":"https:\/\/tzionlibreria.com\/wp-content\/uploads\/2023\/10\/D_NQ_NP_2X_730968-MLV70564513671_072023-F.webp","datePublished":"2023-10-07T20:26:18+00:00","dateModified":"2024-11-22T03:06:10+00:00","breadcrumb":{"@id":"https:\/\/tzionlibreria.com\/index.php\/product\/el-silencio-de-adan-convertirse-en-hombres-de-valor\/#breadcrumb"},"inLanguage":"es-CO","potentialAction":[{"@type":"ReadAction","target":["https:\/\/tzionlibreria.com\/index.php\/product\/el-silencio-de-adan-convertirse-en-hombres-de-valor\/"]}]},{"@type":"ImageObject","inLanguage":"es-CO","@id":"https:\/\/tzionlibreria.com\/index.php\/product\/el-silencio-de-adan-convertirse-en-hombres-de-valor\/#primaryimage","url":"https:\/\/tzionlibreria.com\/wp-content\/uploads\/2023\/10\/D_NQ_NP_2X_730968-MLV70564513671_072023-F.webp","contentUrl":"https:\/\/tzionlibreria.com\/wp-content\/uploads\/2023\/10\/D_NQ_NP_2X_730968-MLV70564513671_072023-F.webp","width":1072,"height":955},{"@type":"BreadcrumbList","@id":"https:\/\/tzionlibreria.com\/index.php\/product\/el-silencio-de-adan-convertirse-en-hombres-de-valor\/#breadcrumb","itemListElement":[{"@type":"ListItem","position":1,"name":"Inicio","item":"https:\/\/tzionlibreria.com\/"},{"@type":"ListItem","position":2,"name":"Shop","item":"https:\/\/tzionlibreria.com\/index.php\/shop\/"},{"@type":"ListItem","position":3,"name":"El Silencio De Ad\u00e1n &#8211; Convertirse En Hombres De Valor"}]},{"@type":"WebSite","@id":"https:\/\/tzionlibreria.com\/#website","url":"https:\/\/tzionlibreria.com\/","name":"tzionlibreria.com","description":"Libreria Cristiana Venezuela","publisher":{"@id":"https:\/\/tzionlibreria.com\/#organization"},"potentialAction":[{"@type":"SearchAction","target":{"@type":"EntryPoint","urlTemplate":"https:\/\/tzionlibreria.com\/?s={search_term_string}"},"query-input":{"@type":"PropertyValueSpecification","valueRequired":true,"valueName":"search_term_string"}}],"inLanguage":"es-CO"},{"@type":"Organization","@id":"https:\/\/tzionlibreria.com\/#organization","name":"tzionlibreria.com","url":"https:\/\/tzionlibreria.com\/","logo":{"@type":"ImageObject","inLanguage":"es-CO","@id":"https:\/\/tzionlibreria.com\/#\/schema\/logo\/image\/","url":"https:\/\/tzionlibreria.com\/wp-content\/uploads\/2023\/10\/cropped-Cuadricula-scaled-1.jpg","contentUrl":"https:\/\/tzionlibreria.com\/wp-content\/uploads\/2023\/10\/cropped-Cuadricula-scaled-1.jpg","width":2560,"height":2560,"caption":"tzionlibreria.com"},"image":{"@id":"https:\/\/tzionlibreria.com\/#\/schema\/logo\/image\/"}}]}},"jetpack_sharing_enabled":true,"_links":{"self":[{"href":"https:\/\/tzionlibreria.com\/index.php\/wp-json\/wp\/v2\/product\/814","targetHints":{"allow":["GET"]}}],"collection":[{"href":"https:\/\/tzionlibreria.com\/index.php\/wp-json\/wp\/v2\/product"}],"about":[{"href":"https:\/\/tzionlibreria.com\/index.php\/wp-json\/wp\/v2\/types\/product"}],"replies":[{"embeddable":true,"href":"https:\/\/tzionlibreria.com\/index.php\/wp-json\/wp\/v2\/comments?post=814"}],"wp:featuredmedia":[{"embeddable":true,"href":"https:\/\/tzionlibreria.com\/index.php\/wp-json\/wp\/v2\/media\/815"}],"wp:attachment":[{"href":"https:\/\/tzionlibreria.com\/index.php\/wp-json\/wp\/v2\/media?parent=814"}],"wp:term":[{"taxonomy":"product_brand","embeddable":true,"href":"https:\/\/tzionlibreria.com\/index.php\/wp-json\/wp\/v2\/product_brand?post=814"},{"taxonomy":"product_cat","embeddable":true,"href":"https:\/\/tzionlibreria.com\/index.php\/wp-json\/wp\/v2\/product_cat?post=814"},{"taxonomy":"product_tag","embeddable":true,"href":"https:\/\/tzionlibreria.com\/index.php\/wp-json\/wp\/v2\/product_tag?post=814"}],"curies":[{"name":"wp","href":"https:\/\/api.w.org\/{rel}","templated":true}]}}