{"id":820,"date":"2023-10-07T20:29:21","date_gmt":"2023-10-07T20:29:21","guid":{"rendered":"https:\/\/tzionlibreria.com\/?post_type=product&#038;p=820"},"modified":"2025-11-13T22:32:08","modified_gmt":"2025-11-13T22:32:08","slug":"autonomia-sexual-en-un-mundo-posmoderno-joe-owen","status":"publish","type":"product","link":"https:\/\/tzionlibreria.com\/index.php\/product\/autonomia-sexual-en-un-mundo-posmoderno-joe-owen\/","title":{"rendered":"Autonom\u00eda Sexual En Un Mundo Posmoderno &#8211; Joe Owen"},"content":{"rendered":"<p>La iglesia se encuentra nuevamente en una encrucijada y esta vez ante la llamada \u201crevoluci\u00f3n sexual\u201d de los Siglos XX yXXI. Por encima de las capas de complejidad que envuelven el pol\u00e9mico t\u00f3pico de LGBTQ+ e ideolog\u00eda de g\u00e9nero, tambi\u00e9n existe una brecha generacional dentro dela misma iglesia respecto a la manera en que debemos responder.<\/p>\n<p>En t\u00e9rminos bastantes generales, he observado la generaci\u00f3n adulta responder con firmeza y la generaci\u00f3n de menores de edad responder bajo el estandarte de\u201ctolerancia\u201d que exige el relativismo de su generaci\u00f3n. El presente dilema nose resuelva f\u00e1cilmente y lo \u00faltimo que queremos es que se divida la iglesia de Jes\u00fas sobre el t\u00f3pico de la sexualidad e identidad de g\u00e9nero cuando hay una mejor manera (y creo m\u00e1s b\u00edblica) de responder.<\/p>\n<p>Autonom\u00eda sexual en un mundo pos moderno fue escrito con ese fin en mente. \u00bfC\u00f3mo podemos ser firmes en las eternas verdades del Se\u00f1or ante un mundo cuyo pensamiento ha cambiado tanto por la reciente globalizaci\u00f3n? \u00bfC\u00f3mo podemos, como Jes\u00fas, ser llenos de gracia y verdad (Juan 1:14), sin forjar una falsa dic\u00f3toma entre la gracia y la verdad?Respondo en tres partes.<\/p>\n<p>&nbsp;<\/p>\n<p>ISBN: 9789585163089<br \/>\nEditorial: Editorial CLC<br \/>\nIdioma: Espa\u00f1ol<\/p>\n","protected":false},"excerpt":{"rendered":"<p>La iglesia se encuentra nuevamente en una encrucijada y esta vez ante la llamada \u201crevoluci\u00f3n sexual\u201d de los Siglos XX yXXI. Por encima de las capas de complejidad que envuelven el pol\u00e9mico t\u00f3pico de LGBTQ+ e ideolog\u00eda de g\u00e9nero, tambi\u00e9n existe una brecha generacional dentro dela misma iglesia respecto a la manera en que debemos [&hellip;]<\/p>\n","protected":false},"featured_media":821,"comment_status":"open","ping_status":"closed","template":"","meta":{"om_disable_all_campaigns":false,"_monsterinsights_skip_tracking":false,"_monsterinsights_sitenote_active":false,"_monsterinsights_sitenote_note":"","_monsterinsights_sitenote_category":0,"site-sidebar-layout":"default","site-content-layout":"","ast-site-content-layout":"default","site-content-style":"default","site-sidebar-style":"default","ast-global-header-display":"","ast-banner-title-visibility":"","ast-main-header-display":"","ast-hfb-above-header-display":"","ast-hfb-below-header-display":"","ast-hfb-mobile-header-display":"","site-post-title":"","ast-breadcrumbs-content":"","ast-featured-img":"","footer-sml-layout":"","ast-disable-related-posts":"","theme-transparent-header-meta":"default","adv-header-id-meta":"","stick-header-meta":"","header-above-stick-meta":"","header-main-stick-meta":"","header-below-stick-meta":"","astra-migrate-meta-layouts":"set","ast-page-background-enabled":"default","ast-page-background-meta":{"desktop":{"background-color":"var(--ast-global-color-4)","background-image":"","background-repeat":"repeat","background-position":"center center","background-size":"auto","background-attachment":"scroll","background-type":"","background-media":"","overlay-type":"","overlay-color":"","overlay-opacity":"","overlay-gradient":""},"tablet":{"background-color":"","background-image":"","background-repeat":"repeat","background-position":"center center","background-size":"auto","background-attachment":"scroll","background-type":"","background-media":"","overlay-type":"","overlay-color":"","overlay-opacity":"","overlay-gradient":""},"mobile":{"background-color":"","background-image":"","background-repeat":"repeat","background-position":"center center","background-size":"auto","background-attachment":"scroll","background-type":"","background-media":"","overlay-type":"","overlay-color":"","overlay-opacity":"","overlay-gradient":""}},"ast-content-background-meta":{"desktop":{"background-color":"var(--ast-global-color-5)","background-image":"","background-repeat":"repeat","background-position":"center center","background-size":"auto","background-attachment":"scroll","background-type":"","background-media":"","overlay-type":"","overlay-color":"","overlay-opacity":"","overlay-gradient":""},"tablet":{"background-color":"var(--ast-global-color-5)","background-image":"","background-repeat":"repeat","background-position":"center center","background-size":"auto","background-attachment":"scroll","background-type":"","background-media":"","overlay-type":"","overlay-color":"","overlay-opacity":"","overlay-gradient":""},"mobile":{"background-color":"var(--ast-global-color-5)","background-image":"","background-repeat":"repeat","background-position":"center center","background-size":"auto","background-attachment":"scroll","background-type":"","background-media":"","overlay-type":"","overlay-color":"","overlay-opacity":"","overlay-gradient":""}}},"product_brand":[],"product_cat":[173,23,171],"product_tag":[86,93],"class_list":{"0":"post-820","1":"product","2":"type-product","3":"status-publish","4":"has-post-thumbnail","6":"product_cat-jovenes","7":"product_cat-libros","8":"product_cat-sexualidad","9":"product_tag-joe-owen","10":"product_tag-sexualidad","11":"desktop-align-left","12":"tablet-align-left","13":"mobile-align-left","15":"first","16":"instock","17":"shipping-taxable","18":"purchasable","19":"product-type-simple"},"yoast_head":"<!-- This site is optimized with the Yoast SEO plugin v27.4 - https:\/\/yoast.com\/product\/yoast-seo-wordpress\/ -->\n<title>Autonom\u00eda Sexual En Un Mundo Posmoderno - Joe Owen - tzionlibreria.com<\/title>\n<meta name=\"robots\" content=\"index, follow, max-snippet:-1, max-image-preview:large, max-video-preview:-1\" \/>\n<link rel=\"canonical\" href=\"https:\/\/tzionlibreria.com\/index.php\/product\/autonomia-sexual-en-un-mundo-posmoderno-joe-owen\/\" \/>\n<meta property=\"og:locale\" content=\"es_ES\" \/>\n<meta property=\"og:type\" content=\"article\" \/>\n<meta property=\"og:title\" content=\"Autonom\u00eda Sexual En Un Mundo Posmoderno - Joe Owen - tzionlibreria.com\" \/>\n<meta property=\"og:description\" content=\"La iglesia se encuentra nuevamente en una encrucijada y esta vez ante la llamada \u201crevoluci\u00f3n sexual\u201d de los Siglos XX yXXI. Por encima de las capas de complejidad que envuelven el pol\u00e9mico t\u00f3pico de LGBTQ+ e ideolog\u00eda de g\u00e9nero, tambi\u00e9n existe una brecha generacional dentro dela misma iglesia respecto a la manera en que debemos [&hellip;]\" \/>\n<meta property=\"og:url\" content=\"https:\/\/tzionlibreria.com\/index.php\/product\/autonomia-sexual-en-un-mundo-posmoderno-joe-owen\/\" \/>\n<meta property=\"og:site_name\" content=\"tzionlibreria.com\" \/>\n<meta property=\"article:modified_time\" content=\"2025-11-13T22:32:08+00:00\" \/>\n<meta property=\"og:image\" content=\"http:\/\/tzionlibreria.com\/wp-content\/uploads\/2023\/10\/D_NQ_NP_2X_877085-MLV70561822567_072023-F.webp\" \/>\n\t<meta property=\"og:image:width\" content=\"1072\" \/>\n\t<meta property=\"og:image:height\" content=\"979\" \/>\n\t<meta property=\"og:image:type\" content=\"image\/webp\" \/>\n<meta name=\"twitter:card\" content=\"summary_large_image\" \/>\n<meta name=\"twitter:label1\" content=\"Tiempo de lectura\" \/>\n\t<meta name=\"twitter:data1\" content=\"2 minutos\" \/>\n<script type=\"application\/ld+json\" class=\"yoast-schema-graph\">{\"@context\":\"https:\\\/\\\/schema.org\",\"@graph\":[{\"@type\":\"WebPage\",\"@id\":\"https:\\\/\\\/tzionlibreria.com\\\/index.php\\\/product\\\/autonomia-sexual-en-un-mundo-posmoderno-joe-owen\\\/\",\"url\":\"https:\\\/\\\/tzionlibreria.com\\\/index.php\\\/product\\\/autonomia-sexual-en-un-mundo-posmoderno-joe-owen\\\/\",\"name\":\"Autonom\u00eda Sexual En Un Mundo Posmoderno - Joe Owen - tzionlibreria.com\",\"isPartOf\":{\"@id\":\"https:\\\/\\\/tzionlibreria.com\\\/#website\"},\"primaryImageOfPage\":{\"@id\":\"https:\\\/\\\/tzionlibreria.com\\\/index.php\\\/product\\\/autonomia-sexual-en-un-mundo-posmoderno-joe-owen\\\/#primaryimage\"},\"image\":{\"@id\":\"https:\\\/\\\/tzionlibreria.com\\\/index.php\\\/product\\\/autonomia-sexual-en-un-mundo-posmoderno-joe-owen\\\/#primaryimage\"},\"thumbnailUrl\":\"https:\\\/\\\/tzionlibreria.com\\\/wp-content\\\/uploads\\\/2023\\\/10\\\/D_NQ_NP_2X_877085-MLV70561822567_072023-F.webp\",\"datePublished\":\"2023-10-07T20:29:21+00:00\",\"dateModified\":\"2025-11-13T22:32:08+00:00\",\"breadcrumb\":{\"@id\":\"https:\\\/\\\/tzionlibreria.com\\\/index.php\\\/product\\\/autonomia-sexual-en-un-mundo-posmoderno-joe-owen\\\/#breadcrumb\"},\"inLanguage\":\"es-CO\",\"potentialAction\":[{\"@type\":\"ReadAction\",\"target\":[\"https:\\\/\\\/tzionlibreria.com\\\/index.php\\\/product\\\/autonomia-sexual-en-un-mundo-posmoderno-joe-owen\\\/\"]}]},{\"@type\":\"ImageObject\",\"inLanguage\":\"es-CO\",\"@id\":\"https:\\\/\\\/tzionlibreria.com\\\/index.php\\\/product\\\/autonomia-sexual-en-un-mundo-posmoderno-joe-owen\\\/#primaryimage\",\"url\":\"https:\\\/\\\/tzionlibreria.com\\\/wp-content\\\/uploads\\\/2023\\\/10\\\/D_NQ_NP_2X_877085-MLV70561822567_072023-F.webp\",\"contentUrl\":\"https:\\\/\\\/tzionlibreria.com\\\/wp-content\\\/uploads\\\/2023\\\/10\\\/D_NQ_NP_2X_877085-MLV70561822567_072023-F.webp\",\"width\":1072,\"height\":979},{\"@type\":\"BreadcrumbList\",\"@id\":\"https:\\\/\\\/tzionlibreria.com\\\/index.php\\\/product\\\/autonomia-sexual-en-un-mundo-posmoderno-joe-owen\\\/#breadcrumb\",\"itemListElement\":[{\"@type\":\"ListItem\",\"position\":1,\"name\":\"Inicio\",\"item\":\"https:\\\/\\\/tzionlibreria.com\\\/\"},{\"@type\":\"ListItem\",\"position\":2,\"name\":\"Shop\",\"item\":\"https:\\\/\\\/tzionlibreria.com\\\/index.php\\\/shop\\\/\"},{\"@type\":\"ListItem\",\"position\":3,\"name\":\"Autonom\u00eda Sexual En Un Mundo Posmoderno &#8211; Joe Owen\"}]},{\"@type\":\"WebSite\",\"@id\":\"https:\\\/\\\/tzionlibreria.com\\\/#website\",\"url\":\"https:\\\/\\\/tzionlibreria.com\\\/\",\"name\":\"tzionlibreria.com\",\"description\":\"Libreria Cristiana Venezuela\",\"publisher\":{\"@id\":\"https:\\\/\\\/tzionlibreria.com\\\/#organization\"},\"potentialAction\":[{\"@type\":\"SearchAction\",\"target\":{\"@type\":\"EntryPoint\",\"urlTemplate\":\"https:\\\/\\\/tzionlibreria.com\\\/?s={search_term_string}\"},\"query-input\":{\"@type\":\"PropertyValueSpecification\",\"valueRequired\":true,\"valueName\":\"search_term_string\"}}],\"inLanguage\":\"es-CO\"},{\"@type\":\"Organization\",\"@id\":\"https:\\\/\\\/tzionlibreria.com\\\/#organization\",\"name\":\"tzionlibreria.com\",\"url\":\"https:\\\/\\\/tzionlibreria.com\\\/\",\"logo\":{\"@type\":\"ImageObject\",\"inLanguage\":\"es-CO\",\"@id\":\"https:\\\/\\\/tzionlibreria.com\\\/#\\\/schema\\\/logo\\\/image\\\/\",\"url\":\"https:\\\/\\\/tzionlibreria.com\\\/wp-content\\\/uploads\\\/2023\\\/10\\\/cropped-Cuadricula-scaled-1.jpg\",\"contentUrl\":\"https:\\\/\\\/tzionlibreria.com\\\/wp-content\\\/uploads\\\/2023\\\/10\\\/cropped-Cuadricula-scaled-1.jpg\",\"width\":2560,\"height\":2560,\"caption\":\"tzionlibreria.com\"},\"image\":{\"@id\":\"https:\\\/\\\/tzionlibreria.com\\\/#\\\/schema\\\/logo\\\/image\\\/\"}}]}<\/script>\n<!-- \/ Yoast SEO plugin. -->","yoast_head_json":{"title":"Autonom\u00eda Sexual En Un Mundo Posmoderno - Joe Owen - tzionlibreria.com","robots":{"index":"index","follow":"follow","max-snippet":"max-snippet:-1","max-image-preview":"max-image-preview:large","max-video-preview":"max-video-preview:-1"},"canonical":"https:\/\/tzionlibreria.com\/index.php\/product\/autonomia-sexual-en-un-mundo-posmoderno-joe-owen\/","og_locale":"es_ES","og_type":"article","og_title":"Autonom\u00eda Sexual En Un Mundo Posmoderno - Joe Owen - tzionlibreria.com","og_description":"La iglesia se encuentra nuevamente en una encrucijada y esta vez ante la llamada \u201crevoluci\u00f3n sexual\u201d de los Siglos XX yXXI. Por encima de las capas de complejidad que envuelven el pol\u00e9mico t\u00f3pico de LGBTQ+ e ideolog\u00eda de g\u00e9nero, tambi\u00e9n existe una brecha generacional dentro dela misma iglesia respecto a la manera en que debemos [&hellip;]","og_url":"https:\/\/tzionlibreria.com\/index.php\/product\/autonomia-sexual-en-un-mundo-posmoderno-joe-owen\/","og_site_name":"tzionlibreria.com","article_modified_time":"2025-11-13T22:32:08+00:00","og_image":[{"width":1072,"height":979,"url":"http:\/\/tzionlibreria.com\/wp-content\/uploads\/2023\/10\/D_NQ_NP_2X_877085-MLV70561822567_072023-F.webp","type":"image\/webp"}],"twitter_card":"summary_large_image","twitter_misc":{"Tiempo de lectura":"2 minutos"},"schema":{"@context":"https:\/\/schema.org","@graph":[{"@type":"WebPage","@id":"https:\/\/tzionlibreria.com\/index.php\/product\/autonomia-sexual-en-un-mundo-posmoderno-joe-owen\/","url":"https:\/\/tzionlibreria.com\/index.php\/product\/autonomia-sexual-en-un-mundo-posmoderno-joe-owen\/","name":"Autonom\u00eda Sexual En Un Mundo Posmoderno - Joe Owen - tzionlibreria.com","isPartOf":{"@id":"https:\/\/tzionlibreria.com\/#website"},"primaryImageOfPage":{"@id":"https:\/\/tzionlibreria.com\/index.php\/product\/autonomia-sexual-en-un-mundo-posmoderno-joe-owen\/#primaryimage"},"image":{"@id":"https:\/\/tzionlibreria.com\/index.php\/product\/autonomia-sexual-en-un-mundo-posmoderno-joe-owen\/#primaryimage"},"thumbnailUrl":"https:\/\/tzionlibreria.com\/wp-content\/uploads\/2023\/10\/D_NQ_NP_2X_877085-MLV70561822567_072023-F.webp","datePublished":"2023-10-07T20:29:21+00:00","dateModified":"2025-11-13T22:32:08+00:00","breadcrumb":{"@id":"https:\/\/tzionlibreria.com\/index.php\/product\/autonomia-sexual-en-un-mundo-posmoderno-joe-owen\/#breadcrumb"},"inLanguage":"es-CO","potentialAction":[{"@type":"ReadAction","target":["https:\/\/tzionlibreria.com\/index.php\/product\/autonomia-sexual-en-un-mundo-posmoderno-joe-owen\/"]}]},{"@type":"ImageObject","inLanguage":"es-CO","@id":"https:\/\/tzionlibreria.com\/index.php\/product\/autonomia-sexual-en-un-mundo-posmoderno-joe-owen\/#primaryimage","url":"https:\/\/tzionlibreria.com\/wp-content\/uploads\/2023\/10\/D_NQ_NP_2X_877085-MLV70561822567_072023-F.webp","contentUrl":"https:\/\/tzionlibreria.com\/wp-content\/uploads\/2023\/10\/D_NQ_NP_2X_877085-MLV70561822567_072023-F.webp","width":1072,"height":979},{"@type":"BreadcrumbList","@id":"https:\/\/tzionlibreria.com\/index.php\/product\/autonomia-sexual-en-un-mundo-posmoderno-joe-owen\/#breadcrumb","itemListElement":[{"@type":"ListItem","position":1,"name":"Inicio","item":"https:\/\/tzionlibreria.com\/"},{"@type":"ListItem","position":2,"name":"Shop","item":"https:\/\/tzionlibreria.com\/index.php\/shop\/"},{"@type":"ListItem","position":3,"name":"Autonom\u00eda Sexual En Un Mundo Posmoderno &#8211; Joe Owen"}]},{"@type":"WebSite","@id":"https:\/\/tzionlibreria.com\/#website","url":"https:\/\/tzionlibreria.com\/","name":"tzionlibreria.com","description":"Libreria Cristiana Venezuela","publisher":{"@id":"https:\/\/tzionlibreria.com\/#organization"},"potentialAction":[{"@type":"SearchAction","target":{"@type":"EntryPoint","urlTemplate":"https:\/\/tzionlibreria.com\/?s={search_term_string}"},"query-input":{"@type":"PropertyValueSpecification","valueRequired":true,"valueName":"search_term_string"}}],"inLanguage":"es-CO"},{"@type":"Organization","@id":"https:\/\/tzionlibreria.com\/#organization","name":"tzionlibreria.com","url":"https:\/\/tzionlibreria.com\/","logo":{"@type":"ImageObject","inLanguage":"es-CO","@id":"https:\/\/tzionlibreria.com\/#\/schema\/logo\/image\/","url":"https:\/\/tzionlibreria.com\/wp-content\/uploads\/2023\/10\/cropped-Cuadricula-scaled-1.jpg","contentUrl":"https:\/\/tzionlibreria.com\/wp-content\/uploads\/2023\/10\/cropped-Cuadricula-scaled-1.jpg","width":2560,"height":2560,"caption":"tzionlibreria.com"},"image":{"@id":"https:\/\/tzionlibreria.com\/#\/schema\/logo\/image\/"}}]}},"jetpack_sharing_enabled":true,"_links":{"self":[{"href":"https:\/\/tzionlibreria.com\/index.php\/wp-json\/wp\/v2\/product\/820","targetHints":{"allow":["GET"]}}],"collection":[{"href":"https:\/\/tzionlibreria.com\/index.php\/wp-json\/wp\/v2\/product"}],"about":[{"href":"https:\/\/tzionlibreria.com\/index.php\/wp-json\/wp\/v2\/types\/product"}],"replies":[{"embeddable":true,"href":"https:\/\/tzionlibreria.com\/index.php\/wp-json\/wp\/v2\/comments?post=820"}],"wp:featuredmedia":[{"embeddable":true,"href":"https:\/\/tzionlibreria.com\/index.php\/wp-json\/wp\/v2\/media\/821"}],"wp:attachment":[{"href":"https:\/\/tzionlibreria.com\/index.php\/wp-json\/wp\/v2\/media?parent=820"}],"wp:term":[{"taxonomy":"product_brand","embeddable":true,"href":"https:\/\/tzionlibreria.com\/index.php\/wp-json\/wp\/v2\/product_brand?post=820"},{"taxonomy":"product_cat","embeddable":true,"href":"https:\/\/tzionlibreria.com\/index.php\/wp-json\/wp\/v2\/product_cat?post=820"},{"taxonomy":"product_tag","embeddable":true,"href":"https:\/\/tzionlibreria.com\/index.php\/wp-json\/wp\/v2\/product_tag?post=820"}],"curies":[{"name":"wp","href":"https:\/\/api.w.org\/{rel}","templated":true}]}}