{"id":846,"date":"2023-10-15T17:25:24","date_gmt":"2023-10-15T17:25:24","guid":{"rendered":"https:\/\/tzionlibreria.com\/?post_type=product&#038;p=846"},"modified":"2025-02-15T01:13:56","modified_gmt":"2025-02-15T01:13:56","slug":"biblia-para-chicas-nvi-rosada-bicicleta-imitacion-piel","status":"publish","type":"product","link":"https:\/\/tzionlibreria.com\/index.php\/product\/biblia-para-chicas-nvi-rosada-bicicleta-imitacion-piel\/","title":{"rendered":"Biblia para Chicas NVI -Rosada Bicicleta &#8211; Imitaci\u00f3n Piel"},"content":{"rendered":"<p>Biblia NVI Para Chicas Tapa Blanda Imitaci\u00f3n piel Rosa bicicleta<\/p>\n<p>\u00bfQuieres experimentar una transformaci\u00f3n en tu vida? \u00a1La Palabra de Dios puede hacer eso y m\u00e1s! Ahora tienes en tus manos una versi\u00f3n solo para Chicas. All\u00ed encontrar\u00e1s consejos \u00fatiles y pr\u00e1cticos que te ayudar\u00e1n a enfrentar los desaf\u00edos que solo una mujer puede entender.<\/p>\n<p>La Biblia para Chicas responde a aquellas preguntas que muchas veces te haces y que no tienes la valent\u00eda para formularlas. En est\u00e1s p\u00e1ginas aprender\u00e1s de mujeres l\u00edderes consagradas que te guiar\u00e1n en temas como: noviazgo, amistades, belleza, autoestima, decisiones, el futuro y muchos m\u00e1s.<br \/>\nAl leer estas p\u00e1ginas te acercar\u00e1s a la Biblia de manera confiada, real y honesta. \u00a1As\u00ed permitir\u00e1s que Dios te hable como siempre quiso hacerlo!<\/p>\n<p>Caracter\u00edsticas:<\/p>\n<p>-P\u00e1gina de presentaci\u00f3n<br \/>\n-Reflexiones de mujeres l\u00edderes<br \/>\n-Canto pintado<br \/>\n-Medida: 21,5 x 14,5 x 3,5<br \/>\n-Tama\u00f1o de letra: 7 puntos<br \/>\n-N\u00famero de p\u00e1ginas: 800<br \/>\n-Editor: Editorial Vida<\/p>\n<p>&#8211;<strong>ISBN<\/strong>: 9780829765632<\/p>\n","protected":false},"excerpt":{"rendered":"<p>Biblia NVI Para Chicas Tapa Blanda Imitaci\u00f3n piel Rosa bicicleta \u00bfQuieres experimentar una transformaci\u00f3n en tu vida? \u00a1La Palabra de Dios puede hacer eso y m\u00e1s! Ahora tienes en tus manos una versi\u00f3n solo para Chicas. All\u00ed encontrar\u00e1s consejos \u00fatiles y pr\u00e1cticos que te ayudar\u00e1n a enfrentar los desaf\u00edos que solo una mujer puede entender. [&hellip;]<\/p>\n","protected":false},"featured_media":853,"comment_status":"open","ping_status":"closed","template":"","meta":{"om_disable_all_campaigns":false,"_monsterinsights_skip_tracking":false,"_monsterinsights_sitenote_active":false,"_monsterinsights_sitenote_note":"","_monsterinsights_sitenote_category":0,"site-sidebar-layout":"default","site-content-layout":"","ast-site-content-layout":"default","site-content-style":"default","site-sidebar-style":"default","ast-global-header-display":"","ast-banner-title-visibility":"","ast-main-header-display":"","ast-hfb-above-header-display":"","ast-hfb-below-header-display":"","ast-hfb-mobile-header-display":"","site-post-title":"","ast-breadcrumbs-content":"","ast-featured-img":"","footer-sml-layout":"","ast-disable-related-posts":"","theme-transparent-header-meta":"default","adv-header-id-meta":"","stick-header-meta":"","header-above-stick-meta":"","header-main-stick-meta":"","header-below-stick-meta":"","astra-migrate-meta-layouts":"set","ast-page-background-enabled":"default","ast-page-background-meta":{"desktop":{"background-color":"var(--ast-global-color-4)","background-image":"","background-repeat":"repeat","background-position":"center center","background-size":"auto","background-attachment":"scroll","background-type":"","background-media":"","overlay-type":"","overlay-color":"","overlay-opacity":"","overlay-gradient":""},"tablet":{"background-color":"","background-image":"","background-repeat":"repeat","background-position":"center center","background-size":"auto","background-attachment":"scroll","background-type":"","background-media":"","overlay-type":"","overlay-color":"","overlay-opacity":"","overlay-gradient":""},"mobile":{"background-color":"","background-image":"","background-repeat":"repeat","background-position":"center center","background-size":"auto","background-attachment":"scroll","background-type":"","background-media":"","overlay-type":"","overlay-color":"","overlay-opacity":"","overlay-gradient":""}},"ast-content-background-meta":{"desktop":{"background-color":"var(--ast-global-color-5)","background-image":"","background-repeat":"repeat","background-position":"center center","background-size":"auto","background-attachment":"scroll","background-type":"","background-media":"","overlay-type":"","overlay-color":"","overlay-opacity":"","overlay-gradient":""},"tablet":{"background-color":"var(--ast-global-color-5)","background-image":"","background-repeat":"repeat","background-position":"center center","background-size":"auto","background-attachment":"scroll","background-type":"","background-media":"","overlay-type":"","overlay-color":"","overlay-opacity":"","overlay-gradient":""},"mobile":{"background-color":"var(--ast-global-color-5)","background-image":"","background-repeat":"repeat","background-position":"center center","background-size":"auto","background-attachment":"scroll","background-type":"","background-media":"","overlay-type":"","overlay-color":"","overlay-opacity":"","overlay-gradient":""}}},"product_brand":[],"product_cat":[22,32,18],"product_tag":[220,43],"class_list":{"0":"post-846","1":"product","2":"type-product","3":"status-publish","4":"has-post-thumbnail","6":"product_cat-biblias","7":"product_cat-biblias-nvi","8":"product_cat-uncategorized","9":"product_tag-chicas","10":"product_tag-nvi","11":"desktop-align-left","12":"tablet-align-left","13":"mobile-align-left","15":"first","16":"outofstock","17":"shipping-taxable","18":"purchasable","19":"product-type-simple"},"yoast_head":"<!-- This site is optimized with the Yoast SEO plugin v27.3 - https:\/\/yoast.com\/product\/yoast-seo-wordpress\/ -->\n<title>Biblia para Chicas NVI -Rosada Bicicleta - Imitaci\u00f3n Piel - tzionlibreria.com<\/title>\n<meta name=\"description\" content=\"La Biblia para Chicas aprender\u00e1s de mujeres l\u00edderes consagradas que te guiar\u00e1n en temas como: noviazgo, amistades, belleza, autoestima, decisiones\" \/>\n<meta name=\"robots\" content=\"index, follow, max-snippet:-1, max-image-preview:large, max-video-preview:-1\" \/>\n<link rel=\"canonical\" href=\"https:\/\/tzionlibreria.com\/index.php\/product\/biblia-para-chicas-nvi-rosada-bicicleta-imitacion-piel\/\" \/>\n<meta property=\"og:locale\" content=\"es_ES\" \/>\n<meta property=\"og:type\" content=\"article\" \/>\n<meta property=\"og:title\" content=\"Biblia para Chicas NVI -Rosada Bicicleta - Imitaci\u00f3n Piel - tzionlibreria.com\" \/>\n<meta property=\"og:description\" content=\"La Biblia para Chicas aprender\u00e1s de mujeres l\u00edderes consagradas que te guiar\u00e1n en temas como: noviazgo, amistades, belleza, autoestima, decisiones\" \/>\n<meta property=\"og:url\" content=\"https:\/\/tzionlibreria.com\/index.php\/product\/biblia-para-chicas-nvi-rosada-bicicleta-imitacion-piel\/\" \/>\n<meta property=\"og:site_name\" content=\"tzionlibreria.com\" \/>\n<meta property=\"article:modified_time\" content=\"2025-02-15T01:13:56+00:00\" \/>\n<meta property=\"og:image\" content=\"http:\/\/tzionlibreria.com\/wp-content\/uploads\/2023\/10\/D_NQ_NP_844735-MLV52800074975_122022-O.jpg\" \/>\n\t<meta property=\"og:image:width\" content=\"500\" \/>\n\t<meta property=\"og:image:height\" content=\"451\" \/>\n\t<meta property=\"og:image:type\" content=\"image\/jpeg\" \/>\n<meta name=\"twitter:card\" content=\"summary_large_image\" \/>\n<meta name=\"twitter:label1\" content=\"Tiempo de lectura\" \/>\n\t<meta name=\"twitter:data1\" content=\"1 minuto\" \/>\n<script type=\"application\/ld+json\" class=\"yoast-schema-graph\">{\"@context\":\"https:\\\/\\\/schema.org\",\"@graph\":[{\"@type\":\"WebPage\",\"@id\":\"https:\\\/\\\/tzionlibreria.com\\\/index.php\\\/product\\\/biblia-para-chicas-nvi-rosada-bicicleta-imitacion-piel\\\/\",\"url\":\"https:\\\/\\\/tzionlibreria.com\\\/index.php\\\/product\\\/biblia-para-chicas-nvi-rosada-bicicleta-imitacion-piel\\\/\",\"name\":\"Biblia para Chicas NVI -Rosada Bicicleta - Imitaci\u00f3n Piel - tzionlibreria.com\",\"isPartOf\":{\"@id\":\"https:\\\/\\\/tzionlibreria.com\\\/#website\"},\"primaryImageOfPage\":{\"@id\":\"https:\\\/\\\/tzionlibreria.com\\\/index.php\\\/product\\\/biblia-para-chicas-nvi-rosada-bicicleta-imitacion-piel\\\/#primaryimage\"},\"image\":{\"@id\":\"https:\\\/\\\/tzionlibreria.com\\\/index.php\\\/product\\\/biblia-para-chicas-nvi-rosada-bicicleta-imitacion-piel\\\/#primaryimage\"},\"thumbnailUrl\":\"https:\\\/\\\/tzionlibreria.com\\\/wp-content\\\/uploads\\\/2023\\\/10\\\/D_NQ_NP_844735-MLV52800074975_122022-O.jpg\",\"datePublished\":\"2023-10-15T17:25:24+00:00\",\"dateModified\":\"2025-02-15T01:13:56+00:00\",\"description\":\"La Biblia para Chicas aprender\u00e1s de mujeres l\u00edderes consagradas que te guiar\u00e1n en temas como: noviazgo, amistades, belleza, autoestima, decisiones\",\"breadcrumb\":{\"@id\":\"https:\\\/\\\/tzionlibreria.com\\\/index.php\\\/product\\\/biblia-para-chicas-nvi-rosada-bicicleta-imitacion-piel\\\/#breadcrumb\"},\"inLanguage\":\"es-CO\",\"potentialAction\":[{\"@type\":\"ReadAction\",\"target\":[\"https:\\\/\\\/tzionlibreria.com\\\/index.php\\\/product\\\/biblia-para-chicas-nvi-rosada-bicicleta-imitacion-piel\\\/\"]}]},{\"@type\":\"ImageObject\",\"inLanguage\":\"es-CO\",\"@id\":\"https:\\\/\\\/tzionlibreria.com\\\/index.php\\\/product\\\/biblia-para-chicas-nvi-rosada-bicicleta-imitacion-piel\\\/#primaryimage\",\"url\":\"https:\\\/\\\/tzionlibreria.com\\\/wp-content\\\/uploads\\\/2023\\\/10\\\/D_NQ_NP_844735-MLV52800074975_122022-O.jpg\",\"contentUrl\":\"https:\\\/\\\/tzionlibreria.com\\\/wp-content\\\/uploads\\\/2023\\\/10\\\/D_NQ_NP_844735-MLV52800074975_122022-O.jpg\",\"width\":500,\"height\":451},{\"@type\":\"BreadcrumbList\",\"@id\":\"https:\\\/\\\/tzionlibreria.com\\\/index.php\\\/product\\\/biblia-para-chicas-nvi-rosada-bicicleta-imitacion-piel\\\/#breadcrumb\",\"itemListElement\":[{\"@type\":\"ListItem\",\"position\":1,\"name\":\"Inicio\",\"item\":\"https:\\\/\\\/tzionlibreria.com\\\/\"},{\"@type\":\"ListItem\",\"position\":2,\"name\":\"Shop\",\"item\":\"https:\\\/\\\/tzionlibreria.com\\\/index.php\\\/shop\\\/\"},{\"@type\":\"ListItem\",\"position\":3,\"name\":\"Biblia para Chicas NVI -Rosada Bicicleta &#8211; Imitaci\u00f3n Piel\"}]},{\"@type\":\"WebSite\",\"@id\":\"https:\\\/\\\/tzionlibreria.com\\\/#website\",\"url\":\"https:\\\/\\\/tzionlibreria.com\\\/\",\"name\":\"tzionlibreria.com\",\"description\":\"Libreria Cristiana Venezuela\",\"publisher\":{\"@id\":\"https:\\\/\\\/tzionlibreria.com\\\/#organization\"},\"potentialAction\":[{\"@type\":\"SearchAction\",\"target\":{\"@type\":\"EntryPoint\",\"urlTemplate\":\"https:\\\/\\\/tzionlibreria.com\\\/?s={search_term_string}\"},\"query-input\":{\"@type\":\"PropertyValueSpecification\",\"valueRequired\":true,\"valueName\":\"search_term_string\"}}],\"inLanguage\":\"es-CO\"},{\"@type\":\"Organization\",\"@id\":\"https:\\\/\\\/tzionlibreria.com\\\/#organization\",\"name\":\"tzionlibreria.com\",\"url\":\"https:\\\/\\\/tzionlibreria.com\\\/\",\"logo\":{\"@type\":\"ImageObject\",\"inLanguage\":\"es-CO\",\"@id\":\"https:\\\/\\\/tzionlibreria.com\\\/#\\\/schema\\\/logo\\\/image\\\/\",\"url\":\"https:\\\/\\\/tzionlibreria.com\\\/wp-content\\\/uploads\\\/2023\\\/10\\\/cropped-Cuadricula-scaled-1.jpg\",\"contentUrl\":\"https:\\\/\\\/tzionlibreria.com\\\/wp-content\\\/uploads\\\/2023\\\/10\\\/cropped-Cuadricula-scaled-1.jpg\",\"width\":2560,\"height\":2560,\"caption\":\"tzionlibreria.com\"},\"image\":{\"@id\":\"https:\\\/\\\/tzionlibreria.com\\\/#\\\/schema\\\/logo\\\/image\\\/\"}}]}<\/script>\n<!-- \/ Yoast SEO plugin. -->","yoast_head_json":{"title":"Biblia para Chicas NVI -Rosada Bicicleta - Imitaci\u00f3n Piel - tzionlibreria.com","description":"La Biblia para Chicas aprender\u00e1s de mujeres l\u00edderes consagradas que te guiar\u00e1n en temas como: noviazgo, amistades, belleza, autoestima, decisiones","robots":{"index":"index","follow":"follow","max-snippet":"max-snippet:-1","max-image-preview":"max-image-preview:large","max-video-preview":"max-video-preview:-1"},"canonical":"https:\/\/tzionlibreria.com\/index.php\/product\/biblia-para-chicas-nvi-rosada-bicicleta-imitacion-piel\/","og_locale":"es_ES","og_type":"article","og_title":"Biblia para Chicas NVI -Rosada Bicicleta - Imitaci\u00f3n Piel - tzionlibreria.com","og_description":"La Biblia para Chicas aprender\u00e1s de mujeres l\u00edderes consagradas que te guiar\u00e1n en temas como: noviazgo, amistades, belleza, autoestima, decisiones","og_url":"https:\/\/tzionlibreria.com\/index.php\/product\/biblia-para-chicas-nvi-rosada-bicicleta-imitacion-piel\/","og_site_name":"tzionlibreria.com","article_modified_time":"2025-02-15T01:13:56+00:00","og_image":[{"width":500,"height":451,"url":"http:\/\/tzionlibreria.com\/wp-content\/uploads\/2023\/10\/D_NQ_NP_844735-MLV52800074975_122022-O.jpg","type":"image\/jpeg"}],"twitter_card":"summary_large_image","twitter_misc":{"Tiempo de lectura":"1 minuto"},"schema":{"@context":"https:\/\/schema.org","@graph":[{"@type":"WebPage","@id":"https:\/\/tzionlibreria.com\/index.php\/product\/biblia-para-chicas-nvi-rosada-bicicleta-imitacion-piel\/","url":"https:\/\/tzionlibreria.com\/index.php\/product\/biblia-para-chicas-nvi-rosada-bicicleta-imitacion-piel\/","name":"Biblia para Chicas NVI -Rosada Bicicleta - Imitaci\u00f3n Piel - tzionlibreria.com","isPartOf":{"@id":"https:\/\/tzionlibreria.com\/#website"},"primaryImageOfPage":{"@id":"https:\/\/tzionlibreria.com\/index.php\/product\/biblia-para-chicas-nvi-rosada-bicicleta-imitacion-piel\/#primaryimage"},"image":{"@id":"https:\/\/tzionlibreria.com\/index.php\/product\/biblia-para-chicas-nvi-rosada-bicicleta-imitacion-piel\/#primaryimage"},"thumbnailUrl":"https:\/\/tzionlibreria.com\/wp-content\/uploads\/2023\/10\/D_NQ_NP_844735-MLV52800074975_122022-O.jpg","datePublished":"2023-10-15T17:25:24+00:00","dateModified":"2025-02-15T01:13:56+00:00","description":"La Biblia para Chicas aprender\u00e1s de mujeres l\u00edderes consagradas que te guiar\u00e1n en temas como: noviazgo, amistades, belleza, autoestima, decisiones","breadcrumb":{"@id":"https:\/\/tzionlibreria.com\/index.php\/product\/biblia-para-chicas-nvi-rosada-bicicleta-imitacion-piel\/#breadcrumb"},"inLanguage":"es-CO","potentialAction":[{"@type":"ReadAction","target":["https:\/\/tzionlibreria.com\/index.php\/product\/biblia-para-chicas-nvi-rosada-bicicleta-imitacion-piel\/"]}]},{"@type":"ImageObject","inLanguage":"es-CO","@id":"https:\/\/tzionlibreria.com\/index.php\/product\/biblia-para-chicas-nvi-rosada-bicicleta-imitacion-piel\/#primaryimage","url":"https:\/\/tzionlibreria.com\/wp-content\/uploads\/2023\/10\/D_NQ_NP_844735-MLV52800074975_122022-O.jpg","contentUrl":"https:\/\/tzionlibreria.com\/wp-content\/uploads\/2023\/10\/D_NQ_NP_844735-MLV52800074975_122022-O.jpg","width":500,"height":451},{"@type":"BreadcrumbList","@id":"https:\/\/tzionlibreria.com\/index.php\/product\/biblia-para-chicas-nvi-rosada-bicicleta-imitacion-piel\/#breadcrumb","itemListElement":[{"@type":"ListItem","position":1,"name":"Inicio","item":"https:\/\/tzionlibreria.com\/"},{"@type":"ListItem","position":2,"name":"Shop","item":"https:\/\/tzionlibreria.com\/index.php\/shop\/"},{"@type":"ListItem","position":3,"name":"Biblia para Chicas NVI -Rosada Bicicleta &#8211; Imitaci\u00f3n Piel"}]},{"@type":"WebSite","@id":"https:\/\/tzionlibreria.com\/#website","url":"https:\/\/tzionlibreria.com\/","name":"tzionlibreria.com","description":"Libreria Cristiana Venezuela","publisher":{"@id":"https:\/\/tzionlibreria.com\/#organization"},"potentialAction":[{"@type":"SearchAction","target":{"@type":"EntryPoint","urlTemplate":"https:\/\/tzionlibreria.com\/?s={search_term_string}"},"query-input":{"@type":"PropertyValueSpecification","valueRequired":true,"valueName":"search_term_string"}}],"inLanguage":"es-CO"},{"@type":"Organization","@id":"https:\/\/tzionlibreria.com\/#organization","name":"tzionlibreria.com","url":"https:\/\/tzionlibreria.com\/","logo":{"@type":"ImageObject","inLanguage":"es-CO","@id":"https:\/\/tzionlibreria.com\/#\/schema\/logo\/image\/","url":"https:\/\/tzionlibreria.com\/wp-content\/uploads\/2023\/10\/cropped-Cuadricula-scaled-1.jpg","contentUrl":"https:\/\/tzionlibreria.com\/wp-content\/uploads\/2023\/10\/cropped-Cuadricula-scaled-1.jpg","width":2560,"height":2560,"caption":"tzionlibreria.com"},"image":{"@id":"https:\/\/tzionlibreria.com\/#\/schema\/logo\/image\/"}}]}},"jetpack_sharing_enabled":true,"_links":{"self":[{"href":"https:\/\/tzionlibreria.com\/index.php\/wp-json\/wp\/v2\/product\/846","targetHints":{"allow":["GET"]}}],"collection":[{"href":"https:\/\/tzionlibreria.com\/index.php\/wp-json\/wp\/v2\/product"}],"about":[{"href":"https:\/\/tzionlibreria.com\/index.php\/wp-json\/wp\/v2\/types\/product"}],"replies":[{"embeddable":true,"href":"https:\/\/tzionlibreria.com\/index.php\/wp-json\/wp\/v2\/comments?post=846"}],"wp:featuredmedia":[{"embeddable":true,"href":"https:\/\/tzionlibreria.com\/index.php\/wp-json\/wp\/v2\/media\/853"}],"wp:attachment":[{"href":"https:\/\/tzionlibreria.com\/index.php\/wp-json\/wp\/v2\/media?parent=846"}],"wp:term":[{"taxonomy":"product_brand","embeddable":true,"href":"https:\/\/tzionlibreria.com\/index.php\/wp-json\/wp\/v2\/product_brand?post=846"},{"taxonomy":"product_cat","embeddable":true,"href":"https:\/\/tzionlibreria.com\/index.php\/wp-json\/wp\/v2\/product_cat?post=846"},{"taxonomy":"product_tag","embeddable":true,"href":"https:\/\/tzionlibreria.com\/index.php\/wp-json\/wp\/v2\/product_tag?post=846"}],"curies":[{"name":"wp","href":"https:\/\/api.w.org\/{rel}","templated":true}]}}